-- Table structure for table `navigation_menu_item_assignment_settings`
--

CREATE TABLE `navigation_menu_item_assignment_settings` (
  `navigation_menu_item_assignment_id` bigint(20) NOT NULL,
  `locale` varchar(14) NOT NULL DEFAULT '',
  `setting_name` varchar(255) NOT NULL,
  `setting_value` text DEFAULT NULL,
  `setting_type` varchar(6) NOT NULL,
  UNIQUE KEY `navigation_menu_item_assignment_settings_pkey` (`navigation_menu_item_assignment_id`,`locale`,`setting_name`),
  KEY `assignment_settings_navigation_menu_item_assignment_id` (`navigation_menu_item_assignment_id`)
) ENGINE=InnoDB DEFAULT CHARSET=utf8;

--
-- Dumping data for table `navigation_menu_item_assignment_settings`
--

INSERT INTO `navigation_menu_item_assignment_settings` VALUES (0,'en_US','title','Contact','string'),(1,'en_US','title','Register','string'),(2,'en_US','title','Login','string'),(3,'en_US','title','{$loggedInUsername}','string'),(4,'en_US','title','Dashboard','string'),(5,'en_US','title','View Profile','string'),(6,'en_US','title','Administration','string'),(7,'en_US','title','Logout','string');

--
-- Table structure for table `navigation_menu_item_assignments`
--

CREATE TABLE `navigation_menu_item_assignments` (
  `navigation_menu_item_assignment_id` bigint(20) NOT NULL AUTO_INCREMENT,
  `navigation_menu_id` bigint(20) NOT NULL,
  `navigation_menu_item_id` bigint(20) NOT NULL,
  `parent_id` bigint(20) DEFAULT NULL,
  `seq` bigint(20) DEFAULT 0,
  PRIMARY KEY (`navigation_menu_item_assignment_id`)
) ENGINE=InnoDB AUTO_INCREMENT=24 DEFAULT CHARSET=utf8;

--
-- Dumping data for table `navigation_menu_item_assignments`
--

INSERT INTO `navigation_menu_item_assignments` VALUES (1,1,1,0,0),(2,1,2,0,1),(3,1,3,0,2),(4,1,4,3,0),(5,1,5,3,1),(6,1,6,3,2),(7,1,7,3,3),(8,2,8,0,0),(9,2,9,0,1),(10,2,10,0,2),(11,2,11,10,0),(12,2,12,10,1),(13,2,13,10,2),(14,2,14,10,3),(15,3,15,0,0),(16,3,16,0,1),(17,3,17,0,2),(18,3,18,0,3),(19,3,19,18,0),(20,3,20,18,1),(21,3,21,18,2),(22,3,22,18,3),(23,3,23,18,4);

--
-- Table structure for table `navigation_menu_item_settings`
--

CREATE TABLE `navigation_menu_item_settings` (
  `navigation_menu_item_id` bigint(20) NOT NULL,
  `locale` varchar(14) NOT NULL DEFAULT '',
  `setting_name` varchar(255) NOT NULL,
  `setting_value` longtext DEFAULT NULL,
  `setting_type` varchar(6) NOT NULL,
  UNIQUE KEY `navigation_menu_item_settings_pkey` (`navigation_menu_item_id`,`locale`,`setting_name`),
  KEY `navigation_menu_item_settings_navigation_menu_id` (`navigation_menu_item_id`)
) ENGINE=InnoDB DEFAULT CHARSET=utf8;

--
-- Dumping data for table `navigation_menu_item_settings`
--

INSERT INTO `navigation_menu_item_settings` VALUES (1,'','titleLocaleKey','navigation.register','string'),(1,'en_US','title','Register','string'),(2,'','titleLocaleKey','navigation.login','string'),(2,'en_US','title','Login','string'),(3,'','titleLocaleKey','{$loggedInUsername}','string'),(3,'en_US','title','{$loggedInUsername}','string'),(4,'','titleLocaleKey','navigation.dashboard','string'),(4,'en_US','title','Dashboard','string'),(5,'','titleLocaleKey','common.viewProfile','string'),(5,'en_US','title','View Profile','string'),(6,'','titleLocaleKey','navigation.admin','string'),(6,'en_US','title','Administration','string'),(7,'','titleLocaleKey','user.logOut','string'),(7,'en_US','title','Logout','string'),(8,'','titleLocaleKey','navigation.register','string'),(8,'en_US','title','Register','string'),(9,'','titleLocaleKey','navigation.login','string'),(9,'en_US','title','Login','string'),(10,'','titleLocaleKey','{$loggedInUsername}','string'),(10,'en_US','title','{$loggedInUsername}','string'),(11,'','titleLocaleKey','navigation.dashboard','string'),(11,'en_US','content','','string'),(11,'en_US','title','Dashboard','string'),(12,'','titleLocaleKey','common.viewProfile','string'),(12,'en_US','title','View Profile','string'),(13,'','titleLocaleKey','navigation.admin','string'),(13,'en_US','title','Administration','string'),(14,'','titleLocaleKey','user.logOut','string'),(14,'en_US','title','Logout','string'),(15,'','titleLocaleKey','navigation.current','string'),(15,'en_US','title','Current','string'),(16,'','titleLocaleKey','navigation.archives','string'),(16,'en_US','title','Archives','string'),(17,'','titleLocaleKey','manager.announcements','string'),(17,'en_US','title','Announcements','string'),(18,'','titleLocaleKey','navigation.about','string'),(18,'en_US','title','About','string'),(19,'','titleLocaleKey','about.aboutContext','string'),(19,'en_US','title','About the Journal','string'),(20,'','titleLocaleKey','about.submissions','string'),(20,'en_US','title','Submissions','string'),(21,'','titleLocaleKey','about.editorialTeam','string'),(21,'en_US','content','','string'),(21,'en_US','title','Editorial Team','string'),(22,'','titleLocaleKey','manager.setup.privacyStatement','string'),(22,'en_US','title','Privacy Statement','string'),(23,'','titleLocaleKey','about.contact','string'),(23,'en_US','title','Contact','string'),(24,'','titleLocaleKey','common.search','string'),(24,'en_US','title','Search','string'),(25,'en_US','content','<p>Tropical Health and Medical Research is an open access, peer-reviewed journal that publishes original research on all aspects of tropical medicine and global health. The journal welcomes clinical, epidemiological and laboratory.&nbsp;</p>\r\n<p>Key topics include:&nbsp;&nbsp;Viral, bacterial and parasitic infectious diseases,&nbsp;Vectors,&nbsp;Noncommunicable diseases,&nbsp;Epidemiology and population health,&nbsp;Drug, vaccine and diagnostic tool development,&nbsp;Other health issues related to the tropics</p>','string'),(25,'en_US','title','Aim and Scope','string'),(26,'en_US','content','<p style=\"text-align: justify;\">Tropical Health and Medical Research Journal Editors receive a scientific article in the form of research, scientific analysis of secondary data, policy analysis, and assessment (review) about current topics in medical laboratory’s field. Scripts are written in English only, has never been published or are being submitted for publication in other media. The scripts that has been submitted will be discussed by the Editorial Board with the experts according to their field to determine is it qualified to be published. For the published script, the Editorial Board reserves the right to edit the script as long he does not change the meaning or the content of the article for purposes of arrangement. The submitted script must be in accordance with the systematics, i.e :<br><br>1. The script should be sent in hardcopy or electronic file. Typed using Microsoft Word, spacing of 1 lines, Arial font with size 12, 6-10 pages, with A4 paper.<br>2. The script for the systematic writing research results follow the rules as follows:<br>a. The concise title in English using capital letters maximum 14 words;<br>b. Authors Identity include: the author\'s name without the degree (placed after the title). The origin of the author and institution address and e-mail address of the main author / corresponding author;<br>c. Abstract along with keywords written in English only. Abstract created clear and concise, written in one paragraph with 150-200 words. Abstract includes: introduction (background), purpose (objective), method (method), outcomes (results), discussion (conclusion), accompanied with 3-5 keywords (keywords).<br>d. Introduction contains the problem that will be analyze, important background information, as well as the purpose of the research;<br>e. Methods include study design, sample / participant, variable, data source / measurement, analysis method, and statistical methods;<br>f. Results presented the main outcomes of the related problem that will be analyze;<br>g. Discussion of the main results, interpretation, comparison with previous research, and the limitations of the study;<br>h. The conclusion is written in narrative form (not a pointer), and not the conclusion of the table or statistical test;<br>i. Suggestions (optional) written in narrative form (not a pointer);<br>j. Gratitude written in narrative form (not a pointer), addressed to the professionals who help the preparation of the manuscript, giving technical support, funding, and support of the institution;<br>k. Tables and Figures, number and title of the table is written at the top of the table, while the number and title of the picture was written after the picture is presented.<br>l. Symbols, abbreviations or acronyms can be used after their explanation or meaning.<br>m. Referral at least 10 references (primary reference approximately 80%). It is advisable to use the newest publication, preferably the last 5 years (maximum 10 years), written using Vancouver Style Format<br>n. Writing Bibliography Based on Vancouver Style Format<br>Some characteristics of writing with Vancouver bibliography style are :</p>\r\n<p><strong>•&nbsp;</strong>A number in parentheses (round brackets), placed in the text of the essay, indicates the relevant reference.</p>\r\n<p><strong>•</strong>&nbsp;Citations are numbered consecutively in the order in which they appear in the text and each citation corresponds to a numbered reference, containing publication information about the source cited, in the reference list at the end of the publication, essay or assignment.</p>\r\n<p><strong>•</strong>&nbsp;Once a source has been cited, the same number is used in all subsequent citations.</p>\r\n<p><strong>•</strong>&nbsp;No distinction is made between print and electronic references when citing within the text.</p>\r\n<p><strong>•</strong>&nbsp;Here are some examples of this kind of referencing :</p>\r\n<p>The largest lesion in the first study was 10 cm (13).<br>The theory was first put forward in 1987 (1).<br>Scholtz (2) has argued that...<br>Several recent studies<sup>&nbsp;</sup>(3, 4, 15, 16) have suggested that...<br>For example, see (7).</p>\r\n<p><strong>•</strong>&nbsp;It is not necessary to mention either the author(s) or the date of the reference unless it is relevant to your text.</p>\r\n<p><strong>•</strong>&nbsp;It is not necessary to say \"In reference (26) ...\", \"In (26) ...\" is sufficient.</p>\r\n<p style=\"text-align: justify;\">Based on the type of reference, here are the guidelines and examples of writing a bibliography based on Vancouver style:<br><br>Book<br>The basic pattern of writing a reference from books are:</p>\r\n<p><strong>•</strong>&nbsp;&nbsp;Only the author\'s initials are included regardless of the presentation of the author\'s name in the source document.</p>\r\n<p><strong>•</strong>&nbsp; Capitalisation practice should be consistent.</p>\r\n<p><strong>•</strong>&nbsp; Titles and subtitles of books are given minimal capitalisation.</p>\r\n<p><strong>•</strong>&nbsp; Only the first letter of the first word of the title and proper nouns (the names of peoples, place or organisations, etc.) are capitalised.</p>\r\n<p><strong>•</strong>&nbsp; Capitalise the \"v\" in Volume for a book title.</p>\r\n<p><strong>•</strong>&nbsp;&nbsp;Information about places of publication should folllow the guidelines for&nbsp;place names.</p>\r\n<p style=\"text-align: justify;\"><br>Example:<br>1. Hoppert M. Microscopic techniques in biotechnology. Weinheim (Germany): Wiley-VCH; 2003.<br>2. Gilstrap LC, Cunningham FG, Van Dorsten JP, editors. Operative obstetrics. 2nd ed. New York: McGraw-Hill; 2002.<br><br>Journal Article<br>The basic pattern of writing references from the article :&nbsp;</p>\r\n<p style=\"text-align: justify;\"><strong>DOI available:&nbsp;</strong>Author A, Author B. Title of article. Abbreviated Title of Journal. year;vol(no):page numbers. doi:10.XXX/XXXXX.XX.</p>\r\n<p style=\"text-align: justify;\"><strong>No DOI available:&nbsp;</strong>Author A, Author B. Title of article. Abbreviated Title of Journal [format]. year [cited year abbreviated month day];vol(no):page numbers. Available from: Internet address.<br>Example:<br>1. Scholz T. Evidence based medicine: from science to patient. J Tissue Sci Eng. 2012;3:e113. doi: 10.4172/2157-7552.1000e113.</p>\r\n<p style=\"text-align: justify;\">2. Sillick TJ, Schutte NS.&nbsp;Emotional intelligence and self-esteem mediate between perceived early parental love and adult happiness. E-Jnl Appl Psych [Internet].<em>&nbsp;</em>2006 [cited 2010 Aug 6];2(2):38–48.&nbsp;Available from: http://ojs.lib.swin.edu.au/index.php/ejap/article/view/71/100.<br><br>Webpage<br>The basic pattern of writing web pages for references are;<br>#. Author A, Author B. Document title. Webpage name [format]. Source/production information; Date of internet publication [cited year month day]. Available from: URL.<br>Example :<br>1. Australia. Department of Health and Aged Care.&nbsp; National youth suicide prevention strategy [Internet]. Canberra: The Department; 2000 [cited 2005 Jul 1]. Available from: http://www.health.gov.au/hsdd/mentalhe/sp/nysps/about.htm.</p>\r\n<p style=\"text-align: justify;\">2. Stanley F. Information page: Professor Fiona Stanley. Telethon Institute for Child Health Research [Internet]. Perth: The Institute; 2005 [cited 2005 Jun 30]. Available from: http://www.ichr.uwa.edu.au/about/schools/.</p>\r\n<p style=\"text-align: justify;\">3. Flower R. How a simple formula for resolving problems and conflict can change your reality. 2015, Jun 1 [cited 2015 Jun 9]. In: Pick the Brain: grow yourself [Internet]. Available from http://www.pickthebrain.com/blog/how-a-simple-formula-for-resolving-problems-and-conflict-can-change-your-reality/.</p>','string'),(26,'en_US','title','Author Guidelines','string'),(27,'en_US','content','<p style=\"text-align: justify;\">The suitability of manuscripts for publication Tropical Health and Medical Research Journal is judged by peer reviewers and editorial board. All the review process are conducted in double blind review. Editor in Chief handles all correspondence with the author and makes the final decision as to whether the paper is recommended for acceptance, rejection, or needs to be returned to the author for revision.<br><br>Editor in Chief and Editorial Board will evaluate the submitted papers on praqualification step for suitability of further review process. The manuscripts will be evaluated by two qualified peer reviewers selected by Editor in Chief. The peer reviewers should examine the manuscript and return it with their recommendation to the Editor in Chief as soon as possible, usually within 3 weeks. The Editor in Chief decide the acceptance or rejection of the paper.<br><br>Papers needing revision will be returned to the authors, and the author must return the revised manuscript to the Editor in Chief via OJS of Medical Laboratory Technology Journal. Editor in Chief sends the revised manuscript to Editorial Board to check whether the manuscript is revised as suggested by peer reviewers. Editorial Board could give recommendation to Editor in Chief that the manuscript should return to authors, accept, or reject within 1 weeks. Editor in Chief would send an acceptance letter announcing the publication issue attached with manuscript reprint to authors.</p>','string'),(27,'en_US','title','Peer Review Process','string'),(28,'en_US','content','<p style=\"text-align: justify;\">Tropical Health and Medical Research, as a respected international journal, wants to ensure that all authors are careful and comply with international standards for academic integrity, particularly on the issue of plagiarism.<br><br>Plagiarism occurs when an author takes ideas, information, or words from another source without proper credit to the source. Even when it occurs unintentionally, plagiarism is still a serious academic violation and unacceptable in international academic publications.<br><br>When the author learns specific information (a name, date, place, statistical number, or other detailed information) from a specific source, a citation is required. (This is only forgiven in cases of general knowledge, where the data is readily available in more than five sources or is common knowledge, e.g., the fact that Malaria caused by Plasmodium sp.)<br><br>When the author takes an idea from another author, a citation is required—even if the author then develops the idea further. This might be an idea about how to interpret the data, either what methodology to use or what conclusion to draw. It might be an idea about broad developments in a field or general information. Regardless of the idea, the authors should cite their sources. In cases where the author develops the idea further, it is still necessary to cite the original source of the idea, and then in a subsequent sentence, the author can explain her or his more developed idea.<br><br>When the author takes words from another author, a citation and quotation marks are required. Whenever four or more consecutive words are identical to a source that the author has read, the author must use quotation marks to denote the use of another author’s original words; just a citation is no longer enough.<br><br>Medical Laboratory Technology Journal takes academic integrity very seriously, and the editors reserve the right to withdraw acceptance from a paper found to violate any of the standards set out above. For further information, potential authors can contact the editorial office at&nbsp;<a href=\"mailto:leka.zns@gmail.com\">leka.zns@gmail.com</a><br><br>Papers submitted to the Tropical Health and Medical Research will be screened and checked for plagiarism by using Similarity Check from Crossref, but an author should be checked it to before submitted.</p>','string'),(28,'en_US','title','Screening for Plagiarism','string'),(29,'en_US','content','<p>Tropical Health and Medical Research is a journal aims to be a leading peer-reviewed platform and an authoritative source of information. We publish original research papers, review articles and case studies focused on Haematology, Microbiology, Parasitology, Chemistry, Immunology Serology, and other clinical laboratory as well as related topics (see:<a href=\"http://medlabtechnojournal.com/index.php/THMR/aimandscope\">Aim and Scope</a>) that has neither been published elsewhere in any language, nor is it under review for publication anywhere. This following statement clarifies ethical behavior of all parties involved in the act of publishing an article in this journal, including the author, the editor, the reviewer, and the publisher (Baiman Bauntung Batuah Center). This statement is based on <a href=\"https://drive.google.com/file/d/19oOVzAEX2zJYhlgJdH5ZJKDpkeTX4Ksg/view?usp=sharing\"><strong>COPE’s Best Practice Guidelines for Journal Editors.</strong></a></p>','string'),(29,'en_US','title','Publication Ethics and Malpractice Statement','string'),(30,'en_US','content','<p>This journal charges the following author fees.</p>\r\n<ul>\r\n<ul>\r\n<li>Article Submission: 00.00 (USD)</li>\r\n<li>Fast-Track Review: 100.00 (USD)</li>\r\n<li>Article Publication: 50.00 (USD)</li>\r\n<li>Publication of articles from PoolText: 00.00 (USD)</li>\r\n</ul>\r\n</ul>','string'),(30,'en_US','title','Article Processing Charges','string'),(31,'en_US','content','<p>Kemal Atasayan, (<a href=\"https://www.scopus.com/authid/detail.uri?authorId=56556821700\">Scopus ID 56556821700</a>) Maltepe University, Faculty of Medicine, Department of Obstetrics and Gynecology, Turkey</p>\r\n<p>Christian Chukwukere Ogoke, (<a href=\"https://www.scopus.com/authid/detail.uri?authorId=57195967935\">Scopus ID 57195967935</a>) <a id=\"affilProfileLink\" class=\"secondaryLink\" title=\"Show affiliation details\" href=\"https://www.scopus.com/affil/profile.uri?afid=106333716\"></a><span class=\"anchorText\">Federal Medical Center Umuahia</span>, Umuahia, Nigeria</p>\r\n<p>Sevgi Yimenicioglu, (<a href=\"https://www.scopus.com/authid/detail.uri?authorId=54788420100\">Scopus ID 54788420100</a>) Eskisehir State Hospital,&nbsp;Eskisehir, Turkey</p>\r\n<p>Zübeyir Cebeci, (<a href=\"https://www.scopus.com/authid/detail.uri?authorId=46061791900\">Scopus ID 46061791900</a>) Selcuk University Medical School, Ordu University Medical School, Turkey<strong><br></strong></p>\r\n<p>Anny Thuraidah, (<a href=\"https://www.scopus.com/authid/detail.uri?origin=AuthorProfile&amp;authorId=57204567580&amp;zone=\">Scopus ID&nbsp;57204567580</a>)&nbsp;<span class=\"anchorText\">Medical Laboratory Technology Poltekkes Kemenkes Banjarmasin</span>, Indonesia</p>\r\n<p>Nadiya Uswatun Hasanah,&nbsp;(<a href=\"https://www.scopus.com/authid/detail.uri?origin=AuthorProfile&amp;authorId=57208229659&amp;zone=\">Scopus ID 57208229659</a>)&nbsp;<span class=\"anchorText\">Medical Laboratory Technology Poltekkes Kemenkes Banjarmasin</span>, Indonesia</p>\r\n<p>Yulia Tri Andini, (<a href=\"https://www.scopus.com/authid/detail.uri?origin=AuthorProfile&amp;authorId=57208238055&amp;zone=\">Scopus ID&nbsp;57208238055</a>)&nbsp;<span class=\"anchorText\">Medical Laboratory Technology Poltekkes Kemenkes Banjarmasin</span>, Indonesia</p>\r\n<p><a href=\"https://orcid.org/0000-0002-9293-215X\">Sevgi Gunes</a>, Siirt Universty Medical Faculty, Turkey<strong><br></strong></p>\r\n<p>Emalia Kubarti,&nbsp;(<a href=\"https://www.scopus.com/authid/detail.uri?authorId=57208246851&amp;amp;eid=2-s2.0-85064203016\">Scopus ID: 57208246851</a>) Department of Medical Laboratory Technology Poltekkes Kemenkes Banjarmasin, Indonesia</p>\r\n<p>Jihan Rahmah Naily,&nbsp;(<a href=\"https://www.scopus.com/authid/detail.uri?origin=AuthorProfile&amp;authorId=57208221740&amp;zone=\">Scopus ID: 57208221740</a>) Department of Medical Laboratory Technology Poltekkes Kemenkes Banjarmasin, Indonesia</p>\r\n<p>Tijen Yesim, (<a href=\"https://www.scopus.com/authid/detail.uri?authorId=23483313300\">Scopus ID: 23483313300</a>) Istambul Research and Education Hospital, Turkey</p>\r\n<div class=\"authId flexDisplay\">\r\n<div class=\"dropdownGroup\">&nbsp;</div>\r\n</div>\r\n<div class=\"nameSection pull-left col-md-5 noPadding\">&nbsp;</div>\r\n<div class=\"linkContainer pull-right col-md-7 noPadding\">&nbsp;</div>\r\n<div class=\"dropdownGroup pull-right\">&nbsp;</div>\r\n<div class=\"clearfix\">&nbsp;</div>\r\n<div class=\"member\">&nbsp;</div>','string'),(31,'en_US','title','Peer Reviewers','string'),(32,'en_US','content','<p style=\"text-align: justify;\">1.&nbsp;<a href=\"https://scholar.google.co.id/citations?hl=en&amp;view_op=list_works&amp;authuser=1&amp;gmla=AJsN-F7v6rU7mPHDYofafPBembq-Lh8Bjl79AUzIz61M9WIWFP-LUzU9avIn-3pl0Wivd4gExZSdCmsjvCtv9jfDaFFX1676-Q&amp;user=vIUahq8AAAAJ\">Google Scholar</a></p>\r\n<p style=\"text-align: justify;\">&nbsp;</p>\r\n<p style=\"text-align: justify;\">2. <a href=\"http://garuda.ristekdikti.go.id/journal/view/15812\">Garuda</a></p>\r\n<p style=\"text-align: justify;\">&nbsp;</p>\r\n<p style=\"text-align: justify;\">3. <a href=\"https://search.crossref.org/?q=2684-740X\" target=\"_blank\" rel=\"noopener\">Crossref</a></p>\r\n<p style=\"text-align: justify;\">&nbsp;</p>\r\n<p style=\"text-align: justify;\">4. <a href=\"https://app.dimensions.ai/discover/publication?search_text=10.35916%2Fthmr.v1i2&amp;search_type=kws&amp;search_field=doi\" target=\"_blank\" rel=\"noopener\">Dimensions</a></p>\r\n<p style=\"text-align: justify;\">&nbsp;</p>','string'),(32,'en_US','title','Indexing','string'),(33,'en_US','content','<p style=\"text-align: justify;\">The articles published in Tropical Health and Medical Research Journal are scientifically proved following the code of ethics of scientific publication. The code of ethics itself upholds three values of ethics in publications, namely, (1) Neutrality (free from conflicts of interest in public management), (2) Justice (giving the right of authorship to the beneficiary as the author), and (3) Honesty (free from duplication, fabrication, falsification and plagiarism (DF2P) in the publication. The articles published also follow the certain procedures or orders, such as double blind review and revision process that consistent with the journal’s regular review, to ensure that the quality is maintained properly.</p>','string'),(33,'en_US','title','Journal Scientific Statement','string'),(34,'en_US','content','<p><a href=\" http://u.lipi.go.id/1555201714\"> http://u.lipi.go.id/1555201714</a></p>','string'),(34,'en_US','title','ISSN 2684-740X (online)','string'),(35,'en_US','content','<p>This journal provides immediate open access to its content on the principle that making research freely available to the public supports a greater global exchange of knowledge. This journal is open access journal which means that all content is freely available without charge to users or / institution. Users are allowed to read, download, copy, distribute, print, search, or link to full text articles in this journal without asking prior permission from the publisher or author. This is in accordance with Budapest Open Access Initiative...</p>\r\n<p>Below is the full statement of Open Acces Policy</p>\r\n<p><a href=\"https://drive.google.com/file/d/1eQVwutd57Ek88gWewr2aTlKdaiI2GSrj/view?usp=sharing\">Full Statement Pdf</a></p>','string'),(35,'en_US','title','Open Access Policy','string'),(36,'en_US','content','<p><iframe style=\"border: 0;\" tabindex=\"0\" src=\"https://www.google.com/maps/embed?pb=!1m18!1m12!1m3!1d995.6472521283816!2d114.85224962917704!3d-3.449650899843072!2m3!1f0!2f0!3f0!3m2!1i1024!2i768!4f13.1!3m3!1m2!1s0x2de6811eeebe54c5%3A0x78e6917b8fd45077!2sJl.%20Lestari%202%20No.59%2C%20Kemuning%2C%20Kec.%20Banjarbaru%20Selatan%2C%20Kota%20Banjar%20Baru%2C%20Kalimantan%20Selatan%2070714!5e0!3m2!1sen!2sid!4v1599980195576!5m2!1sen!2sid\" width=\"600\" height=\"450\" frameborder=\"0\" allowfullscreen=\"\" aria-hidden=\"false\"></iframe></p>','string'),(36,'en_US','title','Location','string');

--
-- Table structure for table `navigation_menu_items`
--

CREATE TABLE `navigation_menu_items` (
  `navigation_menu_item_id` bigint(20) NOT NULL AUTO_INCREMENT,
  `context_id` bigint(20) NOT NULL,
  `path` varchar(255) DEFAULT '',
  `type` varchar(255) DEFAULT '',
  PRIMARY KEY (`navigation_menu_item_id`)
) ENGINE=InnoDB AUTO_INCREMENT=37 DEFAULT CHARSET=utf8;

--
-- Dumping data for table `navigation_menu_items`
--

INSERT INTO `navigation_menu_items` VALUES (1,0,NULL,'NMI_TYPE_USER_REGISTER'),(2,0,NULL,'NMI_TYPE_USER_LOGIN'),(3,0,NULL,'NMI_TYPE_USER_DASHBOARD'),(4,0,NULL,'NMI_TYPE_USER_DASHBOARD'),(5,0,NULL,'NMI_TYPE_USER_PROFILE'),(6,0,NULL,'NMI_TYPE_ADMINISTRATION'),(7,0,NULL,'NMI_TYPE_USER_LOGOUT'),(8,1,NULL,'NMI_TYPE_USER_REGISTER'),(9,1,NULL,'NMI_TYPE_USER_LOGIN'),(10,1,NULL,'NMI_TYPE_USER_DASHBOARD'),(11,1,'','NMI_TYPE_USER_DASHBOARD'),(12,1,NULL,'NMI_TYPE_USER_PROFILE'),(13,1,NULL,'NMI_TYPE_ADMINISTRATION'),(14,1,NULL,'NMI_TYPE_USER_LOGOUT'),(15,1,NULL,'NMI_TYPE_CURRENT'),(16,1,NULL,'NMI_TYPE_ARCHIVES'),(17,1,NULL,'NMI_TYPE_ANNOUNCEMENTS'),(18,1,NULL,'NMI_TYPE_ABOUT'),(19,1,NULL,'NMI_TYPE_ABOUT'),(20,1,NULL,'NMI_TYPE_SUBMISSIONS'),(21,1,'','NMI_TYPE_EDITORIAL_TEAM'),(22,1,NULL,'NMI_TYPE_PRIVACY'),(23,1,NULL,'NMI_TYPE_CONTACT'),(24,1,NULL,'NMI_TYPE_SEARCH'),(25,1,'aimandscope','NMI_TYPE_CUSTOM'),(26,1,'authorguidelines','NMI_TYPE_CUSTOM'),(27,1,'PeerReviewProcess','NMI_TYPE_CUSTOM'),(28,1,'ScreeningforPlagiarism','NMI_TYPE_CUSTOM'),(29,1,'PublicationEthicsandMalpracticeState','NMI_TYPE_CUSTOM'),(30,1,'articleprocessingcharges','NMI_TYPE_CUSTOM'),(31,1,'PeerReviewers','NMI_TYPE_CUSTOM'),(32,1,'Indexing','NMI_TYPE_CUSTOM'),(33,1,'JournalScientificStatement','NMI_TYPE_CUSTOM'),(34,1,'ISSN','NMI_TYPE_CUSTOM'),(35,1,'OpenAccessPolicy','NMI_TYPE_CUSTOM'),(36,1,'location','NMI_TYPE_CUSTOM');

--
-- Table structure for table `navigation_menus`
--

CREATE TABLE `navigation_menus` (
  `navigation_menu_id` bigint(20) NOT NULL AUTO_INCREMENT,
  `context_id` bigint(20) NOT NULL,
  `area_name` varchar(255) DEFAULT '',
  `title` varchar(255) NOT NULL,
  PRIMARY KEY (`navigation_menu_id`)
) ENGINE=InnoDB AUTO_INCREMENT=4 DEFAULT CHARSET=utf8;

--
-- Dumping data for table `navigation_menus`
--

INSERT INTO `navigation_menus` VALUES (1,0,'user','User Navigation Menu'),(2,1,'user','User Navigation Menu'),(3,1,'primary','Primary Navigation Menu');

--
-- Table structure for table `notes`
--

CREATE TABLE `notes` (
  `note_id` bigint(20) NOT NULL AUTO_INCREMENT,
  `assoc_type` bigint(20) NOT NULL,
  `assoc_id` bigint(20) NOT NULL,
  `user_id` bigint(20) NOT NULL,
  `date_created` datetime NOT NULL,
  `date_modified` datetime DEFAULT NULL,
  `title` varchar(255) DEFAULT NULL,
  `contents` text DEFAULT NULL,
  PRIMARY KEY (`note_id`),
  KEY `notes_assoc` (`assoc_type`,`assoc_id`)
) ENGINE=InnoDB AUTO_INCREMENT=96 DEFAULT CHARSET=utf8;

--
-- Dumping data for table `notes`
--

INSERT INTO `notes` VALUES (1,1048586,1,6,'2019-03-29 07:39:50','2019-03-29 07:39:50',NULL,NULL),(2,1048586,1,1,'2019-08-30 12:17:19','2019-08-30 12:17:19','Recommendation','<p>:<br> <br> The recommendation regarding the submission to Tropical Health and Medical Research, \"Circumcision With Plastic Clamb In Newborn Infants\" is: Request Revisions<br> <br> admin admin<br>admin@medlabtechnojournal.com</p><br/><br/>\n________________________________________________________________________<br/>\n<a href=\"http://medlabtechnojournal.com/index.php/JAK\">Tropical Health and Medical Research</a>'),(3,1048586,2,1,'2019-08-30 12:29:53','2019-08-30 12:29:53','Recommendation','<p>:<br> <br> The recommendation regarding the submission to Tropical Health and Medical Research, \"Effectiveness of Dayak (Eleutherine palmifollia (L) merr) Extract Against Escherichia Coli In Vitro\" is: Accept Submission<br> <br> admin admin<br>admin@medlabtechnojournal.com</p><br/><br/>\n________________________________________________________________________<br/>\n<a href=\"http://medlabtechnojournal.com/index.php/JAK\">Tropical Health and Medical Research</a>'),(4,1048586,3,12,'2019-08-30 12:37:22','2019-08-30 12:37:22','Recommendation','<p>:<br> <br> The recommendation regarding the submission to Tropical Health and Medical Research, \"Inhibition Power of Rosella (Hibiscus sabdariffa L.) Stewet Water on Salmonella typhi in vitro\" is: Accept Submission<br> <br> Fetus Abiose Olajubu<br>fetusola@gmail.com</p><br/><br/>\n________________________________________________________________________<br/>\n<a href=\"http://medlabtechnojournal.com/index.php/JAK\">Tropical Health and Medical Research</a>'),(5,1048586,4,1,'2019-08-31 08:39:23','2019-08-31 08:39:23','Recommendation','<p>:<br> <br> The recommendation regarding the submission to Tropical Health and Medical Research, \"Contamination of Bacillus cereus in Elementary School Snack Food\" is: Request Revisions<br> <br> admin admin<br>admin@medlabtechnojournal.com</p><br/><br/>\n________________________________________________________________________<br/>\n<a href=\"http://medlabtechnojournal.com/index.php/JAK\">Tropical Health and Medical Research</a>'),(6,1048586,5,1,'2019-08-31 08:42:19','2019-08-31 08:42:19','Recommendation','<p>:<br> <br> The recommendation regarding the submission to Tropical Health and Medical Research, \"Contamination of Bacillus cereus in Elementary School Snack Food\" is: Accept Submission<br> <br> admin admin<br>admin@medlabtechnojournal.com</p><br/><br/>\n________________________________________________________________________<br/>\n<a href=\"http://medlabtechnojournal.com/index.php/JAK\">Tropical Health and Medical Research</a>'),(7,1048586,6,23,'2019-10-03 19:52:54','2019-10-03 19:52:54',NULL,NULL),(8,1048586,7,23,'2019-10-08 20:37:42','2019-10-08 20:37:42',NULL,NULL),(9,1048586,6,23,'2019-10-16 15:08:00','2019-10-16 15:08:00',NULL,NULL),(10,1048586,6,26,'2020-01-31 15:29:08','2020-01-31 15:29:08','Comments for the Editor','<p>Dear Editor:</p>\r\n<p>&nbsp;</p>\r\n<p>&nbsp;&nbsp;&nbsp;&nbsp;&nbsp;&nbsp;&nbsp;&nbsp;&nbsp;&nbsp;&nbsp; We hereby submit our manuscript entitled “<em>COL4A1 and COL4A2 mutations analyses with perinatal arterial ischemic stroke</em>” to be considered for publication in Tropical Health and Medical Research. This study, containing original material and it has not been previously published and has been read and approved by all authors.</p>\r\n<p>The aim of the present study was to establish the relation of COL4A1 and COL4A2 mutations and perinatal arterial ischemic stroke. To the best of our knowledge this is the first study about this topic. Additionally we were present maternal/perinatal risk factors of perinatal arterial ischemic stroke. &nbsp;&nbsp;</p>\r\n<p>Thank you in advance for your efforts and the efforts of your reviewers.</p>\r\n<p>Yours faithfully.</p>\r\n<p>Corresponding author</p>\r\n<p>Ozan Kocak, M.D.</p>\r\n<p>Department of Pediatric Neurology, Osmangazi University Medicine Faculty</p>\r\n<p>Meşelik Yerleşkesi, 26040, Eskişehir / TURKEY</p>\r\n<p>Phone: +90 5057916232</p>\r\n<p>E-mail: ozankocak79@gmail.com</p>\r\n<p>ozank@ogu.edu.tr</p>'),(11,1048586,7,1,'2020-02-04 13:20:12','2020-02-04 13:20:12','Recommendation','<p>:<br> <br> The recommendation regarding the submission to Tropical Health and Medical Research, \"COL4A1 and COL4A2 Mutations Analyses with Perinatal Arterial İschemic Stroke\" is: Request Revisions<br> <br> admin admin<br>admin@medlabtechnojournal.com</p><br/><br/>\n________________________________________________________________________<br/>\n<a href=\"http://medlabtechnojournal.com/index.php/JAK\">Tropical Health and Medical Research</a>'),(13,1048586,9,26,'2020-02-07 14:44:59','2020-02-07 14:44:59',NULL,NULL),(14,1048586,10,26,'2020-02-07 14:46:33','2020-02-07 14:46:33',NULL,NULL),(15,1048586,11,26,'2020-02-07 14:50:59','2020-02-07 14:50:59',NULL,NULL),(16,1048586,12,25,'2020-02-07 16:29:08','2020-02-07 16:29:08',NULL,NULL),(17,1048586,13,25,'2020-02-07 18:51:01','2020-02-07 18:51:01',NULL,NULL),(18,1048586,14,25,'2020-02-07 18:52:31','2020-02-17 12:17:06','revision','<p>I can\'t see the revision file. Regards</p>'),(19,1048586,15,26,'2020-02-10 15:32:25','2020-02-10 15:32:25',NULL,NULL),(20,1048586,16,1,'2020-02-12 07:50:08','2020-02-12 07:50:08','Recommendation','<p>:<br> <br> The recommendation regarding the submission to Tropical Health and Medical Research, \"COL4A1 and COL4A2 Mutations Analyses with Perinatal Arterial İschemic Stroke\" is: Request Revisions<br> <br> admin admin<br>admin@medlabtechnojournal.com</p><br/><br/>\n________________________________________________________________________<br/>\n<a href=\"http://medlabtechnojournal.com/index.php/JAK\">Tropical Health and Medical Research</a>'),(21,1048586,17,1,'2020-02-12 07:51:21','2020-02-17 12:53:43','Recommendation','<p>:<br> <br> The recommendation regarding the submission to Tropical Health and Medical Research, \"Abstract\" is: Request Revisions<br> <br> admin admin<br>admin@medlabtechnojournal.com</p>\r\n<p><br><br> ________________________________________________________________________<br> <a href=\"http://medlabtechnojournal.com/index.php/JAK\">Tropical Health and Medical Research</a></p>'),(22,1048586,18,28,'2020-02-16 16:18:09','2020-02-16 16:18:09','Comments for the Editor','<p>&nbsp;&nbsp;&nbsp;&nbsp;&nbsp; I would like to submit my manuscript titled “<strong>The Effect of Age and Education Level as a Source of Information on Internet Use in Preoperative Patients</strong>” to be published in “<strong><em><strong class=\"tu\">Tropical Health and Medical Research</strong>&nbsp;</em></strong>” as an original research article.</p>\r\n<p>&nbsp;</p>\r\n<p>&nbsp;&nbsp;&nbsp;&nbsp;&nbsp; I confirm that above submission has not been published before and is not under consideration for publication elsewhere.</p>\r\n<p>&nbsp;</p>\r\n<p>&nbsp;</p>\r\n<p>&nbsp;&nbsp;&nbsp;&nbsp;&nbsp; Yours sincerely.&nbsp; &nbsp; &nbsp; &nbsp; &nbsp; &nbsp; &nbsp; &nbsp; &nbsp; &nbsp; &nbsp; &nbsp; &nbsp; &nbsp; &nbsp; &nbsp; &nbsp; &nbsp; &nbsp; &nbsp; &nbsp; &nbsp; &nbsp; &nbsp; &nbsp; &nbsp; &nbsp; &nbsp; &nbsp; &nbsp; &nbsp; &nbsp; &nbsp; &nbsp; &nbsp; &nbsp; &nbsp; &nbsp; &nbsp;February, 16, 2020</p>\r\n<p>&nbsp;&nbsp;&nbsp;&nbsp;&nbsp;&nbsp;&nbsp;&nbsp; &nbsp;&nbsp;&nbsp;&nbsp;&nbsp;&nbsp;&nbsp;&nbsp;&nbsp;&nbsp;&nbsp;&nbsp;&nbsp;&nbsp;&nbsp;&nbsp;&nbsp;&nbsp;&nbsp;&nbsp;&nbsp;&nbsp;&nbsp;&nbsp;&nbsp;&nbsp;&nbsp;&nbsp;&nbsp;&nbsp;&nbsp;&nbsp;&nbsp;&nbsp;&nbsp;&nbsp;&nbsp;&nbsp;&nbsp;&nbsp;&nbsp;&nbsp;&nbsp;&nbsp;&nbsp;&nbsp;&nbsp;&nbsp;&nbsp;&nbsp;&nbsp;&nbsp;&nbsp;&nbsp;&nbsp;&nbsp;&nbsp;&nbsp;&nbsp;&nbsp;&nbsp;&nbsp;&nbsp;&nbsp;&nbsp;&nbsp;&nbsp;&nbsp;&nbsp;&nbsp;&nbsp;&nbsp;&nbsp;&nbsp;&nbsp;&nbsp;&nbsp;&nbsp;&nbsp;&nbsp;&nbsp;&nbsp;&nbsp;&nbsp;&nbsp;&nbsp;&nbsp;&nbsp;&nbsp;&nbsp;&nbsp;&nbsp;&nbsp;&nbsp;&nbsp;&nbsp;&nbsp;&nbsp;&nbsp;&nbsp;&nbsp;&nbsp;Dr. Yasin TİRE</p>'),(23,1048586,19,1,'2020-02-17 13:37:17','2020-02-19 08:00:05','Recommendation','<p>:<br> <br> The recommendation regarding the submission to Tropical Health and Medical Research, \"Abstract\" is: Accept Submission<br> <br> admin admin<br>admin@medlabtechnojournal.com</p>\r\n<p><br><br> ________________________________________________________________________<br> <a href=\"http://medlabtechnojournal.com/index.php/JAK\">Tropical Health and Medical Research</a></p>'),(24,1048586,20,1,'2020-02-18 22:56:37','2020-02-18 22:56:37','Recommendation','<p>:<br> <br> The recommendation regarding the submission to Tropical Health and Medical Research, \"Abstract\" is: Request Revisions<br> <br> admin admin<br>admin@medlabtechnojournal.com</p><br/><br/>\n________________________________________________________________________<br/>\n<a href=\"http://www.medlabtechnojournal.com/index.php/JAK\">Tropical Health and Medical Research</a>'),(25,1048586,21,1,'2020-02-18 22:57:56','2020-02-18 22:57:56',NULL,NULL),(26,1048586,22,1,'2020-02-19 07:24:47','2020-02-19 07:24:47','Recommendation','<p>:<br> <br> The recommendation regarding the submission to Tropical Health and Medical Research, \"The Effect of Age and Education Level as a Source of Information on Internet Use in Preoperative Patients\" is: Request Revisions<br> <br> admin admin<br>admin@medlabtechnojournal.com</p><br/><br/>\n________________________________________________________________________<br/>\n<a href=\"http://medlabtechnojournal.com/index.php/JAK\">Tropical Health and Medical Research</a>'),(27,1048586,23,23,'2020-02-21 18:54:48','2020-02-21 18:54:48',NULL,NULL),(28,1048586,24,1,'2020-02-24 10:49:55','2020-02-24 10:49:55','Recommendation','<p>Ratih Dewi Dwiyanti:<br> <br> The recommendation regarding the submission to Tropical Health and Medical Research, \"Z Plasty Single Center Results in the Treatment of Pilonidal Sinus Disease in Children\" is: Request Revisions<br> <br> admin admin<br>admin@medlabtechnojournal.com</p><br/><br/>\n________________________________________________________________________<br/>\n<a href=\"http://medlabtechnojournal.com/index.php/JAK\">Tropical Health and Medical Research</a>'),(29,1048586,25,1,'2020-02-27 10:01:50','2020-02-27 10:01:50','Recommendation','<p>Ratih Dewi Dwiyanti:<br> <br> The recommendation regarding the submission to Tropical Health and Medical Research, \"The Effect of Age and Education Level as a Source of Information on Internet Use in Preoperative Patients\" is: Accept Submission<br> <br> admin admin<br>admin@medlabtechnojournal.com</p><br/><br/>\n________________________________________________________________________<br/>\n<a href=\"http://medlabtechnojournal.com/index.php/JAK\">Tropical Health and Medical Research</a>'),(30,1048586,26,1,'2020-02-27 10:06:30','2020-02-27 10:06:30','Recommendation','<p>Ratih Dewi Dwiyanti:<br> <br> The recommendation regarding the submission to Tropical Health and Medical Research, \"Abstract\" is: Accept Submission<br> <br> admin admin<br>admin@medlabtechnojournal.com</p><br/><br/>\n________________________________________________________________________<br/>\n<a href=\"http://medlabtechnojournal.com/index.php/JAK\">Tropical Health and Medical Research</a>'),(31,1048586,27,1,'2020-02-28 07:55:55','2020-02-28 07:55:55','Recommendation','<p>Ratih Dewi Dwiyanti, Administrator Administrator:<br> <br> The recommendation regarding the submission to Tropical Health and Medical Research, \"COL4A1 and COL4A2 Mutations Analyses with Perinatal Arterial İschemic Stroke\" is: Accept Submission<br> <br> admin admin<br>admin@medlabtechnojournal.com</p><br/><br/>\n________________________________________________________________________<br/>\n<a href=\"http://medlabtechnojournal.com/index.php/JAK\">Tropical Health and Medical Research</a>'),(32,1048586,28,23,'2020-03-26 14:27:04','2020-05-20 15:32:11','Comments for the Editor','<p><a name=\"_Toc11147518\"></a><strong>An Investigation on the Association Between Biliary Duct Variations and Stone Formation in the Choledochal Duct Caused by These Variations </strong></p>\r\n<p><strong>&nbsp;</strong></p>\r\n<p><strong>Abstract</strong></p>\r\n<p><strong>INTRODUCTION and OBJECTIVE: </strong>The aim of the present study was to investigate if there is an association between the diameter of the choledochal duct and choledochal duct stone formation.</p>\r\n<p><strong>MATERIALS and METHODS</strong> The present study consisted of 79 patients who had endoscopic interventions and MRCP procedure with surgery history, and some of whom were followed due to disorders of the liver, gall bladder and biliary tract, and some of whom presented hepatobiliary complaints between 2017 and 2019. The diameter of the choledochal duct was measured from MRCP images and choledochal duct stone was examined; the type was classified according to Huang classification.</p>\r\n<p><strong>FINDINGS:</strong> Among the cases classified, 29 patients were Huang Type A1, 27 patients were Huang Type A2, 16 patients were Huang Type A3 and 7 patients were Huang Type A4. There was not any statistically significant association in terms of choledochal diameter depending on the types. Choledochal duct diameter was statistically higher in female patients when compared with male patients. A statistically significant difference was detected for choledochal duct stone formation according to the age group; individuals over 45 years of age present an increase for choledochal duct stone.</p>\r\n<p><strong>DISCUSSION and CONCLUSION: </strong>Diameter of the choledochal duct was found higher in female patients when compared with male patients; stone formation was found increased in both gender over 45 years of age. This should be considered before surgical procedures and radiological tests.</p>\r\n<p><strong>Key words: </strong>Biliary tract variations, choledochal diameter, choledochal stone.</p>\r\n<p>&nbsp;</p>\r\n<p>&nbsp;</p>\r\n<p><strong>INTRODUCTION</strong></p>\r\n<p>Biliary stone disease is a common gastrointestinal problem. Prolongation of the average life period results in an increase in elder population; however, an increase in prevalence is also detected due to the changes in nutritional habits (1). Gallbladder stone is one of the most common causes for elective abdominal procedures in general surgery. Although mortality is lower in gall bladder procedures, economical and health effects should be considered due to higher morbidity rates. Under the light of these data, we aimed to make a classification in biliary tract formations according to Huang variation types and to investigate any possible association between common bile duct (CBD) diameter, CBD stone, and gender as well as age.</p>\r\n<p><strong>Materials and Methods:</strong></p>\r\n<p>After approval of the Ethical Committee of Kocaeli University with GOKAEK-2018/18. 2018/86 dated and numbered decision, the present study included 79 patients who had endoscopic interventions and MRCP procedure with surgery history, and some of whom were followed due to disorders of the liver, gall bladder, and biliary tract, and some of whom presented hepatobiliary complaints in Derince Training and Research Hospital within Health Sciences University between 2017 and 2019.</p>\r\n<p>&nbsp;After review of age, gender, clinical presentation, history of any previous surgery were obtained in 79 patients, CBD diameter and cholelithiasis were reviewed on MRCP images in each case. The measurements on the images were performed by the same radiologist and taking the same points for measurement was considered for each case. CBD diameter was measured from the middle point of the distance from the junction point of the cystic duct (CD) and common hepatic duct (CHD) to ampulla of Vater.</p>\r\n<p>The biliary tract is divided into two parts incşuding intrahepatic and extrahepatic biliary tract. As identified by Couinaud, the liver consists of eight individual segments with individual portal circulation and venous blood flow (1). This also consists with anatomically segmental structure of the liver.</p>\r\n<p>Huang <strong>classification</strong> was used to classify anatomic variations of the biliary tract. This method is one of the <strong>classification</strong> methods used for radiological measurements and examinations. Variational states of the biliary tracts were identified and classified differently by the researchers. Couinaud, Champetier, Onkubu, Choi, and Huang made type classifications. Variation classification of the biliary tract is usually done depending on the junction status of the right posterior hepatic duct in general (2). We used Huang classification in our study.&nbsp;&nbsp;&nbsp;&nbsp;&nbsp;&nbsp;&nbsp;</p>\r\n<p>In addition to descriptive statistics, data analyses were performed by Kolmogorov Smirnov test, chi-square test; T-test, Mann Whitney U test, ANOVA analysis, LSD and Tamhane\'s test as well as correlation analyses (Pearson\'s and Spearman\'s) for independent groups.</p>\r\n<p><strong>FINDINGS</strong></p>\r\n<p>The participants included 38 females (53.04±19.56 years) and 41 males (54.7±20.75 years). The youngest female patient was 22 years old and the oldest was 87 years old with a median age value of 56 years. The youngest male case was 19 years old whereas the oldest patient was 91 years old with a median age value of 58 years.</p>\r\n<p>Classification of anatomical variation of the biliary tract revealed the following;</p>\r\n<p>&nbsp;female patients; 11 (27.5%) patients in Huang A1 type, 20 (50%) patients in Huang A2 type, 5 (17.5%) patients in Huang A3 type, and 2 (5%) patients in Huang A4 type. In the male patients, 18 (43.9%) patients were Huang A1 type, 7 (17.07%) patients were Huang A2 type, 11 (26.8%) patients were Huang A3 type,&nbsp; 5 (12.1%) patients were Huang A4 type.</p>\r\n<p>Accordingly, 29 (36.70%) patients were Huang A1 type, 27 (34.2%) patients were Huang A2 type, 16 (20.3%) patients were Huang A3 type, 7 (8.64%) patients were Huang A4 type.</p>\r\n<p><strong>DISCUSSION</strong></p>\r\n<p>The biliary tract may present different anatomic variations both in intrahepatic and extrahepatic locations beyond its normal structure. Biliary tract junction forms may also present different variations; however, the normal anatomic structure is detected in approximately 58% of the global population (3, 4). Beyond identified anatomic pattern, the biliary tract may present intrahepatic or extrahepatic developmental variations (5); since such variations may potentially cause problems in surgical procedures in the patients, they may increase the risk of iatrogenic injury during surgical procedures such as open and laparoscopic gall bladder procedures, liver resection or liver transplantation from alive donor. Different anatomic variations were demonstrated to be associated with stone formation, recurrent pancreatitis, cholangitis and malignancies (4, 6).</p>\r\n<p>Recognition of all variations of the gall bladder and possible association of such variations with cholelithiasis is important to reduce the risks for malpractice and to reduce mortality and complication rates.</p>\r\n<p>The present study investigated any possible association between variations of the extrahepatic biliary tract and cholelithiasis; and there was not any statistically significant association between Huang variation types and cholelithiasis (Table 1).</p>\r\n<p>In the present study, any possible correlation between CHD diameter, CHD-CD angle and CHD stone dimension; consequently, a statistically significant correlation was detected. Another statistically significant output of such correlation was the increase of stone formation in individuals over 45 years of age. Many studies were conducted to search the association between CHD diameter and age, body weight, height s well as BMI. Kaude measured the diameter of the common bile duct on 600 individuals by ultrasound; CHD diameter was 2.8 mm in the individuals below 20 years of age whereas CHD diameter was measured 4.1 mm in the individuals over 71 years of age (7). Recent studies emphasize the effect of aging on CHD diameter. Bachar et al. detected an age-dependent change in CHD diameter by an annual dilatation of 0.04 mm through ultrasound (8). Daradkeh et al. reported that the factors affecting common bile duct diameter were age, cholecystectomy, and BMI (9). Tom et al. conducted a study on 187 individuals and measured a significant increase in CHD diameter by aging (10). Wu et al., Kaim et al., Niederau et al., and Bowie et al. carried out stıdied about CHD diameter increase by aging and their possible causes (11, 12, 13, 14). Kaim et al. stated that age-dependent increase in CHD diameter may appear due to age-dependent increase of the loss in the reticulo-elastic web&nbsp; along with the destruction of longitudinally extending myositis bands and destruction on intermediate connective tissue (11). Adibi and Givechian examined the association between CHD diameter and age, BMI, portal vein diameter and drug addiction; they observed that diameter of CHD increases along with wide portal vein in drug addicts in the advanced age (15) (Table2).</p>\r\n<p>In the present study, stone formation increased in individuals over 45 years of age (Table 3). Many studies of the literature showed that cholelithiasis prevalence increased by age. Attili et al. reported a linear increase in cholelithiasis and cholecystectomy in both genders by aging (16). Barbara et al. stated that the prevalence of cholelithiasis increases by aging between 18 and 65 years of age (17). This is probably due to the fact that stone formation becomes visible and / or manifest in the elder ages because of being a gradual and time-taking process. In our study, it was measured that the individuals with cholelithiasis have increased DCH diameter (Table 4). A statistically significant association of stone formation was observed with CHD diameter increase. This has been explained by the presence of the stone to produce a physical dilatation of the DCH. Boys et al. divided CHD diameter into three groups including 6 mm, 6 to 9.9 mm and over 10 mm; they measured the diameter smaller in the individuals without CHD stone. In that study, the stone formation rate was 14% in the first and second groups, and 39% i the third group (18).</p>\r\n<p>The previous studies show that there are differences in anatomic formations where the stone is developed in male and female patients. Within this context, a significant difference was found in CHD diameter in MRCP images between female and male patients. The normal range for CHD diameter is 4 to 6 mm; CHD diameter below 5 mm is accepted normal whereas a diameter at and above 8 mm is dilated. Mean CHD diameter was measured 9.10±4.91 mm in female patients and 6.28±4.15 mm in male patients. Poralla et al. measured CHD diameter and the pressure inside the canal in their study in both genders; both CHD diameter and the pressure inside the canal were detected higher in male patients when compared with female patients (19). Matcuk et al. detected in their study that CHD diameter is higher in females, and it increases in advanced age and in those who had cholecystectomy in both genders (20). The researchers state that cholelithiasis incidence is more in female patients with differences in biliary tract (21), and this may be therefore expressed with wider CHD diameter in females when compared with males (Table 5).</p>\r\n<p>In this study, cholelithiasis rate was statistically higher in female patients when compared with male patients of the present study; the incidence is 2.3-fold higher in female patients (Table 6). There are many studies focusing on possible risk factors or underlying causes for cholelithiasis among female and male patients.&nbsp; Palermo et al. conducted a study on 1,875 volunteers to investigate the association between cholelithiasis, age, gender, BMI, family history, sedentary life; cholelithiasis incidence was 2.6-fold higher in female volunteers (22). Another previous study reported that age, BMI, history of cholic pain, family history, smoking, and hepatosteatosis were all effective on choleltihiasis and radiological anatomy of the biliary vesicle and biliary duct (23, 24).</p>\r\n<p>Yıldırım (2008) conducted a study under the title of \"Incidence of cholelithiasis in adults in the province of Tokat and possible risk factors\" on 1,095 individuals in Tokat province of our country; he investigated the effect of gender, age, glucose, ALT, AST, total cholesterol, triglyceride,BMI and anthropometric measurements on frequency of cholelithiasis; he also evaluated anatomic formations and clinical findings through ultrasound.&nbsp; An association was detected between cholelithiasis and female gender, age, fasting glucose, total cholesterol, BMI, triglycerides and waist circumference (25). Some researches reported that stone prevalence in women is 1.7 to 4-fold more than men (26). In our country, Sezer (2016) carried out a study with 865 volunteers and detected biliary vesicle stone in 52 volunteers including 41 female individuals (27).</p>\r\n<p>&nbsp;There are studies indicating that higher cholelithiasis incidence in women may be associated with some factors such as fertility and sex hormones, an increase of estrogen hormone increases cholesterol secretion and causes cholesterol supersaturation 828). Some studies suggest that the risk of cholelithiasis increases in women receiving hormone replacement therapy (29, 30). Some studies demonstrated the association between oral contraceptive use and an increase in the risk of cholelithiasis (31, 32).</p>\r\n<p>A previous study showed that cholesterol and calcium bilirubin crystals in the bile sludge increase by more than 30% (33).</p>\r\n<p>According to the outcomes stated above, gender should be considered in the patients presenting colic pain without symptoms of cholelithiasis; furthermore, MRCP images show that CHD diameter may be wider in women when compared with men, which may increase the rate of small stone accumulation and stone formation in the biliary vesicle.</p>\r\n<p>Consideration of possible dilatation in CHD diameter by aging reveals that age may be a determinant factor in CHD diameter and stone formation in MRCP or radiological images.</p>\r\n<p><strong>&nbsp;</strong></p>\r\n<p><strong>CONCLUSION</strong></p>\r\n<p>Review of the findings of the present study along with literature information, a wider CHD diameter may not necessarily indicate a stone; further studies are needed to investigate the effect of CHD stone existence on gender, and the effect of age on diameter increase.</p>\r\n<p>&nbsp;</p>\r\n<p><strong>Referencess</strong></p>\r\n<p>1.Gazelle G.S, Lee M.J, Mueller PR, Cholangiographic segmental anatomy of the liver. Radiographics 1994;14:1005-1013.</p>\r\n<p>2.Hyodo T, Kumano S, Kushihata F, Okada M, Hirata M, Tsuda T, et al.CT and MR cgolangiography:advantage and pitfalls in perioperative evaluation of biliary tree.British Journal of&nbsp; Radiology 2012;85:887-96</p>\r\n<p>3.Pente SG, Bannura GC. Radiological anatomy of the biliary tract:variations and congenital abnormalities. World Journal of Surgery 1983; 7:271-6.</p>\r\n<p>4.Mortele. K, Ros P.R, Anatomic variants of the biliary tree: MR cholangiographic findings and clinical applications.<em> American&nbsp; Journal of&nbsp; Roentgenology</em>&nbsp; 2001;177:389-394.</p>\r\n<p>5.Berci G. Biliary ducral anatomy and anomalies:the role of intraoperative cholangiography during laparoscopic cholecystectomy.Surgical Clinics of .North America1992;72:1069-1075</p>\r\n<ol start=\"6\">\r\n<li>Sayed A.T, Ramin N, Sayed E.A, Fardad. E, Gholam R.S, Ahad E, Anatomical Variations of Biliary Tree Found with Endoscopic Retrograde Cholangiopancreatography in a Referral Center in Southern İran. <em>Middle East Journal Of Digestive Disease</em>/Vol.9/No.4/October 2017.</li>\r\n</ol>\r\n<p>7.Kaude JV. The width of the common bile duct in relation to age and stone disease. An ultrasonographic study. <em>Euro Journal of&nbsp; Radiology </em>1983, 3: 115-7.</p>\r\n<p>8.Bachar GN, Cohen M, Belenky A, Atar E, Gideon S. et al. Effect of aging on the adult extrahepatic bile duct: a sonographic study. <em>Jornal of&nbsp; Ultrasound in Medicine </em>2003,22: 879-82.</p>\r\n<p>9.Daradkeh S, Tarawneh E, AL-Hadidy A. Factors affecting common bile duct diameter. <em>Hepatogastroenterology </em>2005, 52: 1659-61.</p>\r\n<p>10.Tom C,Ruei-Hung C,ChiaoHung A,MingLii J,ChounChen R.The diameter of the common bile duct in an asymptomatic Taiwanese poplation:Measurment by magnetic resonance cloangiopancreatography.Journal of the Chinese Medical Association,Volume 75,issue 8, August 2012,page 384-388.</p>\r\n<ol start=\"11\">\r\n<li>Kaim A, Steinke K, Frank M, Enriquez R, Kirsch E, Bongartz G et al. Diameter of the common bile duct in the elderly patient: measurement by ultrasound. <em>European Radiology </em>1998; 8(8):1413-1415.</li>\r\n</ol>\r\n<p>12.Niederau C, Muller J, Sonnenberg A, Scholten T, Erckenbrecht J, Fritsch WP et al. Extrahepatic bile ducts inhealthy subjects, in patients with cholelithiasis, and in postcholecystectomy patients: a prospective ultrasonic study. <em>Jornal of&nbsp; Clinical Ultrasound </em>1983; 11(1):23-27.</p>\r\n<p>13.Bowie JD. What is the upper limit of normal for the common bile duct on ultrasound: how much do you want it to be? <em>American Jornal of Gastroenterology </em>2000; 95(4):897-900.</p>\r\n<p>14.Wu CC, Ho YH, Chen CY. Effect of aging on common bile duct diameter: a real-time ultrasonographic study. <em>Jornal of Clinical Ultrasound </em>1984; 12(8):473-478.</p>\r\n<p>15.Adibi A,Givechian B.Diameter of common bile duct:What are the predicting factors?Jornal of Resarch in Medical Sciences,May&amp;June 2007;Vol 2,No 3.121-124.</p>\r\n<p>16.Attili AF, et al. Epidemiology of galstone disease in italy:prevalance data of the Multicenter Italian Study on Cholecystolithiasis(M.I.COL). American&nbsp; Journal of Epidemiology 1995; 141: 158-65</p>\r\n<p>17.Barbara L, et al. A population study on the prevalance of galstone disease: the Sirmione study . Hepatology 1987; 7:913-17</p>\r\n<p>18.Boys JA,Doorly MG,Zehetner J,Dhanireddy KK,Senagore AJ.Can ultrsound common bile duct diameter predict common bile duct Stones in the setting of acute cholecystitis?American Journal of Surgery,Mar,2014;207(3):432-435.</p>\r\n<p>19.PorallaT,Staritz M,Manns M,Klose K,Hommel G,Meyer zum Büschenfelde KH.Age and sex dependency of bile duct diameter and bile duct pressure an ERC manometry study .Zeitschrift fur Gastroenterolgie ,01 May 1985,23(5):235-239.</p>\r\n<p>20.Matcuk GR Jr,Grant EG,Ralls PW.Ultrasound measurements of the bile ducts and gallbladder:normal ranges and effects of age,sex,cholecystectomy and pathologic states .Ultrasound quarterly,30(1):41-48,March 2014.</p>\r\n<p>21.Festi D, Dormi A, Capodicasa S, Staniscia T,&nbsp; Attili A, Loria P, Pazzi P, Mazzella G, Sama C, Roda E, Colecchia A., Incidence of gallstone disease in Italy: Results from amulticenter, population-based Italian study (the MICOLproject). World Journal of Gastroenterology 2008 September 14.</p>\r\n<p>22.Palermo M,&nbsp; Berkowski D.E, Córdoba J.P,&nbsp; Verde J.M, Giménez M.E, Prevalence of cholelithiasis in Buenos Aires,Argentina, Department of Gastrointestinal.Surgery. Hospital de Clínicas José de San Martín, University of Buenos Aires, <em>Argentina.Acta Gastroenterology&nbsp; Latinoam</em> 2013;43:98-105.</p>\r\n<p>23.McMichael AJ, Baghurst PA, Scragg RK. A case-control study of smoking and gallbladder disease:importance of examining time relations. Epidemiolgy 1992;3:519-522.</p>\r\n<p>24.Öztürk H, Beyler A.R, Safra kesesi taşlarında epdemiyoloji ve tedavi, <em>Güncel Gastroenteroloji</em>,1997.</p>\r\n<p>25.Yıldırım.B, Aktürk Y,&nbsp; Fırat M.M, Öztürk B, Özuğurlu F, Şahin İ,ve ark. Tokat ili erişkinleri’nde kolelitiazis sıklığı ve olası risk faktörleri, <em>Akademik&nbsp; Gastroenteroloji Dergisi</em>, 2008; 7 (2): 83-86).</p>\r\n<p>&nbsp;</p>\r\n<p>26.Pancorbo&nbsp; M.C, Carballo F,&nbsp; Horcajo P, Aldeguer M, de la Villa I, Nieto E.Marı´a&nbsp; Gaspar J., de la Morena1 J., Prevalence and Associated Factors for GallstoneDisease: Results of a Population Survey in Spain Department of Internal Medicine and Department of Biochemistry, University General Hospital ofGuadalajara and niversity of Alcala´ de Henares, Madrid, Spain.</p>\r\n<p>27.Sezer B, “Edirne ilinde Asemptomatik Erişkinlerde Kolelitiazis sıklığı”. Uzmanlık tezi. Trakya Üniversitesi Tıp fakültesi İç Hastalıkları A.D.Edirne, 2016.</p>\r\n<p>28.Sun H ,Tang H,Jiang S,Zeng L,En-Qiang C,Tao Z,You-Juan W. Gender and metabolic difference of gallstone disease.World Journal of Gastroenterology,2009 April 21;15(15)1886-1891.</p>\r\n<ol start=\"29\">\r\n<li>Youming D, Bin W, Weixing W, Binghua W, Ruoyu L,Bangchang C. The effect of h(1) calponin expression on gallstone formation in pregnancy. Saudi Medical Journal 2006;27:1661-1666.</li>\r\n<li>Tierney S, Nakeeb A, Wong O, Lipsett PA, Sostre S, Pitt HA,Lillemoe KD. Progesterone alters biliary flow dynamics. Annals of Surgery 1999; 229: 205-209.</li>\r\n<li>Maurer KR, Everhart JE, Knowler WC, Shawker TH,Roth HP. Risk factors for gallstone disease in the Hispanic populations of the United States. American Journal of Epidemiology 1990; 131:836-844.</li>\r\n</ol>\r\n<p>32.Khan MK, Jalil MA, Khan MS. Oral contraceptives in gallstone diseases. Mymensingh Medical Journal 2007; 16: S40-S45.</p>\r\n<ol start=\"33\">\r\n<li>Maringhini A, Ciambra M, Baccelliere P, Raimondo M, Orlando A, Tine F,Grasso R, Randazzo MA, Barresi L, Gullo D, et al. Biliary sludge and gallstones in pregnancy: incidence, risk factors, and natural history. Annals of Internal Medicine. 1993;119(2):116–20.1993;119(2):116–20.</li>\r\n</ol>\r\n<p>&nbsp;</p>\r\n<p>&nbsp;</p>\r\n<p><strong>Table 1</strong> -Investigation of the association between variation type and common bile duct stone.</p>\r\n<table>\r\n<tbody>\r\n<tr>\r\n<td colspan=\"2\" rowspan=\"2\" width=\"144\">\r\n<p>&nbsp;</p>\r\n</td>\r\n<td colspan=\"3\" width=\"195\">\r\n<p><strong>variation</strong></p>\r\n<p><strong>type</strong></p>\r\n</td>\r\n<td rowspan=\"2\" width=\"238\">\r\n<p>p</p>\r\n</td>\r\n</tr>\r\n<tr>\r\n<td width=\"65\">\r\n<p>A1</p>\r\n</td>\r\n<td width=\"65\">\r\n<p>A2</p>\r\n</td>\r\n<td width=\"65\">\r\n<p>A3+A4</p>\r\n</td>\r\n</tr>\r\n<tr>\r\n<td rowspan=\"2\" width=\"94\">\r\n<p><strong>common bile duct stone</strong></p>\r\n</td>\r\n<td width=\"50\">\r\n<p><strong>no</strong></p>\r\n</td>\r\n<td width=\"65\">\r\n<p>20</p>\r\n</td>\r\n<td width=\"65\">\r\n<p>16</p>\r\n</td>\r\n<td width=\"65\">\r\n<p>16</p>\r\n</td>\r\n<td rowspan=\"3\" width=\"238\">\r\n<p>0.678</p>\r\n</td>\r\n</tr>\r\n<tr>\r\n<td width=\"50\">\r\n<p><strong>yes</strong></p>\r\n</td>\r\n<td width=\"65\">\r\n<p>9</p>\r\n</td>\r\n<td width=\"65\">\r\n<p>11</p>\r\n</td>\r\n<td width=\"65\">\r\n<p>7</p>\r\n</td>\r\n</tr>\r\n<tr>\r\n<td colspan=\"2\" width=\"144\">\r\n<p><strong>total</strong></p>\r\n</td>\r\n<td width=\"65\">\r\n<p>29</p>\r\n</td>\r\n<td width=\"65\">\r\n<p>27</p>\r\n</td>\r\n<td width=\"65\">\r\n<p>23</p>\r\n</td>\r\n</tr>\r\n</tbody>\r\n</table>\r\n<p>There was not any difference in common bile duct stone according to the variation types (p&gt;0.05).</p>\r\n<p>&nbsp;</p>\r\n<p>&nbsp;</p>\r\n<p><a name=\"_Toc11005778\"></a><a name=\"_Toc11005779\"></a><strong>Table 2</strong>. Investigation of the difference between CBD diameter and CD -CHD angle according to the age above and below 45 years</p>\r\n<table width=\"578\">\r\n<tbody>\r\n<tr>\r\n<td width=\"246\">\r\n<p>&nbsp;</p>\r\n<p>&nbsp;&nbsp;&nbsp;&nbsp;&nbsp; Age_</p>\r\n<p>&nbsp;&nbsp;&nbsp;&nbsp;&nbsp;&nbsp;&nbsp;&nbsp; Group</p>\r\n</td>\r\n<td width=\"47\">\r\n<p>&nbsp;</p>\r\n<p>N</p>\r\n</td>\r\n<td width=\"95\">\r\n<p>&nbsp;</p>\r\n<p>&nbsp;&nbsp; Mean</p>\r\n</td>\r\n<td width=\"94\">\r\n<p>Std. deviation</p>\r\n</td>\r\n<td width=\"96\">\r\n<p>&nbsp;</p>\r\n<p>&nbsp;&nbsp;&nbsp;&nbsp;&nbsp;&nbsp; p</p>\r\n</td>\r\n</tr>\r\n<tr>\r\n<td width=\"246\">\r\n<p>CHD diameter&nbsp;&nbsp;&nbsp;&nbsp;&nbsp;&nbsp;&nbsp;&nbsp;&nbsp;&nbsp;&nbsp; &nbsp;&nbsp;&nbsp;&nbsp;&nbsp;&nbsp;&nbsp;&nbsp;&nbsp;&nbsp;&nbsp; 45≥</p>\r\n<p>&nbsp;&nbsp;&nbsp;&nbsp;&nbsp;&nbsp;&nbsp;&nbsp;&nbsp;&nbsp;&nbsp; 45&lt;</p>\r\n</td>\r\n<td width=\"47\">\r\n<p>&nbsp; 24</p>\r\n<p>&nbsp; 55</p>\r\n</td>\r\n<td width=\"95\">\r\n<p>5.25</p>\r\n<p>8.68</p>\r\n</td>\r\n<td width=\"94\">\r\n<p>3.86</p>\r\n<p>4.71</p>\r\n</td>\r\n<td width=\"96\">\r\n<p>&nbsp;&nbsp;&nbsp; 0.001</p>\r\n</td>\r\n</tr>\r\n<tr>\r\n<td width=\"246\">\r\n<p>CHD-CD angle&nbsp;&nbsp;&nbsp;&nbsp;&nbsp;&nbsp;&nbsp;&nbsp;&nbsp;&nbsp;&nbsp;&nbsp;&nbsp;&nbsp;&nbsp;&nbsp;&nbsp;&nbsp;&nbsp;&nbsp;&nbsp; &nbsp;&nbsp;&nbsp;&nbsp;&nbsp;&nbsp;&nbsp;&nbsp;&nbsp;&nbsp;&nbsp; 45≥</p>\r\n<p>&nbsp;&nbsp;&nbsp;&nbsp;&nbsp;&nbsp;&nbsp;&nbsp;&nbsp;&nbsp;&nbsp; 45&lt;</p>\r\n</td>\r\n<td width=\"47\">\r\n<p>&nbsp; 17</p>\r\n<p>&nbsp; 38</p>\r\n</td>\r\n<td width=\"95\">\r\n<p>45.17</p>\r\n<p>39.34</p>\r\n</td>\r\n<td width=\"94\">\r\n<p>30.08</p>\r\n<p>&nbsp;29.87</p>\r\n</td>\r\n<td width=\"96\">\r\n<p>0,510</p>\r\n</td>\r\n</tr>\r\n</tbody>\r\n</table>\r\n<p>A significant increase was detected in CHD diameter over 45 years of age (p&lt;0.05). There was not any difference detected in CHD-CD angle according to the age group (p&gt;0.05).</p>\r\n<p>&nbsp;</p>\r\n<p><strong>&nbsp;</strong></p>\r\n<p><strong>Table 3: </strong>Investigation of the difference for CHD stone formation according to the age above and below 45 years</p>\r\n<table width=\"576\">\r\n<tbody>\r\n<tr>\r\n<td rowspan=\"2\" width=\"201\">\r\n<p><strong>CHD stone present</strong></p>\r\n</td>\r\n<td colspan=\"2\" width=\"264\">\r\n<p><strong>Age_Group (years)</strong></p>\r\n</td>\r\n<td rowspan=\"2\" width=\"111\">\r\n<p><strong>&nbsp;</strong></p>\r\n<p><strong>&nbsp;</strong></p>\r\n<p><strong>&nbsp;&nbsp;&nbsp;&nbsp; p</strong></p>\r\n</td>\r\n</tr>\r\n<tr>\r\n<td width=\"139\">\r\n<p><strong>&nbsp;</strong></p>\r\n<p><strong>45&lt;</strong></p>\r\n<p><strong>years</strong></p>\r\n</td>\r\n<td width=\"126\">\r\n<p><strong>&nbsp;</strong></p>\r\n<p><strong>45&lt;</strong></p>\r\n<p><strong>years</strong></p>\r\n</td>\r\n</tr>\r\n<tr>\r\n<td width=\"201\">\r\n<p><strong>no</strong></p>\r\n</td>\r\n<td width=\"139\">\r\n<p>20</p>\r\n</td>\r\n<td width=\"126\">\r\n<p>32</p>\r\n</td>\r\n<td rowspan=\"2\" width=\"111\">\r\n<p><strong>0,025</strong></p>\r\n</td>\r\n</tr>\r\n<tr>\r\n<td width=\"201\">\r\n<p><strong>yes</strong></p>\r\n</td>\r\n<td width=\"139\">\r\n<p>4</p>\r\n</td>\r\n<td width=\"126\">\r\n<p>23</p>\r\n</td>\r\n</tr>\r\n</tbody>\r\n</table>\r\n<p>&nbsp;</p>\r\n<p>A statistically significant difference was detected in CHD stone formation according to the age group (p&lt;0.05). CHD stone incidence increases in patients over 45 years of age.</p>\r\n<p><strong>&nbsp;</strong></p>\r\n<p><strong>&nbsp;</strong></p>\r\n<p><strong>&nbsp;</strong></p>\r\n<p><strong>&nbsp;</strong></p>\r\n<p><strong>&nbsp;</strong></p>\r\n<p><strong>&nbsp;</strong></p>\r\n<p><strong>&nbsp;</strong></p>\r\n<p><strong>&nbsp;</strong></p>\r\n<p><a name=\"_Toc11005774\"></a><strong>Table 4:</strong> Analysis of the association between CHD-CD angle and age as well as CHD.</p>\r\n<table width=\"579\">\r\n<tbody>\r\n<tr>\r\n<td width=\"154\">\r\n<p>&nbsp;</p>\r\n</td>\r\n<td width=\"104\">\r\n<p><strong>&nbsp;</strong></p>\r\n<p><strong>age</strong></p>\r\n</td>\r\n<td width=\"95\">\r\n<p><strong>&nbsp;</strong></p>\r\n<p><strong>CHD diameter</strong>&nbsp;&nbsp;&nbsp;&nbsp;&nbsp;&nbsp;&nbsp;&nbsp;&nbsp;&nbsp;&nbsp; <strong>&nbsp;&nbsp;&nbsp;&nbsp;&nbsp;&nbsp;&nbsp;&nbsp;&nbsp;&nbsp;&nbsp; </strong></p>\r\n</td>\r\n<td width=\"116\">\r\n<p><strong>CHD-CD angle</strong>&nbsp;&nbsp;&nbsp;&nbsp;&nbsp;&nbsp;&nbsp;&nbsp;&nbsp;&nbsp;&nbsp;&nbsp;&nbsp;&nbsp; &nbsp;&nbsp;&nbsp;&nbsp;&nbsp;&nbsp;&nbsp;&nbsp;&nbsp;&nbsp;&nbsp;</p>\r\n</td>\r\n<td width=\"110\">\r\n<p><strong>CHD stone dimension</strong></p>\r\n</td>\r\n</tr>\r\n<tr>\r\n<td width=\"154\">\r\n<p><strong>age</strong></p>\r\n</td>\r\n<td width=\"104\">\r\n<p>&nbsp;</p>\r\n</td>\r\n<td width=\"95\">\r\n<p>0.00</p>\r\n</td>\r\n<td width=\"116\">\r\n<p>&nbsp;&nbsp;&nbsp;&nbsp;&nbsp;&nbsp;&nbsp;&nbsp; 0.43</p>\r\n</td>\r\n<td width=\"110\">\r\n<p>&nbsp;&nbsp;&nbsp;&nbsp;&nbsp;&nbsp; 0,154</p>\r\n</td>\r\n</tr>\r\n<tr>\r\n<td width=\"154\">\r\n<p><strong>&nbsp;</strong></p>\r\n<p><strong>CHD diameter</strong></p>\r\n</td>\r\n<td width=\"104\">\r\n<p>&nbsp;</p>\r\n<p><strong>0.000</strong></p>\r\n</td>\r\n<td width=\"95\">\r\n<p>&nbsp;</p>\r\n</td>\r\n<td width=\"116\">\r\n<p>&nbsp;</p>\r\n<p>0.106</p>\r\n</td>\r\n<td width=\"110\">\r\n<p>&nbsp;</p>\r\n<p><strong>0.003</strong></p>\r\n</td>\r\n</tr>\r\n<tr>\r\n<td width=\"154\">\r\n<p><strong>&nbsp;</strong></p>\r\n<p><strong>CHD-CD angle</strong></p>\r\n</td>\r\n<td width=\"104\">\r\n<p>&nbsp;</p>\r\n<p>&nbsp;&nbsp;&nbsp; 0.434</p>\r\n<p>&nbsp;</p>\r\n</td>\r\n<td width=\"95\">\r\n<p>&nbsp;</p>\r\n<p>0.106</p>\r\n<p>&nbsp;</p>\r\n</td>\r\n<td width=\"116\">\r\n<p>&nbsp;</p>\r\n</td>\r\n<td width=\"110\">\r\n<p>&nbsp;</p>\r\n<p>0.752</p>\r\n<p>&nbsp;</p>\r\n</td>\r\n</tr>\r\n<tr>\r\n<td width=\"154\">\r\n<p><strong>&nbsp; CHD stone&nbsp;&nbsp;&nbsp;&nbsp;&nbsp;&nbsp;&nbsp;&nbsp;&nbsp; </strong></p>\r\n<p><strong>&nbsp; dimension</strong></p>\r\n</td>\r\n<td width=\"104\">\r\n<p>0.154</p>\r\n<p>&nbsp;</p>\r\n</td>\r\n<td width=\"95\">\r\n<p>0.003</p>\r\n<p>&nbsp;</p>\r\n</td>\r\n<td width=\"116\">\r\n<p>0.752</p>\r\n<p>&nbsp;</p>\r\n</td>\r\n<td width=\"110\">\r\n<p>&nbsp;</p>\r\n</td>\r\n</tr>\r\n</tbody>\r\n</table>\r\n<p>A positive correlation was detected between the age and CHD diameter and between CHD stone dimension and CHD diameter (p&lt;0.05). There was not any significant correlation between CHD-CD angle and age, and between CHD-CD angle and CHD stone dimension (p&gt;0.05).</p>\r\n<p>&nbsp;</p>\r\n<p><a name=\"_Toc11005772\"></a><strong>Table 5. </strong>Comparison of CHD diameter (mm) according to the gender</p>\r\n<table>\r\n<tbody>\r\n<tr>\r\n<td colspan=\"2\" width=\"209\">\r\n<p><strong>&nbsp;</strong></p>\r\n<p><strong>&nbsp;&nbsp;&nbsp;&nbsp;&nbsp;&nbsp;&nbsp;&nbsp;&nbsp;&nbsp;&nbsp;&nbsp;&nbsp;&nbsp;&nbsp;&nbsp;&nbsp;&nbsp;&nbsp;&nbsp;&nbsp;&nbsp;&nbsp;&nbsp;&nbsp; gender</strong></p>\r\n</td>\r\n<td width=\"56\">\r\n<p><strong>&nbsp;</strong></p>\r\n<p><strong>&nbsp;&nbsp;&nbsp;&nbsp; N</strong></p>\r\n</td>\r\n<td width=\"83\">\r\n<p><strong>&nbsp;</strong></p>\r\n<p><strong>Mean (mm)</strong></p>\r\n</td>\r\n<td width=\"95\">\r\n<p><strong>&nbsp;</strong></p>\r\n<p><strong>Std. Deviation</strong></p>\r\n</td>\r\n<td width=\"108\">\r\n<p><strong>&nbsp;</strong></p>\r\n<p><strong>&nbsp;P</strong></p>\r\n</td>\r\n</tr>\r\n<tr>\r\n<td width=\"124\">\r\n<p><strong>&nbsp;</strong></p>\r\n<p><strong>&nbsp;</strong></p>\r\n<p><strong>CHD diameter (mm)</strong></p>\r\n<p><strong>&nbsp;</strong></p>\r\n</td>\r\n<td width=\"85\">\r\n<p>&nbsp;</p>\r\n<p>&nbsp;male</p>\r\n<p>&nbsp;</p>\r\n<p>&nbsp;</p>\r\n<p>female</p>\r\n</td>\r\n<td width=\"56\">\r\n<p>&nbsp;</p>\r\n<p>41</p>\r\n<p>&nbsp;</p>\r\n<p>38</p>\r\n</td>\r\n<td width=\"83\">\r\n<p>&nbsp;</p>\r\n<p>6.28</p>\r\n<p>&nbsp;</p>\r\n<p>9.10</p>\r\n</td>\r\n<td width=\"95\">\r\n<p>&nbsp;</p>\r\n<p>4.15</p>\r\n<p>&nbsp;</p>\r\n<p>4.91</p>\r\n</td>\r\n<td width=\"108\">\r\n<p><strong>&nbsp;</strong></p>\r\n<p><strong>0.007</strong></p>\r\n</td>\r\n</tr>\r\n<tr>\r\n<td width=\"124\">&nbsp;</td>\r\n<td width=\"85\">&nbsp;</td>\r\n<td width=\"56\">&nbsp;</td>\r\n<td width=\"83\">&nbsp;</td>\r\n<td width=\"95\">&nbsp;</td>\r\n<td width=\"108\">&nbsp;</td>\r\n</tr>\r\n</tbody>\r\n</table>\r\n<p>Mean CHD diameter was measured 9.1±4.91 mm in female patients and 6.28±4.15 mm in male patients. The mean CHD diameter was measured 7.67 mm.</p>\r\n<p><strong>&nbsp;</strong></p>\r\n<p><strong>&nbsp;</strong></p>\r\n<p><a name=\"_Toc11005770\"></a><strong>Table 6</strong>. Comparison of biliary vesicle stone depending on the gender</p>\r\n<table>\r\n<tbody>\r\n<tr>\r\n<td colspan=\"2\" rowspan=\"2\" width=\"217\">\r\n<p>&nbsp;</p>\r\n<p>Biliary Vesicle Stone Formation</p>\r\n</td>\r\n<td colspan=\"2\" width=\"179\">\r\n<p>gender</p>\r\n</td>\r\n<td rowspan=\"2\" width=\"96\">\r\n<p>&nbsp;</p>\r\n<p>p</p>\r\n</td>\r\n</tr>\r\n<tr>\r\n<td width=\"83\">\r\n<p>male</p>\r\n</td>\r\n<td width=\"96\">\r\n<p>female</p>\r\n</td>\r\n</tr>\r\n<tr>\r\n<td rowspan=\"4\" width=\"148\">\r\n<p>&nbsp;</p>\r\n</td>\r\n<td width=\"69\">\r\n<p>no</p>\r\n</td>\r\n<td width=\"83\">\r\n<p>23</p>\r\n</td>\r\n<td width=\"96\">\r\n<p>&nbsp;&nbsp;&nbsp; 8</p>\r\n</td>\r\n<td rowspan=\"4\" width=\"96\">\r\n<p>&nbsp;</p>\r\n<p>0.005</p>\r\n</td>\r\n</tr>\r\n<tr>\r\n<td width=\"69\">\r\n<p>yes</p>\r\n</td>\r\n<td width=\"83\">\r\n<p>10</p>\r\n</td>\r\n<td width=\"96\">\r\n<p>&nbsp;&nbsp; 18</p>\r\n</td>\r\n</tr>\r\n<tr>\r\n<td width=\"69\">\r\n<p>operated</p>\r\n</td>\r\n<td width=\"83\">\r\n<p>8</p>\r\n</td>\r\n<td width=\"96\">\r\n<p>&nbsp;&nbsp; 12</p>\r\n</td>\r\n</tr>\r\n<tr>\r\n<td width=\"69\">\r\n<p>&nbsp;</p>\r\n</td>\r\n<td width=\"83\">\r\n<p>&nbsp;</p>\r\n</td>\r\n<td width=\"96\">\r\n<p>&nbsp;</p>\r\n</td>\r\n</tr>\r\n</tbody>\r\n</table>\r\n<p>A significant difference was found between female and male groups for biliary vesicle stone depending on gender (p&lt;0.05).&nbsp; The biliary vesicle stone formation was significantly higher in female patients (p&lt;0.05).</p>\r\n<p><strong>&nbsp;</strong></p>\r\n<p><strong>&nbsp;</strong></p>'),(34,1048586,29,1,'2020-03-27 07:16:09','2020-03-27 07:16:09','Recommendation','<p>Ratih Dewi Dwiyanti:<br> <br> The recommendation regarding the submission to Tropical Health and Medical Research, \"Z Plasty Single Center Results in the Treatment of Pilonidal Sinus Disease in Children\" is: Accept Submission<br> <br> admin admin<br>admin@medlabtechnojournal.com</p><br/><br/>\n________________________________________________________________________<br/>\n<a href=\"http://medlabtechnojournal.com/index.php/JAK\">Tropical Health and Medical Research</a>'),(35,1048586,30,37,'2020-03-28 16:57:31','2020-03-28 17:28:32','Comments for the Editor','<p>Dear Sir/Madam</p>\r\n<p>Thanks for creating oppurtinity to our study in your journal. Our study is about an actual recently becoming an important side of diabetes. Recently there have been some studies about sleep quality and diabetes, but there is a gap in assessing sleep quality, comprasion of it in different diabetic stages (controlled,uncontrolled). Metabolic syndrome is very frequent in type 2 diabetes, so we wanted to investigate sleep quality in metabolic syndrome diabetic patients.</p>\r\n<p>Thanks for Your Oppurtinity<br> Your Sincerely</p>\r\n<p>&nbsp;</p>'),(37,1048586,31,23,'2020-04-05 01:21:23','2020-04-05 01:21:23',NULL,NULL),(38,1048586,32,23,'2020-04-08 20:22:00','2020-04-08 20:22:00',NULL,NULL),(40,1048586,34,35,'2020-04-25 18:30:29','2020-04-25 18:30:29',NULL,NULL),(42,1048586,36,35,'2020-04-25 18:55:13','2020-04-25 18:55:13',NULL,NULL),(44,1048586,38,35,'2020-04-25 20:53:33','2020-04-25 20:53:33',NULL,NULL),(45,1048586,31,23,'2020-05-11 16:10:10','2020-05-11 16:10:10',NULL,NULL),(46,1048586,28,23,'2020-05-11 16:14:29','2020-05-11 16:14:39',NULL,'<p>...</p>'),(47,1048586,31,23,'2020-06-22 15:12:44','2020-06-22 15:12:44',NULL,NULL),(48,1048586,31,43,'2020-08-13 03:48:20','2020-08-13 03:48:20','Comments for the Editor','<p>Dear Editor:</p>\r\n<p>Please find enclosed a manuscript entitled: “Renal Tubular Dysfunction Linked to Tenofovir in Antiretroviral Therapy in HIV-Infected Patients” which I am submitting for exclusive consideration of publication as an article.</p>\r\n<p>The article demonstrates the prevalence of RTD in the people living with HIV on TDF treatment, identify the risk factors associated and compare the 24-hours urine methods with the serum creatinine and its calculated clearance for the RTD identification. It is an important issue due to tenofovir is largerly used in developing and poor countries, in which tenofovir alafenamide is not avaiable.</p>\r\n<p>Thank you for your consideration of my work!</p>'),(49,1048586,32,43,'2020-08-20 04:13:51','2020-08-20 04:13:51',NULL,NULL),(50,1048586,33,52,'2020-09-09 01:33:30','2020-09-09 01:33:30','Comments for the Editor','<p>PPID: TIJE-0393-8740-60</p>'),(52,1048586,35,57,'2020-10-06 11:51:10','2020-10-06 11:51:10','Comments for the Editor','<p>Thank you for this opportunity</p>'),(53,1048586,36,58,'2020-10-07 17:13:37','2020-10-07 17:13:37','Comments for the Editor','<p>&nbsp;&nbsp;&nbsp;&nbsp;&nbsp;&nbsp;&nbsp;&nbsp;&nbsp;&nbsp;&nbsp;&nbsp;&nbsp;&nbsp;&nbsp;&nbsp;&nbsp;&nbsp;&nbsp;&nbsp;&nbsp;&nbsp;&nbsp;&nbsp;&nbsp;&nbsp;&nbsp;&nbsp;&nbsp;&nbsp;&nbsp;&nbsp;&nbsp;&nbsp;&nbsp;&nbsp;&nbsp;&nbsp;&nbsp;&nbsp;&nbsp;&nbsp;&nbsp;&nbsp;&nbsp;&nbsp;&nbsp;&nbsp;&nbsp;&nbsp;&nbsp;&nbsp;&nbsp;&nbsp;&nbsp;&nbsp;&nbsp;&nbsp;&nbsp;&nbsp;&nbsp;&nbsp;&nbsp;&nbsp;&nbsp;&nbsp;&nbsp;&nbsp;&nbsp;&nbsp;&nbsp;&nbsp;&nbsp;&nbsp;&nbsp;&nbsp;&nbsp;&nbsp;&nbsp;&nbsp;&nbsp;&nbsp;&nbsp;&nbsp;&nbsp;&nbsp;&nbsp;&nbsp;&nbsp;&nbsp;&nbsp;&nbsp;&nbsp;&nbsp;&nbsp;&nbsp;&nbsp;&nbsp;&nbsp;&nbsp;&nbsp;&nbsp;&nbsp;&nbsp;&nbsp;&nbsp;&nbsp;&nbsp;&nbsp;&nbsp;&nbsp;&nbsp;&nbsp;&nbsp;&nbsp;&nbsp;&nbsp;&nbsp;&nbsp;&nbsp;&nbsp;&nbsp;&nbsp;&nbsp;&nbsp;&nbsp;&nbsp;&nbsp;&nbsp;&nbsp;&nbsp;&nbsp;&nbsp;&nbsp;&nbsp;&nbsp; Dr. Ubi E. Isaac</p>\r\n<p>&nbsp;&nbsp;&nbsp;&nbsp;&nbsp;&nbsp;&nbsp;&nbsp;&nbsp;&nbsp;&nbsp;&nbsp;&nbsp;&nbsp;&nbsp;&nbsp;&nbsp;&nbsp;&nbsp;&nbsp;&nbsp;&nbsp;&nbsp;&nbsp;&nbsp;&nbsp;&nbsp;&nbsp;&nbsp;&nbsp;&nbsp;&nbsp;&nbsp;&nbsp;&nbsp;&nbsp;&nbsp;&nbsp;&nbsp;&nbsp;&nbsp;&nbsp;&nbsp;&nbsp;&nbsp;&nbsp;&nbsp;&nbsp;&nbsp;&nbsp;&nbsp;&nbsp;&nbsp;&nbsp;&nbsp;&nbsp;&nbsp;&nbsp;&nbsp;&nbsp;&nbsp;&nbsp;&nbsp;&nbsp;&nbsp;&nbsp;&nbsp;&nbsp;&nbsp;&nbsp;&nbsp;&nbsp;&nbsp;&nbsp;&nbsp;&nbsp;&nbsp;&nbsp;&nbsp;&nbsp;&nbsp;&nbsp;&nbsp;&nbsp;&nbsp;&nbsp;&nbsp;&nbsp;&nbsp;&nbsp;&nbsp;&nbsp;&nbsp;&nbsp;&nbsp;&nbsp;&nbsp;&nbsp;&nbsp;&nbsp;&nbsp;&nbsp;&nbsp;&nbsp;&nbsp;&nbsp;&nbsp;&nbsp;&nbsp;&nbsp;&nbsp;&nbsp;&nbsp;&nbsp;&nbsp;&nbsp;&nbsp;&nbsp;&nbsp;&nbsp;&nbsp;&nbsp;&nbsp;&nbsp;&nbsp;&nbsp;&nbsp;&nbsp;&nbsp;&nbsp;&nbsp;&nbsp;&nbsp;&nbsp;&nbsp;&nbsp; Department of Human Anatomy,</p>\r\n<p>&nbsp;&nbsp;&nbsp;&nbsp;&nbsp;&nbsp;&nbsp;&nbsp;&nbsp;&nbsp;&nbsp;&nbsp;&nbsp;&nbsp;&nbsp;&nbsp;&nbsp;&nbsp;&nbsp;&nbsp;&nbsp;&nbsp;&nbsp;&nbsp;&nbsp;&nbsp;&nbsp;&nbsp;&nbsp;&nbsp;&nbsp;&nbsp;&nbsp;&nbsp;&nbsp;&nbsp;&nbsp;&nbsp;&nbsp;&nbsp;&nbsp;&nbsp;&nbsp;&nbsp;&nbsp;&nbsp;&nbsp;&nbsp;&nbsp;&nbsp;&nbsp;&nbsp;&nbsp;&nbsp;&nbsp;&nbsp;&nbsp;&nbsp;&nbsp;&nbsp;&nbsp;&nbsp;&nbsp;&nbsp;&nbsp;&nbsp;&nbsp;&nbsp;&nbsp;&nbsp;&nbsp;&nbsp;&nbsp;&nbsp;&nbsp;&nbsp;&nbsp;&nbsp;&nbsp;&nbsp;&nbsp;&nbsp;&nbsp;&nbsp;&nbsp;&nbsp;&nbsp;&nbsp;&nbsp;&nbsp;&nbsp;&nbsp;&nbsp;&nbsp;&nbsp;&nbsp;&nbsp;&nbsp;&nbsp;&nbsp;&nbsp;&nbsp;&nbsp;&nbsp;&nbsp;&nbsp;&nbsp;&nbsp;&nbsp;&nbsp;&nbsp;&nbsp;&nbsp;&nbsp;&nbsp;&nbsp;&nbsp;&nbsp;&nbsp;&nbsp;&nbsp;&nbsp;&nbsp;&nbsp;&nbsp;&nbsp;&nbsp;&nbsp;&nbsp;&nbsp;&nbsp;&nbsp;&nbsp;&nbsp;&nbsp;&nbsp; Cross River University</p>\r\n<p>&nbsp;&nbsp;&nbsp;&nbsp;&nbsp; &nbsp; &nbsp; &nbsp; &nbsp; &nbsp; &nbsp; &nbsp; &nbsp; &nbsp; &nbsp; &nbsp; &nbsp; &nbsp; &nbsp; &nbsp; &nbsp; &nbsp; &nbsp; &nbsp; &nbsp; &nbsp; &nbsp; &nbsp; &nbsp; &nbsp; &nbsp; &nbsp; &nbsp; &nbsp; &nbsp; &nbsp; &nbsp; &nbsp; &nbsp; &nbsp; &nbsp; &nbsp; &nbsp; &nbsp; &nbsp; &nbsp; &nbsp; &nbsp; &nbsp; &nbsp; &nbsp; &nbsp; &nbsp; &nbsp; &nbsp; &nbsp; &nbsp; &nbsp; &nbsp; &nbsp; &nbsp; &nbsp; &nbsp; &nbsp; &nbsp; &nbsp; &nbsp; &nbsp; &nbsp; &nbsp; &nbsp; of Technology,</p>\r\n<p>&nbsp;&nbsp;&nbsp;&nbsp;&nbsp;&nbsp;&nbsp;&nbsp;&nbsp;&nbsp;&nbsp;&nbsp;&nbsp;&nbsp;&nbsp;&nbsp;&nbsp;&nbsp;&nbsp;&nbsp;&nbsp;&nbsp;&nbsp;&nbsp;&nbsp;&nbsp;&nbsp;&nbsp;&nbsp;&nbsp;&nbsp;&nbsp;&nbsp;&nbsp;&nbsp;&nbsp;&nbsp;&nbsp;&nbsp;&nbsp;&nbsp;&nbsp;&nbsp;&nbsp;&nbsp;&nbsp;&nbsp;&nbsp;&nbsp;&nbsp;&nbsp;&nbsp;&nbsp;&nbsp;&nbsp;&nbsp;&nbsp;&nbsp;&nbsp;&nbsp;&nbsp;&nbsp;&nbsp;&nbsp;&nbsp;&nbsp;&nbsp;&nbsp;&nbsp;&nbsp;&nbsp;&nbsp;&nbsp;&nbsp;&nbsp;&nbsp;&nbsp;&nbsp;&nbsp;&nbsp;&nbsp;&nbsp;&nbsp;&nbsp;&nbsp;&nbsp;&nbsp;&nbsp;&nbsp;&nbsp;&nbsp;&nbsp;&nbsp;&nbsp;&nbsp;&nbsp;&nbsp;&nbsp;&nbsp;&nbsp;&nbsp;&nbsp;&nbsp;&nbsp;&nbsp;&nbsp;&nbsp;&nbsp;&nbsp;&nbsp;&nbsp;&nbsp;&nbsp;&nbsp;&nbsp;&nbsp;&nbsp;&nbsp;&nbsp;&nbsp;&nbsp;&nbsp;&nbsp;&nbsp;&nbsp;&nbsp;&nbsp;&nbsp;&nbsp;&nbsp;&nbsp;&nbsp;&nbsp;&nbsp;&nbsp;&nbsp;&nbsp; Okuku Campus,</p>\r\n<p>&nbsp;&nbsp;&nbsp;&nbsp;&nbsp;&nbsp;&nbsp;&nbsp;&nbsp;&nbsp;&nbsp;&nbsp;&nbsp;&nbsp;&nbsp;&nbsp;&nbsp;&nbsp;&nbsp;&nbsp;&nbsp;&nbsp;&nbsp;&nbsp;&nbsp;&nbsp;&nbsp;&nbsp;&nbsp;&nbsp;&nbsp;&nbsp;&nbsp;&nbsp;&nbsp;&nbsp;&nbsp;&nbsp;&nbsp;&nbsp;&nbsp;&nbsp;&nbsp;&nbsp;&nbsp;&nbsp;&nbsp;&nbsp;&nbsp;&nbsp;&nbsp;&nbsp;&nbsp;&nbsp;&nbsp;&nbsp;&nbsp;&nbsp;&nbsp;&nbsp;&nbsp;&nbsp;&nbsp;&nbsp;&nbsp;&nbsp;&nbsp;&nbsp;&nbsp;&nbsp;&nbsp;&nbsp;&nbsp;&nbsp;&nbsp;&nbsp;&nbsp;&nbsp;&nbsp;&nbsp;&nbsp;&nbsp;&nbsp;&nbsp;&nbsp;&nbsp;&nbsp;&nbsp;&nbsp;&nbsp;&nbsp;&nbsp;&nbsp;&nbsp;&nbsp;&nbsp;&nbsp;&nbsp;&nbsp;&nbsp;&nbsp;&nbsp;&nbsp;&nbsp;&nbsp;&nbsp;&nbsp;&nbsp;&nbsp;&nbsp;&nbsp;&nbsp;&nbsp;&nbsp;&nbsp;&nbsp;&nbsp;&nbsp;&nbsp;&nbsp;&nbsp;&nbsp;&nbsp;&nbsp;&nbsp;&nbsp;&nbsp;&nbsp;&nbsp;&nbsp;&nbsp;&nbsp;&nbsp;&nbsp;&nbsp;&nbsp;&nbsp; P.M.B. 1123, Calabar, Nigeria.</p>\r\n<p>&nbsp;&nbsp;&nbsp;&nbsp;&nbsp;&nbsp;&nbsp;&nbsp;&nbsp;&nbsp;&nbsp;&nbsp;&nbsp;&nbsp;&nbsp;&nbsp;&nbsp;&nbsp;&nbsp;&nbsp;&nbsp;&nbsp;&nbsp;&nbsp;&nbsp;&nbsp;&nbsp;&nbsp;&nbsp;&nbsp;&nbsp;&nbsp;&nbsp;&nbsp;&nbsp;&nbsp;&nbsp;&nbsp;&nbsp;&nbsp;&nbsp;&nbsp;&nbsp;&nbsp;&nbsp;&nbsp;&nbsp;&nbsp;&nbsp;&nbsp;&nbsp;&nbsp;&nbsp;&nbsp;&nbsp;&nbsp;&nbsp;&nbsp;&nbsp;&nbsp;&nbsp;&nbsp;&nbsp;&nbsp;&nbsp;&nbsp;&nbsp;&nbsp;&nbsp;&nbsp;&nbsp;&nbsp;&nbsp;&nbsp;&nbsp;&nbsp;&nbsp;&nbsp;&nbsp;&nbsp;&nbsp;&nbsp;&nbsp;&nbsp;&nbsp;&nbsp;&nbsp;&nbsp;&nbsp;&nbsp;&nbsp;&nbsp;&nbsp;&nbsp;&nbsp;&nbsp;&nbsp;&nbsp;&nbsp;&nbsp;&nbsp;&nbsp;&nbsp;&nbsp;&nbsp;&nbsp;&nbsp;&nbsp;&nbsp;&nbsp;&nbsp;&nbsp;&nbsp;&nbsp;&nbsp;&nbsp;&nbsp;&nbsp;&nbsp;&nbsp;&nbsp;&nbsp;&nbsp;&nbsp;&nbsp;&nbsp;&nbsp;&nbsp;&nbsp;&nbsp;&nbsp;&nbsp;&nbsp;&nbsp;&nbsp;&nbsp;&nbsp; Email: isaacubi@crutech.edu.ng</p>\r\n<p>&nbsp;&nbsp;&nbsp;&nbsp; &nbsp; &nbsp; &nbsp; &nbsp; &nbsp; &nbsp; &nbsp; &nbsp; &nbsp; &nbsp; &nbsp; &nbsp; &nbsp; &nbsp; &nbsp; &nbsp; &nbsp; &nbsp; &nbsp; &nbsp; &nbsp; &nbsp; &nbsp; &nbsp; &nbsp; &nbsp; &nbsp; &nbsp; &nbsp; &nbsp; &nbsp; &nbsp; &nbsp; &nbsp; &nbsp; &nbsp; &nbsp; &nbsp; &nbsp; &nbsp; &nbsp; &nbsp; &nbsp; &nbsp; &nbsp; &nbsp; &nbsp; &nbsp; &nbsp; &nbsp; &nbsp; &nbsp; &nbsp; &nbsp; &nbsp; &nbsp; &nbsp; &nbsp; &nbsp; &nbsp; &nbsp; &nbsp; &nbsp; &nbsp; &nbsp; &nbsp;&nbsp; October 5, 2020.</p>\r\n<p>&nbsp;</p>\r\n<p>The Editor-in-Chief,</p>\r\n<p>Tropical Health and Medical Research.</p>\r\n<p>&nbsp;</p>\r\n<p><strong>RE: SUBMISSION OF MANUSCRIPT FOR CONSIDERATION FOR PUBLICATION</strong></p>\r\n<p>In a bid to contribute to the enhancement of public knowledge based on scientific research findings, I hereby submit on behalf of all the authors of the following paper manuscript entitled: “Morphological Alterations of the Rat Testicles Following Administration of Graded Doses of Gauva (<em>Psidium guajava</em>) Leaf Aqueous Extract,” to be considered for publication as an <strong><em>Original Research Article</em></strong> in Tropical Health and Medical Research.</p>\r\n<p>The manuscript has been borne out of quality/rigorous research and has not been published before nor is it currently being considered elsewhere. Hence, it is believed that its contents/findings would be of immense interest to a broad readership. The paper has been read and approved by all the authors. Moreover, there is no existing conflicts of interests since the research was carried out in the absence of any commercial or financial relationships that could have warranted such outcome.</p>\r\n<p>&nbsp;</p>\r\n<p>Thank you,</p>\r\n<p>UEI</p>\r\n<p>Ubi Isaac, Ph.D.</p>'),(54,1048586,37,57,'2020-10-20 03:22:54','2020-10-20 03:25:00','Revision of article text','<p>Revision Letter;</p>\r\n<p>&nbsp;</p>\r\n<p>&nbsp;</p>\r\n<p>1-I marked it in yellow by making all the desired changes in the relevant sections.2-I converted the references to the desired format (vencouver)</p>\r\n<p>3-I also made the requested changes in the tables</p>\r\n<p>&nbsp;</p>\r\n<p>Best Regards</p>\r\n<p>&nbsp;</p>\r\n<p>Corresponding Author: Erhan Okuyan M.D</p>'),(55,1048586,38,58,'2020-10-24 03:06:44','2020-10-24 03:06:44',NULL,NULL),(56,1048586,39,57,'2020-11-18 05:13:39','2020-11-18 05:26:06','article in press link','<p>valuable editorial team; I guess that the estimated publication date of my article will be in March 2021. If you find it appropriate, if you give a link to show my article with its DOI number in the printing process, health professionals all over the world can read our article and prepare for the 2nd wave.</p>\r\n<p>Yours truly</p>\r\n<p>Corresponding Author: Erhan Okuyan&nbsp;</p>'),(57,1048586,40,1,'2020-11-18 10:12:15','2020-11-18 10:13:45','publish article','<p>your article has been published in the \'online first article\'</p>'),(58,1048586,41,63,'2020-12-06 23:24:57','2020-12-06 23:24:57','Comments for the Editor','<p><strong><u>PPID: THMR-6294-9981-03</u></strong></p>\r\n<p>&nbsp;Dear Mr Chief Editor Sir:</p>\r\n<p>&nbsp;I am pleased to submit a case report entitled <strong>“Outcome Analysis Following Microvascular Free Gracilis Muscle Transfer for Multi-vector Facial Reanimation” </strong>for consideration of publication<em>.</em> In this manuscript, we report objective excursion and symmetry outcomes from a series of free gracilis muscle transfer (FGMT) cases and investigate the predictive intraoperative number of vectors anchored during flap inset on final outcomes. This manuscript has not yet been published and is not under consideration for publication elsewhere.&nbsp; We have no conflicts of interest to disclose, no sponsorship or funding and we are looking forward to your expert consideration in publishing in the journal.</p>'),(59,1048586,42,63,'2021-01-05 20:27:39','2021-01-05 20:32:00','Revision 1','<p>Dear Sir/Mdm</p>\r\n<p>We have received the revision request by the reviewers. Here we have uploaded the revised manuscript with rectified/ additional text (in highlight) together with its comment in it. We hope that it will suffice to the editor\'s request and we highly appreciate your kind consideration for publication of this manuscript. Thank you and best regards.&nbsp;</p>'),(62,1048586,45,56,'2021-01-20 21:14:57','2021-01-20 21:14:57','Comments for the Editor','<p>Dear Editor, First of all, I wish you healthy days like all healthcare professionals during this pandemic process.</p>\r\n<p>With this retorspective study we examined the number of patients who were RT-PCR positive for the second time, their demographic characteristics, hospitalization and mortality status. We determined the times between the two positive RT-PCRs. Especially in these days when vaccination studies are coming to&nbsp; end, it is known to everyone how important it is to become positive again. Thus, we aimed to increase the knowledge about repetitive positivity in the literature.</p>\r\n<p>I hope you include this simple work in your magazine.</p>\r\n<p>I wish you good work.</p>\r\n<p>Best regards.</p>'),(63,1048586,45,56,'2021-01-20 21:30:11','2021-01-20 21:30:11',NULL,NULL),(64,1048586,46,66,'2021-01-23 23:03:16','2021-01-23 23:03:16','Comments for the Editor','<p>Dear Editors;</p>\r\n<p>I present to you with all due respect our manuscript, which is named as “Intrauterine Insemination Success Rates in Different TSH Levels” to your discretion as a publication, to be regarded as an original research<em>. </em>The manuscript has not yet been previously published or submitted to another journal as a publication.</p>\r\n<p>There are quite a number of people who are planning for pregnancy and taking thyroid medications at the same time. Experts don’t always necessarily agree on when to start proper thyroid therapies on pregnant women. There is a possibility that some of such women may be taking the aforementioned therapies unnecessarily.</p>\r\n<p>In our study; it was our utmost objective to investigate the relationship between TSH levels and intrauterine insemination successes in couples with unexplained infertility who were undergoing intrauterine insemination treatments. We couldn’t find any statistically significant differences in terms of intrauterine insemination successes between the control group, which was defined with TSH levels below 2.5 mIU/L and the study group, which was defined with TSH levels between 2.5 mIU/L and 4.5 mIU/L. We are aware that a lot of infertile women who possess a TSH value between 2.5 and 4.5 mIU/L are currently receiving medication, and that this fact is causing an increase in unnecessary drug use for patients, along with an increase in health expenditures.</p>\r\n<p>We have investigated the cases between June 2017 and October 2019, who have applied to our infertility clinic. After the exclusion of a number of patients, which were excluded from the research in tandem with the exclusion criteria, a total of 225 cycles were performed in a total of 151 couples with unexplained infertility.</p>\r\n<p>UEAH Ethics Committee approval number: B.10.1TKH.4.34.H.GP.0.01/206. &nbsp;After the performance of the cycles, we have retrospectively screened the patient files which were residing in our archives.</p>\r\n<p>Should you have any questions about the manuscript, I shall be serving as the corresponding author. Thank you for your consideration.</p>\r\n<p>Sincerely,</p>\r\n<p>Ethics Committee Approval No: &nbsp;B.10.1TKH.4.34.H.GP.0.01/206</p>\r\n<p>Gizem Berfin Uluutku</p>\r\n<p>berfinuluutku@yahoo.com</p>\r\n<p>&nbsp;</p>'),(65,1048586,47,66,'2021-01-24 00:00:21','2021-01-24 00:00:21',NULL,NULL),(66,1048586,45,1,'2021-01-25 08:22:26','2021-01-25 08:22:26',NULL,NULL),(67,1048586,48,1,'2021-01-25 08:23:01','2021-01-25 08:23:43','Ensar Durmuş','<p>please upload the full article on ojs MLTJ</p>'),(68,1048586,49,1,'2021-01-25 08:24:28','2021-01-25 08:26:05','Gizem Berfin Uluutku Berfin Uluutku','<p>please upload the full article on ojs MLTJ</p>'),(69,1048586,48,56,'2021-01-28 17:40:16','2021-01-28 17:40:16',NULL,NULL),(70,1048586,48,56,'2021-01-28 17:40:38','2021-01-28 17:40:38',NULL,NULL),(71,1048586,50,56,'2021-01-28 17:40:50','2021-01-28 17:43:47','Abput your ojs system','<p>Dear Editor,</p>\r\n<p>Your OJS system doesn\'t work.<br>You can try it.<br>Everytime there was an error while I was submitting an article file.<br>So I sent this manuscript another journal. If you want I can send you another manuscript about healtcare workers in pandemic.<br><br></p>\r\n<p>Best regards</p>'),(72,1048586,42,63,'2021-01-28 21:59:01','2021-01-28 21:59:01',NULL,NULL),(73,1048586,51,63,'2021-01-28 21:59:41','2021-01-28 21:59:41',NULL,NULL),(74,1048586,52,63,'2021-01-28 22:00:59','2021-01-28 22:00:59',NULL,NULL),(75,1048586,53,63,'2021-01-28 22:01:12','2021-01-28 22:01:12',NULL,NULL),(76,1048586,54,63,'2021-01-28 22:28:04','2021-01-28 22:28:04',NULL,NULL),(77,1048586,55,63,'2021-01-28 23:24:19','2021-01-28 23:24:19',NULL,NULL),(78,1048586,56,63,'2021-01-31 20:40:45','2021-01-31 20:40:45',NULL,NULL),(79,1048586,49,1,'2021-02-02 09:17:59','2021-02-02 09:17:59',NULL,NULL),(80,1048586,57,1,'2021-02-02 09:30:19','2021-02-02 09:31:53','Problems we\'re having','<p>Greetings,</p>\r\n<p>We sincerely apologize, that our system is having trouble uploading the manuscript file<br>our team is working on it as fast as we can. Please send the file to my personal mail on Apinaga53@gmail.com</p>\r\n<p>Thank you for your attention</p>'),(81,1048586,58,1,'2021-02-02 09:33:35','2021-02-02 09:34:00','Problem we\'re having','<table id=\"component-grid-queries-querynotesgrid-6018b9a4b744a-table\">\r\n<tbody>\r\n<tr id=\"component-grid-queries-querynotesgrid-row-80\" class=\"gridRow\">\r\n<td class=\"first_column\">\r\n<p>Greetings,</p>\r\n<p>We sincerely apologize, that our system is having trouble uploading the manuscript file<br>our team is working on it as fast as we can. Please send the file to my personal mail on Apinaga53@gmail.com</p>\r\n<p>Thank you for your attention</p>\r\n</td>\r\n</tr>\r\n</tbody>\r\n</table>'),(82,1048586,59,66,'2021-02-03 04:38:53','2021-02-03 04:38:53',NULL,NULL),(83,1048586,60,66,'2021-02-03 04:39:21','2021-02-03 04:42:48','trouble uploading to manuscript file','<p>Thank you for your interest . I have just send to file your personal e-mail adresses.</p>\r\n<p>Best regards</p>\r\n<p>Dr. Gizem Berfin Uluutku&nbsp;</p>'),(84,1048586,61,66,'2021-02-04 00:25:14','2021-02-04 00:28:21','author name','<p>Hello</p>\r\n<p>I noticed my name is written two times as a mistakely, ı tired to change it but ı cant change. Would yo give me a permission to fix it.</p>\r\n<p>Best regards</p>\r\n<p>Dr. Gizem Berfin Uluutku</p>'),(85,1048586,62,66,'2021-02-07 04:35:22','2021-02-07 04:35:22',NULL,NULL),(86,1048586,63,66,'2021-02-07 04:36:15','2021-02-07 04:36:15',NULL,NULL),(87,1048586,64,66,'2021-02-07 04:37:22','2021-02-08 08:42:30','author name is written wrong mistakely','<p>Hello,</p>\r\n<p>I noticed my name is written two times mistakely, I tried to cahnge it, but ı cant change. Would you give me a permission to fix it.</p>\r\n<p>Best regards</p>\r\n<p>Dr. Gizem Berfin Uluutku</p>'),(91,1048586,65,1,'2021-02-08 08:43:35','2021-02-08 08:47:19','Author Name Correction','<p>Greetings,</p>\r\n<p>Please send us the name of the author you want to fix</p>\r\n<p>We will fix it as soon as possible</p>\r\n<p>Sincerenly,</p>\r\n<p>Journal Admin</p>'),(92,1048586,65,66,'2021-02-09 23:03:59','2021-02-09 23:03:59',NULL,NULL),(93,1048586,65,66,'2021-02-09 23:04:14','2021-02-09 23:04:14',NULL,NULL),(94,1048586,66,66,'2021-02-20 20:52:03','2021-02-20 20:52:03',NULL,NULL),(95,1048586,67,66,'2021-02-22 23:17:46','2021-02-22 23:17:46',NULL,NULL);

--
-- Table structure for table `notification_mail_list`
--

CREATE TABLE `notification_mail_list` (
  `notification_mail_list_id` bigint(20) NOT NULL AUTO_INCREMENT,
  `email` varchar(90) NOT NULL,
  `confirmed` tinyint(4) NOT NULL DEFAULT 0,
  `token` varchar(40) NOT NULL,
  `context` bigint(20) NOT NULL,
  PRIMARY KEY (`notification_mail_list_id`),
  UNIQUE KEY `notification_mail_list_email_context` (`email`,`context`)
) ENGINE=InnoDB DEFAULT CHARSET=utf8;

--
-- Dumping data for table `notification_mail_list`
--


--
-- Table structure for table `notification_settings`
--

CREATE TABLE `notification_settings` (
  `notification_id` bigint(20) NOT NULL,
  `locale` varchar(14) DEFAULT NULL,
  `setting_name` varchar(64) NOT NULL,
  `setting_value` text DEFAULT NULL,
  `setting_type` varchar(6) NOT NULL,
  UNIQUE KEY `notification_settings_pkey` (`notification_id`,`locale`,`setting_name`)
) ENGINE=InnoDB DEFAULT CHARSET=utf8;

--
-- Dumping data for table `notification_settings`
--

INSERT INTO `notification_settings` VALUES (2004,'','contents','This is a kind reminder for you to check your journal\'s health through the editorial report.','string'),(2005,'','contents','This is a kind reminder for you to check your journal\'s health through the editorial report.','string'),(2006,'','contents','This is a kind reminder for you to check your journal\'s health through the editorial report.','string'),(2007,'','contents','This is a kind reminder for you to check your journal\'s health through the editorial report.','string'),(2008,'','contents','This is a kind reminder for you to check your journal\'s health through the editorial report.','string'),(2009,'','contents','This is a kind reminder for you to check your journal\'s health through the editorial report.','string'),(2010,'','contents','This is a kind reminder for you to check your journal\'s health through the editorial report.','string'),(2011,'','contents','This is a kind reminder for you to check your journal\'s health through the editorial report.','string'),(2012,'','contents','This is a kind reminder for you to check your journal\'s health through the editorial report.','string'),(2013,'','contents','This is a kind reminder for you to check your journal\'s health through the editorial report.','string'),(2014,'','contents','This is a kind reminder for you to check your journal\'s health through the editorial report.','string'),(2015,'','contents','This is a kind reminder for you to check your journal\'s health through the editorial report.','string');

--
-- Table structure for table `notification_subscription_settings`
--

CREATE TABLE `notification_subscription_settings` (
  `setting_id` bigint(20) NOT NULL AUTO_INCREMENT,
  `setting_name` varchar(64) NOT NULL,
  `setting_value` text DEFAULT NULL,
  `user_id` bigint(20) NOT NULL,
  `context` bigint(20) NOT NULL,
  `setting_type` varchar(6) NOT NULL,
  PRIMARY KEY (`setting_id`)
) ENGINE=InnoDB AUTO_INCREMENT=40 DEFAULT CHARSET=utf8;

--
-- Dumping data for table `notification_subscription_settings`
--

INSERT INTO `notification_subscription_settings` VALUES (1,'blocked_emailed_notification','8',2,1,'int'),(2,'blocked_emailed_notification','268435477',2,1,'int'),(3,'blocked_emailed_notification','8',3,1,'int'),(4,'blocked_emailed_notification','268435477',3,1,'int'),(5,'blocked_emailed_notification','8',7,1,'int'),(6,'blocked_emailed_notification','268435477',7,1,'int'),(7,'blocked_emailed_notification','8',43,1,'int'),(8,'blocked_emailed_notification','268435477',43,1,'int'),(9,'blocked_emailed_notification','8',52,1,'int'),(10,'blocked_emailed_notification','268435477',52,1,'int'),(13,'blocked_emailed_notification','8',63,1,'int'),(14,'blocked_emailed_notification','268435477',63,1,'int'),(15,'blocked_emailed_notification','268435477',56,1,'int'),(16,'blocked_emailed_notification','16777258',1,1,'int'),(17,'blocked_emailed_notification','16777258',29,1,'int'),(18,'blocked_emailed_notification','16777258',5,1,'int'),(19,'blocked_emailed_notification','16777258',1,1,'int'),(20,'blocked_emailed_notification','16777258',29,1,'int'),(21,'blocked_emailed_notification','16777258',13,1,'int'),(22,'blocked_emailed_notification','16777258',20,1,'int'),(23,'blocked_emailed_notification','16777258',5,1,'int'),(24,'blocked_emailed_notification','16777258',45,1,'int'),(25,'blocked_emailed_notification','16777258',14,1,'int'),(26,'blocked_emailed_notification','16777258',15,1,'int'),(27,'blocked_emailed_notification','16777258',16,1,'int'),(28,'blocked_emailed_notification','16777258',12,1,'int'),(29,'blocked_emailed_notification','16777258',11,1,'int'),(30,'blocked_emailed_notification','16777258',1,1,'int'),(31,'blocked_emailed_notification','16777258',29,1,'int'),(32,'blocked_emailed_notification','16777258',5,1,'int'),(33,'blocked_emailed_notification','16777258',1,1,'int'),(34,'blocked_emailed_notification','16777258',20,1,'int'),(35,'blocked_emailed_notification','16777258',5,1,'int'),(36,'blocked_emailed_notification','16777258',14,1,'int'),(37,'blocked_emailed_notification','16777258',15,1,'int'),(38,'blocked_emailed_notification','16777258',16,1,'int'),(39,'blocked_emailed_notification','16777258',8,1,'int');

--
-- Table structure for table `notifications`
--

CREATE TABLE `notifications` (
  `notification_id` bigint(20) NOT NULL AUTO_INCREMENT,
  `context_id` bigint(20) NOT NULL,
  `user_id` bigint(20) DEFAULT NULL,
  `level` bigint(20) NOT NULL,
  `type` bigint(20) NOT NULL,
  `date_created` datetime NOT NULL,
  `date_read` datetime DEFAULT NULL,
  `assoc_type` bigint(20) DEFAULT NULL,
  `assoc_id` bigint(20) DEFAULT NULL,
  PRIMARY KEY (`notification_id`),
  KEY `notifications_context_id_user_id` (`context_id`,`user_id`,`level`),
  KEY `notifications_context_id` (`context_id`,`level`),
  KEY `notifications_assoc` (`assoc_type`,`assoc_id`),
  KEY `notifications_user_id_level` (`user_id`,`level`)
) ENGINE=InnoDB AUTO_INCREMENT=2021 DEFAULT CHARSET=utf8;

--
-- Dumping data for table `notifications`
--

INSERT INTO `notifications` VALUES (2,1,0,2,16777244,'2019-01-16 09:10:04',NULL,256,1),(73,1,1,2,16777217,'2019-03-28 12:38:10',NULL,1048585,1),(75,1,0,2,16777243,'2019-03-28 12:38:10',NULL,1048585,1),(76,1,0,2,16777245,'2019-03-28 12:38:10',NULL,1048585,1),(97,1,1,2,16777217,'2019-03-29 07:30:43',NULL,1048585,2),(99,1,5,2,16777217,'2019-03-29 07:30:44',NULL,1048585,2),(101,1,0,2,16777243,'2019-03-29 07:30:45',NULL,1048585,2),(102,1,0,2,16777245,'2019-03-29 07:30:45',NULL,1048585,2),(104,1,0,2,16777236,'2019-03-29 07:33:39','2019-03-29 07:33:47',523,1),(108,1,1,2,16777219,'2019-03-29 07:40:32',NULL,517,1),(112,1,7,2,16777235,'2019-03-29 07:59:02',NULL,1048585,2),(118,1,1,2,268435478,'2019-03-29 08:05:32','2019-03-29 08:05:33',1048585,2),(122,1,0,2,16777236,'2019-03-31 14:22:40','2019-03-31 14:22:47',523,2),(127,1,5,2,16777219,'2019-03-31 14:25:25',NULL,517,2),(137,1,1,2,16777217,'2019-03-31 14:36:09',NULL,1048585,3),(139,1,5,2,16777217,'2019-03-31 14:36:10',NULL,1048585,3),(141,1,0,2,16777243,'2019-03-31 14:36:10',NULL,1048585,3),(142,1,0,2,16777245,'2019-03-31 14:36:10',NULL,1048585,3),(147,1,1,2,16777217,'2019-03-31 14:38:18',NULL,1048585,4),(149,1,5,2,16777217,'2019-03-31 14:38:18',NULL,1048585,4),(151,1,0,2,16777243,'2019-03-31 14:38:18',NULL,1048585,4),(152,1,0,2,16777245,'2019-03-31 14:38:18',NULL,1048585,4),(157,1,1,2,16777217,'2019-03-31 14:41:16',NULL,1048585,5),(159,1,5,2,16777217,'2019-03-31 14:41:16',NULL,1048585,5),(161,1,0,2,16777243,'2019-03-31 14:41:16',NULL,1048585,5),(162,1,0,2,16777245,'2019-03-31 14:41:16',NULL,1048585,5),(164,1,0,2,16777236,'2019-03-31 14:55:18','2019-03-31 14:55:27',523,3),(169,1,0,2,16777236,'2019-03-31 14:57:35','2019-03-31 14:57:42',523,4),(174,1,0,2,16777236,'2019-03-31 14:58:55','2019-03-31 14:59:02',523,5),(176,1,6,3,16777227,'2019-03-31 14:59:21',NULL,517,5),(178,1,1,2,16777219,'2019-03-31 15:01:21',NULL,517,3),(179,1,1,2,16777219,'2019-03-31 15:02:45',NULL,517,4),(183,1,2,2,16777235,'2019-03-31 15:40:57',NULL,1048585,1),(184,1,3,2,16777235,'2019-03-31 15:40:57',NULL,1048585,1),(186,1,2,3,16777238,'2019-03-31 15:42:47',NULL,1048585,1),(188,1,2,2,16777235,'2019-03-31 15:45:16',NULL,1048585,5),(191,1,2,3,16777238,'2019-03-31 15:46:37',NULL,1048585,5),(193,1,1,2,268435478,'2019-03-31 15:46:58','2019-03-31 15:46:59',1048585,5),(194,1,7,2,16777235,'2019-03-31 15:51:10',NULL,1048585,4),(197,1,1,2,268435478,'2019-03-31 15:54:07','2019-03-31 15:54:09',1048585,4),(200,1,7,2,16777235,'2019-03-31 16:00:32',NULL,1048585,3),(203,1,1,2,268435478,'2019-03-31 16:01:44','2019-03-31 16:01:46',1048585,3),(220,1,5,2,268435478,'2019-03-31 19:00:07','2019-03-31 19:00:08',1048585,1),(222,1,1,2,268435477,'2019-03-31 19:03:07',NULL,0,0),(223,1,5,2,268435477,'2019-03-31 19:03:07',NULL,0,0),(224,1,2,2,268435477,'2019-03-31 19:03:07',NULL,0,0),(225,1,7,2,268435477,'2019-03-31 19:03:07',NULL,0,0),(226,1,6,2,268435477,'2019-03-31 19:03:07',NULL,0,0),(232,1,0,2,16777243,'2019-08-24 10:29:04',NULL,1048585,6),(233,1,0,2,16777245,'2019-08-24 10:29:04',NULL,1048585,6),(238,1,0,2,16777236,'2019-08-24 10:50:15','2019-08-24 10:50:26',523,6),(246,1,1,2,16777217,'2019-08-25 13:53:35',NULL,1048585,7),(248,1,5,2,16777217,'2019-08-25 13:53:35',NULL,1048585,7),(250,1,0,2,16777243,'2019-08-25 13:53:35',NULL,1048585,7),(251,1,0,2,16777245,'2019-08-25 13:53:35',NULL,1048585,7),(259,1,1,2,16777217,'2019-08-25 14:48:51',NULL,1048585,8),(261,1,13,2,16777217,'2019-08-25 14:48:51',NULL,1048585,8),(263,1,5,2,16777217,'2019-08-25 14:48:51',NULL,1048585,8),(265,1,14,2,16777217,'2019-08-25 14:48:51',NULL,1048585,8),(267,1,15,2,16777217,'2019-08-25 14:48:51',NULL,1048585,8),(269,1,16,2,16777217,'2019-08-25 14:48:51',NULL,1048585,8),(271,1,12,2,16777217,'2019-08-25 14:48:51',NULL,1048585,8),(273,1,11,2,16777217,'2019-08-25 14:48:51',NULL,1048585,8),(275,1,0,2,16777243,'2019-08-25 14:48:52',NULL,1048585,8),(276,1,0,2,16777245,'2019-08-25 14:48:52',NULL,1048585,8),(278,1,0,2,16777236,'2019-08-28 03:48:10','2019-08-28 03:48:19',523,7),(282,1,0,2,16777236,'2019-08-28 03:50:47','2019-08-28 03:50:59',523,8),(288,1,1,2,16777217,'2019-08-29 08:26:50',NULL,1048585,9),(290,1,13,2,16777217,'2019-08-29 08:26:50',NULL,1048585,9),(292,1,5,2,16777217,'2019-08-29 08:26:50',NULL,1048585,9),(294,1,14,2,16777217,'2019-08-29 08:26:50',NULL,1048585,9),(296,1,15,2,16777217,'2019-08-29 08:26:50',NULL,1048585,9),(298,1,16,2,16777217,'2019-08-29 08:26:51',NULL,1048585,9),(300,1,12,2,16777217,'2019-08-29 08:26:51',NULL,1048585,9),(302,1,11,2,16777217,'2019-08-29 08:26:51',NULL,1048585,9),(304,1,0,2,16777243,'2019-08-29 08:26:51',NULL,1048585,9),(305,1,0,2,16777245,'2019-08-29 08:26:51',NULL,1048585,9),(307,1,0,2,16777236,'2019-08-30 04:06:54','2019-08-30 04:07:02',523,9),(311,1,16,2,16777219,'2019-08-30 04:14:00',NULL,517,7),(313,1,14,2,16777219,'2019-08-30 07:51:56',NULL,517,8),(315,1,5,2,16777219,'2019-08-30 07:59:01',NULL,517,6),(316,1,15,2,16777219,'2019-08-30 08:00:37',NULL,517,9),(347,1,1,2,16777217,'2019-08-31 08:32:41',NULL,1048585,10),(349,1,13,2,16777217,'2019-08-31 08:32:41',NULL,1048585,10),(351,1,5,2,16777217,'2019-08-31 08:32:41',NULL,1048585,10),(353,1,14,2,16777217,'2019-08-31 08:32:41',NULL,1048585,10),(355,1,15,2,16777217,'2019-08-31 08:32:42',NULL,1048585,10),(357,1,16,2,16777217,'2019-08-31 08:32:42',NULL,1048585,10),(359,1,12,2,16777217,'2019-08-31 08:32:42',NULL,1048585,10),(361,1,11,2,16777217,'2019-08-31 08:32:42',NULL,1048585,10),(363,1,0,2,16777243,'2019-08-31 08:32:42',NULL,1048585,10),(364,1,0,2,16777245,'2019-08-31 08:32:42',NULL,1048585,10),(366,1,0,2,16777236,'2019-08-31 08:35:03','2019-08-31 08:35:15',523,10),(370,1,12,2,16777219,'2019-08-31 08:37:46',NULL,517,10),(379,1,21,2,16777235,'2019-08-31 13:10:41',NULL,1048585,10),(385,1,12,2,268435478,'2019-08-31 13:18:22','2019-08-31 13:18:24',1048585,10),(386,1,6,2,268435478,'2019-08-31 13:18:22',NULL,1048585,10),(389,1,10,2,16777235,'2019-08-31 13:22:03',NULL,1048585,7),(394,1,12,2,268435478,'2019-08-31 13:22:47','2019-08-31 13:22:56',1048585,7),(395,1,14,2,268435478,'2019-08-31 13:22:47',NULL,1048585,7),(396,1,6,2,268435478,'2019-08-31 13:22:47',NULL,1048585,7),(399,1,20,2,16777235,'2019-08-31 13:30:50',NULL,1048585,9),(403,1,15,2,268435478,'2019-08-31 13:33:04',NULL,1048585,9),(404,1,6,2,268435478,'2019-08-31 13:33:04',NULL,1048585,9),(406,1,19,2,16777235,'2019-08-31 13:35:54',NULL,1048585,8),(410,1,16,2,268435478,'2019-08-31 13:37:32',NULL,1048585,8),(411,1,6,2,268435478,'2019-08-31 13:37:32',NULL,1048585,8),(413,1,9,2,16777235,'2019-08-31 13:40:23',NULL,1048585,6),(417,1,5,2,268435478,'2019-08-31 13:42:38',NULL,1048585,6),(418,1,6,2,268435478,'2019-08-31 13:42:38',NULL,1048585,6),(424,1,1,2,268435477,'2019-08-31 14:22:02',NULL,0,0),(425,1,18,2,268435477,'2019-08-31 14:22:02',NULL,0,0),(426,1,13,2,268435477,'2019-08-31 14:22:02',NULL,0,0),(427,1,21,2,268435477,'2019-08-31 14:22:02',NULL,0,0),(428,1,20,2,268435477,'2019-08-31 14:22:02',NULL,0,0),(429,1,5,2,268435477,'2019-08-31 14:22:02',NULL,0,0),(430,1,14,2,268435477,'2019-08-31 14:22:02',NULL,0,0),(431,1,17,2,268435477,'2019-08-31 14:22:02',NULL,0,0),(432,1,9,2,268435477,'2019-08-31 14:22:02',NULL,0,0),(433,1,15,2,268435477,'2019-08-31 14:22:02',NULL,0,0),(434,1,19,2,268435477,'2019-08-31 14:22:02',NULL,0,0),(435,1,2,2,268435477,'2019-08-31 14:22:02',NULL,0,0),(436,1,16,2,268435477,'2019-08-31 14:22:02',NULL,0,0),(437,1,12,2,268435477,'2019-08-31 14:22:02',NULL,0,0),(438,1,8,2,268435477,'2019-08-31 14:22:02',NULL,0,0),(439,1,7,2,268435477,'2019-08-31 14:22:02',NULL,0,0),(440,1,10,2,268435477,'2019-08-31 14:22:02',NULL,0,0),(441,1,6,2,268435477,'2019-08-31 14:22:02',NULL,0,0),(442,1,11,2,268435477,'2019-08-31 14:22:02',NULL,0,0),(445,1,1,2,16777217,'2019-09-20 19:43:29',NULL,1048585,11),(447,1,13,2,16777217,'2019-09-20 19:43:29',NULL,1048585,11),(449,1,20,2,16777217,'2019-09-20 19:43:29',NULL,1048585,11),(451,1,5,2,16777217,'2019-09-20 19:43:29',NULL,1048585,11),(453,1,14,2,16777217,'2019-09-20 19:43:29',NULL,1048585,11),(455,1,15,2,16777217,'2019-09-20 19:43:29',NULL,1048585,11),(457,1,16,2,16777217,'2019-09-20 19:43:29',NULL,1048585,11),(459,1,12,2,16777217,'2019-09-20 19:43:29',NULL,1048585,11),(461,1,11,2,16777217,'2019-09-20 19:43:29',NULL,1048585,11),(463,1,0,2,16777243,'2019-09-20 19:43:29',NULL,1048585,11),(464,1,0,2,16777245,'2019-09-20 19:43:29',NULL,1048585,11),(491,1,1,2,16777217,'2020-01-30 19:42:45',NULL,1048585,13),(493,1,13,2,16777217,'2020-01-30 19:42:45',NULL,1048585,13),(495,1,20,2,16777217,'2020-01-30 19:42:46',NULL,1048585,13),(497,1,5,2,16777217,'2020-01-30 19:42:46',NULL,1048585,13),(499,1,14,2,16777217,'2020-01-30 19:42:46',NULL,1048585,13),(501,1,15,2,16777217,'2020-01-30 19:42:46',NULL,1048585,13),(503,1,16,2,16777217,'2020-01-30 19:42:47',NULL,1048585,13),(505,1,12,2,16777217,'2020-01-30 19:42:47',NULL,1048585,13),(507,1,11,2,16777217,'2020-01-30 19:42:47',NULL,1048585,13),(509,1,0,2,16777243,'2020-01-30 19:42:47',NULL,1048585,13),(510,1,0,2,16777245,'2020-01-30 19:42:47',NULL,1048585,13),(513,1,1,2,16777217,'2020-01-31 15:54:31',NULL,1048585,14),(515,1,13,2,16777217,'2020-01-31 15:54:31',NULL,1048585,14),(517,1,20,2,16777217,'2020-01-31 15:54:31',NULL,1048585,14),(519,1,5,2,16777217,'2020-01-31 15:54:31',NULL,1048585,14),(521,1,14,2,16777217,'2020-01-31 15:54:31',NULL,1048585,14),(523,1,15,2,16777217,'2020-01-31 15:54:31',NULL,1048585,14),(525,1,16,2,16777217,'2020-01-31 15:54:31',NULL,1048585,14),(527,1,12,2,16777217,'2020-01-31 15:54:31',NULL,1048585,14),(529,1,11,2,16777217,'2020-01-31 15:54:32',NULL,1048585,14),(531,1,0,2,16777243,'2020-01-31 15:54:32',NULL,1048585,14),(532,1,0,2,16777245,'2020-01-31 15:54:32',NULL,1048585,14),(535,1,0,2,16777236,'2020-02-04 11:15:11','2020-02-04 11:15:26',523,11),(539,1,0,2,16777236,'2020-02-04 11:17:43','2020-02-04 11:17:57',523,12),(550,1,1,2,16777219,'2020-02-04 13:17:25',NULL,517,11),(551,1,1,2,16777219,'2020-02-04 13:18:56',NULL,517,12),(558,1,1,2,16777217,'2020-02-16 16:26:09',NULL,1048585,15),(560,1,13,2,16777217,'2020-02-16 16:26:09',NULL,1048585,15),(562,1,20,2,16777217,'2020-02-16 16:26:09',NULL,1048585,15),(564,1,5,2,16777217,'2020-02-16 16:26:09',NULL,1048585,15),(566,1,14,2,16777217,'2020-02-16 16:26:09',NULL,1048585,15),(568,1,15,2,16777217,'2020-02-16 16:26:09',NULL,1048585,15),(570,1,16,2,16777217,'2020-02-16 16:26:09',NULL,1048585,15),(572,1,12,2,16777217,'2020-02-16 16:26:09',NULL,1048585,15),(574,1,11,2,16777217,'2020-02-16 16:26:09',NULL,1048585,15),(576,1,0,2,16777243,'2020-02-16 16:26:09',NULL,1048585,15),(577,1,0,2,16777245,'2020-02-16 16:26:09',NULL,1048585,15),(581,1,1,2,16777219,'2020-02-17 09:59:48',NULL,517,13),(592,1,25,3,16777249,'2020-02-17 11:57:04','2020-02-18 23:10:06',1048586,17),(593,1,18,3,16777249,'2020-02-17 12:17:06',NULL,1048586,14),(594,1,6,3,16777249,'2020-02-17 12:17:06','2020-02-19 08:14:32',1048586,14),(604,1,1,3,16777257,'2020-02-17 13:26:14','2020-02-18 22:54:37',517,12),(607,1,1,2,16777219,'2020-02-17 13:34:28',NULL,517,14),(615,1,0,2,16777236,'2020-02-19 07:14:39','2020-02-19 07:14:46',523,13),(619,1,0,2,16777236,'2020-02-19 07:18:04','2020-02-19 07:18:14',523,14),(623,1,1,2,16777219,'2020-02-19 07:21:41',NULL,517,16),(624,1,1,2,16777219,'2020-02-19 07:23:16',NULL,517,15),(626,1,25,3,16777249,'2020-02-19 08:00:05','2020-02-19 08:57:01',1048586,19),(642,1,5,3,16777249,'2020-02-24 10:49:55',NULL,1048586,24),(653,1,1,2,16777219,'2020-02-27 09:18:52',NULL,517,17),(654,1,5,2,16777219,'2020-02-27 09:18:52',NULL,517,17),(657,1,1,2,16777219,'2020-02-27 09:27:17',NULL,517,18),(658,1,5,2,16777219,'2020-02-27 09:27:17',NULL,517,18),(659,1,5,3,16777249,'2020-02-27 10:01:50',NULL,1048586,25),(660,1,28,2,16777235,'2020-02-27 10:02:38',NULL,1048585,15),(665,1,5,3,16777249,'2020-02-27 10:06:30',NULL,1048586,26),(666,1,25,2,16777235,'2020-02-27 10:07:03',NULL,1048585,13),(679,1,1,2,268435478,'2020-02-27 10:20:39','2020-02-27 10:20:40',1048585,13),(680,1,5,2,268435478,'2020-02-27 10:20:39',NULL,1048585,13),(681,1,6,2,268435478,'2020-02-27 10:20:39',NULL,1048585,13),(687,1,1,2,268435478,'2020-02-27 10:30:23','2020-02-27 10:30:25',1048585,15),(688,1,5,2,268435478,'2020-02-27 10:30:23',NULL,1048585,15),(689,1,1,2,268435477,'2020-02-27 10:36:15',NULL,0,0),(690,1,29,2,268435477,'2020-02-27 10:36:15',NULL,0,0),(691,1,18,2,268435477,'2020-02-27 10:36:15',NULL,0,0),(692,1,27,2,268435477,'2020-02-27 10:36:16',NULL,0,0),(693,1,13,2,268435477,'2020-02-27 10:36:16',NULL,0,0),(694,1,21,2,268435477,'2020-02-27 10:36:16',NULL,0,0),(695,1,20,2,268435477,'2020-02-27 10:36:16',NULL,0,0),(696,1,23,2,268435477,'2020-02-27 10:36:16',NULL,0,0),(697,1,25,2,268435477,'2020-02-27 10:36:16',NULL,0,0),(698,1,24,2,268435477,'2020-02-27 10:36:16',NULL,0,0),(699,1,5,2,268435477,'2020-02-27 10:36:16',NULL,0,0),(700,1,14,2,268435477,'2020-02-27 10:36:16',NULL,0,0),(701,1,31,2,268435477,'2020-02-27 10:36:16',NULL,0,0),(702,1,17,2,268435477,'2020-02-27 10:36:16',NULL,0,0),(703,1,9,2,268435477,'2020-02-27 10:36:16',NULL,0,0),(704,1,26,2,268435477,'2020-02-27 10:36:16',NULL,0,0),(705,1,15,2,268435477,'2020-02-27 10:36:16',NULL,0,0),(706,1,19,2,268435477,'2020-02-27 10:36:16',NULL,0,0),(707,1,2,2,268435477,'2020-02-27 10:36:16',NULL,0,0),(708,1,16,2,268435477,'2020-02-27 10:36:16',NULL,0,0),(709,1,12,2,268435477,'2020-02-27 10:36:16',NULL,0,0),(710,1,22,2,268435477,'2020-02-27 10:36:16',NULL,0,0),(711,1,8,2,268435477,'2020-02-27 10:36:16',NULL,0,0),(712,1,30,2,268435477,'2020-02-27 10:36:16',NULL,0,0),(713,1,7,2,268435477,'2020-02-27 10:36:16',NULL,0,0),(714,1,10,2,268435477,'2020-02-27 10:36:16',NULL,0,0),(715,1,6,2,268435477,'2020-02-27 10:36:16',NULL,0,0),(716,1,28,2,268435477,'2020-02-27 10:36:16',NULL,0,0),(717,1,11,2,268435477,'2020-02-27 10:36:16',NULL,0,0),(722,1,1,2,16777219,'2020-02-28 07:54:54',NULL,517,19),(723,1,5,2,16777219,'2020-02-28 07:54:54',NULL,517,19),(724,1,29,2,16777219,'2020-02-28 07:54:54',NULL,517,19),(725,1,5,3,16777249,'2020-02-28 07:55:55',NULL,1048586,27),(726,1,29,3,16777249,'2020-02-28 07:55:55',NULL,1048586,27),(727,1,26,2,16777235,'2020-02-28 07:56:30',NULL,1048585,14),(740,1,1,2,268435478,'2020-02-28 09:03:38','2020-02-28 09:03:40',1048585,14),(741,1,5,2,268435478,'2020-02-28 09:03:38',NULL,1048585,14),(742,1,29,2,268435478,'2020-02-28 09:03:38',NULL,1048585,14),(743,1,6,2,268435478,'2020-02-28 09:03:38',NULL,1048585,14),(748,1,1,2,16777217,'2020-03-07 09:30:52',NULL,1048585,16),(750,1,29,2,16777217,'2020-03-07 09:30:53',NULL,1048585,16),(752,1,13,2,16777217,'2020-03-07 09:30:53',NULL,1048585,16),(754,1,20,2,16777217,'2020-03-07 09:30:53',NULL,1048585,16),(756,1,5,2,16777217,'2020-03-07 09:30:53',NULL,1048585,16),(758,1,14,2,16777217,'2020-03-07 09:30:53',NULL,1048585,16),(760,1,15,2,16777217,'2020-03-07 09:30:53',NULL,1048585,16),(762,1,16,2,16777217,'2020-03-07 09:30:53',NULL,1048585,16),(764,1,12,2,16777217,'2020-03-07 09:30:53',NULL,1048585,16),(766,1,11,2,16777217,'2020-03-07 09:30:53',NULL,1048585,16),(768,1,0,2,16777243,'2020-03-07 09:30:53',NULL,1048585,16),(769,1,0,2,16777245,'2020-03-07 09:30:53',NULL,1048585,16),(771,1,0,2,16777236,'2020-03-07 09:32:17','2020-03-07 09:32:27',523,15),(782,1,1,2,16777217,'2020-03-19 09:22:32',NULL,1048585,17),(784,1,29,2,16777217,'2020-03-19 09:22:33',NULL,1048585,17),(786,1,13,2,16777217,'2020-03-19 09:22:33',NULL,1048585,17),(788,1,20,2,16777217,'2020-03-19 09:22:33',NULL,1048585,17),(790,1,5,2,16777217,'2020-03-19 09:22:33',NULL,1048585,17),(792,1,14,2,16777217,'2020-03-19 09:22:33',NULL,1048585,17),(794,1,15,2,16777217,'2020-03-19 09:22:33',NULL,1048585,17),(796,1,16,2,16777217,'2020-03-19 09:22:33',NULL,1048585,17),(798,1,12,2,16777217,'2020-03-19 09:22:33',NULL,1048585,17),(800,1,11,2,16777217,'2020-03-19 09:22:33',NULL,1048585,17),(802,1,0,2,16777243,'2020-03-19 09:22:34',NULL,1048585,17),(803,1,0,2,16777245,'2020-03-19 09:22:34',NULL,1048585,17),(805,1,0,2,16777236,'2020-03-19 09:23:59','2020-03-19 09:24:12',523,16),(811,1,1,2,16777219,'2020-03-19 09:46:56',NULL,517,21),(812,1,1,2,16777219,'2020-03-19 09:49:07',NULL,517,22),(813,1,1,2,16777219,'2020-03-19 09:51:41',NULL,517,20),(814,1,1,2,16777219,'2020-03-19 09:53:51',NULL,517,23),(827,1,34,2,16777235,'2020-03-25 09:21:52',NULL,1048585,17),(830,1,1,2,268435478,'2020-03-25 09:22:57','2020-03-25 09:23:00',1048585,17),(831,1,33,2,16777235,'2020-03-25 09:24:31',NULL,1048585,16),(837,1,1,2,268435478,'2020-03-25 09:28:38','2020-03-25 09:28:42',1048585,16),(876,1,1,2,16777217,'2020-03-26 14:34:21',NULL,1048585,18),(878,1,29,2,16777217,'2020-03-26 14:34:21',NULL,1048585,18),(880,1,13,2,16777217,'2020-03-26 14:34:21',NULL,1048585,18),(882,1,20,2,16777217,'2020-03-26 14:34:21',NULL,1048585,18),(884,1,5,2,16777217,'2020-03-26 14:34:21',NULL,1048585,18),(886,1,14,2,16777217,'2020-03-26 14:34:21',NULL,1048585,18),(888,1,15,2,16777217,'2020-03-26 14:34:21',NULL,1048585,18),(890,1,16,2,16777217,'2020-03-26 14:34:21',NULL,1048585,18),(892,1,12,2,16777217,'2020-03-26 14:34:21',NULL,1048585,18),(894,1,11,2,16777217,'2020-03-26 14:34:22',NULL,1048585,18),(896,1,0,2,16777243,'2020-03-26 14:34:22',NULL,1048585,18),(897,1,0,2,16777245,'2020-03-26 14:34:22',NULL,1048585,18),(898,1,5,3,16777249,'2020-03-27 07:16:09',NULL,1048586,29),(903,1,23,2,16777235,'2020-03-27 10:33:16',NULL,1048585,11),(913,1,1,2,268435478,'2020-03-27 10:53:29','2020-03-27 10:53:31',1048585,11),(914,1,5,2,268435478,'2020-03-27 10:53:29',NULL,1048585,11),(915,1,6,2,268435478,'2020-03-27 10:53:29',NULL,1048585,11),(942,1,1,2,16777217,'2020-03-28 17:33:29',NULL,1048585,19),(944,1,29,2,16777217,'2020-03-28 17:33:30',NULL,1048585,19),(946,1,13,2,16777217,'2020-03-28 17:33:30',NULL,1048585,19),(948,1,20,2,16777217,'2020-03-28 17:33:30',NULL,1048585,19),(950,1,5,2,16777217,'2020-03-28 17:33:30',NULL,1048585,19),(952,1,14,2,16777217,'2020-03-28 17:33:30',NULL,1048585,19),(954,1,15,2,16777217,'2020-03-28 17:33:30',NULL,1048585,19),(956,1,16,2,16777217,'2020-03-28 17:33:30',NULL,1048585,19),(958,1,12,2,16777217,'2020-03-28 17:33:30',NULL,1048585,19),(960,1,11,2,16777217,'2020-03-28 17:33:30',NULL,1048585,19),(962,1,0,2,16777243,'2020-03-28 17:33:30',NULL,1048585,19),(963,1,0,2,16777245,'2020-03-28 17:33:30',NULL,1048585,19),(993,1,1,3,16777249,'2020-04-02 14:59:43',NULL,1048586,28),(998,1,0,2,16777236,'2020-04-06 05:49:39','2020-04-06 05:49:48',523,18),(1038,1,1,2,16777219,'2020-04-25 09:59:43',NULL,517,25),(1044,1,37,2,16777235,'2020-05-03 07:33:38',NULL,1048585,19),(1086,1,1,3,16777250,'2020-05-11 16:14:39',NULL,1048586,28),(1094,1,1,2,268435478,'2020-05-12 08:52:25','2020-05-12 08:52:27',1048585,19),(1095,1,1,2,268435477,'2020-05-12 08:56:25',NULL,0,0),(1096,1,29,2,268435477,'2020-05-12 08:56:25',NULL,0,0),(1097,1,18,2,268435477,'2020-05-12 08:56:25',NULL,0,0),(1098,1,36,2,268435477,'2020-05-12 08:56:25',NULL,0,0),(1099,1,27,2,268435477,'2020-05-12 08:56:25',NULL,0,0),(1100,1,13,2,268435477,'2020-05-12 08:56:25',NULL,0,0),(1101,1,21,2,268435477,'2020-05-12 08:56:25',NULL,0,0),(1102,1,20,2,268435477,'2020-05-12 08:56:25',NULL,0,0),(1103,1,23,2,268435477,'2020-05-12 08:56:25',NULL,0,0),(1104,1,25,2,268435477,'2020-05-12 08:56:25',NULL,0,0),(1105,1,24,2,268435477,'2020-05-12 08:56:25',NULL,0,0),(1106,1,38,2,268435477,'2020-05-12 08:56:25',NULL,0,0),(1107,1,5,2,268435477,'2020-05-12 08:56:25',NULL,0,0),(1108,1,14,2,268435477,'2020-05-12 08:56:25',NULL,0,0),(1109,1,35,2,268435477,'2020-05-12 08:56:25',NULL,0,0),(1110,1,31,2,268435477,'2020-05-12 08:56:25',NULL,0,0),(1111,1,17,2,268435477,'2020-05-12 08:56:25',NULL,0,0),(1112,1,9,2,268435477,'2020-05-12 08:56:25',NULL,0,0),(1113,1,37,2,268435477,'2020-05-12 08:56:25',NULL,0,0),(1114,1,26,2,268435477,'2020-05-12 08:56:25',NULL,0,0),(1115,1,15,2,268435477,'2020-05-12 08:56:25',NULL,0,0),(1116,1,34,2,268435477,'2020-05-12 08:56:25',NULL,0,0),(1117,1,19,2,268435477,'2020-05-12 08:56:25',NULL,0,0),(1118,1,2,2,268435477,'2020-05-12 08:56:25',NULL,0,0),(1119,1,16,2,268435477,'2020-05-12 08:56:25',NULL,0,0),(1120,1,33,2,268435477,'2020-05-12 08:56:25',NULL,0,0),(1121,1,12,2,268435477,'2020-05-12 08:56:25',NULL,0,0),(1122,1,22,2,268435477,'2020-05-12 08:56:25',NULL,0,0),(1123,1,8,2,268435477,'2020-05-12 08:56:25',NULL,0,0),(1124,1,30,2,268435477,'2020-05-12 08:56:25',NULL,0,0),(1125,1,7,2,268435477,'2020-05-12 08:56:25',NULL,0,0),(1126,1,10,2,268435477,'2020-05-12 08:56:25',NULL,0,0),(1127,1,6,2,268435477,'2020-05-12 08:56:25',NULL,0,0),(1128,1,28,2,268435477,'2020-05-12 08:56:25',NULL,0,0),(1129,1,11,2,268435477,'2020-05-12 08:56:25',NULL,0,0),(1130,1,32,2,268435477,'2020-05-12 08:56:25',NULL,0,0),(1133,1,1,2,16777219,'2020-05-12 09:49:51',NULL,517,26),(1150,1,1,2,16777217,'2020-05-21 18:18:35',NULL,1048585,20),(1152,1,29,2,16777217,'2020-05-21 18:18:36',NULL,1048585,20),(1154,1,13,2,16777217,'2020-05-21 18:18:36',NULL,1048585,20),(1156,1,20,2,16777217,'2020-05-21 18:18:36',NULL,1048585,20),(1158,1,5,2,16777217,'2020-05-21 18:18:36',NULL,1048585,20),(1160,1,14,2,16777217,'2020-05-21 18:18:36',NULL,1048585,20),(1162,1,15,2,16777217,'2020-05-21 18:18:37',NULL,1048585,20),(1164,1,16,2,16777217,'2020-05-21 18:18:37',NULL,1048585,20),(1166,1,12,2,16777217,'2020-05-21 18:18:37',NULL,1048585,20),(1168,1,11,2,16777217,'2020-05-21 18:18:37',NULL,1048585,20),(1170,1,0,2,16777243,'2020-05-21 18:18:37',NULL,1048585,20),(1171,1,0,2,16777245,'2020-05-21 18:18:37',NULL,1048585,20),(1173,1,0,2,16777236,'2020-05-26 14:00:52','2020-05-26 14:01:03',523,19),(1177,1,1,2,16777219,'2020-05-27 09:34:15',NULL,517,27),(1183,1,40,2,16777235,'2020-06-10 15:47:36',NULL,1048585,20),(1187,1,1,2,16777219,'2020-06-17 10:30:15',NULL,517,28),(1189,1,1,2,268435478,'2020-06-17 13:28:10','2020-06-17 13:28:12',1048585,20),(1190,1,0,2,16777236,'2020-07-13 09:35:49','2020-07-13 09:35:56',523,20),(1197,1,1,2,16777219,'2020-07-13 16:28:33',NULL,517,29),(1211,1,1,2,16777217,'2020-07-15 02:55:04',NULL,1048585,21),(1213,1,29,2,16777217,'2020-07-15 02:55:05',NULL,1048585,21),(1215,1,13,2,16777217,'2020-07-15 02:55:05',NULL,1048585,21),(1217,1,20,2,16777217,'2020-07-15 02:55:05',NULL,1048585,21),(1219,1,5,2,16777217,'2020-07-15 02:55:05',NULL,1048585,21),(1221,1,14,2,16777217,'2020-07-15 02:55:05',NULL,1048585,21),(1223,1,15,2,16777217,'2020-07-15 02:55:05',NULL,1048585,21),(1225,1,16,2,16777217,'2020-07-15 02:55:05',NULL,1048585,21),(1227,1,12,2,16777217,'2020-07-15 02:55:06',NULL,1048585,21),(1229,1,11,2,16777217,'2020-07-15 02:55:06',NULL,1048585,21),(1231,1,0,2,16777243,'2020-07-15 02:55:06',NULL,1048585,21),(1232,1,0,2,16777245,'2020-07-15 02:55:06',NULL,1048585,21),(1234,1,0,2,16777236,'2020-07-15 08:41:53','2020-07-15 08:42:03',523,21),(1237,1,1,2,16777219,'2020-07-21 20:47:16',NULL,517,30),(1243,1,1,2,16777217,'2020-07-26 09:50:58',NULL,1048585,22),(1245,1,29,2,16777217,'2020-07-26 09:50:59',NULL,1048585,22),(1247,1,13,2,16777217,'2020-07-26 09:50:59',NULL,1048585,22),(1249,1,20,2,16777217,'2020-07-26 09:50:59',NULL,1048585,22),(1251,1,5,2,16777217,'2020-07-26 09:50:59',NULL,1048585,22),(1253,1,14,2,16777217,'2020-07-26 09:50:59',NULL,1048585,22),(1255,1,15,2,16777217,'2020-07-26 09:50:59',NULL,1048585,22),(1257,1,16,2,16777217,'2020-07-26 09:50:59',NULL,1048585,22),(1259,1,12,2,16777217,'2020-07-26 09:50:59',NULL,1048585,22),(1261,1,11,2,16777217,'2020-07-26 09:50:59',NULL,1048585,22),(1263,1,0,2,16777243,'2020-07-26 09:50:59',NULL,1048585,22),(1264,1,0,2,16777245,'2020-07-26 09:50:59',NULL,1048585,22),(1270,1,1,2,16777217,'2020-07-26 09:54:37',NULL,1048585,23),(1272,1,29,2,16777217,'2020-07-26 09:54:37',NULL,1048585,23),(1274,1,13,2,16777217,'2020-07-26 09:54:37',NULL,1048585,23),(1276,1,20,2,16777217,'2020-07-26 09:54:37',NULL,1048585,23),(1278,1,5,2,16777217,'2020-07-26 09:54:37',NULL,1048585,23),(1280,1,14,2,16777217,'2020-07-26 09:54:37',NULL,1048585,23),(1282,1,15,2,16777217,'2020-07-26 09:54:37',NULL,1048585,23),(1284,1,16,2,16777217,'2020-07-26 09:54:37',NULL,1048585,23),(1286,1,12,2,16777217,'2020-07-26 09:54:37',NULL,1048585,23),(1288,1,11,2,16777217,'2020-07-26 09:54:37',NULL,1048585,23),(1290,1,0,2,16777243,'2020-07-26 09:54:37',NULL,1048585,23),(1291,1,0,2,16777245,'2020-07-26 09:54:37',NULL,1048585,23),(1293,1,0,2,16777236,'2020-07-26 09:56:48','2020-07-26 09:56:53',523,22),(1300,1,0,2,16777236,'2020-07-26 09:59:28','2020-07-26 09:59:32',523,23),(1306,1,1,2,16777219,'2020-07-28 07:21:03',NULL,517,31),(1307,1,1,2,16777219,'2020-07-28 07:22:26',NULL,517,33),(1308,1,1,2,16777219,'2020-07-28 07:24:45',NULL,517,32),(1309,1,1,2,16777219,'2020-07-28 07:27:00',NULL,517,34),(1314,1,23,2,16777235,'2020-07-28 07:30:13',NULL,1048585,18),(1325,1,1,2,16777217,'2020-08-13 03:52:43',NULL,1048585,24),(1327,1,29,2,16777217,'2020-08-13 03:52:45',NULL,1048585,24),(1329,1,13,2,16777217,'2020-08-13 03:52:45',NULL,1048585,24),(1331,1,20,2,16777217,'2020-08-13 03:52:45',NULL,1048585,24),(1333,1,5,2,16777217,'2020-08-13 03:52:45',NULL,1048585,24),(1335,1,14,2,16777217,'2020-08-13 03:52:45',NULL,1048585,24),(1337,1,15,2,16777217,'2020-08-13 03:52:45',NULL,1048585,24),(1339,1,16,2,16777217,'2020-08-13 03:52:45',NULL,1048585,24),(1341,1,12,2,16777217,'2020-08-13 03:52:45',NULL,1048585,24),(1343,1,11,2,16777217,'2020-08-13 03:52:45',NULL,1048585,24),(1345,1,0,2,16777243,'2020-08-13 03:52:46',NULL,1048585,24),(1346,1,0,2,16777245,'2020-08-13 03:52:46',NULL,1048585,24),(1348,1,0,2,16777236,'2020-08-13 10:43:38','2020-08-13 10:43:43',523,24),(1352,1,1,2,16777219,'2020-08-15 09:38:54',NULL,517,35),(1356,1,43,2,16777235,'2020-08-20 13:55:02',NULL,1048585,24),(1374,1,42,2,16777235,'2020-08-24 15:52:31',NULL,1048585,22),(1377,1,42,2,16777235,'2020-08-24 15:54:17',NULL,1048585,23),(1387,1,1,2,268435478,'2020-08-26 14:06:00','2020-08-26 14:06:03',1048585,22),(1393,1,1,2,268435478,'2020-08-26 14:09:54','2020-08-26 14:09:55',1048585,23),(1403,1,1,2,268435478,'2020-08-26 14:17:52','2020-08-26 14:17:54',1048585,18),(1408,1,1,2,268435478,'2020-08-26 14:22:03','2020-08-26 14:22:05',1048585,24),(1442,1,1,2,16777217,'2020-09-08 12:49:57',NULL,1048585,25),(1444,1,29,2,16777217,'2020-09-08 12:49:57',NULL,1048585,25),(1446,1,13,2,16777217,'2020-09-08 12:49:57',NULL,1048585,25),(1448,1,20,2,16777217,'2020-09-08 12:49:57',NULL,1048585,25),(1450,1,5,2,16777217,'2020-09-08 12:49:57',NULL,1048585,25),(1452,1,45,2,16777217,'2020-09-08 12:49:57',NULL,1048585,25),(1454,1,14,2,16777217,'2020-09-08 12:49:57',NULL,1048585,25),(1456,1,15,2,16777217,'2020-09-08 12:49:57',NULL,1048585,25),(1458,1,16,2,16777217,'2020-09-08 12:49:57',NULL,1048585,25),(1460,1,12,2,16777217,'2020-09-08 12:49:57',NULL,1048585,25),(1462,1,11,2,16777217,'2020-09-08 12:49:57',NULL,1048585,25),(1464,1,0,2,16777243,'2020-09-08 12:49:57',NULL,1048585,25),(1465,1,0,2,16777245,'2020-09-08 12:49:57',NULL,1048585,25),(1470,1,1,2,16777217,'2020-09-09 01:37:22',NULL,1048585,26),(1472,1,29,2,16777217,'2020-09-09 01:37:23',NULL,1048585,26),(1474,1,13,2,16777217,'2020-09-09 01:37:23',NULL,1048585,26),(1476,1,20,2,16777217,'2020-09-09 01:37:23',NULL,1048585,26),(1478,1,5,2,16777217,'2020-09-09 01:37:23',NULL,1048585,26),(1480,1,45,2,16777217,'2020-09-09 01:37:23',NULL,1048585,26),(1482,1,14,2,16777217,'2020-09-09 01:37:24',NULL,1048585,26),(1484,1,15,2,16777217,'2020-09-09 01:37:24',NULL,1048585,26),(1486,1,16,2,16777217,'2020-09-09 01:37:24',NULL,1048585,26),(1488,1,12,2,16777217,'2020-09-09 01:37:24',NULL,1048585,26),(1490,1,11,2,16777217,'2020-09-09 01:37:24',NULL,1048585,26),(1492,1,0,2,16777243,'2020-09-09 01:37:24',NULL,1048585,26),(1493,1,0,2,16777245,'2020-09-09 01:37:24',NULL,1048585,26),(1496,1,0,2,16777236,'2020-09-11 05:01:28','2020-09-11 05:01:44',523,25),(1498,1,17,3,16777227,'2020-09-11 05:03:02',NULL,517,36),(1520,1,0,2,16777236,'2020-09-28 06:07:09','2020-09-28 06:07:16',523,26),(1527,1,51,2,16777234,'2020-09-28 06:23:29',NULL,1048585,25),(1576,1,1,2,16777217,'2020-10-06 12:11:22',NULL,1048585,28),(1578,1,29,2,16777217,'2020-10-06 12:11:22',NULL,1048585,28),(1580,1,13,2,16777217,'2020-10-06 12:11:22',NULL,1048585,28),(1582,1,20,2,16777217,'2020-10-06 12:11:22',NULL,1048585,28),(1584,1,5,2,16777217,'2020-10-06 12:11:22',NULL,1048585,28),(1586,1,45,2,16777217,'2020-10-06 12:11:22',NULL,1048585,28),(1588,1,14,2,16777217,'2020-10-06 12:11:22',NULL,1048585,28),(1590,1,15,2,16777217,'2020-10-06 12:11:22',NULL,1048585,28),(1592,1,16,2,16777217,'2020-10-06 12:11:22',NULL,1048585,28),(1594,1,12,2,16777217,'2020-10-06 12:11:22',NULL,1048585,28),(1596,1,11,2,16777217,'2020-10-06 12:11:22',NULL,1048585,28),(1598,1,0,2,16777243,'2020-10-06 12:11:22',NULL,1048585,28),(1599,1,0,2,16777245,'2020-10-06 12:11:22',NULL,1048585,28),(1601,1,1,2,16777219,'2020-10-07 11:25:42',NULL,517,37),(1602,1,52,3,16777232,'2020-10-07 11:26:24',NULL,1048585,26),(1607,1,1,2,16777217,'2020-10-07 17:25:45',NULL,1048585,29),(1609,1,29,2,16777217,'2020-10-07 17:25:45',NULL,1048585,29),(1611,1,13,2,16777217,'2020-10-07 17:25:45',NULL,1048585,29),(1613,1,20,2,16777217,'2020-10-07 17:25:45',NULL,1048585,29),(1615,1,5,2,16777217,'2020-10-07 17:25:45',NULL,1048585,29),(1617,1,45,2,16777217,'2020-10-07 17:25:45',NULL,1048585,29),(1619,1,14,2,16777217,'2020-10-07 17:25:45',NULL,1048585,29),(1621,1,15,2,16777217,'2020-10-07 17:25:45',NULL,1048585,29),(1623,1,16,2,16777217,'2020-10-07 17:25:45',NULL,1048585,29),(1625,1,12,2,16777217,'2020-10-07 17:25:45',NULL,1048585,29),(1627,1,11,2,16777217,'2020-10-07 17:25:45',NULL,1048585,29),(1629,1,0,2,16777243,'2020-10-07 17:25:45',NULL,1048585,29),(1630,1,0,2,16777245,'2020-10-07 17:25:45',NULL,1048585,29),(1632,1,0,2,16777236,'2020-10-09 07:46:37','2020-10-09 07:46:39',523,27),(1637,1,0,2,16777236,'2020-10-09 07:48:53','2020-10-09 07:48:54',523,28),(1643,1,1,2,16777219,'2020-10-15 10:25:35',NULL,517,38),(1645,1,1,2,16777219,'2020-10-17 07:46:28',NULL,517,39),(1652,1,1,2,16777217,'2020-10-22 03:47:07',NULL,1048585,30),(1654,1,29,2,16777217,'2020-10-22 03:47:07',NULL,1048585,30),(1656,1,13,2,16777217,'2020-10-22 03:47:07',NULL,1048585,30),(1658,1,20,2,16777217,'2020-10-22 03:47:07',NULL,1048585,30),(1660,1,5,2,16777217,'2020-10-22 03:47:07',NULL,1048585,30),(1662,1,45,2,16777217,'2020-10-22 03:47:07',NULL,1048585,30),(1664,1,14,2,16777217,'2020-10-22 03:47:07',NULL,1048585,30),(1666,1,15,2,16777217,'2020-10-22 03:47:07',NULL,1048585,30),(1668,1,16,2,16777217,'2020-10-22 03:47:07',NULL,1048585,30),(1670,1,12,2,16777217,'2020-10-22 03:47:07',NULL,1048585,30),(1672,1,11,2,16777217,'2020-10-22 03:47:07',NULL,1048585,30),(1674,1,0,2,16777243,'2020-10-22 03:47:07',NULL,1048585,30),(1675,1,0,2,16777245,'2020-10-22 03:47:07',NULL,1048585,30),(1677,1,0,2,16777236,'2020-10-29 08:28:55','2020-10-29 08:28:56',523,29),(1687,1,1,2,16777219,'2020-11-07 15:48:30',NULL,517,40),(1688,1,59,3,16777232,'2020-11-07 15:49:40',NULL,1048585,30),(1689,1,40,2,16777230,'2020-11-14 13:42:10',NULL,1048585,21),(1690,1,1,2,16777251,'2020-11-14 13:42:10','2020-11-14 13:42:12',1048585,21),(1693,1,57,2,16777235,'2020-11-14 13:44:05',NULL,1048585,28),(1701,1,1,3,16777249,'2020-11-18 05:26:06',NULL,1048586,39),(1712,1,1,2,268435478,'2020-11-18 09:56:39','2020-11-18 09:56:39',1048585,28),(1718,1,1,2,268435477,'2020-11-18 10:10:52',NULL,0,0),(1719,1,29,2,268435477,'2020-11-18 10:10:52',NULL,0,0),(1720,1,18,2,268435477,'2020-11-18 10:10:52',NULL,0,0),(1721,1,42,2,268435477,'2020-11-18 10:10:52',NULL,0,0),(1722,1,36,2,268435477,'2020-11-18 10:10:52',NULL,0,0),(1723,1,27,2,268435477,'2020-11-18 10:10:52',NULL,0,0),(1724,1,13,2,268435477,'2020-11-18 10:10:52',NULL,0,0),(1725,1,21,2,268435477,'2020-11-18 10:10:52',NULL,0,0),(1726,1,20,2,268435477,'2020-11-18 10:10:52',NULL,0,0),(1727,1,23,2,268435477,'2020-11-18 10:10:52',NULL,0,0),(1728,1,25,2,268435477,'2020-11-18 10:10:52',NULL,0,0),(1729,1,55,2,268435477,'2020-11-18 10:10:52',NULL,0,0),(1730,1,24,2,268435477,'2020-11-18 10:10:52',NULL,0,0),(1731,1,47,2,268435477,'2020-11-18 10:10:52',NULL,0,0),(1732,1,56,2,268435477,'2020-11-18 10:10:52',NULL,0,0),(1733,1,38,2,268435477,'2020-11-18 10:10:52',NULL,0,0),(1734,1,5,2,268435477,'2020-11-18 10:10:52',NULL,0,0),(1735,1,40,2,268435477,'2020-11-18 10:10:52',NULL,0,0),(1736,1,45,2,268435477,'2020-11-18 10:10:52',NULL,0,0),(1737,1,51,2,268435477,'2020-11-18 10:10:52',NULL,0,0),(1738,1,14,2,268435477,'2020-11-18 10:10:52',NULL,0,0),(1739,1,35,2,268435477,'2020-11-18 10:10:52',NULL,0,0),(1740,1,31,2,268435477,'2020-11-18 10:10:52',NULL,0,0),(1741,1,17,2,268435477,'2020-11-18 10:10:52',NULL,0,0),(1742,1,9,2,268435477,'2020-11-18 10:10:52',NULL,0,0),(1743,1,52,2,268435477,'2020-11-18 10:10:52',NULL,0,0),(1744,1,58,2,268435477,'2020-11-18 10:10:52',NULL,0,0),(1745,1,46,2,268435477,'2020-11-18 10:10:52',NULL,0,0),(1746,1,37,2,268435477,'2020-11-18 10:10:52',NULL,0,0),(1747,1,26,2,268435477,'2020-11-18 10:10:52',NULL,0,0),(1748,1,15,2,268435477,'2020-11-18 10:10:52',NULL,0,0),(1749,1,48,2,268435477,'2020-11-18 10:10:52',NULL,0,0),(1750,1,34,2,268435477,'2020-11-18 10:10:52',NULL,0,0),(1751,1,49,2,268435477,'2020-11-18 10:10:52',NULL,0,0),(1752,1,19,2,268435477,'2020-11-18 10:10:52',NULL,0,0),(1753,1,60,2,268435477,'2020-11-18 10:10:52',NULL,0,0),(1754,1,2,2,268435477,'2020-11-18 10:10:52',NULL,0,0),(1755,1,16,2,268435477,'2020-11-18 10:10:52',NULL,0,0),(1756,1,33,2,268435477,'2020-11-18 10:10:52',NULL,0,0),(1757,1,41,2,268435477,'2020-11-18 10:10:52',NULL,0,0),(1758,1,57,2,268435477,'2020-11-18 10:10:52',NULL,0,0),(1759,1,12,2,268435477,'2020-11-18 10:10:52',NULL,0,0),(1760,1,22,2,268435477,'2020-11-18 10:10:52',NULL,0,0),(1761,1,8,2,268435477,'2020-11-18 10:10:52',NULL,0,0),(1762,1,30,2,268435477,'2020-11-18 10:10:52',NULL,0,0),(1763,1,50,2,268435477,'2020-11-18 10:10:52',NULL,0,0),(1764,1,59,2,268435477,'2020-11-18 10:10:52',NULL,0,0),(1765,1,61,2,268435477,'2020-11-18 10:10:52',NULL,0,0),(1766,1,43,2,268435477,'2020-11-18 10:10:52',NULL,0,0),(1767,1,7,2,268435477,'2020-11-18 10:10:52',NULL,0,0),(1768,1,10,2,268435477,'2020-11-18 10:10:52',NULL,0,0),(1769,1,6,2,268435477,'2020-11-18 10:10:52',NULL,0,0),(1770,1,28,2,268435477,'2020-11-18 10:10:52',NULL,0,0),(1771,1,11,2,268435477,'2020-11-18 10:10:52',NULL,0,0),(1772,1,53,2,268435477,'2020-11-18 10:10:52',NULL,0,0),(1773,1,54,2,268435477,'2020-11-18 10:10:52',NULL,0,0),(1774,1,39,2,268435477,'2020-11-18 10:10:52',NULL,0,0),(1775,1,32,2,268435477,'2020-11-18 10:10:52',NULL,0,0),(1781,1,1,2,16777217,'2020-12-06 23:42:24',NULL,1048585,32),(1783,1,29,2,16777217,'2020-12-06 23:42:24',NULL,1048585,32),(1785,1,13,2,16777217,'2020-12-06 23:42:24',NULL,1048585,32),(1787,1,20,2,16777217,'2020-12-06 23:42:24',NULL,1048585,32),(1789,1,5,2,16777217,'2020-12-06 23:42:24',NULL,1048585,32),(1791,1,45,2,16777217,'2020-12-06 23:42:24',NULL,1048585,32),(1793,1,14,2,16777217,'2020-12-06 23:42:24',NULL,1048585,32),(1795,1,15,2,16777217,'2020-12-06 23:42:24',NULL,1048585,32),(1797,1,16,2,16777217,'2020-12-06 23:42:24',NULL,1048585,32),(1799,1,12,2,16777217,'2020-12-06 23:42:24',NULL,1048585,32),(1801,1,11,2,16777217,'2020-12-06 23:42:24',NULL,1048585,32),(1803,1,0,2,16777243,'2020-12-06 23:42:24',NULL,1048585,32),(1804,1,0,2,16777245,'2020-12-06 23:42:24',NULL,1048585,32),(1810,1,1,2,16777217,'2021-01-02 05:42:17',NULL,1048585,33),(1812,1,29,2,16777217,'2021-01-02 05:42:18',NULL,1048585,33),(1814,1,13,2,16777217,'2021-01-02 05:42:18',NULL,1048585,33),(1816,1,20,2,16777217,'2021-01-02 05:42:18',NULL,1048585,33),(1818,1,5,2,16777217,'2021-01-02 05:42:18',NULL,1048585,33),(1820,1,45,2,16777217,'2021-01-02 05:42:18',NULL,1048585,33),(1822,1,14,2,16777217,'2021-01-02 05:42:18',NULL,1048585,33),(1824,1,15,2,16777217,'2021-01-02 05:42:18',NULL,1048585,33),(1826,1,16,2,16777217,'2021-01-02 05:42:18',NULL,1048585,33),(1828,1,12,2,16777217,'2021-01-02 05:42:18',NULL,1048585,33),(1830,1,11,2,16777217,'2021-01-02 05:42:18',NULL,1048585,33),(1832,1,0,2,16777243,'2021-01-02 05:42:18',NULL,1048585,33),(1833,1,0,2,16777245,'2021-01-02 05:42:18',NULL,1048585,33),(1835,1,0,2,16777236,'2021-01-02 05:44:33','2021-01-02 05:44:35',523,30),(1839,1,0,2,16777236,'2021-01-02 05:49:28','2021-01-02 05:49:30',523,31),(1848,1,58,2,16777235,'2021-01-02 06:11:22',NULL,1048585,29),(1851,1,1,2,268435478,'2021-01-02 06:12:52','2021-01-02 06:12:52',1048585,29),(1856,1,1,2,16777219,'2021-01-03 17:25:04',NULL,517,41),(1858,1,1,2,16777219,'2021-01-04 17:08:48',NULL,517,42),(1863,1,1,3,16777249,'2021-01-05 20:32:00',NULL,1048586,42),(1877,1,1,2,16777217,'2021-01-20 21:27:27',NULL,1048585,36),(1879,1,29,2,16777217,'2021-01-20 21:27:27',NULL,1048585,36),(1881,1,13,2,16777217,'2021-01-20 21:27:27',NULL,1048585,36),(1883,1,20,2,16777217,'2021-01-20 21:27:27',NULL,1048585,36),(1885,1,5,2,16777217,'2021-01-20 21:27:27',NULL,1048585,36),(1887,1,45,2,16777217,'2021-01-20 21:27:27',NULL,1048585,36),(1889,1,14,2,16777217,'2021-01-20 21:27:27',NULL,1048585,36),(1891,1,15,2,16777217,'2021-01-20 21:27:27',NULL,1048585,36),(1893,1,16,2,16777217,'2021-01-20 21:27:27',NULL,1048585,36),(1895,1,12,2,16777217,'2021-01-20 21:27:27',NULL,1048585,36),(1897,1,11,2,16777217,'2021-01-20 21:27:27',NULL,1048585,36),(1899,1,0,2,16777243,'2021-01-20 21:27:27',NULL,1048585,36),(1900,1,0,2,16777245,'2021-01-20 21:27:27',NULL,1048585,36),(1912,1,1,2,16777217,'2021-01-23 23:52:30',NULL,1048585,38),(1914,1,29,2,16777217,'2021-01-23 23:52:30',NULL,1048585,38),(1916,1,13,2,16777217,'2021-01-23 23:52:30',NULL,1048585,38),(1918,1,20,2,16777217,'2021-01-23 23:52:30',NULL,1048585,38),(1920,1,5,2,16777217,'2021-01-23 23:52:30',NULL,1048585,38),(1922,1,45,2,16777217,'2021-01-23 23:52:30',NULL,1048585,38),(1924,1,14,2,16777217,'2021-01-23 23:52:30',NULL,1048585,38),(1926,1,15,2,16777217,'2021-01-23 23:52:30',NULL,1048585,38),(1928,1,16,2,16777217,'2021-01-23 23:52:30',NULL,1048585,38),(1930,1,12,2,16777217,'2021-01-23 23:52:30',NULL,1048585,38),(1932,1,11,2,16777217,'2021-01-23 23:52:30',NULL,1048585,38),(1934,1,0,2,16777243,'2021-01-23 23:52:30',NULL,1048585,38),(1935,1,0,2,16777245,'2021-01-23 23:52:30',NULL,1048585,38),(1938,1,56,3,16777249,'2021-01-25 08:23:43','2021-01-28 22:08:16',1048586,48),(1939,1,1,3,16777249,'2021-01-28 17:43:47',NULL,1048586,50),(1940,1,56,3,16777249,'2021-02-02 09:31:53','2021-02-02 16:24:09',1048586,57),(1941,1,66,3,16777249,'2021-02-02 09:34:00','2021-02-07 04:33:45',1048586,58),(1943,1,1,3,16777249,'2021-02-04 00:28:21',NULL,1048586,61),(1945,1,0,2,16777236,'2021-02-06 11:34:28','2021-02-06 11:34:30',523,32),(1950,1,1,3,16777249,'2021-02-07 04:39:40',NULL,1048586,64),(1952,1,66,3,16777249,'2021-02-08 08:47:19','2021-02-09 23:35:41',1048586,65),(1953,1,1,2,16777219,'2021-02-10 14:36:14',NULL,517,43),(1957,1,1,2,16777219,'2021-02-19 11:37:46',NULL,517,44),(1960,1,65,2,16777235,'2021-02-19 11:42:40',NULL,1048585,33),(1968,1,1,2,268435478,'2021-02-19 13:34:24','2021-02-19 13:34:25',1048585,33),(1970,1,0,3,16777220,'2021-02-20 08:59:20',NULL,1048585,40),(1971,1,0,3,16777222,'2021-02-20 08:59:20',NULL,1048585,40),(1972,1,0,3,16777223,'2021-02-20 08:59:20',NULL,1048585,40),(1973,1,0,3,16777224,'2021-02-20 08:59:20',NULL,1048585,40),(1974,1,1,2,16777217,'2021-02-20 08:59:20',NULL,1048585,40),(1975,1,1,3,16777247,'2021-02-20 08:59:20',NULL,1048585,40),(1976,1,29,2,16777217,'2021-02-20 08:59:20',NULL,1048585,40),(1977,1,29,3,16777247,'2021-02-20 08:59:20',NULL,1048585,40),(1978,1,13,2,16777217,'2021-02-20 08:59:20',NULL,1048585,40),(1979,1,13,3,16777247,'2021-02-20 08:59:20',NULL,1048585,40),(1980,1,20,2,16777217,'2021-02-20 08:59:20',NULL,1048585,40),(1981,1,20,3,16777247,'2021-02-20 08:59:20',NULL,1048585,40),(1982,1,5,2,16777217,'2021-02-20 08:59:20',NULL,1048585,40),(1983,1,5,3,16777247,'2021-02-20 08:59:20',NULL,1048585,40),(1984,1,45,2,16777217,'2021-02-20 08:59:20',NULL,1048585,40),(1985,1,45,3,16777247,'2021-02-20 08:59:20',NULL,1048585,40),(1986,1,14,2,16777217,'2021-02-20 08:59:20',NULL,1048585,40),(1987,1,14,3,16777247,'2021-02-20 08:59:20',NULL,1048585,40),(1988,1,15,2,16777217,'2021-02-20 08:59:20',NULL,1048585,40),(1989,1,15,3,16777247,'2021-02-20 08:59:20',NULL,1048585,40),(1990,1,16,2,16777217,'2021-02-20 08:59:20',NULL,1048585,40),(1991,1,16,3,16777247,'2021-02-20 08:59:20',NULL,1048585,40),(1992,1,12,2,16777217,'2021-02-20 08:59:20',NULL,1048585,40),(1993,1,12,3,16777247,'2021-02-20 08:59:20',NULL,1048585,40),(1994,1,11,2,16777217,'2021-02-20 08:59:20',NULL,1048585,40),(1995,1,11,3,16777247,'2021-02-20 08:59:20',NULL,1048585,40),(1996,1,0,2,16777243,'2021-02-20 08:59:20',NULL,1048585,40),(1997,1,0,2,16777245,'2021-02-20 08:59:20',NULL,1048585,40),(1998,1,66,2,16777230,'2021-02-20 10:16:33',NULL,1048585,38),(1999,1,1,2,16777251,'2021-02-20 10:16:33','2021-02-20 10:16:35',1048585,38),(2000,1,63,2,16777230,'2021-02-20 10:17:09',NULL,1048585,32),(2001,1,1,2,16777251,'2021-02-20 10:17:09','2021-02-20 10:17:11',1048585,32),(2004,1,1,3,16777258,'2021-02-23 19:50:45',NULL,0,0),(2005,1,29,3,16777258,'2021-02-23 19:50:45',NULL,0,0),(2006,1,5,3,16777258,'2021-02-23 19:50:45',NULL,0,0),(2007,1,13,3,16777258,'2021-02-23 19:50:45',NULL,0,0),(2008,1,20,3,16777258,'2021-02-23 19:50:45',NULL,0,0),(2009,1,45,3,16777258,'2021-02-23 19:50:45',NULL,0,0),(2010,1,14,3,16777258,'2021-02-23 19:50:45',NULL,0,0),(2011,1,15,3,16777258,'2021-02-23 19:50:45',NULL,0,0),(2012,1,16,3,16777258,'2021-02-23 19:50:45',NULL,0,0),(2013,1,12,3,16777258,'2021-02-23 19:50:45',NULL,0,0),(2014,1,11,3,16777258,'2021-02-23 19:50:45',NULL,0,0),(2015,1,8,3,16777258,'2021-02-23 19:50:45',NULL,0,0);

--
-- Table structure for table `oai_resumption_tokens`
--

CREATE TABLE `oai_resumption_tokens` (
  `token` varchar(32) NOT NULL,
  `expire` bigint(20) NOT NULL,
  `record_offset` int(11) NOT NULL,
  `params` text DEFAULT NULL,
  UNIQUE KEY `oai_resumption_tokens_pkey` (`token`)
) ENGINE=InnoDB DEFAULT CHARSET=utf8;

--
-- Dumping data for table `oai_resumption_tokens`
--


--
-- Table structure for table `plugin_settings`
--

CREATE TABLE `plugin_settings` (
  `plugin_name` varchar(80) NOT NULL,
  `context_id` bigint(20) NOT NULL,
  `setting_name` varchar(80) NOT NULL,
  `setting_value` text DEFAULT NULL,
  `setting_type` varchar(6) NOT NULL,
  UNIQUE KEY `plugin_settings_pkey` (`plugin_name`,`context_id`,`setting_name`),
  KEY `plugin_settings_plugin_name` (`plugin_name`)
) ENGINE=InnoDB DEFAULT CHARSET=utf8;

--
-- Dumping data for table `plugin_settings`
--

INSERT INTO `plugin_settings` VALUES ('acronplugin',0,'crontab','[{\"className\":\"plugins.generic.usageStats.UsageStatsLoader\",\"frequency\":{\"hour\":24},\"args\":[\"autoStage\"]},{\"className\":\"plugins.generic.usageStats.UsageStatsLoader\",\"frequency\":{\"hour\":24},\"args\":[\"autoStage\"]},{\"className\":\"plugins.importexport.doaj.DOAJInfoSender\",\"frequency\":{\"hour\":24},\"args\":[]},{\"className\":\"plugins.importexport.crossref.CrossrefInfoSender\",\"frequency\":{\"hour\":24},\"args\":[]},{\"className\":\"plugins.importexport.datacite.DataciteInfoSender\",\"frequency\":{\"hour\":24},\"args\":[]},{\"className\":\"plugins.generic.usageStats.UsageStatsLoader\",\"frequency\":{\"hour\":24},\"args\":[\"autoStage\"]},{\"className\":\"plugins.importexport.doaj.DOAJInfoSender\",\"frequency\":{\"hour\":24},\"args\":[]},{\"className\":\"plugins.importexport.crossref.CrossrefInfoSender\",\"frequency\":{\"hour\":24},\"args\":[]},{\"className\":\"plugins.importexport.datacite.DataciteInfoSender\",\"frequency\":{\"hour\":24},\"args\":[]},{\"className\":\"plugins.generic.usageStats.UsageStatsLoader\",\"frequency\":{\"hour\":24},\"args\":[\"autoStage\"]},{\"className\":\"plugins.importexport.doaj.DOAJInfoSender\",\"frequency\":{\"hour\":24},\"args\":[]},{\"className\":\"plugins.importexport.crossref.CrossrefInfoSender\",\"frequency\":{\"hour\":24},\"args\":[]},{\"className\":\"plugins.importexport.datacite.DataciteInfoSender\",\"frequency\":{\"hour\":24},\"args\":[]},{\"className\":\"plugins.generic.usageStats.UsageStatsLoader\",\"frequency\":{\"hour\":24},\"args\":[\"autoStage\"]},{\"className\":\"plugins.importexport.doaj.DOAJInfoSender\",\"frequency\":{\"hour\":24},\"args\":[]},{\"className\":\"plugins.importexport.crossref.CrossrefInfoSender\",\"frequency\":{\"hour\":24},\"args\":[]},{\"className\":\"plugins.importexport.datacite.DataciteInfoSender\",\"frequency\":{\"hour\":24},\"args\":[]},{\"className\":\"plugins.generic.usageStats.UsageStatsLoader\",\"frequency\":{\"hour\":24},\"args\":[\"autoStage\"]},{\"className\":\"plugins.importexport.doaj.DOAJInfoSender\",\"frequency\":{\"hour\":24},\"args\":[]},{\"className\":\"plugins.importexport.crossref.CrossrefInfoSender\",\"frequency\":{\"hour\":24},\"args\":[]},{\"className\":\"plugins.importexport.datacite.DataciteInfoSender\",\"frequency\":{\"hour\":24},\"args\":[]},{\"className\":\"lib.pkp.classes.task.ReviewReminder\",\"frequency\":{\"hour\":24},\"args\":[]},{\"className\":\"lib.pkp.classes.task.StatisticsReport\",\"frequency\":{\"day\":\"1\"},\"args\":[]},{\"className\":\"classes.tasks.SubscriptionExpiryReminder\",\"frequency\":{\"day\":\"1\"},\"args\":[]}]','object'),('acronplugin',0,'enabled','1','bool'),('bilahkanan',1,'blockContent','{\"en_US\":\"<div id=\\\"body\\\">\\r\\n<div id=\\\"sidebar\\\">&nbsp;<\\/div>\\r\\n<div id=\\\"customblock-Menu\\\" class=\\\"block custom\\\">\\r\\n<table width=\\\"100%\\\" cellspacing=\\\"0\\\" cellpadding=\\\"0\\\" align=\\\"left\\\">\\r\\n<tbody>\\r\\n<tr>\\r\\n<td style=\\\"height: 25px; padding-top: 3px; vertical-align: middle; border-bottom: 1px solid #ffffff; background-color: #4682b4; text-align: center;\\\">&nbsp;&nbsp;<a href=\\\"http:\\/\\/medlabtechnojournal.com\\/index.php\\/JAK\\/aimandscope\\\" target=\\\"_blank\\\" rel=\\\"noopener\\\"><span style=\\\"color: #ffffff;\\\"><strong>Aim &amp; Scope<\\/strong><\\/span><\\/a><\\/td>\\r\\n<\\/tr>\\r\\n<tr>\\r\\n<td style=\\\"height: 25px; padding-top: 3px; vertical-align: middle; border-bottom: 1px solid #ffffff; background-color: #4682b4; text-align: center;\\\"><a href=\\\"http:\\/\\/medlabtechnojournal.com\\/index.php\\/JAK\\/authorguidelines\\\" target=\\\"_blank\\\" rel=\\\"noopener\\\">&nbsp;&nbsp;<span style=\\\"color: #ffffff;\\\"><strong>Author Guidelines<\\/strong><\\/span><\\/a><\\/td>\\r\\n<\\/tr>\\r\\n<tr>\\r\\n<td style=\\\"height: 25px; padding-top: 3px; vertical-align: middle; border-bottom: 1px solid #ffffff; background-color: #4682b4; text-align: center;\\\">&nbsp;&nbsp;<a href=\\\"http:\\/\\/medlabtechnojournal.com\\/index.php\\/JAK\\/PeerReviewProcess\\\" target=\\\"_blank\\\" rel=\\\"noopener\\\"><span style=\\\"color: #ffffff;\\\"><strong>Peer Review Mechanism<\\/strong><\\/span><\\/a><\\/td>\\r\\n<\\/tr>\\r\\n<tr>\\r\\n<td style=\\\"height: 25px; padding-top: 3px; vertical-align: middle; border-bottom: 1px solid #ffffff; background-color: #4682b4; text-align: center;\\\">&nbsp; <a href=\\\"http:\\/\\/medlabtechnojournal.com\\/index.php\\/JAK\\/PeerReviewers\\\" target=\\\"_blank\\\" rel=\\\"noopener\\\"><span style=\\\"color: #ffffff;\\\"><strong>Peer Reviewers<\\/strong><\\/span><\\/a><\\/td>\\r\\n<\\/tr>\\r\\n<tr>\\r\\n<td style=\\\"height: 25px; padding-top: 3px; vertical-align: middle; border-bottom: 1px solid #ffffff; background-color: #4682b4; text-align: center;\\\">&nbsp;<a href=\\\"http:\\/\\/medlabtechnojournal.com\\/index.php\\/JAK\\/ScreeningforPlagiarism\\\" target=\\\"_blank\\\" rel=\\\"noopener\\\">&nbsp;<span style=\\\"color: #ffffff;\\\"><strong>Plagiarism Policy<\\/strong><\\/span><\\/a><\\/td>\\r\\n<\\/tr>\\r\\n<tr>\\r\\n<td style=\\\"height: 25px; padding-top: 3px; vertical-align: middle; border-bottom: 1px solid #ffffff; background-color: #4682b4; text-align: center;\\\">&nbsp;<a href=\\\"https:\\/\\/drive.google.com\\/file\\/d\\/1CTnuoiyDaBrkO0mi8-FY9AClntWSsgiX\\/view?usp=sharing\\\" target=\\\"_blank\\\" rel=\\\"noopener\\\">&nbsp;<span style=\\\"color: #ffffff;\\\"><strong>Copyrights Statement<\\/strong><\\/span><\\/a><\\/td>\\r\\n<\\/tr>\\r\\n<tr>\\r\\n<td style=\\\"height: 25px; padding-top: 3px; vertical-align: middle; border-bottom: 1px solid #ffffff; background-color: #4682b4; text-align: center;\\\">&nbsp;&nbsp;<a href=\\\"http:\\/\\/medlabtechnojournal.com\\/index.php\\/JAK\\/articleprocessingcharges\\\" target=\\\"_blank\\\" rel=\\\"noopener\\\"><span style=\\\"color: #ffffff;\\\"><strong>Article Processing Charges<\\/strong><\\/span><\\/a><\\/td>\\r\\n<\\/tr>\\r\\n<tr>\\r\\n<td style=\\\"height: 25px; padding-top: 3px; vertical-align: middle; border-bottom: 1px solid #ffffff; background-color: #4682b4; text-align: center;\\\">&nbsp;<a href=\\\"http:\\/\\/medlabtechnojournal.com\\/index.php\\/JAK\\/about\\/editorialTeam\\\" target=\\\"_blank\\\" rel=\\\"noopener\\\">&nbsp;<span style=\\\"color: #ffffff;\\\"><strong>Editorial Team<\\/strong><\\/span><\\/a><\\/td>\\r\\n<\\/tr>\\r\\n<tr>\\r\\n<td style=\\\"height: 25px; padding-top: 3px; vertical-align: middle; border-bottom: 1px solid #ffffff; background-color: #4682b4; text-align: center;\\\">&nbsp;&nbsp;<a href=\\\"https:\\/\\/drive.google.com\\/file\\/d\\/19aMO7GGs4uBD28kp2cyxhCZcMzWQ4PRA\\/view?usp=sharing\\\" target=\\\"_blank\\\" rel=\\\"noopener\\\"><span style=\\\"color: #ffffff;\\\"><strong>Paper Template<\\/strong><\\/span><\\/a><\\/td>\\r\\n<\\/tr>\\r\\n<tr>\\r\\n<td style=\\\"height: 25px; padding-top: 3px; vertical-align: middle; border-bottom: 1px solid #ffffff; background-color: #4682b4; text-align: center;\\\">&nbsp;&nbsp;<a href=\\\"http:\\/\\/medlabtechnojournal.com\\/index.php\\/JAK\\/issue\\/archive\\\" target=\\\"_blank\\\" rel=\\\"noopener\\\"><span style=\\\"color: #ffffff;\\\"><strong>Archives<\\/strong><\\/span><\\/a><\\/td>\\r\\n<\\/tr>\\r\\n<tr>\\r\\n<td style=\\\"height: 25px; padding-top: 3px; vertical-align: middle; border-bottom: 1px solid #ffffff; background-color: #4682b4; text-align: center;\\\">&nbsp; <a href=\\\"http:\\/\\/medlabtechnojournal.com\\/index.php\\/JAK\\/Indexing\\\" target=\\\"_blank\\\" rel=\\\"noopener\\\"><span style=\\\"color: #ffffff;\\\"><strong>Indexing<\\/strong><\\/span><\\/a><\\/td>\\r\\n<\\/tr>\\r\\n<tr>\\r\\n<td style=\\\"height: 25px; padding-top: 3px; vertical-align: middle; border-bottom: 1px solid #ffffff; background-color: #4682b4; text-align: center;\\\">&nbsp;&nbsp;<a href=\\\"http:\\/\\/medlabtechnojournal.com\\/index.php\\/JAK\\/PublicationEthicsandMalpracticeState\\\" target=\\\"_blank\\\" rel=\\\"noopener\\\"><span style=\\\"color: #ffffff;\\\"><strong>Publication Ethics<\\/strong><\\/span><\\/a><\\/td>\\r\\n<\\/tr>\\r\\n<tr>\\r\\n<td style=\\\"height: 25px; padding-top: 3px; vertical-align: middle; border-bottom: 1px solid #ffffff; background-color: #4682b4; text-align: center;\\\">&nbsp; <a href=\\\"http:\\/\\/www.issn.lipi.go.id\\/issn.cgi?daftar&amp;1555201714&amp;526&amp;&amp;\\\" target=\\\"_blank\\\" rel=\\\"noopener\\\"><span style=\\\"color: #ffffff;\\\"><strong>ISSN 2684-740X (Online)<\\/strong><\\/span><\\/a><\\/td>\\r\\n<\\/tr>\\r\\n<tr>\\r\\n<td style=\\\"height: 25px; padding-top: 3px; vertical-align: middle; border-bottom: 1px solid #ffffff; background-color: #4682b4; text-align: center;\\\"><a href=\\\"https:\\/\\/statcounter.com\\/p12245674\\/summary\\/?account_id=5355643&amp;login_id=1&amp;code=272decdaab84196609f4271b41773644&amp;guest_login=1\\\" target=\\\"_blank\\\" rel=\\\"noopener\\\">&nbsp;&nbsp;<span style=\\\"color: #ffffff;\\\"><strong>Visitor Statistics<\\/strong><\\/span><\\/a><\\/td>\\r\\n<\\/tr>\\r\\n<tr>\\r\\n<td style=\\\"height: 25px; padding-top: 3px; vertical-align: middle; border-bottom: 1px solid #ffffff; background-color: #4682b4; text-align: center;\\\">&nbsp; <a href=\\\"http:\\/\\/medlabtechnojournal.com\\/index.php\\/JAK\\/JournalScientificStatement\\\" target=\\\"_blank\\\" rel=\\\"noopener\\\"><span style=\\\"color: #ffffff;\\\"><strong>Journal Scientific Statement<\\/strong><\\/span><\\/a><\\/td>\\r\\n<\\/tr>\\r\\n<tr>\\r\\n<td style=\\\"height: 25px; padding-top: 3px; vertical-align: middle; border-bottom: 1px solid #ffffff; background-color: #4682b4; text-align: center;\\\">&nbsp;&nbsp;<a href=\\\"http:\\/\\/medlabtechnojournal.com\\/index.php\\/JAK\\/CitationAnalysis\\\" target=\\\"_blank\\\" rel=\\\"noopener\\\"><span style=\\\"color: #ffffff;\\\"><strong>Citation Analysis<\\/strong><\\/span><\\/a><\\/td>\\r\\n<\\/tr>\\r\\n<tr>\\r\\n<td style=\\\"height: 25px; padding-top: 3px; vertical-align: middle; border-bottom: 1px solid #ffffff; background-color: #4682b4; text-align: center;\\\"><a href=\\\"http:\\/\\/medlabtechnojournal.com\\/index.php\\/JAK\\/OpenAccessPolicy\\\" target=\\\"_blank\\\" rel=\\\"noopener\\\"><span style=\\\"color: #ffffff;\\\"><strong>&nbsp; Open Access Policy<\\/strong><\\/span><\\/a><\\/td>\\r\\n<\\/tr>\\r\\n<\\/tbody>\\r\\n<\\/table>\\r\\n<\\/div>\\r\\n<\\/div>\\r\\n<div id=\\\"customblock-SUPPORTED-BY\\\" class=\\\"block custom\\\">\\r\\n<p><img src=\\\"https:\\/\\/i.ibb.co\\/61c5rYL\\/SUPPORTED.png\\\" alt=\\\"\\\" width=\\\"250\\\" height=\\\"51\\\"><\\/p>\\r\\n<\\/div>\\r\\n<div id=\\\"customblock-PATELKI\\\" class=\\\"block custom\\\">\\r\\n<p><img src=\\\"\\/public\\/site\\/images\\/admin\\/logoRJI-t.png\\\" width=\\\"250\\\" height=\\\"104\\\"><\\/p>\\r\\n<\\/div>\\r\\n<div id=\\\"customblock-webstatistic\\\" class=\\\"pkp_block block_custom\\\">\\r\\n<div class=\\\"content\\\">\\r\\n<div style=\\\"border: 1px; padding: 2; background-color: #1e9c00; text-align: center; color: #ffffff;\\\"><strong>Web Statistics<\\/strong><\\/div>\\r\\n<div style=\\\"border: 1px #1E9C00 solid; padding: 2px; background-color: #d1ffb8; text-align: center;\\\"><a href=\\\"http:\\/\\/statcounter.com\\/p11665432\\/?guest=1\\\">View My Web Stats<\\/a> <br><a href=\\\"https:\\/\\/info.flagcounter.com\\/7i9B\\\"><img src=\\\"https:\\/\\/s01.flagcounter.com\\/count2\\/7i9B\\/bg_FFFFFF\\/txt_000000\\/border_CCCCCC\\/columns_3\\/maxflags_9\\/viewers_THMR+Visitors\\/labels_0\\/pageviews_1\\/flags_0\\/percent_0\\/\\\" alt=\\\"Flag Counter\\\" border=\\\"0\\\"><\\/a><\\/div>\\r\\n<\\/div>\\r\\n<!-- Default Statcounter code for THMR\\r\\nhttp:\\/\\/medlabtechnojournal.com\\/index.php\\/JAK\\/index -->\\r\\n<div class=\\\"statcounter\\\"><a title=\\\"Web Analytics\\\" href=\\\"https:\\/\\/statcounter.com\\/\\\" target=\\\"_blank\\\" rel=\\\"noopener\\\"><img class=\\\"statcounter\\\" src=\\\"https:\\/\\/c.statcounter.com\\/12245674\\/0\\/241a63ce\\/0\\/\\\" alt=\\\"Web Analytics\\\"><\\/a><\\/div>\\r\\n<!-- End of Statcounter Code -->\\r\\n<p><a href=\\\"https:\\/\\/statcounter.com\\/p12245674\\/summary\\/?account_id=5355643&amp;login_id=1&amp;code=272decdaab84196609f4271b41773644&amp;guest_login=1\\\">View My Stats<\\/a><\\/p>\\r\\n<\\/div>\"}','object'),('bilahkanan',1,'blockTitle','{\"en_US\":\"bilahkanan\"}','object'),('bilahkanan',1,'context','1','int'),('bilahkanan',1,'enabled','1','bool'),('bilahkanan',1,'seq','2','int'),('citationstylelanguageplugin',1,'enabled','1','bool'),('crossrefexportplugin',1,'automaticRegistration','1','bool'),('crossrefexportplugin',1,'depositorEmail','leka.zns@gmail.com','string'),('crossrefexportplugin',1,'depositorName','Leka Lutpiatina','string'),('crossrefexportplugin',1,'password','ba_8685_ehw','string'),('crossrefexportplugin',1,'testMode','0','bool'),('crossrefexportplugin',1,'username','baibau','string'),('customblockmanagerplugin',1,'blocks','[\"bilahkanan\"]','object'),('customblockmanagerplugin',1,'enabled','1','bool'),('defaultthemeplugin',0,'enabled','1','bool'),('defaultthemeplugin',1,'baseColour','#ffffff','string'),('defaultthemeplugin',1,'enabled','1','bool'),('defaultthemeplugin',1,'showDescriptionInJournalIndex','true','string'),('defaultthemeplugin',1,'typography','notoSans','string'),('defaultthemeplugin',1,'useHomepageImageAsHeader','false','string'),('developedbyblockplugin',0,'enabled','0','bool'),('developedbyblockplugin',0,'seq','0','int'),('developedbyblockplugin',1,'enabled','0','bool'),('doipubidplugin',1,'doiIssueSuffixPattern',NULL,'string'),('doipubidplugin',1,'doiPrefix','10.35916','string'),('doipubidplugin',1,'doiPublicationSuffixPattern',NULL,'string'),('doipubidplugin',1,'doiRepresentationSuffixPattern',NULL,'string'),('doipubidplugin',1,'doiSuffix','default','string'),('doipubidplugin',1,'enabled','1','bool'),('doipubidplugin',1,'enableIssueDoi','1','bool'),('doipubidplugin',1,'enablePublicationDoi','1','bool'),('doipubidplugin',1,'enableRepresentationDoi','1','bool'),('driverplugin',1,'enabled','1','bool'),('dublincoremetaplugin',1,'enabled','1','bool'),('googleanalyticsplugin',1,'enabled','1','bool'),('googlescholarplugin',1,'enabled','1','bool'),('healthsciencesthemeplugin',1,'baseColour','#10beca','text'),('healthsciencesthemeplugin',1,'enabled','1','bool'),('htmlarticlegalleyplugin',1,'enabled','1','bool'),('informationblockplugin',1,'enabled','0','bool'),('languagetoggleblockplugin',0,'enabled','1','bool'),('languagetoggleblockplugin',0,'seq','4','int'),('languagetoggleblockplugin',1,'enabled','0','bool'),('lensgalleyplugin',1,'enabled','1','bool'),('makesubmissionblockplugin',1,'enabled','1','bool'),('openaireplugin',1,'enabled','1','bool'),('orcidprofileplugin',1,'enabled','1','bool'),('pdfjsviewerplugin',1,'enabled','1','bool'),('recommendbyauthorplugin',1,'enabled','1','bool'),('recommendbysimilarityplugin',1,'enabled','1','bool'),('resolverplugin',1,'enabled','1','bool'),('staticpagesplugin',1,'enabled','1','bool'),('subscriptionblockplugin',1,'enabled','0','bool'),('tinymceplugin',0,'enabled','1','bool'),('tinymceplugin',1,'enabled','1','bool'),('urnpubidplugin',1,'enabled','1','bool'),('usageeventplugin',0,'enabled','1','bool'),('usageeventplugin',0,'uniqueSiteId','5c3e94ae54b31','string'),('usagestatsplugin',0,'accessLogFileParseRegex','/^(?P<ip>\\S+) \\S+ \\S+ \\[(?P<date>.*?)\\] \"\\S+ (?P<url>\\S+).*?\" (?P<returnCode>\\S+) \\S+ \".*?\" \"(?P<userAgent>.*?)\"/','string'),('usagestatsplugin',0,'chartType','bar','string'),('usagestatsplugin',0,'createLogFiles','1','bool'),('usagestatsplugin',0,'datasetMaxCount','4','string'),('usagestatsplugin',0,'enabled','1','bool'),('usagestatsplugin',0,'optionalColumns','[\"city\",\"region\"]','object'),('webfeedblockplugin',1,'enabled','0','bool'),('webfeedplugin',1,'displayItems','1','bool'),('webfeedplugin',1,'displayPage','homepage','string'),('webfeedplugin',1,'enabled','1','bool');

--
-- Table structure for table `publication_categories`
--

CREATE TABLE `publication_categories` (
  `publication_id` bigint(20) NOT NULL,
  `category_id` bigint(20) NOT NULL,
  UNIQUE KEY `publication_categories_id` (`publication_id`,`category_id`)
) ENGINE=InnoDB DEFAULT CHARSET=latin1;

--
-- Dumping data for table `publication_categories`
--


--
-- Table structure for table `publication_galley_settings`
--

CREATE TABLE `publication_galley_settings` (
  `galley_id` bigint(20) NOT NULL,
  `locale` varchar(14) NOT NULL DEFAULT '',
  `setting_name` varchar(255) NOT NULL,
  `setting_value` text DEFAULT NULL,
  UNIQUE KEY `publication_galley_settings_pkey` (`galley_id`,`locale`,`setting_name`),
  KEY `publication_galley_settings_galley_id` (`galley_id`)
) ENGINE=InnoDB DEFAULT CHARSET=latin1;

--
-- Dumping data for table `publication_galley_settings`
--

INSERT INTO `publication_galley_settings` VALUES (2,'','pub-id::doi','10.35916/thmr.v1i1.2.g2'),(5,'','pub-id::doi','10.35916/thmr.v1i1.1.g5'),(6,'','pub-id::doi','10.35916/thmr.v1i1.5.g6'),(7,'','pub-id::doi','10.35916/thmr.v1i1.4.g7'),(8,'','pub-id::doi','10.35916/thmr.v1i1.3.g8'),(9,'','pub-id::doi','10.35916/thmr.v1i2.10.g9'),(10,'','pub-id::doi','10.35916/thmr.v1i2.7.g10'),(11,'','pub-id::doi','10.35916/thmr.v1i2.9.g11'),(12,'','pub-id::doi','10.35916/thmr.v1i2.8.g12'),(13,'','pub-id::doi','10.35916/thmr.v1i2.6.g13'),(17,'','pub-id::doi','10.35916/thmr.v2i1.13.g17'),(18,'','pub-id::doi','10.35916/thmr.v2i1.15.g18'),(19,'','pub-id::doi','10.35916/thmr.v2i1.14.g19'),(20,'','pub-id::doi','10.35916/thmr.v2i1.16.g20'),(21,'','pub-id::doi','10.35916/thmr.v2i1.17.g21'),(22,'','pub-id::doi','10.35916/thmr.v2i1.11.g22'),(26,'','pub-id::doi','10.35916/thmr.v2i2.19.g26'),(27,'','pub-id::doi','10.35916/thmr.v2i2.20.g27'),(29,'','pub-id::doi','10.35916/thmr.v2i2.23.g29'),(30,'','pub-id::doi','10.35916/thmr.v2i2.18.g30'),(31,'','pub-id::doi','10.35916/thmr.v2i2.24.g31'),(34,'','pub-id::doi','10.35916/thmr.v0i0.28.g34'),(35,'','pub-id::doi','10.35916/thmr.v2i2.22.g35'),(36,'','pub-id::doi','10.35916/thmr.v0i0.29.g36'),(37,'','pub-id::doi','10.35916/thmr.v0i0.33.g37');

--
-- Table structure for table `publication_galleys`
--

CREATE TABLE `publication_galleys` (
  `galley_id` bigint(20) NOT NULL AUTO_INCREMENT,
  `locale` varchar(14) DEFAULT NULL,
  `publication_id` bigint(20) NOT NULL,
  `label` varchar(255) DEFAULT NULL,
  `submission_file_id` bigint(20) unsigned DEFAULT NULL,
  `seq` double NOT NULL DEFAULT 0,
  `remote_url` varchar(2047) DEFAULT NULL,
  `is_approved` tinyint(4) NOT NULL DEFAULT 0,
  `url_path` varchar(64) DEFAULT NULL,
  PRIMARY KEY (`galley_id`),
  KEY `publication_galleys_publication_id` (`publication_id`),
  KEY `publication_galleys_url_path` (`url_path`),
  KEY `publication_galleys_submission_file_id_foreign` (`submission_file_id`),
  CONSTRAINT `publication_galleys_submission_file_id_foreign` FOREIGN KEY (`submission_file_id`) REFERENCES `submission_files` (`submission_file_id`)
) ENGINE=InnoDB AUTO_INCREMENT=38 DEFAULT CHARSET=latin1;

--
-- Dumping data for table `publication_galleys`
--

INSERT INTO `publication_galleys` VALUES (2,'en_US',2,'PDF',12,0,'',1,NULL),(5,'en_US',1,'PDF',30,2,'',1,NULL),(6,'en_US',5,'PDF',31,0,'',1,NULL),(7,'en_US',4,'PDF',32,0,'',1,NULL),(8,'en_US',3,'PDF',33,0,'',1,NULL),(9,'en_US',10,'PDF',59,0,'',1,NULL),(10,'en_US',7,'PDF',60,0,'',1,NULL),(11,'en_US',9,'PDF',61,0,'',1,NULL),(12,'en_US',8,'PDF',62,0,'',1,NULL),(13,'en_US',6,'PDF',63,0,'',1,NULL),(17,'en_US',12,'PDF',117,0,'',1,NULL),(18,'en_US',14,'PDF',118,0,'',1,NULL),(19,'en_US',13,'PDF',119,0,'',1,NULL),(20,'en_US',15,'PDF',120,0,'',1,NULL),(21,'en_US',16,'PDF',121,0,'',1,NULL),(22,'en_US',11,'PDF',122,0,'',1,NULL),(26,'en_US',18,'PDF',176,0,'',1,NULL),(27,'en_US',19,'PDF',177,0,'',1,NULL),(29,'en_US',22,'PDF',179,0,'',1,NULL),(30,'en_US',17,'PDF',180,0,'',1,NULL),(31,'en_US',23,'PDF',181,0,'',1,NULL),(34,'en_US',26,'PDF',207,0,'',1,NULL),(35,'en_US',21,'PDF',208,0,'',1,NULL),(36,'en_US',27,'PDF',217,0,'',1,NULL),(37,'en_US',30,'PDF',230,0,'',1,NULL);

--
-- Table structure for table `publication_settings`
--

CREATE TABLE `publication_settings` (
  `publication_id` bigint(20) NOT NULL,
  `locale` varchar(14) NOT NULL DEFAULT '',
  `setting_name` varchar(255) NOT NULL,
  `setting_value` mediumtext DEFAULT NULL,
  UNIQUE KEY `publication_settings_pkey` (`publication_id`,`locale`,`setting_name`),
  KEY `publication_settings_publication_id` (`publication_id`)
) ENGINE=InnoDB DEFAULT CHARSET=latin1;

--
-- Dumping data for table `publication_settings`
--

INSERT INTO `publication_settings` VALUES (1,'','hide_author','0'),(1,'','issueId','1'),(1,'','pages','33-38'),(1,'','pub-id::doi','10.35916/thmr.v1i1.1'),(1,'en_US','abstract','<p>Coconut milk is a food ingredient that is used to increase the taste of food and drinks. Coconut milk has processed products in the form of traditional drinks such as ice dawet and cendol ice. According to the Indonesian National Standard in 2009 about Maximum Microbial Contamination in Food in liquid coconut milk must be in accordance with the requirements of TPC parameters, MPN Coliform, Salmonella sp., and Staphylococcus aureus. This study aims to determine the description of Staphylococcus aureus contamination in traditional coconut milk in the Banjarbaru region. This type of research is a descriptive survey. The samples in this study were traditional drinks (es dawet and es cendol) that used coconut milk by using Purposive sampling techniques as many as 6 sellers who made 2 times taking, namely taking 1 hour (testing I) after processing and 2 hours after the first take (testing II) . From the research that has been done, it is found that there are 4 samples of Staphylococcus aureus contamination in 4 samples, namely 3 samples fulfilling the requirements of the Indonesian National Standard and 1 sample that does not meet the requirements of the Indonesian National Standard. It is expected for the seller to always maintain personal hygiene, pay attention to the cleanliness of drinks sold either during processing or serving, noting the cleanliness of the appliance and storing the ingredients of the drinks sold.</p>'),(1,'en_US','cleanTitle','Staphylococcus aureus in Traditional Coconut milk Drinks'),(1,'en_US','prefix',''),(1,'en_US','subtitle',''),(1,'en_US','title','Staphylococcus aureus in Traditional Coconut milk Drinks'),(2,'','copyrightYear','2019'),(2,'','hide_author','0'),(2,'','issueId','1'),(2,'','licenseURL',''),(2,'','pages','19-25'),(2,'','pub-id::doi','10.35916/thmr.v1i1.2'),(2,'en_US','abstract','<p>Salted fish are fish that are processed through a process of salting and drying. The contamination of fungi in salted fish can be caused by prolonged storage. Storage of salted fish that is too long can cause the growth of various fungi. One of the fungi that often grows in salted fish is the fungus of Aspergillus sp. Some species of the Aspergillus sp fungi can produce aflatoxin, one of which is Aspergillus flavus. This study aims to determine the contamination of toxin-producing fungi in salted fish in the traditional Banjarbaru market in Indonesia. The type of research used is descriptive survey. Samples were taken by purposive sampling taken from 5 salted fish sellers each taken 3 different types of salted fish so that the number of samples was 15. The results were obtained from 15 samples examined, 6 positive samples contaminated with Aspergillus flavus fungi, 8 positive samples contaminated with Aspergillus fungi niger, 5 positive samples contaminated with Monilia sitophila fungi, 6 positive samples contaminated with Rhizopus sp fungi, 6 positive samples contaminated with Penicillium sp fungi, and 1 positive sample contaminated with Mucor sp fungi. Based on the results of the study, samples of salted fish contaminated with Aspergillus sp fungi were 73% (11 samples) and no samples were contaminated with Fusarium sp.</p>'),(2,'en_US','cleanTitle','Fungi That Produce Toxins in Salted Fish'),(2,'en_US','copyrightHolder','tropical health and medical research'),(2,'en_US','prefix',''),(2,'en_US','subtitle',''),(2,'en_US','title','Fungi That Produce Toxins in Salted Fish'),(3,'','copyrightYear','2019'),(3,'','hide_author','0'),(3,'','issueId','1'),(3,'','licenseURL',''),(3,'','pages','10-18'),(3,'','pub-id::doi','10.35916/thmr.v1i1.3'),(3,'en_US','abstract','<p>Tuberculosis is one of the causes of anemia in chronic diseases in addition to rheumatoid arthritis, urserative colitis, Crohn\'s disease, ovarian malignancy and Hodgkin\'s lymphoma. Chronic disease anemia also known as anemia due to inflammation, occurs in patients with chronic infections. This anemia also occurs in some patients with malignancy. The causes of anemia are based on cell size, namely iron deficiency (often), anemia of chronic diseases (often), Thalassemia (often in certain ethnicities) causing the size of cells to become microsytic. Cells turn macrocytic due to liver disease, excess alcohol, megaloblastic anemia (vitamin B12 deficiency or folate or exposure to certain drugs), hemolysis, and aplastic anemia. Whereas the normal cell factors are blood loss, the initial phase of iron deficiency, anemia, chronic disease, and kidney failure. The aim of this study was to determine the type of anemia based on the morphological description of erythrocytes in the form, color, and size of erythrocytes seen in the smear blood supply of tuberculosis patients based on treatment duration of 0-6 months. The type of research used was a descriptive survey with a population of 15 people taken by accidental sampling. Data collection is done by examining the blood smear smears. Based on the examination of peripheral blood smear preparations in pulmonary tuberculosis patients, the morphology of erythrocytes in the form of Normocytic normochrome was 74% and microsocytic normochrome was 26%. Suggestions in the research for further research can be carried out with support other than the examination of peripheral blood smear.</p>'),(3,'en_US','cleanTitle','Erythrocyte Morphology of Tuberculosis Patients'),(3,'en_US','copyrightHolder','Tropical Health and Medicine Research'),(3,'en_US','prefix',''),(3,'en_US','subtitle',''),(3,'en_US','title','Erythrocyte Morphology of Tuberculosis Patients'),(4,'','copyrightYear','2019'),(4,'','hide_author','0'),(4,'','issueId','1'),(4,'','licenseURL',''),(4,'','pages','26-32'),(4,'','pub-id::doi','10.35916/thmr.v1i1.4'),(4,'en_US','abstract','<p>Red beans (Phaseolus vulgaris L.) are grains that are rich in nutrients and useful as a substitute for vegetable milk which can be processed into yogurt using Streptococcus thermophillus and Lactobacillus bulgaricus. Carbohydrates in red beans consist of a group of oligosaccharides that have little ability as an energy source for bacteria to produce lactic acid. Therefore, the making of red bean yogurt needs another source of sugar by adding Trigona sp. Honey. The purpose of this study was to determine the effect of adding Trigona sp honey by 0%, 1.9%, 3.8%, 5.7%, 7.6%, 9.5% to the total level of lactic acid in red bean yogurt incubated for 24 hours at 37oC. This type of research is an experiment with the Postest Only With Control Group Design research design using the alkalimetry titration method. The sampling technique used was purposive sampling technique, namely Trigona sp honey bee taken at Trigona sp bee farm in Tambangan, Tanah Laut. Indonesia. The results showed that there was an effect of adding Trigona sp honey to total lactic acid levels in red bean yogurt with the addition of Trigona sp honey 1.9% - 9.5% fulfilling the requirements of SNI 01.2981-2009. The highest average value of total lactic acid in red bean yogurt with the addition of Trigona sp honey 9.5% which is equal to 0.6672%. It is recommended for future researchers to use other types of carbohydrate sources and additives in the form of proteins. For the community, it is recommended to use alternative sources of other sugar and optimize the addition of Trigona sp. Honey.</p>'),(4,'en_US','cleanTitle','Lactic Acid Levels Yogurt Red Beans with Addition of Honey  Trigona sp'),(4,'en_US','copyrightHolder','Tropical Health and Medicine Research'),(4,'en_US','prefix',''),(4,'en_US','subtitle',''),(4,'en_US','title','Lactic Acid Levels Yogurt Red Beans with Addition of Honey  Trigona sp'),(5,'','hide_author','0'),(5,'','issueId','1'),(5,'','pages','1-9'),(5,'','pub-id::doi','10.35916/thmr.v1i1.5'),(5,'en_US','abstract','<p>Dengue Hemorrhagic Fever (DHF) is one of the public health problems that is still found in Indonesia. This disease always occurs repeatedly due to failure of vector control. Indonesia is the second largest country among 30 countries endemic to DHF. This disease can cause death especially in children. In Sungai Paring Village, January-December 2017, 2 cases of DHF were found. The purpose of this study was to find out the House Index (HI), Countainer Index (CI), Breteau Index (BI), larva free numbers (LFN) , Density Figure (DF) and larvae positive container types. This research is a type of descriptive survey research with total sampling technique. The population in this study were households and containers in the Paring Sungai Martapura Sub-District. The sample in this study was all water reservoirs in 100 respondent\'s houses. Of the 100 houses surveyed there were 40 positive larvae (HI 40%), 60% ABJ, 41 larvae positive containers from 356 examined containers (CI 11.52%) and positive larvae containers namely, ceramic bath 3 (0.84% ), 1 cement bath (0.28%), 18 used paint buckets (5.06%), 4 large bucket buckets (1.12%), 3 ablutions (0.84%) and 6 plastic drums (1.70%). Based on this research, it is expected that respondents and the community take precautionary measures and control of dengue hemorrhagic fever (DHF) vectors by 3M. For researchers to conduct further research to determine vector density fluctuations</p>'),(5,'en_US','cleanTitle','Dengue Hemorrhagic Fever Vector in the Paring Sungai Martapura Indonesia'),(5,'en_US','prefix',''),(5,'en_US','subtitle',''),(5,'en_US','title','Dengue Hemorrhagic Fever Vector in the Paring Sungai Martapura Indonesia'),(6,'','copyrightYear','2019'),(6,'','hide_author','0'),(6,'','issueId','3'),(6,'','licenseURL',''),(6,'','pages','39-43'),(6,'','pub-id::doi','10.35916/thmr.v1i2.6'),(6,'en_US','abstract','<p>Cinnamon (<em>Cinnamomum burmannii</em>) is widely used by the public as a food ingredient and contains chemical compounds such as alkaloids, flavonoids, polyphenols, saponins, and terpenoids which function as an antibacterial against&nbsp;<em>Staphylococcus aureus</em>. This study aims to determine the Minimum Inhibitory Concentration and Minimum Bactericidal Concentration of cinnamon ethanol extract on&nbsp;<em>Staphyloccocus aureus</em>. This research is experimental with posttest only control group design through the tube dilution method. The results of the Minimum Inhibitory Concentration (MIC) study showed no clarity at concentrations of 30% and 40%. The results of the Minimum Bactericidal Concentration (MBC) obtained the number of colonies at a level of 10% by 51 CFU / plate, 20% by 27 CFU / plate, 30% by 6 CFU / plate and 40% by 0 CFU / plate. Based on the results of this study concluded that MIC cinnamon ethanol extract was 30%, and MBC cinnamon ethanol extract was 40%.</p>'),(6,'en_US','cleanTitle','Effectiveness of Cinnamon Cinnamomum burmannii Ethanol Extract Against Staphylococcus aureus Growth'),(6,'en_US','copyrightHolder','Tropical Health and Medical Research'),(6,'en_US','prefix',''),(6,'en_US','subtitle',''),(6,'en_US','title','Effectiveness of Cinnamon (Cinnamomum burmannii) Ethanol Extract Against Staphylococcus aureus Growth'),(7,'','copyrightYear','2019'),(7,'','hide_author','0'),(7,'','issueId','3'),(7,'','licenseURL',''),(7,'','pages','62-67'),(7,'','pub-id::doi','10.35916/thmr.v1i2.7'),(7,'en_US','abstract','<p>Rosella (<em>Hibiscus sabdariffa L</em>.) is a plant that can use as herbal medicine. Roselle calyx contains active compounds flavonoids, saponins, and tannins. These compounds can use as an antibacterial against&nbsp;<em>Salmonella typhi</em>. This study aims to determine the Minimum Inhibitory Concentration and Minimum Bactericidal Concentration and the effect of rosella cooking water concentration on&nbsp;<em>Salmonella typhi</em>&nbsp;in vitro. Experimental research with posttest only controls group design through dilution method. The results of the Minimum Inhibitory Concentration (MIC) study showed clarity at concentrations of 60%, 70%, 80%, 90%, and 100%. Minimum Bactericidal Concentration (MBC) results obtained the number of colonies at a concentration of 60% by one colony, at a level of 70%, 80%, 90%, and 100% showed no colony growth. Based on the results of the study concluded that there was an influence of rosella cooking water concentration on the growth of&nbsp;<em>Salmonella typhi</em>&nbsp;in vitro.</p>'),(7,'en_US','cleanTitle','Inhibition Strength of Rosella Hibiscus sabdariffa L  Boiled Water on Salmonella typhi in vitro'),(7,'en_US','copyrightHolder','Tropical Health and Medical Research'),(7,'en_US','prefix',''),(7,'en_US','subtitle',''),(7,'en_US','title','Inhibition Strength of Rosella (Hibiscus sabdariffa L.)  Boiled Water on Salmonella typhi in vitro'),(8,'','copyrightYear','2019'),(8,'','hide_author','0'),(8,'','issueId','3'),(8,'','licenseURL',''),(8,'','pages','44-48'),(8,'','pub-id::doi','10.35916/thmr.v1i2.8'),(8,'en_US','abstract','<p>Dayak onion (<em>Eleutherine palmifolia (L.) Merr</em>) is hereditary used by the Indonesian Kalimantan Dayak community as a medicinal plant with antimicrobial activity. The active ingredient of Dayak onions can inhibit the growth of bacteria such as&nbsp;<em>Escherichia coli</em>. The purpose of this study was to determine the effectiveness of Dayak extract (<em>Eleutherine palmifollia (L) Merr</em>) in inhibiting the growth of&nbsp;<em>Escherichia coli</em>&nbsp;in vitro. This research method is experimental. Posttest Only Control Group Design research design. Research Results Show that Dayak onion extract can inhibit&nbsp;<em>Escherichia coli</em>&nbsp;with concentrations of 10% (6 mm), 20% (8 mm), and 30% (11 mm), 40% (13 mm), 50% (16 mm), 60 % (18 mm) and 70% (20 mm), 80% (20 mm), 90% (24 mm) and 100% (30 mm). The conclusion of the study of Dayak extract has a different effect on the growth of&nbsp;<em>Escherichia coli</em>&nbsp;with a significance value of 0,000</p>'),(8,'en_US','cleanTitle','Effectiveness of Dayak Eleutherine palmifollia L Merr Extracts Against Escherichia coli In Vitro'),(8,'en_US','copyrightHolder','Tropical Health and Medical Research'),(8,'en_US','prefix',''),(8,'en_US','subtitle',''),(8,'en_US','title','Effectiveness of Dayak (Eleutherine palmifollia (L) Merr) Extracts Against Escherichia coli In Vitro'),(9,'','copyrightYear','2019'),(9,'','hide_author','0'),(9,'','issueId','3'),(9,'','licenseURL',''),(9,'','pages','49-55'),(9,'','pub-id::doi','10.35916/thmr.v1i2.9'),(9,'en_US','abstract','<p>Various devices were used to carry circumcision operation out. It noted that these devices, especially the Plastic Clamp method, significantly decrease complications as long as basic surgical rules, are followed. This study aims to examine the application of Plastic Clamp circumcision in infants. Children whose physical examinations revealed circumcision contradictions excluded from the study. During the study period, a total of 485 children was circumcised using the plastic clamp method under sedated anesthesia and by a single pediatric surgeon. Measurements take before operations and plastic clamps with diameters ranging from 1.2 to 1.6 cm used. The duration of the surgical procedure, early and late period post-operative complications, the separation duration of the plastic clamp, and problems evaluated. Study Results, the average length of the surgical operation was determined to be 5.5 minutes. The average hospital stay duration of the patients was 2 hours. During the follow-ups, edemas were observed in mucosal areas of 24 (4.9%) patients, 48 hours after the clamp placed and edema and swelling recovered seven days after the circumcision at the latest. On average, it observed that plastic clamp separated on its own in 7.1 days. It noted that in 4 (0.8%) patients, the plastic clamp separated prematurely during 6 hours following the operation due to pulling. Conclusion study plastic Clamp (Alisklamp) is starting to gain popularity because it falls off on its own and that it can be applied quickly under local anesthesia</p>'),(9,'en_US','cleanTitle','Circumcision With Plastic Clamb in Newborn Infants'),(9,'en_US','copyrightHolder','Tropical Health and Medical Research'),(9,'en_US','prefix',''),(9,'en_US','subtitle',''),(9,'en_US','title','Circumcision With Plastic Clamb in Newborn Infants'),(10,'','copyrightYear','2019'),(10,'','hide_author','0'),(10,'','issueId','3'),(10,'','licenseURL',''),(10,'','pages','56-61'),(10,'','pub-id::doi','10.35916/thmr.v1i2.10'),(10,'en_US','abstract','<p>Many food snacks have the advantage but still have health risks as evidenced by the many cases of food poisoning, one of the causes of food poisoning is&nbsp;<em>Bacillus cereus</em>. This study aims to determine the amount and percentage of&nbsp;<em>Bacillus cereus</em>&nbsp;pollution on snacks sold in elementary schools. This research is expected to provide information to the public about the presence or absence of bacteria&nbsp;<em>Bacillus cereus</em>&nbsp;contamination. This research uses purposive sampling technique. The sample used in this study was hawker food sold in Elementary School as many as 20 samples consisting of 10 samples that have not fried and ten samples that have cooked. The results of the questionnaire study showed 83% of sellers did not put snacks in closed containers and found&nbsp;<em>Bacillus cereus</em>&nbsp;in meals. Conclusion 9 (45%) of food samples contaminated with&nbsp;<em>Bacillus cereus</em>&nbsp;bacteria</p>'),(10,'en_US','cleanTitle','Contamination of Bacillus cereus in Elementary School Snack Food'),(10,'en_US','copyrightHolder','Tropical Health and Medical Research'),(10,'en_US','prefix',''),(10,'en_US','subtitle',''),(10,'en_US','title','Contamination of Bacillus cereus in Elementary School Snack Food'),(11,'','copyrightYear','2020'),(11,'','hide_author','0'),(11,'','issueId','4'),(11,'','licenseURL',''),(11,'','pages','39-43'),(11,'','pub-id::doi','10.35916/thmr.v0i0.11'),(11,'en_US','abstract','<p>Pilonidal sinus is a common chronic disease of the sacrococcygeal region. Treatment varies according to the clinical presentation of the disease. Although many surgical methods have proposed, the ideal approach is still lacking due to high recurrence rates. This study aimed to evaluate the role of Z-plasty in achieving primary recovery in pilonidal disease and morbidity and recurrence. Twenty-four patients (15 males and nine females) who underwent sinus excision and Z-plasty closure for the sacrococcygeal pilonidal sinus included in this study. Follow-up ranged from 6 to 12 months. There were 15 males and nine females with a median age of 16 years. The mean hospital stay was two days. There was no recurrence, and all patients were satisfied with the cosmetics. Two patients (5%) had numbness on the flap. No flap necrosis observed in any patient. Only three patients had a wound infection (7.5%). Wound seroma developed in five patients (12.5%). Although some technical expertise is required, excision of sinus and Z-plasty provides superior results in terms of recurrence and hospitalization of pilonidal sinus patients during hospitalization.</p>'),(11,'en_US','cleanTitle','Z Plasty Single Center Results in The Treatment of Pilonidal Sinus Disease in Children'),(11,'en_US','copyrightHolder','Tropical Health and Medical Research'),(11,'en_US','prefix',''),(11,'en_US','subtitle','Z Plasty Results in the Treatment of Pilonidal Sinus Disease'),(11,'en_US','title','Z Plasty Single Center Results in The Treatment of Pilonidal Sinus Disease in Children'),(12,'','copyrightYear','2020'),(12,'','hide_author','0'),(12,'','issueId','4'),(12,'','licenseURL',''),(12,'','pages','1-8'),(12,'','pub-id::doi','10.35916/thmr.v0i0.13'),(12,'en_US','abstract','<p>The hyoid is a U shaped bone with a backward concavity. Locates at the lower edge of the mandible and lies parallel to the floor — functions as an attachment point for muscles and soft tissues of head and neck. The aim is to examine the variations and ossification of the hyoid. This study was performed retrospectively in 2010 - 2013 on 200 CT images. 3D volume rendering images of pure hyoid bone created from the axial CT images in 1 mm slice thickness.<strong>&nbsp;</strong>The morphological variation count was 23; ossification variations were 9 cases.<strong>&nbsp;</strong>No difference observed by gender, but there are differences between the age groups for ossification. Ossification rates were found as; partial 34 %, unilateral 33%, complete 22%, early 11%. Most of the morphologic variation were belong to minor horn (57%), variations of major horn were 30%.&nbsp;The clinical importance of hyoid bone has realized in recent years. Due to the close relationship of this bone with the muscles, ligaments, fascias, sternum, clavicles, its dysfunction can lead to general problems. Studies about the variations of hyoid bone found to be quite low, and we believe that our research will contribute to the content of literature.</p>'),(12,'en_US','cleanTitle','The Evaluation of Variations of The Hyoid Bone with Multidetector Computerized Tomography'),(12,'en_US','copyrightHolder','Tropical Health and Medical Research'),(12,'en_US','prefix',''),(12,'en_US','subtitle',''),(12,'en_US','title','The Evaluation of Variations of The Hyoid Bone with Multidetector Computerized Tomography'),(13,'','copyrightYear','2020'),(13,'','hide_author','0'),(13,'','issueId','4'),(13,'','licenseURL',''),(13,'','pages','18-25'),(13,'','pub-id::doi','10.35916/thmr.v0i0.14'),(13,'en_US','abstract','<p>Perinatal arterial ischemic stroke (PAIS) is one of the frequent causes of mortality and morbidity, but its etiology remains unclear. <em>COL4A1 </em>and <em>COL4A2</em> mutations are monogenetic causes of weakness of the basement vascular membranes resulting in cerebral small-vessel disease, cerebral hemorrhage, and porencephaly. We hypothesized that variations in the&nbsp;<em>COL4A1</em>&nbsp;and&nbsp;<em>COL4A2</em>&nbsp;genes cause PAIS and performed mutation screening of these genes in 17 PAIS patients by whole-exome sequencing. Clinical, demographic, and laboratory data of the 17 PAIS patients were obtained by evaluating hospital files retrospectively. Patients included in the study were invited to the clinic for&nbsp;<em>COL4A1</em>&nbsp;and&nbsp;<em>COL4A2</em>&nbsp;mutation analysis. Results: The patient group consisted of 13 females (76.5%) and four males (23.5%) with a mean age of 107.4 ± 11.5 months. Maternal/fetal and prothrombotic risk factors identified in 52.9% and 94.1% of the patients, respectively. Whole-exome sequencing analysis did not reveal&nbsp;<em>COL4A1</em>&nbsp;and&nbsp;<em>COL4A2</em>&nbsp;pathological mutations in any of the patients. &nbsp;Although we did not find an association between PAIS and&nbsp;<em>COL4A1</em>&nbsp;and&nbsp;<em>COL4A2</em>&nbsp;variations, we believe that new studies with larger patient populations may reveal such a relationship.</p>'),(13,'en_US','cleanTitle','COL4A1 and COL4A2 Mutations Analyses with Perinatal Arterial ?schemic Stroke'),(13,'en_US','copyrightHolder','Tropical Health and Medical Research'),(13,'en_US','prefix',''),(13,'en_US','subtitle',''),(13,'en_US','title','COL4A1 and COL4A2 Mutations Analyses with Perinatal Arterial ?schemic Stroke'),(14,'','copyrightYear','2020'),(14,'','hide_author','0'),(14,'','issueId','4'),(14,'','licenseURL',''),(14,'','pages','9-17'),(14,'','pub-id::doi','10.35916/thmr.v0i0.15'),(14,'en_US','abstract','<p>Most patients rely on the internet to access a medical information source. Patients undergoing surgery use the internet and social media to gain information about anesthesia and surgery. In our study, it has dealt with the use of the internet and social media for news in patients who will undergo surgery and the impact of age and education on this situation. Every patient who came to our clinic for surgery between August 1, 2019 and December 31, 2019 was asked to complete a survey preoperatively. This questionnaire includes questions about internet use. The rate of using the internet as the source of anesthesia information was 24.3% in young patients, this rate found to be 7% in the middle age patients, and none of the elderly patients used the internet as the source of anesthesia information. In terms of operation information, the rate of those using internet as a source of information in the young patients was 29.7%, whereas it was 14% in the middle age patients, and the rate was 5.3% in the elderly patients. Some of the patients (21%) who came to the clinic used internet and social media as a source of information. This study has been found useful in the sense that anesthesiologists and surgeons send information about themselves on the internet and be accessible via social media.</p>'),(14,'en_US','cleanTitle','The Effect of Age and Education Level as a Source of Information on Internet Use in Preoperative Patients'),(14,'en_US','copyrightHolder','Tropical Health and Medical Research'),(14,'en_US','prefix',''),(14,'en_US','subtitle',''),(14,'en_US','title','The Effect of Age and Education Level as a Source of Information on Internet Use in Preoperative Patients'),(15,'','copyrightYear','2020'),(15,'','hide_author','0'),(15,'','issueId','4'),(15,'','licenseURL',''),(15,'','pages','26-33'),(15,'','pub-id::doi','10.35916/thmr.v0i0.16'),(15,'en_US','abstract','<p><em>Malassezia furfur</em> is very easy to infect the skin of people who are often in damp places with higher water content for a long time. One of the plants that can add to inhibit the growth of <em>Malassezia furfur</em> is basil. The purpose of this study was to determine the number of <em>Malassezia furfur</em> mushroom growths formed on the SDA media with the addition of basil powder concentrations of 2%, 4%, 6%, and 8% on day 5. The method used in this study was experimental with a post-test research design with control. The material used is the leaves of basil plants obtained from basil plantations in Sukamara Village, Landasan Ulin Banjarbaru, Indonesia. The results of the study, <em>Malassezia furfur</em>, grew in all concentrations with a creamy colony, smooth and soft texture with sizes between 1-2 mm and microscopically obtained hyphae and spores. The conclusion of this study, <em>Malassezia furfur</em> mushroom growth in all concentrations of 2%, 4%, 6%, and 8% with the results of the number of colonies in a row that is 798 colonies, 755 colonies, 661 colonies, 622 colonies. The results showed a decrease in the name of colonies, with each increase in concentration.</p>'),(15,'en_US','cleanTitle','Growth of Malassezia furfur in Media with The Addition of Basil Ocimum basilicum Linn Powder'),(15,'en_US','copyrightHolder','Tropical Health and Medical Research'),(15,'en_US','prefix',''),(15,'en_US','subtitle',''),(15,'en_US','title','Growth of Malassezia furfur in Media with The Addition of Basil (Ocimum basilicum Linn) Powder'),(16,'','copyrightYear','2020'),(16,'','hide_author','0'),(16,'','issueId','4'),(16,'','licenseURL',''),(16,'','pages','34-38'),(16,'','pub-id::doi','10.35916/thmr.v0i0.17'),(16,'en_US','abstract','<p><em>Citrus hystrix</em>&nbsp;D.C. is a citrus-type citrus tribal plant, one of the most favored and developed fruits by the people of South Kalimantan Indonesia.&nbsp;<em>Citrus hystrix</em>&nbsp;D.C. contains useful chemical compounds, one of which is flavonoids, which function as antibacterial and play a critical role in inhibiting bacterial growth. The purpose of this study was to determine the antibacterial activity of&nbsp;<em>Citrus hystrix</em>&nbsp;D.C. juice at 25%, 50%, 75%, and 100% concentration on the growth of&nbsp;<em>Staphylococcus aureus</em>. This research is experimental with Posttest Only Control Group Design. The material used was local&nbsp;<em>Citrus hystrix</em>&nbsp;D.C., fresh and clean green, obtained from the Astambul area, Banjar Regency, South Kalimantan Indonesia. The results showed that there was a zone of inhibition of&nbsp;<em>Citrus hystrix</em>&nbsp;D.C. juice on&nbsp;<em>Staphylococcus aureus</em>&nbsp;growth which began at 25%, 50%, 75% and 100% concentrations of 13.75mm, 17.25mm, 19.75mm, and 21.75mm, so it can conclude that the juice of&nbsp;<em>Citrus hystrix</em>&nbsp;D.C. influences the growth of&nbsp;<em>Staphylococcus aureus</em>&nbsp;which has the largest inhibitory zone at a concentration of 100%.</p>'),(16,'en_US','cleanTitle','Citrus hystrix DC Juice Inhibits The Growth of Staphylococcus aureus'),(16,'en_US','copyrightHolder','Tropical Health and Medical Research'),(16,'en_US','prefix',''),(16,'en_US','subtitle',''),(16,'en_US','title','Citrus hystrix D.C Juice Inhibits The Growth of Staphylococcus aureus'),(17,'','copyrightYear','2020'),(17,'','hide_author','0'),(17,'','issueId','5'),(17,'','licenseURL',''),(17,'','pages','77-85'),(17,'','pub-id::doi','10.35916/thmr.v0i0.18'),(17,'en_US','abstract','<p>The present study aimed to investigate if there is an association between the diameter of the choledochal duct and choledochal duct stone formation. The present study consisted of 79 patients who had endoscopic interventions and MRCP procedure with surgery history. Some followed due to disorders of the liver, gall bladder, and biliary tract and some of whom presented hepatobiliary complaints between 2017 and 2019. The choledochal duct diameter measured from MRCP images and choledochal duct stone had examined; the type classified according to Huang classification. Among the cases classified, 29 patients, was Huang Type A1, 27 patients were Huang Type A2, 16 patients were Huang Type A3, and seven patients were Huang Type A4. There was not any statistically significant association in terms of choledochal diameter regarding the types. Choledochal duct diameter was statistically higher in female patients than male patients (p&lt;0.05). According to the age group, a statistically significant difference detected for choledochal duct stone formation; individuals over 45 years of age present an increase for choledochal duct stone (p&lt;0.05). The choledochal duct diameter was found higher in female patients compared with male patients; stone formation has found increased in both gender over 45 years of age. It should consider before surgical procedures and radiological tests.</p>'),(17,'en_US','cleanTitle','Investigation of Biliary Canal Variations as a Cause of Stone Formation in the Choledochal Canal'),(17,'en_US','copyrightHolder','Tropical Health and Medical Research'),(17,'en_US','prefix',''),(17,'en_US','subtitle',''),(17,'en_US','title','Investigation of Biliary Canal Variations as a Cause of Stone Formation in the Choledochal Canal'),(18,'','copyrightYear','2020'),(18,'','hide_author','0'),(18,'','issueId','5'),(18,'','language','en'),(18,'','licenseURL',''),(18,'','pages','44-52'),(18,'','pub-id::doi','10.35916/thmr.v0i0.19'),(18,'en_US','abstract','<p>Poor sleep quality is a prevalent health problem among patients with diabetes. Metabolic syndrome (MetS) is common in type 2 diabetic patients and associated with morbidity and mortality. We aimed to investigate sleep quality among type 2 diabetes patients according to their metabolic syndrome status. This was an analysis of data collected from 189 adult type 2 diabetic patients. The patients divided into two groups (metabolic and non-metabolic) based on the presence of MetS. Anthropometric measurements, blood pressure, and serum glucose, lipid levels were collected. The Pittsburgh Sleep Quality Index (PSQI) calculated for all patients. There was no significant difference in subjective sleep quality scores between the two groups (p &gt; 0.05). However, there was a significant difference in sleep latency scores between the two groups; the scores of patients with MetS were lower than those of patients without MetS (p = 0.010, p &lt; 0.05).Sleep quality was low in 57.1% (n = 108) of patients with diabetes. Poor sleep is common among diabetic patients, but in this study, metabolic syndrome existence not associated with sleep quality in type 2 diabetic patients.</p>'),(18,'en_US','cleanTitle','Sleep Quality of Diabetic Patients with Metabolic Syndrome is There  a Difference'),(18,'en_US','copyrightHolder','Tropical Health and Medical Research'),(18,'en_US','prefix',''),(18,'en_US','subtitle',''),(18,'en_US','title','Sleep Quality of Diabetic Patients with Metabolic Syndrome, is There  a Difference?'),(19,'','copyrightYear','2020'),(19,'','hide_author','0'),(19,'','issueId','5'),(19,'','licenseURL',''),(19,'','pages','53-60'),(19,'','pub-id::doi','10.35916/thmr.v0i0.20'),(19,'en_US','abstract','<p>The ophthalmological examination is a vital aspect of the central nervous system examination in comatose children. Several authors have documented different findings with disparities in their recommendations about making ophthalmological examination a routine in the management of the unconscious child. This study sought to evaluate the relevance of routine ophthalmological examination in the management of unconscious children admitted into the paediatric emergency room of Enugu State University Teaching Hospital, Parklane, Enugu, Nigeria. This was a prospective longitudinal study conducted from April 2018 to March 2019. Unconscious patients whose caregivers gave consent were recruited into the study. Traumatic causes of coma were excluded. Demographic features of the patients were obtained. The ophthalmologic examination and diagnoses were made by an ophthalmologist, while the emergency room pediatrician made clinical assessment and diagnoses.&nbsp;Sixteen unconscious children had ophthalmologic examinations done. The Glasgow coma scale scores ranged from 3 to 11, with a mean of 6.6±2.2. Thirteen (81.3%) of the children were classified as severe unconsciousness while the rest were moderate. The degree of unconsciousness was significantly associated with the outcome (?2 =16.0, P = 0.03). A total of six (37.5%) ophthalmologic diagnoses were made, which included cerebral malaria, degenerative myopia, orbital cellulitis, and exposure keratopathy. The presence of an abnormal ophthalmologic finding was not significantly associated with outcome (?2 =0.36, P = 0.55). Routine ophthalmologic examination may not be justified as a management protocol in unconscious children but may be considered in selected cases.</p>'),(19,'en_US','cleanTitle','Ophthalmological Findings in Paediatric NonTraumatic Coma in Enugu State University Teaching Hospital Parklane Enugu Nigeria'),(19,'en_US','copyrightHolder','Tropical Health and Medical Research'),(19,'en_US','prefix',''),(19,'en_US','subtitle',''),(19,'en_US','title','Ophthalmological Findings in Paediatric Non-Traumatic Coma in Enugu State University Teaching Hospital, Parklane, Enugu, Nigeria'),(20,'','citationsRaw','1.	Wolfsdorf JI, Allgrove J, Craig ME, et al. A Consensus Statement from the International Society for Pediatric and Adolescent Diabetes: diabetic ketoacidosis and hyperglycemic hyperosmolar state. Pediatric Diabetes 2014: 15 (Suppl. 20): 154–79.\r\n2.	Lawrence SE. Diagnosis and treatment of diabetic ketoacidosis in children and adolescents. Paediatrics & child health. 2005 Jan 1;10(1):21-4.\r\n3.	Usher-Smith JA, Thompson M, Ercole A, Walter FM. Variation between countries in the frequency of diabetic ketoacidosis at first presentation of type 1 diabetes in children: a systematic review. Diabetologia 2012; 55: 2878–94. Original Article 16 African Journal of Diabetes Medicine Vol 24 No 2 November 2016 \r\n4.	Akanji AO. Clinical experience with adolescent diabetes in a Nigerian teaching hospital. Natl Med Assoc 1996; 88: 101–5. \r\n5.	Adeleke SI, Asani MO, Belonwu RO, et al. Childhood diabetes mellitus in Kano, North West-Nigeria. Niger J Med 2010; 19: 145–7. \r\n6.	Jaja T, Yarhere I. The pattern of presentation and trends of childhood diabetes mellitus in Port Harcourt, southern Nigeria. B J Med & Med Res 2015; 5: 247–53. \r\n7.	Ibekwe U M, Ibekwe C R. Pattern of type 1 diabetes mellitus in Abakaliki, south-eastern Nigeria. Pediatric Oncall [serial online] 2011[cited 2011 July 1]; 8. Art #48. Available from : http://www. pediatriconcall.com/Journal/Article/FullText.asp. \r\n8.	Ugege O, Ibitoye PK, Jiya NM. Childhood diabetes mellitus in Sokoto, north-western Nigeria: a ten year review. Sahel Med J 2015; 16: 97–101. \r\n9.	John C, Abok II, Yilgwan C. Clinical profile of childhood type 1 diabetes in Jos, Nigeria. Afr J Diabet Med 2013; 21: 11–13. \r\n10.	Onyiriuka AN, Ifebi E. Ketoacidosis at diagnosis of type 1 diabetes in children and adolescents: frequency and clinical characteristics. J Diab & Metab Dis 2013; 12: 47 http://www.jdmdonline.com/ content/12/1/47. \r\n11.	Monabeka HG, Mbika-Cardorelle A, Moyen G. Ketoacidosis in children and teenagers in Congo. Sante 2003; 13: 139–41. \r\n12.	Reddy Y, Ganie Y, Pillay K. Characteristics of children presenting with newly diagnosed type 1 diabetes. S Afr J Child Hlth 2013; 7: 46–8. \r\n13.	Majaliwa ES, Munubhi E, Ramaiya K, et al. Survey on acute and chronic complications in children and adolescents with type 1 diabetes at Muhimbili National Hospital in Dar es Salaam, Tanzania. Diabetes Care 2007; 10: 2187–92.\r\n14.	Edge JA, Ford-Adams ME, Dunger DB. Causes of death in children with insulin dependent diabetes 1990–96. Arch Dis Child 1999; 81: 318–23\r\n15.	Oyenusi EE, Nwaogu NT, Oduwole AO. Keto-acidosis at diagnosis of type 1 diabetes in children and adolescents in Lagos, South-West Nigeria: the pattern over 10 years. African Journal of Diabetes Medicine. 2016 Nov 1;24(2).\r\n16.	Patterson C, Guariguata L, Dahlquist G, Soltész G, Ogle G, Silink M. Diabetes in the young–a global view and worldwide estimates of numbers of children with type 1 diabetes. Diabetes research and clinical practice. 2014 Feb 1;103(2):161-75.\r\n17.	Hadgu FB, Sibhat GG, Gebretsadik LG. Diabetic ketoacidosis in children and adolescents with newly diagnosed type 1 diabetes in Tigray, Ethiopia: retrospective observational study. Pediatric health, medicine and therapeutics. 2019;10:49.\r\n18.	Wu HB, Zhong JM, Hu RY, Wang H, Gong WW, Pan J, Fei FR, Wang M, Guo LH, Yang L, Yu M. Rapidly rising incidence of Type 1 diabetes in children and adolescents aged 0–19 years in Zhejiang, China, 2007 to 2013. Diabetic Medicine. 2016 Oct;33(10):1339-46.\r\n19.	Maahs DM, West NA, Lawrence JM, Mayer-Davis EJ. Epidemiology of type 1 diabetes. Endocrinology and Metabolism Clinics. 2010 Sep 1;39(3):481-97.\r\n20.	Mooney RA, Senn J, Cameron S, Inamdar N, Boivin LM, Shang Y, Furlanetto RW: Suppressors of cytokine signaling-1 and – 6 associate with and inhibit the insulin receptor: a potential mechanism for cytokine-mediated insulin resistance. J Biol Chem 2001, 276(28):25889–25893\r\n21.	Komulainen J, Lounamaa R, Knip M, Kaprio EA, Akerblom HK. Ketoacidosis at the diagnosis of type 1 (insulin dependent) diabetes mellitus is related to poor residual beta cell function. Arch Dis Childhood1996;75:410-5\r\n22.	Blanc N, Lucidarme N, Tubiana-Rufi N. Factors associated to ketoacidosis at diagnosis of type 1 diabetes in children. Archives de Pediatrie2003;10:320-5\r\n23.	Bui H, To T, Stein R, Fung K, Daneman D. Is diabetic ketoacidosis at disease onset a result of missed diagnosis? J Pediatr2010;156:472-7\r\n24.	Rosenbauer J, Icks A, Giani G. Clinical characteristics and predictors of severe ketoacidosis at onset of type 1 diabetes mellitus in children in a North Rhine-Westphalian region, Germany. J Pediatr Endocrinol Metab2002;15:1137-45.\r\n25.	Smith CP, Firth D, Bennett S, Howard C, Chisholm P. Ketoacidosis occurring in newly diagnosed and established diabetic children. Acta Paediatrica1998;87:537-41.\r\n26.	Usher-Smith JA, Thompson MJ, Sharp SJ, Walter FM. Factors associated with the presence of diabetic ketoacidosis at diagnosis of diabetes in children and young adults: a systematic review. Bmj. 2011 Jul 7;343:d4092.\r\n27.	Xin Y, Yang M, Chen XJ, Tong YJ, Zhang LH. Clinical features at the onset of childhood type 1 diabetes mellitus in Shenyang, China. Journal of paediatrics and child health. 2010 Apr;46(4):171-5.\r\n28.	Levy?Marchal C, Patterson CC, Green A, Eurodiab Ace Study Group. Geographical variation of presentation of type 1 diabetes in children. Diabetologia. 2001; 44 (Suppl. 3): B75– 80.\r\n29.	Al?Magamsi MS, Habib HS. Clinical presentation of childhood type 1 diabetes mellitus in the Al?Madina region of Saudi Arabia. Pediatr. Diabetes. 2004; 5: 95– 8.\r\n30.	Umar UI. Pattern of presentation of Type 1 diabetic patients in Kano, Nigeria. Niger J Basic Clin Sci 2016;13:85-8.\r\n31.	Agarwal A, Yadav A, Gutch M, Consul S, Kumar S, Prakash V, Gupta AK, Bhattacharjee A. Prognostic factors in patients hospitalized with Diabetic Ketoacidosis. Endocrinology and metabolism. 2016 Sep 1;31(3):424-32.\r\n32.	Idris UA. Childhood diabetes mellitus in a rural tertiary hospital in North-West Nigeria. CHRISMED J Health Res 2018;5:123-6.\r\n33.	Umpierrez GE, Murphy MB, Kitabchi AE. Diabetic ketoaci¬dosis and hyperglycemic hyperosmolar syndrome. Diabetes Spectr 2002;15:28-36.\r\n34.	Rayfield EJ, Ault MJ, Keusch GT, Brothers MJ, Nechemias C, Smith H. Infection and diabetes: the case for glucose control. Am J Med 1982;72:439-50.'),(20,'','hide_author','0'),(20,'en_US','abstract','<p>Diabetic ketoacidosis (DKA) is the most serious complication in paediatric cases of type 1 diabetes and also the leading cause of death in these children. There is a wide geographic variation in the frequency of DKA at onset of diabetes. This study sought to determine the prevalence and pattern of DKA in Enugu and review the treatment and outcome over a 10 year period.</p>\r\n<p>This retrospective study was conducted in the Children Emergency Rooms (CHER) of the two tertiary institutions in Enugu State, South East Nigeria: Enugu State University Teaching Hospital (ESUTH) and the University of Nigeria Teaching Hospital (UNTH). The biochemical criteria for the diagnosis of diabetic ketoacidosis (DKA) was based on the presence of hyperglycaemia (blood glucose?&gt;?11&nbsp;mmol/L), acidosis (serum bicarbonate?&lt;?15&nbsp;mmol/L) and ketonuria (urine ketone ?1+).</p>\r\n<p>A total of 16,488 children were admitted during the 10 years period, of which 21 children presented with DKA, representing a prevalence of 0.13%. Six (28.6%) of the patients were newly diagnosed diabetics while fifteen (71.4%) were known diabetics, of which 9 (60%) were presenting with DKA for the first time. A total of two patients died giving a mortality rate of 9.5%. The rest were treated and discharged. The total duration of hospitalization ranged from 1 – 31 days, with a mean duration of 13.3 ± 7.5 days.</p>\r\n<p>This study has revealed some of the challenges with management of children with DKA and the mortality rate which is unacceptably high</p>'),(20,'en_US','cleanTitle','PREVALENCE AND PATTERN OF DIABETIC KETOACIDOSIS AMONG CHILDREN IN ENUGU SOUTH EAST NIGERIA: A 10 YEAR RETROSPECTIVE STUDY'),(20,'en_US','prefix',''),(20,'en_US','subtitle',''),(20,'en_US','title','PREVALENCE AND PATTERN OF DIABETIC KETOACIDOSIS AMONG CHILDREN IN ENUGU, SOUTH EAST NIGERIA: A 10 YEAR RETROSPECTIVE STUDY'),(21,'','copyrightYear','2020'),(21,'','hide_author','0'),(21,'','issueId','5'),(21,'','licenseURL',''),(21,'','pages','61-68'),(21,'','pub-id::doi','10.35916/thmr.v0i0.22'),(21,'en_US','abstract','<p>Infection is a disease caused by the presence of pathogenic microbes, including <em>Staphylococcus aureus</em> and <em>Escherichia coli</em>. Garlic (<em>Allium sativum</em> L.) has chemical contents such as allicin, alkaloids, flavonoids, saponins, tannins, and steroids, which can function as an antibacterial against <em>Staphylococcus aureus</em> and <em>Escherichia coli</em>. This study aims to determine the antibacterial properties of garlic extract powder against <em>Staphylococcus aureus</em> and <em>Escherichia coli</em>. This research is the initial stage of the development of herbal medicines to treat <em>Staphylococcus aureus</em> and <em>Escherichia coli</em> infections. The antibacterial activity test was carried out by the liquid dilution method. The concentrations used were 30 mg/mL, 40 mg/mL, 50 mg/mL, 60 mg/mL and 70 mg/mL. The results showed that the Minimum Inhibitory Concentration (MIC) against <em>Staphylococcus aureus</em> and <em>Escherichia coli</em> was 40 mg/mL and 50 mg / mL. Minimum Bactericidal Concentration (MBC) results for <em>Staphylococcus aureus</em> and <em>Escherichia coli</em> are 50 mg/mL and 70 mg/mL. Based on the Simple Linear Regression test, the R2 value of <em>Staphylococcus aureus</em> and <em>Escherichia coli</em> is 0.545 and 0.785, so it can be concluded that there is an effect of garlic extract powder on the growth of <em>Staphylococcus aureus</em> and <em>Escherichia coli</em> by 54.5% and 78.5%. Garlic (<em>Allium sativum</em> L.) extract powder has potential as herbal medicine against bacterial infections but requires further research to determine its effect in vivo.</p>'),(21,'en_US','cleanTitle','Garlic Extract Allium sativum L Effectively Inhibits  Staphylococcus aureus and Escherichia coli by Invitro Test'),(21,'en_US','copyrightHolder','Tropical Health and Medical Research'),(21,'en_US','prefix',''),(21,'en_US','subtitle',''),(21,'en_US','title','Garlic Extract (Allium sativum L.) Effectively Inhibits  Staphylococcus aureus and Escherichia coli by Invitro Test'),(22,'','copyrightYear','2020'),(22,'','hide_author','0'),(22,'','issueId','5'),(22,'','licenseURL',''),(22,'','pages','69-76'),(22,'','pub-id::doi','10.35916/thmr.v0i0.23'),(22,'en_US','abstract','<p><em>Streptococcus pyogenes</em> and <em>Pseudomonas aeruginosa</em> are some of the causes of infectious diseases. <em>Centella asiatica (L.) Urban</em> has many benefits for humans, including overcoming fever, anti-bacterial, and anti-inflammatory. This study aims to determine the inhibition of <em>Centella asiatica (L.) Urban</em> leaves ethanol extract on the growth of <em>Streptococcus pyogenes</em> and <em>Pseudomonas aeruginosa</em>. This research is the initial stage of the development of herbal medicines to treat <em>Streptococcus pyogenes</em> and <em>Pseudomonas aeruginosa</em> infections. The independent variable was the concentration of ethanol extract of <em>Centella asiatica (L.) Urban</em> leaves and the dependent variable was the growth of <em>Streptococcus pyogenes</em> and <em>Pseudomonas aeruginosa</em>. The anti-bacterial activity test was carried out by the liquid dilution method. The concentrations used are 20%, 40%, 60%, 80%. 100% The results showed that the minimum inhibitory concentration (MIC) against <em>Streptococcus pyogenes</em>: 40% and <em>Pseudomonas aeruginosa</em>: 40%. Minimum bactericidal concentration (MBC) results for <em>Streptococcus pyogenes</em>: 60% and <em>Pseudomonas aeruginosa</em>: 60%. So it can be concluded that there is inhibition of the ethanol extract of <em>Centella asiatica (L.) Urban</em> leaves on the growth of <em>Streptococcus pyogenes</em> and <em>Pseudomonas aeruginosa</em>. Centella Asiatica (L.) Urban extract has potential as herbal medicine against bacterial infections but requires further research to determine its effect in vivo.</p>'),(22,'en_US','cleanTitle','Ethanol Extract Of Centella Asiatica L Urban Leaves Effectively Inhibit Streptococcus pyogenes and  Pseudomonas aeruginosa by Invitro Test'),(22,'en_US','copyrightHolder','Tropical Health and Medical Research'),(22,'en_US','prefix',''),(22,'en_US','subtitle',''),(22,'en_US','title','Ethanol Extract Of Centella Asiatica (L.) Urban Leaves Effectively Inhibit Streptococcus pyogenes and  Pseudomonas aeruginosa by Invitro Test'),(23,'','copyrightYear','2020'),(23,'','hide_author','0'),(23,'','issueId','5'),(23,'','licenseURL',''),(23,'','pages','86-95'),(23,'','pub-id::doi','10.35916/thmr.v0i0.24'),(23,'en_US','abstract','<p><strong>Introduction:</strong> tenofovir disoproxil fumarate (TDF) has low general toxicity and can lead to moderate reduction in glomerular filtration rate (GFR) and a larger prevalence of renal tubular dysfunction (RTD). The mechanism of RTD has been attributed to the mitocondrial lesion in the proximal tubule cells caused by the increase of the intracelular TDF concentration. Aditionaly, host´s genetic polymorphisms have been considered one of the TDF concentration increasing causes. RTD can be characterized by the deficiency in the solutes reabsorption as bicarbonate, uric acid, phosphate, glucose and low weight molecular proteins.</p>\r\n<p>&nbsp;<strong>Objectives:</strong> verify the prevalence of renal tubular dysfunction &nbsp;in the people living with HIV (PLWH) on TDF treatment, identify the risk factors associated and compare the 24-hours urine findings with the serum creatinine and its calculated clearance for the RTD identification. <strong>Methods:</strong> prospective case control study, performed between january 2011 to december 2015. <strong>Results:</strong> 163 patients were included in the study, in which 106 (68.4%) didn\'t use TDF and 57 (31.6%) used TDF. RTD occured in 8 patients that used TDF, a prevalence of 14%. The patients age was identified as significant risk factor for the development of RTD. Proteinuria and the phosphaturia were significant for the diagnosis of RTD. <strong>Conclusions:</strong> age was determined as risk factor for RTD, mainly in patients over 60 years-old. Phosphaturia and proteinuria showed the greatest diagnosis sensitivity for RTD. The serum creatinine and phosphorus concentration, the creatinine clearance and the stand alone hyperproteinuria should not be used as diagnosis predictors for RTD.</p>'),(23,'en_US','cleanTitle','Renal Tubular Dysfunction Linked to Tenofovir in Antiretroviral Therapy in HIVInfected Patients'),(23,'en_US','copyrightHolder','Tropical Health and Medical Research'),(23,'en_US','prefix',''),(23,'en_US','subtitle',''),(23,'en_US','title','Renal Tubular Dysfunction Linked to Tenofovir in Antiretroviral Therapy in HIV-Infected Patients'),(24,'','citationsRaw',''),(24,'','hide_author','0'),(24,'en_US','abstract','<p><em>Salmonella typhi</em> and <em>Staphylococcus aureus</em> are pathogenic bacteria that cause infectious diseases. Treatment of these diseases can be done by giving antibacterial drugs. One of the plants that can be used as an antibacterial drug is the leaves of <em>Chromolaena odorata L.</em> due to the presence of chemical compounds such as flavonoids, tannins, and saponins that have the potential as antibacterial. This study aims to determine the Minimum Inhibitory Concentration (MIC), and Minimum Bactericidal Concentration (MBC) ethanol extract of <em>Chromolaena odorata L.</em> leaves on the growth of <em>Salmonella typhi</em> and <em>Staphylococcus aureus</em>. The study consisted of 5 treatments, namely concentrations of 20%, 40%, 60%, 80%, and 100% ethanol extract of <em>Chromolaena odorata L.</em> leaves with five repetitions. The antibacterial activity test was carried out by MIC and MBC methods. The research material uses leaves from <em>Chromolaena odorata L.</em> in the Sungai Besar area, South Banjarbaru, South Kalimantan, Indonesia. The results showed that the average MIC yield of ethanol extract of <em>Chromolaena odorata L.</em> leaves against <em>Salmonella typhi</em>: 20% and <em>Staphylococcus aureus</em>: 20%. While the average yield of MBC values ??against <em>Salmonella typhi</em>: 40% and <em>Staphylococcus aureus</em>: 40%. Based on the results obtained, it can be concluded that the ethanol extract of <em>Chromolaena odorata L.</em> leaves has an inhibitory effect on the growth of <em>Salmonella typhi</em> and <em>Staphylococcus aureus</em>.</p>'),(24,'en_US','cleanTitle','EFFECTIVENESS OF ETHANOL EXTRACT OF CHROMOLAENA ODORATA L LEAVES AS ANTIBACTERIAL OF SALMONELLA TYPHI AND STAPHYLOCOCCUS AUREUS'),(24,'en_US','prefix',''),(24,'en_US','subtitle',''),(24,'en_US','title','EFFECTIVENESS OF ETHANOL EXTRACT OF CHROMOLAENA ODORATA L. LEAVES AS ANTIBACTERIAL OF SALMONELLA TYPHI AND STAPHYLOCOCCUS AUREUS'),(25,'','citationsRaw',''),(25,'','hide_author','0'),(25,'en_US','abstract','<p><strong>Abstract:</strong> ?ntroduction: Microangiopathic hemolytic anemia (MAHA) is a group of patients&nbsp; with a&nbsp; mortality that is rarely treated untreated.Aim: Our aim is to emphasize the need to recall the MAHA in differential diagnosis of patients&nbsp; with thrombocytopenia, especially those with end-organ involvement, which are presented in this study.At the same time to show that the rate of mortality in early&nbsp; diagnosis and treatment has decreased.Materials and methods: We retrospectively reviewed the&nbsp; cases that were diagnosed and treated and treated in the Internal Medicine Service between september 2017 and may 2019.A total of 15 patients were included in the study.From patients, first application; complete blood count, sedimentation, peripheral smear, direct coombs, CRP, coagulation tests and biochemical tests were performed.Also, before and after each plasmapheresis treatment; complete blood count, urea, creatine, LDH, indirect bilirubin levels.Findings: The mean age of the patients was 8/7 (53.3/46.6) and the mean age was 46.8(25-79).As a result of etiological classification of patients; 8 patients (53.3%) had TTP, 4 patients (%26.6 ) had vitamin B12 deficiency, 1 patient had systemi lupus erythematosus( %6.6), 1 patient (%6.6) was associated with complement, 1 patien&nbsp; (%6.6) had drug-releated.As a result of; the 15 patients included in the study, 11 patients (73.3%) were recovered, 1 patient (6.6%) died after discharge, and 4 patients (20%) died during follow, totally 5 (%33.3) patients died.</p>'),(25,'en_US','cleanTitle','Retrospective Analysis of Patients Hospitalized with the Diagnosis of Microangiopathic Hemolytic Anemia in our Internal Medicine Clinic'),(25,'en_US','prefix',''),(25,'en_US','subtitle',''),(25,'en_US','title','Retrospective Analysis of Patients Hospitalized with the Diagnosis of Microangiopathic Hemolytic Anemia in our Internal Medicine Clinic'),(26,'','copyrightYear','2020'),(26,'','hide_author','0'),(26,'','issueId','6'),(26,'','licenseURL',''),(26,'','pages',''),(26,'','pub-id::doi','10.35916/thmr.v0i0.28'),(26,'en_US','abstract','<p>Covid outbreak has been getting worse and spread affected all over the world. Pregnant patients are also vulnerable to respiratory diseases. We aimed to evaluate the awareness, emotional status, and behavior of pregnant during the COVID outbreak. This study\'s main benefit is to analyze the knowledge and understanding of pregnant women about the pandemic and draw attention to the prevention issues that need improvement. This research is a prospective observational study that 199 patients subjected to a questionnaire including 29 questions about patient characteristics, pregnancy information, knowledge about COVID19-infection, behavioral and emotional changes. 130 (65.3) of the patients stated an above-average knowledge level. Television was the most frequent information source (75.4%, n:150) and was the only information source for 90 (45.1%) of the patients.&nbsp;Sixty-nine patients used more than one information source. More than one prevention method uses by 149 (75%) of the patients. Washing hands (n:183, 92.0%) and cleaning the house (n:122, 61.3%) were the most preferred methods. Only 55 (27.6%) of the patients used a mask for prevention. 88(44.2%) of the patients stated that they preferred a shorter hospital stay, and 75 (37.7%) of the patients indicated that they postponed or avoided the pregnancy follow-up visits due to the COVID-19 issue. Pregnant women seem to be aware and stressed of COVID-19, but knowledge of what to do seems insufficient. Patients informed of risks of COVID infection, unplanned hospital admission, and chances of avoiding necessary visits and home birth demands.</p>'),(26,'en_US','cleanTitle','Awareness of Pregnant Women for COVID19 Infection'),(26,'en_US','copyrightHolder','Tropical Health and Medical Research'),(26,'en_US','prefix',''),(26,'en_US','subtitle',''),(26,'en_US','title','Awareness of Pregnant Women for COVID-19 Infection'),(27,'','copyrightYear','2021'),(27,'','hide_author','0'),(27,'','issueId','6'),(27,'','licenseURL',''),(27,'','pages',''),(27,'','pub-id::doi','10.35916/thmr.v0i0.29'),(27,'en_US','abstract','<p>The current study design to assess the dose-response effect of administering an aqueous extract of guava leaves on the microstructure of the testicles due to the growing use of this plant in complementary and alternative medicine practice.&nbsp;Twenty-four male albino Wistar rats with an average body weight of 160 g apportion to four groups (n=6 each). Group, I served as the control and received distilled water; group II gave a lower dose of 500 mg/kg body weight of guava leaf extract; group III received a medium dose of 750 mg/kg; while group IV administer a higher amount of 1000 mg/kg per day. Treatments were given once daily by gavage and lasted for 14 days, while the stock solution prepares by dissolving 50 g of the extract in 30 ml of water. The cervical dislocation method used to euthanize the rats, dissect the abdominopelvic region to obtain tissue specimens from the testes for histological processing.&nbsp;The outcome exhibited the extract to cause moderate to severe (dose-dependent) morphological alterations with the seminiferous tubules\' fibrotic appearance, strict spermatogenic arrest, and necrosis of both the interstitial cells of Leydig and the Sertoli cells.&nbsp;The ingestion of guava leaves at the investigated concentration and doses is harmful to the testicle, the primary reproductive organ in males. It should therefore be consumed with caution when being used primarily in folklore-traditional medicine.</p>'),(27,'en_US','cleanTitle','Morphological Alterations of the Rat Testicles Following Administration of Graded Doses of Leaves of Guava Psidium guajava Linn Aqueous Extract'),(27,'en_US','copyrightHolder','Tropical Health and Medical Research'),(27,'en_US','prefix',''),(27,'en_US','subtitle',''),(27,'en_US','title','Morphological Alterations of the Rat Testicles Following Administration of Graded Doses of Leaves of Guava (Psidium guajava Linn.) Aqueous Extract'),(28,'','citationsRaw',''),(28,'','hide_author','0'),(28,'en_US','abstract','<p>&nbsp;</p>\r\n<p>Background and objective: Obesity is a common health problem among females of reproductive age. Obesity is associated with fetal and maternal complications. The aim of this study is to assess the knowledge, attitude, and practice of pregnant women regarding obesity and its negative impact on maternal and fetal health.</p>\r\n<p>Methods:&nbsp; This study was conducted among 218 pregnant women who attended one primary care center in Abha City, KSA during&nbsp; 2018. The participants were interviewed during their visit to the antenatal clinic using a valid questionnaire which includes many questions exploring the knowledge, attitude, and practice regarding obesity during pregnancy. Data were entered, analyzed through SPSS. Relevant statistical tests were used accordingly, p-values were considered significant if less than 5%.</p>\r\n<p>Results: The prevalence rate of overweight and obesity were 37.6% and 24% respectively, more than half of participants did not know the expected average weight increase during pregnancy, more than half were unable to classify their actual weight correctly. Knowledge regarding the harmful effects of obesity on maternal and fetal health during pregnancy was poor.&nbsp; Pregnant women also have false beliefs about dietary habits and physical activities which may lead to gaining of extra weight during pregnancy and worsen the outcomes.</p>\r\n<p>Conclusion: The prevalence rates of overweight and obesity among many pregnant women were high. Knowledge related to obesity and its maternal and fetal risk was inadequate. False beliefs regarding lifestyles during pregnancy were evident. Preconception structured health education program to upgrade knowledge, change attitude, to improve practice, and to correct misbeliefs regarding obesity during pregnancy is mandatory.&nbsp;</p>\r\n<p>Keywords: obesity, overweight, Knowledge, Attitude, Practice Pregnancy</p>\r\n<p>&nbsp;</p>'),(28,'en_US','cleanTitle','KNOWLEDGE OF PREGNANT WOMEN REGARDING EFFECTS OF OBESITY ON MATERNAL AND  FETAL HEALTH'),(28,'en_US','prefix',''),(28,'en_US','subtitle',''),(28,'en_US','title','KNOWLEDGE OF PREGNANT WOMEN REGARDING EFFECTS OF OBESITY ON MATERNAL AND  FETAL HEALTH.'),(29,'','citationsRaw','1. 	Oyer S, Nellis J, Ishii L, Boahene K. Comparison of Objective Outcomes in Dynamic Lower Facial Reanimation With Temporalis Tendon and Gracilis Free Muscle Transfer. JAMA Otolaryngol Head Neck Surg Neck Surg. 2018;144(12):1162–8. https://doi:10.1001/jamaoto.2018.1964\r\n2. 	Györi E, Mayrhofer M, Schwaiger BM, Pona I, Tzou CH. Functional results after facial reanimation in iatrogenic facial palsy. Microsurgery. 2019;1–9. https://doi.org/10.1002/micr.30478\r\n3. 	Bos R, Reddy SG, Mommaerts MY. Lengthening temporalis myoplasty versus free muscle transfer with the gracilis flap for long-standing facial paralysis: A systematic review of outcomes. J Cranio-Maxillofacial Surg. 2016 Aug 1;44(8):940–51. https://doi.org/10.1016/j.jcms.2016.05.006\r\n4. 	Boahene K, Owusu J, Ishii L, Ishii M. The multivector gracilis free functional muscle flap for facial reanimation. JAMA Facial Plast Surg. 2018;E1–7. https://doi.org/10.1001/jamafacial.2018.0048\r\n5. 	Harii K, Ohmori K, Torii S. Free gracilis muscle transplantation, with microneurovascular anastomoses for the treatment of facial paralysis. A preliminary report. Plast Reconstr Surg. 1976;57(2):133–43. https://doi.org/10.1097/00006534-197602000-00001\r\n6. 	Bhama PK, Weinberg JS, Lindsay RW, Hohman MH, Cheney ML, Hadlock TA. Objective Outcomes Analysis Following Microvascular Gracilis Transfer for Facial Reanimation A Review of 10 Years’ Experience. JAMA Facial Plast Surg. 2014;16(2):85–92. https://doi.org/10.1001/jamafacial.2013.2463\r\n7. 	Greene J, Tavares J, Mohan S, Jowett N. Long-Term Outcomes of Free Gracilis Muscle Transfer for Smile Reanimation in Children. J Pediatr. 2018;202:279–84. https://doi.org/10.1016/j.jpeds.2018.06.043\r\n8. 	Rüfer F, Schröder A, Erb C. White-to-white corneal diameter: normal values in healthy humans obtained with the Orbscan II topography system. Cornea. 2005;24(3):259–61. https:// doi: 10.1097/01.ico.0000148312.01805.53\r\n9. 	Rubin L, Mishriki Y, Lee G. Anatomy of the nasolabial fold: the keystone of the smiling mechanism. Plast Reconstr Surg. 1989;83(1):1–10. https://doi.org/10.1097/00006534-198901000-00001\r\n10. 	Lin J, Lu J, Chang T. Simultaneous reconstruction of the lower lip with gracilis functioning free muscle transplantation for facial reanimation: Comparison of different techniques. Plast Reconstr Surg. 2018;142(5):1307–17. https://doi.org/10.1097/PRS.0000000000004849\r\n11. 	Labbè D, Bussu F, Iodice A. A comprehensive approach to long-standing facial paralysis based on lengthening temporalis myoplasty. Acta Otorhinolaryngol Ital. 2012;32(3):145–53. \r\n12. 	Hayashi A, Labbé D, Natori Y, Yoshizawa H, Kudo H, Sakai T, et al. Experience and anatomical study of modified lengthening temporalis myoplasty for established facial paralysis. J Plast Reconstr Aesthetic Surg. 2015 Jan 1;68(1):63–70. https://doi.org/10.1016/j.bjps.2014.09.037\r\n13. 	Whitney T, Buncke H, Alpert B. The serratus anterior free-muscle flap: experience with 100 consecutive cases. Plast Reconstr Surg. 1990;86(3):481–90. \r\n14. 	Allevi F, Motta G, Colombo V, Biglioli F. Double-bellied latissimus dorsi free flap to correct full dental smile palsy. BMJ Case Rep [Internet]. 2015 [cited 2019 Oct 28]; Available from: http://dx.doi.org/10.1136/bcr-2015-210436\r\n15. 	Ueda K, Harii K, Yamada A. Free vascularized double muscle transplantation for the treatment of facial paralysis. Plast Reconstr Surg. 1995;95(7):1288–96.'),(29,'','hide_author','0'),(29,'en_US','abstract','<p><strong>Objective: </strong>To address objective excursion and symmetry results from a series of free gracilis muscle transfer (FGMT) cases and examine the predictive intraoperative number of vectors anchored during flap inset on outcomes.</p>\r\n<p><strong>Method: </strong>A retrospective analysis was performed by data retrieved from the HUSM Plastic &amp; Reconstructive Surgery OR Registry from January 2005 to June 2019. All patients who reported facial nerve palsy were recorded and re-evaluated. All characteristics in interest were epidemiologically tabulated and analyzed in detail. Subsequently, outcome assessment was performed to look for facial symmetry and smile excursion with comparison to the healthy side of the face.</p>\r\n<p><strong>Results</strong>: Out of 12 patients diagnosed with facial palsy, 4 patients underwent static facial reanimation and 8 patients underwent dynamic facial reanimation with 4 of them completed 2 stages of cross facial nerve grafting (CFNG) and free gracilis muscle transfer (FGMT). One of the FGMTs had missed a follow-up. The mean age was 20 (range 11 to 30), 1 patient was male and 2 were female. The mean duration for follow up was 69 months. The mean duration of operating time was 8.67 hours. All operations without complication and there was no microvascular re-exploration. Smile excursion and angle excursion at smile improved following FGMT. Association between the number of vectors anchored during flap inset to the outcome were identified.</p>\r\n<p><strong>Conclusions</strong>: Dynamic facial reanimation using FGMT still the gold standard of treatment which provides a good quantifiable improvement in oral commissure excursion and facial symmetry with smiling.&nbsp; Use of multivector gracilis flap was suggestive to associate with the good outcome on an excursion and symmetrical of the smile.</p>'),(29,'en_US','cleanTitle','OUTCOME ANALYSIS FOLLOWING MICROVASCULAR FREE GRACILIS MUSCLE TRANSFER FOR MULTIVECTOR FACIAL REANIMATION'),(29,'en_US','prefix',''),(29,'en_US','subtitle',''),(29,'en_US','title','OUTCOME ANALYSIS FOLLOWING MICROVASCULAR FREE GRACILIS MUSCLE TRANSFER FOR MULTI-VECTOR FACIAL REANIMATION'),(30,'','copyrightYear','2021'),(30,'','hide_author','0'),(30,'','issueId','6'),(30,'','licenseURL',''),(30,'','pages',''),(30,'','pub-id::doi','10.35916/thmr.v0i0.33'),(30,'en_US','abstract','<p>The purpose of this study is to analyze the relationship between the use of government health facilities with predisposing factors (preference and self-efficacy) and reinforcing factors (support) in pregnant women. This survey research with a cross-sectional study design was conducted in the Pekauman Community Health Center\'s working area in Banjarmasin, Indonesia, with 125 respondents who had babies aged ? six months who lived in the Pekauman Community Health Center\'s working area who visited the integrated service post in August 2017. The analysis was performed using the Chi-Square test. The results of the study 89 respondents (71.2%) made use of antenatal care facilities; 92 respondents (73.6%) chose health facilities; 88 respondents (70, 4%) have high self-efficacy; 78 respondents (62.4%) received support (family, friends, social groups). This research concludes that there is a relationship between the preferences of pregnant women (p= 0.025) with the use of antenatal services in government health facilities; There was no relationship between self-efficacy (p= 0.096); there is no relationship between family support, friends, social groups (p= 0.227) with the use of antenatal care for pregnant women in government health facilities. It is suggested to conduct further research on the relationship between antenatal services for pregnant women in government health facilities with the completeness of health facilities and the level of respondent satisfaction.</p>'),(30,'en_US','cleanTitle','Utilization of Health Facilities by Pregnant Women at Pekauman Community Health Center Banjarmasin Indonesia'),(30,'en_US','copyrightHolder','Tropical Health and Medical Research'),(30,'en_US','prefix',''),(30,'en_US','subtitle',''),(30,'en_US','title','Utilization of Health Facilities by Pregnant Women at Pekauman Community Health Center, Banjarmasin, Indonesia'),(31,'','citationsRaw','Azam, M., Sulistiana, R., Ratnawati, M., Fibriana, A. I., Bahrudin, U., Widyaningrum, D., & Aljunid, S. M. (2020). Recurrent SARS-CoV-2 RNA positivity after COVID-19: A systematic review and meta-analysis. Scientific Reports, 10(1), 20692. https://doi.org/10.1038/s41598-020-77739-y\r\nCacciapaglia, G., Cot, C., & Sannino, F. (2020). Second wave COVID-19 pandemics in Europe: A temporal playbook. Scientific Reports, 10(1), 15514. https://doi.org/10.1038/s41598-020-72611-5\r\nCevik, M., Tate, M., Lloyd, O., Maraolo, A. E., Schafers, J., & Ho, A. (2020). SARS-CoV-2, SARS-CoV-1 and MERS-CoV Viral Load Dynamics, Duration of Viral Shedding and Infectiousness: A Living Systematic Review and Meta-Analysis (SSRN Scholarly Paper ID 3677918). Social Science Research Network. https://doi.org/10.2139/ssrn.3677918\r\nFalahi, S., & Kenarkoohi, A. (2020). COVID-19 reinfection: Prolonged shedding or true reinfection? New Microbes and New Infections, 38, 100812. https://doi.org/10.1016/j.nmni.2020.100812\r\nGeorge, D., & Mallery, P. (2019). IBM SPSS statistics 25 step by step: A simple guide and reference (Fifteenth edition). Routledge, Taylor & Francis Group.\r\nGidari, A., Nofri, M., Saccarelli, L., Bastianelli, S., Sabbatini, S., Bozza, S., Camilloni, B., Fusco-Moffa, I., Monari, C., De Robertis, E., Mencacci, A., & Francisci, D. (2021). Is recurrence possible in coronavirus disease 2019 (COVID-19)? Case series and systematic review of literature. European Journal of Clinical Microbiology & Infectious Diseases: Official Publication of the European Society of Clinical Microbiology, 40(1), 1–12. https://doi.org/10.1007/s10096-020-04057-6\r\nHoang, T. (2020). Characteristics of COVID-19 recurrence: A systematic review and meta-analysis [Preprint]. Infectious Diseases (except HIV/AIDS). https://doi.org/10.1101/2020.09.05.20189134\r\nKatewongsa, P., Widyastari, D. A., Saonuam, P., Haemathulin, N., & Wongsingha, N. (2020). The effects of the COVID-19 pandemic on the physical activity of the Thai population: Evidence from Thailand’s Surveillance on Physical Activity 2020. Journal of Sport and Health Science, S2095254620301344. https://doi.org/10.1016/j.jshs.2020.10.001\r\nLan, L., Xu, D., Ye, G., Xia, C., Wang, S., Li, Y., & Xu, H. (2020). Positive RT-PCR Test Results in Patients Recovered From COVID-19. JAMA, 323(15), 1502. https://doi.org/10.1001/jama.2020.2783\r\nNicola, M., Alsafi, Z., Sohrabi, C., Kerwan, A., Al-Jabir, A., Iosifidis, C., Agha, M., & Agha, R. (2020). The socio-economic implications of the coronavirus pandemic (COVID-19): A review. International Journal of Surgery (London, England), 78, 185–193. https://doi.org/10.1016/j.ijsu.2020.04.018\r\nSharma, O., Sultan, A. A., Ding, H., & Triggle, C. R. (2020). A Review of the Progress and Challenges of Developing a Vaccine for COVID-19. Frontiers in Immunology, 11, 585354. https://doi.org/10.3389/fimmu.2020.585354\r\nShui, T.-J., Li, C., Liu, H., Chen, X., & Zhang, B. (2020). Characteristics of recovered COVID-19 patients with recurrent positive RT-PCR findings in Wuhan, China: A retrospective study. BMC Infectious Diseases, 20(1), 749. https://doi.org/10.1186/s12879-020-05463-z\r\nTao, W., Wang, X., Zhang, G., Guo, M., Ma, H., Zhao, D., Sun, Y., He, J., Liu, L., Zhang, K., Wang, Y., Weng, J., Ma, X., Jin, T., & Zhu, S. (2020). Re-detectable positive SARS-CoV-2 RNA tests in patients who recovered from COVID-19 with intestinal infection. Protein & Cell. https://doi.org/10.1007/s13238-020-00778-8\r\nWoloshin, S., Patel, N., & Kesselheim, A. S. (2020). False Negative Tests for SARS-CoV-2 Infection—Challenges and Implications. The New England Journal of Medicine, 383(6), e38. https://doi.org/10.1056/NEJMp2015897\r\nXiao, A. T., Tong, Y. X., & Zhang, S. (2020). False negative of RT-PCR and prolonged nucleic acid conversion in COVID-19: Rather than recurrence. Journal of Medical Virology, 92(10), 1755–1756. https://doi.org/10.1002/jmv.25855\r\nYuan, B., Liu, H.-Q., Yang, Z.-R., Chen, Y.-X., Liu, Z.-Y., Zhang, K., Wang, C., Li, W.-X., An, Y.-W., Wang, J.-C., & Song, S. (2020). Recurrence of positive SARS-CoV-2 viral RNA in recovered COVID-19 patients during medical isolation observation. Scientific Reports, 10(1), 11887. https://doi.org/10.1038/s41598-020-68782-w'),(31,'','hide_author','0'),(31,'en_US','abstract','<p>Backround:The studies about COVID-19 began to show that people who have already had COVID-19 were re-admitted to the hospital due to COVID-19 positivity.</p>\r\n<p>Objective:This study aims to identify recurrent positive patients and the demographic characteristics of these patients.</p>\r\n<p>Metod-Results:The number of recurrent COVID-19 positive patients&nbsp; was 190. Of these patients, 97 (51.1%) were male, the average age was 43.98 years (±16.3), 147 (77.4%) were never hospitalized, Of the hospitalized patients, 28 (65.1%) were male and the average age of the inpatients was 54.67 years (±16.15). Looking at the duration of hospital stay of the inpatients, it was observed that the average was 11.16 days (±8.9). A positive correlation was found between the age of the patients and the duration of their hospital stay (r=0.386). The average time between the two positives was 52.92 days.</p>\r\n<p>Conclusion:Patients who have a recurrent positive result usually survive the disease with outpatient treatment for their mild illness. Hospitalization rates of male patients were higher than those of females, and the duration of hospital stay was found to increase as the age of the patients increases.</p>\r\n<p>&nbsp;</p>'),(31,'en_US','cleanTitle','Analysis of Recurrent Positive COVID19 Patients in A Hospital'),(31,'en_US','prefix',''),(31,'en_US','subtitle',''),(31,'en_US','title','Analysis of Recurrent Positive COVID-19 Patients in A Hospital'),(32,'','hide_author','0'),(33,'','citationsRaw','1.	Colicchia M, Campagnolo L, Baldini E, Ulisse S, Valensise H, Moretti C. Molecular basis of thyrotropin and thyroid hormone action during implantation and early development. Hum Reprod Update. 2014;20(6):884–904.\r\n2.	Moog NK, Entringer S, Heim C, Wadhwa PD, Kathmann N, Buss C. Influence of maternal thyroid hormones during gestation on fetal brain development. Neuroscience. 2017;342:68–100.\r\n3.	Aghajanova L, Stavreus-Evers A, Lindeberg M, Landgren B-M, Sparre LS, Hovatta O. Thyroid-stimulating hormone receptor and thyroid hormone receptors are involved in human endometrial physiology. Fertil Steril. 2011;95(1):230-237.e2.\r\n4.	Hollowell JG, Staehling NW, Flanders WD, Hannon WH, Gunter EW, Spencer CA, et al. Serum TSH, T4, and Thyroid Antibodies in the United States Population (1988 to 1994): National Health and Nutrition Examination Survey (NHANES III). J Clin Endocrinol Metab. 2002;87(2):489–499.\r\n5.	Garber J, Cobin R, Gharib H, Hennessey J, Klein I, Mechanick J, et al. Clinical Practice Guidelines for Hypothyroidism in Adults: Cosponsored by the American Association of Clinical Endocrinologists and the American Thyroid Association. Endocr Pract. 2012;18(6):988–1028.\r\n6.	Usadi RS, Merriam KS. Subclinical Hypothyroidism: Impact on Fertility, Obstetric and Neonatal Outcomes. Semin Reprod Med. 2016;34(6):337–342.\r\n7.	De Groot L, Abalovich M, Alexander EK, Amino N, Barbour L, Cobin RH, et al. Management of Thyroid Dysfunction during Pregnancy and Postpartum: An Endocrine Society Clinical Practice Guideline. J Clin Endocrinol Metab. 2012;97(8):2543–2565.\r\n8.	Subclinical hypothyroidism in the infertile female population: a guideline. Fertil Steril. 2015;104(3):545–553.\r\n9.	Kim C-H, Ahn J-W, Kang SP, Kim S-H, Chae H-D, Kang B-M. Effect of levothyroxine treatment on in vitro fertilization and pregnancy outcome in infertile women with subclinical hypothyroidism undergoing in vitro fertilization/intracytoplasmic sperm injection. Fertil Steril. 2011;95(5):1650–1654.\r\n10.	Rahman A, Abbassy H, Abbassy A. Improved in Vitro Fertilization Outcomes After Treatment of Subclinical Hypothyroidism in Infertile Women. Endocr Pract. 2010;16(5):792–797.\r\n11.	Çal??kan E, Ergin RN, Öztekin DC, Kars B, Çak?r S, Sofuo?lu K. Subclinical hypothyroidism: Is it important in intracytoplasmic sperm injection cycles? Turk J Obstet Gynecol. 2017;14(2):100–105.\r\n12.	Reh A, Grifo J, Danoff A. What is a normal thyroid-stimulating hormone (TSH) level? Effects of stricter TSH thresholds on pregnancy outcomes after in vitro fertilization. Fertil Steril. 2010;94(7):2920–2922.\r\n13.	Karmon AE, Batsis M, Chavarro JE, Souter I. Preconceptional thyroid-stimulating hormone levels and outcomes of intrauterine insemination among euthyroid infertile women. Fertil Steril. 2015;103(1):258-263.e1.\r\n14.	So S, Yamaguchi W, Murabayashi N, Miyano N, Tawara F. Effect of moderately increased thyroid?stimulating hormone levels and presence of thyroid antibodies on pregnancy among infertile women. Reprod Med Biol. 2019;19(1):82–88.\r\n15.	Surks MI, Ortiz E, Daniels GH, Sawin CT, Col NF, Cobin RH, et al. Subclinical Thyroid Disease: Scientific Review and Guidelines for Diagnosis and Management. JAMA. 2004;291(2):228–238.'),(33,'','hide_author','0'),(33,'en_US','abstract','<p><strong>ABSTRACT</strong></p>\r\n<p><strong>&nbsp;</strong></p>\r\n<p><strong>Aim:</strong>The aim of this study to assess whether there is a need to decrease the TSH level below 2.5 mIU/L in unexplainable infertility patients who were undergoing intrauterine insemination, and to determine the difference between patients with TSH level of 2.5 mIU / L and patients with TSH level of 2.5-4.5 mIU/L in terms of the success of intrauterine insemination.</p>\r\n<p>&nbsp;</p>\r\n<p><strong>Materials and Methods:</strong>&nbsp;This study was conducted via cross-sectional examinations of the patients who applied to Ümraniye Training and Research Hospital infertility outpatient clinic between 01.06.2017-01.10.2019, who underwent intrauterine insemination with the diagnosis of unexplained infertility.&nbsp;</p>\r\n<p>&nbsp;</p>\r\n<p><strong>Results:</strong>&nbsp;The mean age of the cases participating in our study is 31.65 ± 5.28, and the mean BMI has been measured as 24.17 ± 4.30 kg / m2. TSH values range from 0.3 to 5.2, with an average of 1.84 ± 0.93; while TSH value of 174 cases (77.3%) is below 2.5 mIU/L, TSH value of 51 cases (22.7%) is between 2.5-4.5mIU/L. Within the control group with TSH &lt;2.5 mIU/L, the cycle was canceled in 13 cases (7.5%), pregnancy did not occur in 143 cases (82.2%), and while ongoing pregnancy was achieved in 17 cases (9.8%), clinical pregnancy was achieved in 1 case (0,6%). Also, within the study group with a TSH value of 2.5-4.5 mIU/L, cycles were canceled in 7 cases (13.7%), pregnancy did not occur in 40 cases (78.4%), and ongoing pregnancy was achieved in 4 patients (7.8%).</p>\r\n<p>&nbsp;</p>\r\n<p>&nbsp;<strong>Conclusion:</strong>&nbsp;There was no statistically significant difference in terms of intrauterine insemination success between the control group with TSH &lt;2.5 mIU / L and the study group with TSH 2.5-4.5 mIU/L. Widespread randomized controlled prospective studies are needed in order to determine the optimal TSH threshold value which is required before TSH treatment of the women receiving infertility treatment.</p>\r\n<p><strong>&nbsp;</strong></p>\r\n<p>&nbsp;</p>'),(33,'en_US','cleanTitle','INTRAUTERINE INSEMINATION SUCCESS RATES IN DIFFERENT TSH LEVELS'),(33,'en_US','prefix',''),(33,'en_US','subtitle',''),(33,'en_US','title','INTRAUTERINE INSEMINATION SUCCESS RATES IN DIFFERENT TSH LEVELS'),(34,'','hide_author','0'),(35,'','citationsRaw',''),(35,'','hide_author','0'),(35,'en_US','abstract','<p>abstrak</p>'),(35,'en_US','cleanTitle','kelembaban'),(35,'en_US','prefix',''),(35,'en_US','subtitle',''),(35,'en_US','title','kelembaban');

--
-- Table structure for table `publications`
--

CREATE TABLE `publications` (
  `publication_id` bigint(20) NOT NULL AUTO_INCREMENT,
  `access_status` bigint(20) DEFAULT 0,
  `date_published` date DEFAULT NULL,
  `last_modified` datetime DEFAULT NULL,
  `primary_contact_id` bigint(20) DEFAULT NULL,
  `section_id` bigint(20) DEFAULT NULL,
  `seq` double NOT NULL DEFAULT 0,
  `submission_id` bigint(20) NOT NULL,
  `status` tinyint(4) NOT NULL DEFAULT 1,
  `url_path` varchar(64) DEFAULT NULL,
  `version` bigint(20) DEFAULT NULL,
  PRIMARY KEY (`publication_id`),
  KEY `publications_submission_id` (`submission_id`),
  KEY `publications_section_id` (`section_id`),
  KEY `publications_url_path` (`url_path`)
) ENGINE=InnoDB AUTO_INCREMENT=36 DEFAULT CHARSET=latin1;

--
-- Dumping data for table `publications`
--

INSERT INTO `publications` VALUES (1,0,'2019-03-31','2021-02-22 20:49:43',NULL,1,5,1,3,NULL,1),(2,0,'2019-03-31','2021-02-22 20:49:42',2,1,3,2,3,NULL,1),(3,0,'2019-03-31','2021-02-22 20:49:41',NULL,1,2,3,3,NULL,1),(4,0,'2019-03-31','2021-02-22 20:49:40',NULL,1,4,4,3,NULL,1),(5,0,'2019-03-31','2021-02-22 20:49:39',NULL,1,1,5,3,NULL,1),(6,0,'2019-08-31','2021-02-22 20:49:35',20,1,1,6,3,NULL,1),(7,0,'2019-08-31','2021-02-22 20:49:38',23,1,5,7,3,NULL,1),(8,0,'2019-08-31','2021-02-22 20:49:36',26,1,2,8,3,NULL,1),(9,0,'2019-08-31','2021-02-22 20:49:37',29,1,3,9,3,NULL,1),(10,0,'2019-08-31','2021-02-22 20:49:39',30,1,4,10,3,NULL,1),(11,0,'2020-03-27','2021-02-22 20:49:30',33,1,6,11,3,NULL,1),(12,0,'2020-02-27','2021-02-22 20:49:34',35,1,1,13,3,NULL,1),(13,0,'2020-02-28','2021-02-22 20:49:32',36,1,3,14,3,NULL,1),(14,0,'2020-02-27','2021-02-22 20:49:34',37,1,2,15,3,NULL,1),(15,0,'2020-03-25','2021-02-22 20:49:31',52,1,4,16,3,NULL,1),(16,0,'2020-03-25','2021-02-22 20:49:30',53,1,5,17,3,NULL,1),(17,0,'2020-08-26','2021-02-22 20:49:23',57,1,5,18,3,NULL,1),(18,0,'2020-05-12','2021-02-22 20:49:28',62,1,1,19,3,NULL,1),(19,0,'2020-06-17','2021-02-22 20:49:26',64,1,2,20,3,NULL,1),(20,0,NULL,'2020-11-14 13:42:10',71,1,0,21,1,NULL,1),(21,0,'2020-08-26','2021-02-22 20:49:25',80,1,3,22,3,NULL,1),(22,0,'2020-08-26','2021-02-22 20:49:24',91,1,4,23,3,NULL,1),(23,0,'2020-08-26','2021-02-22 20:49:22',83,1,6,24,3,NULL,1),(24,0,NULL,'2020-09-28 06:23:29',95,1,0,25,4,NULL,1),(25,0,NULL,'2020-10-07 11:26:24',96,1,0,26,1,NULL,1),(26,0,'2020-11-18','2021-02-22 20:49:21',98,1,1,28,3,NULL,1),(27,0,'2021-01-02','2021-02-22 20:49:21',101,1,2,29,3,NULL,1),(28,0,NULL,'2020-11-07 15:49:40',102,1,0,30,1,NULL,1),(29,0,NULL,'2021-02-20 10:17:09',105,1,0,32,1,NULL,1),(30,0,'2021-02-19','2021-02-22 20:49:20',106,1,3,33,3,NULL,1),(31,0,NULL,'2021-01-20 21:27:27',111,1,0,36,1,NULL,1),(32,0,NULL,'2021-01-20 23:39:44',112,1,0,37,1,NULL,1),(33,0,NULL,'2021-02-20 10:16:33',113,1,0,38,1,NULL,1),(34,0,NULL,'2021-01-28 09:22:25',117,1,0,39,1,NULL,1),(35,0,NULL,'2021-02-20 08:59:20',120,1,0,40,1,NULL,1);

--
-- Table structure for table `queries`
--

CREATE TABLE `queries` (
  `query_id` bigint(20) NOT NULL AUTO_INCREMENT,
  `assoc_type` bigint(20) NOT NULL,
  `assoc_id` bigint(20) NOT NULL,
  `stage_id` tinyint(4) NOT NULL DEFAULT 1,
  `seq` double NOT NULL DEFAULT 0,
  `date_posted` datetime DEFAULT NULL,
  `date_modified` datetime DEFAULT NULL,
  `closed` smallint(6) NOT NULL DEFAULT 0,
  PRIMARY KEY (`query_id`),
  KEY `queries_assoc_id` (`assoc_type`,`assoc_id`)
) ENGINE=InnoDB AUTO_INCREMENT=68 DEFAULT CHARSET=utf8;

--
-- Dumping data for table `queries`
--

INSERT INTO `queries` VALUES (1,1048585,9,3,1,NULL,NULL,0),(2,1048585,8,3,1,NULL,NULL,0),(3,1048585,7,3,1,NULL,NULL,0),(4,1048585,10,3,1,NULL,NULL,0),(5,1048585,10,3,2,NULL,NULL,0),(6,1048585,14,1,1,NULL,NULL,0),(7,1048585,14,3,2,NULL,NULL,0),(14,1048585,13,3,1,NULL,NULL,0),(16,1048585,14,3,3,NULL,NULL,0),(17,1048585,13,3,2,NULL,NULL,0),(18,1048585,15,1,1,NULL,NULL,0),(19,1048585,13,3,3,NULL,NULL,0),(20,1048585,13,3,4,NULL,NULL,0),(22,1048585,15,3,2,NULL,NULL,0),(24,1048585,11,3,1,NULL,NULL,0),(25,1048585,15,3,3,NULL,NULL,0),(26,1048585,13,3,5,NULL,NULL,0),(27,1048585,14,3,4,NULL,NULL,0),(28,1048585,18,1,1,NULL,NULL,0),(29,1048585,11,3,2,NULL,NULL,0),(30,1048585,19,1,1,NULL,NULL,0),(31,1048585,24,1,1,NULL,NULL,0),(32,1048585,24,3,2,NULL,NULL,0),(33,1048585,26,1,1,NULL,NULL,0),(35,1048585,28,1,1,NULL,NULL,0),(36,1048585,29,1,1,NULL,NULL,0),(37,1048585,28,3,2,NULL,NULL,0),(38,1048585,29,3,2,NULL,NULL,0),(39,1048585,28,5,3,NULL,NULL,0),(40,1048585,28,5,4,NULL,NULL,0),(41,1048585,32,1,1,NULL,NULL,0),(42,1048585,32,3,2,NULL,NULL,0),(45,1048585,36,1,1,NULL,NULL,0),(46,1048585,38,1,1,NULL,NULL,0),(48,1048585,36,1,2,NULL,NULL,0),(49,1048585,38,1,2,NULL,NULL,0),(50,1048585,36,1,3,NULL,NULL,0),(57,1048585,36,1,4,NULL,NULL,0),(58,1048585,38,1,3,NULL,NULL,0),(60,1048585,38,1,4,NULL,NULL,0),(61,1048585,38,1,5,NULL,NULL,0),(64,1048585,38,3,6,NULL,NULL,0),(65,1048585,38,3,7,NULL,NULL,0);

--
-- Table structure for table `query_participants`
--

CREATE TABLE `query_participants` (
  `query_id` bigint(20) NOT NULL,
  `user_id` bigint(20) NOT NULL,
  UNIQUE KEY `query_participants_pkey` (`query_id`,`user_id`)
) ENGINE=InnoDB DEFAULT CHARSET=utf8;

--
-- Dumping data for table `query_participants`
--

INSERT INTO `query_participants` VALUES (6,26),(14,1),(14,6),(14,18),(14,25),(17,1),(17,25),(18,28),(19,1),(19,25),(24,5),(25,5),(26,5),(27,5),(27,29),(28,1),(29,5),(30,37),(31,43),(32,43),(33,52),(35,57),(36,58),(37,57),(38,58),(39,1),(39,57),(40,1),(41,63),(42,1),(42,63),(45,56),(46,66),(48,1),(48,56),(49,1),(50,1),(57,1),(57,56),(58,1),(58,66),(60,66),(61,1),(61,66),(64,1),(64,66),(65,1),(65,66);

--
-- Table structure for table `queued_payments`
--

CREATE TABLE `queued_payments` (
  `queued_payment_id` bigint(20) NOT NULL AUTO_INCREMENT,
  `date_created` datetime NOT NULL,
  `date_modified` datetime NOT NULL,
  `expiry_date` date DEFAULT NULL,
  `payment_data` text DEFAULT NULL,
  PRIMARY KEY (`queued_payment_id`)
) ENGINE=InnoDB DEFAULT CHARSET=utf8;

--
-- Dumping data for table `queued_payments`
--


--
-- Table structure for table `review_assignments`
--

CREATE TABLE `review_assignments` (
  `review_id` bigint(20) NOT NULL AUTO_INCREMENT,
  `submission_id` bigint(20) NOT NULL,
  `reviewer_id` bigint(20) NOT NULL,
  `competing_interests` text DEFAULT NULL,
  `recommendation` tinyint(4) DEFAULT NULL,
  `date_assigned` datetime DEFAULT NULL,
  `date_notified` datetime DEFAULT NULL,
  `date_confirmed` datetime DEFAULT NULL,
  `date_completed` datetime DEFAULT NULL,
  `date_acknowledged` datetime DEFAULT NULL,
  `date_due` datetime DEFAULT NULL,
  `date_response_due` datetime DEFAULT NULL,
  `last_modified` datetime DEFAULT NULL,
  `reminder_was_automatic` tinyint(4) NOT NULL DEFAULT 0,
  `declined` tinyint(4) NOT NULL DEFAULT 0,
  `reviewer_file_id` bigint(20) DEFAULT NULL,
  `date_rated` datetime DEFAULT NULL,
  `date_reminded` datetime DEFAULT NULL,
  `quality` tinyint(4) DEFAULT NULL,
  `review_round_id` bigint(20) NOT NULL,
  `stage_id` tinyint(4) NOT NULL DEFAULT 1,
  `review_method` tinyint(4) NOT NULL DEFAULT 1,
  `round` tinyint(4) NOT NULL DEFAULT 1,
  `step` tinyint(4) NOT NULL DEFAULT 1,
  `review_form_id` bigint(20) DEFAULT NULL,
  `unconsidered` tinyint(4) DEFAULT NULL,
  `cancelled` tinyint(4) NOT NULL DEFAULT 0,
  PRIMARY KEY (`review_id`),
  KEY `review_assignments_submission_id` (`submission_id`),
  KEY `review_assignments_reviewer_id` (`reviewer_id`),
  KEY `review_assignments_form_id` (`review_form_id`),
  KEY `review_assignments_reviewer_review` (`reviewer_id`,`review_id`)
) ENGINE=InnoDB AUTO_INCREMENT=45 DEFAULT CHARSET=utf8;

--
-- Dumping data for table `review_assignments`
--

INSERT INTO `review_assignments` VALUES (1,2,6,NULL,2,'2019-03-29 07:35:22','2019-03-29 07:35:22','2019-03-29 07:38:08','2019-03-29 07:40:32',NULL,'2019-04-26 00:00:00','2019-04-19 00:00:00','2019-03-29 07:40:32',0,0,NULL,NULL,NULL,NULL,1,3,2,1,4,NULL,0,0),(2,1,6,NULL,2,'2019-03-31 14:23:28','2019-03-31 14:23:28','2019-03-31 14:24:34','2019-03-31 14:25:25',NULL,'2019-04-28 00:00:00','2019-04-21 00:00:00','2019-03-31 14:25:25',0,0,NULL,NULL,NULL,NULL,2,3,2,1,4,NULL,0,0),(3,5,6,NULL,2,'2019-03-31 14:55:50','2019-03-31 14:55:50','2019-03-31 15:00:06','2019-03-31 15:01:21',NULL,'2019-04-28 00:00:00','2019-04-21 00:00:00','2019-03-31 15:01:21',0,0,NULL,NULL,NULL,NULL,3,3,2,1,4,NULL,0,0),(4,4,6,NULL,2,'2019-03-31 14:58:01','2019-03-31 14:58:02','2019-03-31 15:02:04','2019-03-31 15:02:45',NULL,'2019-04-28 00:00:00','2019-04-21 00:00:00','2019-03-31 15:02:45',0,0,NULL,NULL,NULL,NULL,4,3,2,1,4,NULL,0,0),(5,3,6,NULL,0,'2019-03-31 14:59:21','2019-03-31 14:59:21','2019-03-31 15:03:05',NULL,NULL,'2019-04-28 00:00:00','2019-04-21 00:00:00','2019-03-31 15:03:05',0,0,NULL,NULL,NULL,NULL,5,3,2,1,3,NULL,0,0),(6,6,6,NULL,2,'2019-08-24 10:53:14','2019-08-24 10:53:16','2019-08-30 07:58:04','2019-08-30 07:59:01',NULL,'2019-09-21 00:00:00','2019-09-14 00:00:00','2019-08-30 07:59:01',0,0,NULL,NULL,NULL,NULL,6,3,2,1,4,NULL,0,0),(7,8,18,NULL,2,'2019-08-28 03:49:25','2019-08-28 03:49:26','2019-08-30 04:12:31','2019-08-30 04:14:00',NULL,'2019-09-25 00:00:00','2019-09-18 00:00:00','2019-08-30 04:14:00',0,0,NULL,'2019-08-30 04:15:14',NULL,4,7,3,2,1,4,NULL,0,0),(8,7,17,NULL,2,'2019-08-28 03:51:23','2019-08-28 03:51:25','2019-08-30 07:50:32','2019-08-30 07:51:57',NULL,'2019-09-25 00:00:00','2019-09-18 00:00:00','2019-08-30 07:51:57',0,0,NULL,NULL,NULL,NULL,8,3,2,1,4,NULL,0,0),(9,9,6,NULL,2,'2019-08-30 04:08:11','2019-08-30 04:08:11','2019-08-30 07:59:33','2019-08-30 08:00:37',NULL,'2019-09-27 00:00:00','2019-09-20 00:00:00','2019-08-30 08:00:37',0,0,NULL,'2019-08-30 08:01:38',NULL,4,9,3,2,1,4,NULL,0,0),(10,10,17,NULL,2,'2019-08-31 08:35:50','2019-08-31 08:35:51','2019-08-31 08:36:52','2019-08-31 08:37:47',NULL,'2019-09-28 00:00:00','2019-09-21 00:00:00','2019-08-31 08:37:47',0,0,NULL,NULL,NULL,NULL,10,3,2,1,4,NULL,0,0),(11,14,6,NULL,2,'2020-02-04 11:16:37','2020-02-04 11:16:38','2020-02-04 13:15:40','2020-02-04 13:17:25',NULL,'2020-03-03 00:00:00','2020-02-25 00:00:00','2020-02-04 13:17:25',0,0,NULL,NULL,NULL,NULL,11,3,2,1,4,NULL,0,0),(12,13,6,NULL,2,'2020-02-04 11:18:30','2020-02-04 11:18:30','2020-02-04 13:18:06','2020-02-04 13:18:56','2020-02-17 13:21:16','2020-03-03 00:00:00','2020-02-25 00:00:00','2020-02-17 13:21:16',0,0,NULL,'2020-02-18 23:00:52',NULL,4,12,3,2,1,4,NULL,2,0),(13,13,18,NULL,2,'2020-02-17 09:49:19','2020-02-17 09:49:20','2020-02-17 09:59:03','2020-02-17 09:59:49','2020-02-17 13:21:50','2020-03-16 00:00:00','2020-03-09 00:00:00','2020-02-17 13:21:50',0,0,NULL,'2020-02-19 08:33:41',NULL,3,12,3,2,1,4,NULL,2,0),(14,13,17,NULL,1,'2020-02-17 13:31:33','2020-02-17 13:31:34','2020-02-17 13:33:16','2020-02-17 13:34:28',NULL,'2020-03-16 00:00:00','2020-03-09 00:00:00','2020-02-17 13:34:28',0,0,NULL,NULL,NULL,NULL,12,3,2,1,4,NULL,0,0),(15,11,18,NULL,2,'2020-02-19 07:17:14','2020-02-19 07:17:15','2020-02-19 07:22:27','2020-02-19 07:23:16',NULL,'2020-03-18 00:00:00','2020-03-11 00:00:00','2020-02-19 07:23:16',0,0,NULL,NULL,NULL,NULL,13,3,2,1,4,NULL,0,0),(16,15,18,NULL,2,'2020-02-19 07:18:49','2020-02-19 07:18:50','2020-02-19 07:20:33','2020-02-19 07:21:41','2020-02-19 08:04:49','2020-03-18 00:00:00','2020-03-11 00:00:00','2020-02-19 08:04:49',0,0,NULL,NULL,NULL,NULL,14,3,2,1,4,NULL,1,0),(17,15,30,NULL,1,'2020-02-27 09:15:09','2020-02-27 09:15:12','2020-02-27 09:18:04','2020-02-27 09:18:52',NULL,'2020-03-26 00:00:00','2020-03-19 00:00:00','2020-02-27 09:18:52',0,0,NULL,NULL,NULL,NULL,14,3,2,1,4,NULL,0,0),(18,13,31,NULL,1,'2020-02-27 09:23:53','2020-02-27 09:23:54','2020-02-27 09:25:33','2020-02-27 09:27:17',NULL,'2020-03-26 00:00:00','2020-03-19 00:00:00','2020-02-27 09:27:17',0,0,NULL,NULL,NULL,NULL,12,3,2,1,4,NULL,0,0),(19,14,32,NULL,1,'2020-02-28 07:52:14','2020-02-28 07:52:15','2020-02-28 07:53:48','2020-02-28 07:54:54',NULL,'2020-03-27 00:00:00','2020-03-20 00:00:00','2020-02-28 07:54:54',0,0,NULL,NULL,NULL,NULL,11,3,2,1,4,NULL,0,0),(20,16,15,NULL,2,'2020-03-07 09:40:14','2020-03-07 09:40:14','2020-03-11 14:34:08','2020-03-19 09:51:42',NULL,'2020-04-04 00:00:00','2020-03-28 00:00:00','2020-03-19 09:51:42',0,0,NULL,NULL,NULL,NULL,15,3,2,1,4,NULL,0,0),(21,16,16,NULL,2,'2020-03-07 09:40:43','2020-03-07 09:40:43','2020-03-11 14:35:58','2020-03-19 09:46:56',NULL,'2020-04-04 00:00:00','2020-03-28 00:00:00','2020-03-19 09:46:56',0,0,NULL,NULL,NULL,NULL,15,3,2,1,4,NULL,0,0),(22,17,16,NULL,2,'2020-03-19 09:26:50','2020-03-19 09:26:50','2020-03-19 09:47:50','2020-03-19 09:49:07',NULL,'2020-04-16 00:00:00','2020-04-09 00:00:00','2020-03-19 09:49:07',0,0,NULL,NULL,NULL,NULL,16,3,2,1,4,NULL,0,0),(23,17,17,NULL,2,'2020-03-19 09:27:48','2020-03-19 09:27:48','2020-03-19 09:52:40','2020-03-19 09:53:51',NULL,'2020-04-16 00:00:00','2020-04-09 00:00:00','2020-03-19 09:53:51',0,0,NULL,'2020-03-19 09:55:47',NULL,4,16,3,2,1,4,NULL,0,0),(25,19,16,NULL,2,'2020-04-06 05:50:29','2020-04-06 05:50:29','2020-04-25 09:59:00','2020-04-25 09:59:43',NULL,'2020-05-04 00:00:00','2020-04-27 00:00:00','2020-04-25 09:59:43',0,0,NULL,'2020-04-25 10:00:22',NULL,4,18,3,2,1,4,NULL,0,0),(26,19,39,NULL,1,'2020-05-12 09:35:23','2020-05-12 09:35:23','2020-05-12 09:48:37','2020-05-12 09:49:51',NULL,'2020-06-09 00:00:00','2020-06-02 00:00:00','2020-05-12 09:49:51',0,0,NULL,NULL,NULL,NULL,18,3,2,1,4,NULL,0,0),(27,20,39,NULL,2,'2020-05-26 14:02:15','2020-05-26 14:02:15','2020-05-27 09:33:11','2020-05-27 09:34:15',NULL,'2020-06-23 00:00:00','2020-06-16 00:00:00','2020-05-27 09:34:15',0,0,NULL,NULL,NULL,NULL,19,3,2,1,4,NULL,0,0),(28,20,41,NULL,1,'2020-06-17 10:28:18','2020-06-17 10:28:19','2020-06-17 10:28:50','2020-06-17 10:30:16',NULL,'2020-07-15 00:00:00','2020-07-08 00:00:00','2020-06-17 10:30:16',0,0,NULL,NULL,NULL,NULL,19,3,2,1,4,NULL,0,0),(29,18,16,NULL,2,'2020-07-13 09:38:10','2020-07-13 09:38:10','2020-07-13 12:23:52','2020-07-13 16:28:34',NULL,'2020-08-10 00:00:00','2020-08-03 00:00:00','2020-07-13 16:28:34',0,0,NULL,NULL,NULL,NULL,20,3,2,1,4,NULL,0,0),(30,21,17,NULL,2,'2020-07-15 08:43:00','2020-07-15 08:43:00','2020-07-21 20:45:32','2020-07-21 20:47:16',NULL,'2020-08-12 00:00:00','2020-08-05 00:00:00','2020-07-21 20:47:16',0,0,NULL,NULL,NULL,NULL,21,3,2,1,4,NULL,0,0),(31,23,6,NULL,2,'2020-07-26 09:57:37','2020-07-26 09:57:37','2020-07-28 07:19:59','2020-07-28 07:21:04',NULL,'2020-08-23 00:00:00','2020-08-16 00:00:00','2020-07-28 07:21:04',0,0,NULL,NULL,NULL,NULL,22,3,2,1,4,NULL,0,0),(32,23,16,NULL,2,'2020-07-26 09:58:15','2020-07-26 09:58:15','2020-07-28 07:23:23','2020-07-28 07:24:45',NULL,'2020-08-23 00:00:00','2020-08-16 00:00:00','2020-07-28 07:24:45',0,0,NULL,NULL,NULL,NULL,22,3,2,1,4,NULL,0,0),(33,22,6,NULL,2,'2020-07-26 09:59:59','2020-07-26 09:59:59','2020-07-28 07:21:38','2020-07-28 07:22:27',NULL,'2020-08-23 00:00:00','2020-08-16 00:00:00','2020-07-28 07:22:27',0,0,NULL,NULL,NULL,NULL,23,3,2,1,4,NULL,0,0),(34,22,17,NULL,2,'2020-07-26 10:00:44','2020-07-26 10:00:45','2020-07-28 07:26:15','2020-07-28 07:27:00',NULL,'2020-08-23 00:00:00','2020-08-16 00:00:00','2020-07-28 07:27:00',0,0,NULL,NULL,NULL,NULL,23,3,2,1,4,NULL,0,0),(35,24,6,NULL,2,'2020-08-13 10:44:17','2020-08-13 10:44:18','2020-08-15 09:37:25','2020-08-15 09:38:54',NULL,'2020-09-10 00:00:00','2020-09-03 00:00:00','2020-08-15 09:38:54',0,0,NULL,NULL,NULL,NULL,24,3,2,1,4,NULL,0,0),(36,25,17,NULL,NULL,'2020-09-11 05:03:01','2020-09-11 05:03:02',NULL,NULL,NULL,'2020-10-09 00:00:00','2020-10-02 00:00:00','2020-09-11 05:03:02',0,0,NULL,NULL,NULL,NULL,25,3,2,1,1,NULL,0,0),(37,26,6,NULL,2,'2020-09-28 06:07:47','2020-09-28 06:07:47','2020-10-07 11:24:34','2020-10-07 11:25:42',NULL,'2020-10-26 00:00:00','2020-10-19 00:00:00','2020-10-07 11:25:42',0,0,NULL,NULL,NULL,NULL,26,3,2,1,4,NULL,0,0),(38,28,6,NULL,2,'2020-10-09 07:47:10','2020-10-09 07:47:10','2020-10-15 10:23:25','2020-10-15 10:25:35',NULL,'2020-11-06 00:00:00','2020-10-30 00:00:00','2020-10-15 10:25:35',0,0,NULL,NULL,NULL,NULL,27,3,2,1,4,NULL,0,0),(39,29,18,NULL,2,'2020-10-09 07:53:34','2020-10-09 07:53:34','2020-10-17 07:45:13','2020-10-17 07:46:28',NULL,'2020-11-06 00:00:00','2020-10-30 00:00:00','2020-10-17 07:46:28',0,0,NULL,NULL,NULL,NULL,28,3,2,1,4,NULL,0,0),(40,30,18,NULL,2,'2020-10-29 08:29:32','2020-10-29 08:29:32','2020-11-07 15:43:26','2020-11-07 15:48:30',NULL,'2020-11-26 00:00:00','2020-11-19 00:00:00','2020-11-07 15:48:30',0,0,NULL,NULL,NULL,NULL,29,3,2,1,4,NULL,0,0),(41,33,6,NULL,2,'2021-01-02 05:46:59','2021-01-02 05:46:59','2021-01-03 17:24:20','2021-01-03 17:25:04',NULL,'2021-01-30 00:00:00','2021-01-23 00:00:00','2021-01-03 17:25:04',0,0,NULL,NULL,NULL,NULL,30,3,2,1,4,NULL,0,0),(42,32,6,NULL,2,'2021-01-02 05:49:57','2021-01-02 05:49:57','2021-01-04 17:08:05','2021-01-04 17:08:48',NULL,'2021-01-30 00:00:00','2021-01-23 00:00:00','2021-01-04 17:08:48',0,0,NULL,NULL,NULL,NULL,31,3,2,1,4,NULL,0,0),(43,38,6,NULL,2,'2021-02-06 11:35:01','2021-02-06 11:35:01','2021-02-10 14:35:15','2021-02-10 14:36:14',NULL,'2021-03-06 00:00:00','2021-02-27 00:00:00','2021-02-10 14:36:14',0,0,NULL,NULL,NULL,NULL,32,3,2,1,4,NULL,0,0),(44,33,18,NULL,2,'2021-02-19 11:25:10','2021-02-19 11:25:10','2021-02-19 11:25:42','2021-02-19 11:37:46',NULL,'2021-03-19 00:00:00','2021-03-12 00:00:00','2021-02-19 11:37:46',0,0,NULL,NULL,NULL,NULL,30,3,2,1,4,NULL,0,0);

--
