-- Table structure for table `review_files`
--

CREATE TABLE `review_files` (
  `review_id` bigint(20) NOT NULL,
  `submission_file_id` bigint(20) unsigned NOT NULL,
  UNIQUE KEY `review_files_pkey` (`review_id`,`submission_file_id`),
  KEY `review_files_review_id` (`review_id`),
  KEY `review_files_submission_file_id_foreign` (`submission_file_id`),
  CONSTRAINT `review_files_submission_file_id_foreign` FOREIGN KEY (`submission_file_id`) REFERENCES `submission_files` (`submission_file_id`)
) ENGINE=InnoDB DEFAULT CHARSET=utf8;

--
-- Dumping data for table `review_files`
--

INSERT INTO `review_files` VALUES (1,5),(2,13),(3,21),(4,22),(5,23),(6,35),(7,38),(8,39),(9,41),(10,55),(11,71),(12,72),(12,73),(12,74),(13,72),(13,73),(13,74),(14,72),(14,73),(14,74),(15,87),(16,88),(16,89),(16,90),(16,91),(16,92),(17,88),(17,89),(17,90),(17,91),(17,92),(18,72),(18,73),(18,74),(19,71),(20,104),(21,104),(22,106),(23,106),(25,129),(26,129),(27,139),(28,139),(29,146),(30,150),(31,156),(32,156),(33,157),(34,157),(35,170),(36,184),(37,186),(38,192),(39,193),(40,200),(41,213),(42,214),(43,224),(44,213);

--
-- Table structure for table `review_form_element_settings`
--

CREATE TABLE `review_form_element_settings` (
  `review_form_element_id` bigint(20) NOT NULL,
  `locale` varchar(14) NOT NULL DEFAULT '',
  `setting_name` varchar(255) NOT NULL,
  `setting_value` text DEFAULT NULL,
  `setting_type` varchar(6) NOT NULL,
  UNIQUE KEY `review_form_element_settings_pkey` (`review_form_element_id`,`locale`,`setting_name`),
  KEY `review_form_element_settings_review_form_element_id` (`review_form_element_id`)
) ENGINE=InnoDB DEFAULT CHARSET=utf8;

--
-- Dumping data for table `review_form_element_settings`
--


--
-- Table structure for table `review_form_elements`
--

CREATE TABLE `review_form_elements` (
  `review_form_element_id` bigint(20) NOT NULL AUTO_INCREMENT,
  `review_form_id` bigint(20) NOT NULL,
  `seq` double DEFAULT NULL,
  `element_type` bigint(20) DEFAULT NULL,
  `required` tinyint(4) DEFAULT NULL,
  `included` tinyint(4) DEFAULT NULL,
  PRIMARY KEY (`review_form_element_id`),
  KEY `review_form_elements_review_form_id` (`review_form_id`)
) ENGINE=InnoDB DEFAULT CHARSET=utf8;

--
-- Dumping data for table `review_form_elements`
--


--
-- Table structure for table `review_form_responses`
--

CREATE TABLE `review_form_responses` (
  `review_form_element_id` bigint(20) NOT NULL,
  `review_id` bigint(20) NOT NULL,
  `response_type` varchar(6) DEFAULT NULL,
  `response_value` text DEFAULT NULL,
  KEY `review_form_responses_pkey` (`review_form_element_id`,`review_id`)
) ENGINE=InnoDB DEFAULT CHARSET=utf8;

--
-- Dumping data for table `review_form_responses`
--


--
-- Table structure for table `review_form_settings`
--

CREATE TABLE `review_form_settings` (
  `review_form_id` bigint(20) NOT NULL,
  `locale` varchar(14) NOT NULL DEFAULT '',
  `setting_name` varchar(255) NOT NULL,
  `setting_value` text DEFAULT NULL,
  `setting_type` varchar(6) NOT NULL,
  UNIQUE KEY `review_form_settings_pkey` (`review_form_id`,`locale`,`setting_name`),
  KEY `review_form_settings_review_form_id` (`review_form_id`)
) ENGINE=InnoDB DEFAULT CHARSET=utf8;

--
-- Dumping data for table `review_form_settings`
--


--
-- Table structure for table `review_forms`
--

CREATE TABLE `review_forms` (
  `review_form_id` bigint(20) NOT NULL AUTO_INCREMENT,
  `assoc_type` bigint(20) NOT NULL,
  `assoc_id` bigint(20) NOT NULL,
  `seq` double DEFAULT NULL,
  `is_active` tinyint(4) DEFAULT NULL,
  PRIMARY KEY (`review_form_id`)
) ENGINE=InnoDB DEFAULT CHARSET=utf8;

--
-- Dumping data for table `review_forms`
--


--
-- Table structure for table `review_round_files`
--

CREATE TABLE `review_round_files` (
  `submission_id` bigint(20) NOT NULL,
  `review_round_id` bigint(20) NOT NULL,
  `stage_id` tinyint(4) NOT NULL,
  `submission_file_id` bigint(20) unsigned NOT NULL,
  UNIQUE KEY `review_round_files_pkey` (`submission_id`,`review_round_id`,`submission_file_id`),
  UNIQUE KEY `review_round_files_submission_file_id_unique` (`submission_file_id`),
  KEY `review_round_files_submission_id` (`submission_id`),
  CONSTRAINT `review_round_files_submission_file_id_foreign` FOREIGN KEY (`submission_file_id`) REFERENCES `submission_files` (`submission_file_id`)
) ENGINE=InnoDB DEFAULT CHARSET=utf8;

--
-- Dumping data for table `review_round_files`
--

INSERT INTO `review_round_files` VALUES (1,2,3,13),(1,2,3,14),(1,2,3,15),(2,1,3,5),(2,1,3,6),(2,1,3,7),(3,5,3,23),(3,5,3,26),(3,5,3,28),(4,4,3,22),(4,4,3,25),(4,4,3,27),(5,3,3,21),(5,3,3,24),(5,3,3,29),(6,6,3,35),(6,6,3,44),(6,6,3,48),(7,8,3,39),(7,8,3,43),(7,8,3,49),(8,7,3,38),(8,7,3,42),(8,7,3,47),(9,9,3,41),(9,9,3,45),(9,9,3,46),(10,10,3,55),(10,10,3,56),(10,10,3,57),(11,13,3,87),(11,13,3,94),(11,13,3,96),(13,12,3,72),(13,12,3,73),(13,12,3,74),(13,12,3,76),(13,12,3,82),(13,12,3,86),(13,12,3,98),(14,11,3,71),(14,11,3,75),(14,11,3,101),(15,14,3,88),(15,14,3,89),(15,14,3,90),(15,14,3,91),(15,14,3,92),(15,14,3,93),(15,14,3,97),(16,15,3,104),(16,15,3,107),(16,15,3,109),(16,15,3,111),(17,16,3,106),(17,16,3,108),(17,16,3,110),(17,16,3,113),(18,20,3,146),(18,20,3,148),(18,20,3,151),(18,20,3,152),(19,18,3,129),(19,18,3,133),(19,18,3,134),(19,18,3,137),(20,19,3,139),(20,19,3,140),(20,19,3,141),(20,19,3,143),(21,21,3,150),(21,21,3,153),(21,21,3,185),(22,23,3,157),(22,23,3,159),(22,23,3,161),(22,23,3,165),(23,22,3,156),(23,22,3,158),(23,22,3,160),(23,22,3,164),(24,24,3,170),(24,24,3,171),(24,24,3,172),(25,25,3,184),(26,26,3,186),(26,26,3,190),(28,27,3,192),(28,27,3,194),(28,27,3,196),(29,28,3,193),(29,28,3,195),(29,28,3,199),(30,29,3,200),(30,29,3,201),(32,31,3,214),(32,31,3,219),(32,31,3,221),(33,30,3,213),(33,30,3,218),(33,30,3,227),(33,30,3,228),(38,32,3,224),(38,32,3,225),(38,32,3,226);

--
-- Table structure for table `review_rounds`
--

CREATE TABLE `review_rounds` (
  `review_round_id` bigint(20) NOT NULL AUTO_INCREMENT,
  `submission_id` bigint(20) NOT NULL,
  `stage_id` bigint(20) DEFAULT NULL,
  `round` tinyint(4) NOT NULL,
  `review_revision` bigint(20) DEFAULT NULL,
  `status` bigint(20) DEFAULT NULL,
  PRIMARY KEY (`review_round_id`),
  UNIQUE KEY `review_rounds_submission_id_stage_id_round_pkey` (`submission_id`,`stage_id`,`round`),
  KEY `review_rounds_submission_id` (`submission_id`)
) ENGINE=InnoDB AUTO_INCREMENT=33 DEFAULT CHARSET=utf8;

--
-- Dumping data for table `review_rounds`
--

INSERT INTO `review_rounds` VALUES (1,2,3,1,NULL,4),(2,1,3,1,NULL,1),(3,5,3,1,NULL,1),(4,4,3,1,NULL,11),(5,3,3,1,NULL,11),(6,6,3,1,NULL,4),(7,8,3,1,NULL,4),(8,7,3,1,NULL,4),(9,9,3,1,NULL,4),(10,10,3,1,NULL,4),(11,14,3,1,NULL,1),(12,13,3,1,NULL,1),(13,11,3,1,NULL,4),(14,15,3,1,NULL,1),(15,16,3,1,NULL,4),(16,17,3,1,NULL,4),(18,19,3,1,NULL,4),(19,20,3,1,NULL,4),(20,18,3,1,NULL,4),(21,21,3,1,NULL,4),(22,23,3,1,NULL,4),(23,22,3,1,NULL,4),(24,24,3,1,NULL,4),(25,25,3,1,NULL,5),(26,26,3,1,NULL,1),(27,28,3,1,NULL,4),(28,29,3,1,NULL,4),(29,30,3,1,NULL,1),(30,33,3,1,NULL,4),(31,32,3,1,NULL,4),(32,38,3,1,NULL,4);

--
-- Table structure for table `rt_contexts`
--

CREATE TABLE `rt_contexts` (
  `context_id` bigint(20) NOT NULL AUTO_INCREMENT,
  `version_id` bigint(20) NOT NULL,
  `title` varchar(120) NOT NULL,
  `abbrev` varchar(32) NOT NULL,
  `description` text DEFAULT NULL,
  `cited_by` tinyint(4) NOT NULL DEFAULT 0,
  `author_terms` tinyint(4) NOT NULL DEFAULT 0,
  `define_terms` tinyint(4) NOT NULL DEFAULT 0,
  `geo_terms` tinyint(4) NOT NULL DEFAULT 0,
  `seq` double NOT NULL DEFAULT 0,
  PRIMARY KEY (`context_id`),
  KEY `rt_contexts_version_id` (`version_id`)
) ENGINE=InnoDB DEFAULT CHARSET=utf8;

--
-- Dumping data for table `rt_contexts`
--


--
-- Table structure for table `rt_searches`
--

CREATE TABLE `rt_searches` (
  `search_id` bigint(20) NOT NULL AUTO_INCREMENT,
  `context_id` bigint(20) NOT NULL,
  `title` varchar(120) NOT NULL,
  `description` text DEFAULT NULL,
  `url` text DEFAULT NULL,
  `search_url` text DEFAULT NULL,
  `search_post` text DEFAULT NULL,
  `seq` double NOT NULL DEFAULT 0,
  PRIMARY KEY (`search_id`),
  KEY `rt_searches_context_id` (`context_id`)
) ENGINE=InnoDB DEFAULT CHARSET=utf8;

--
-- Dumping data for table `rt_searches`
--


--
-- Table structure for table `rt_versions`
--

CREATE TABLE `rt_versions` (
  `version_id` bigint(20) NOT NULL AUTO_INCREMENT,
  `journal_id` bigint(20) NOT NULL,
  `version_key` varchar(40) NOT NULL,
  `locale` varchar(14) DEFAULT 'en_US',
  `title` varchar(120) NOT NULL,
  `description` text DEFAULT NULL,
  PRIMARY KEY (`version_id`),
  KEY `rt_versions_journal_id` (`journal_id`),
  KEY `rt_versions_version_key` (`version_key`)
) ENGINE=InnoDB DEFAULT CHARSET=utf8;

--
-- Dumping data for table `rt_versions`
--


--
-- Table structure for table `scheduled_tasks`
--

CREATE TABLE `scheduled_tasks` (
  `class_name` varchar(255) NOT NULL,
  `last_run` datetime DEFAULT NULL,
  UNIQUE KEY `scheduled_tasks_pkey` (`class_name`)
) ENGINE=InnoDB DEFAULT CHARSET=utf8;

--
-- Dumping data for table `scheduled_tasks`
--

INSERT INTO `scheduled_tasks` VALUES ('classes.tasks.SubscriptionExpiryReminder','2021-02-23 19:50:45'),('lib.pkp.classes.task.ReviewReminder','2021-02-26 21:25:59'),('lib.pkp.classes.task.StatisticsReport','2021-02-23 19:50:44'),('plugins.generic.usageStats.UsageStatsLoader','2021-02-26 21:22:17'),('plugins.importexport.crossref.CrossrefInfoSender','2021-02-26 21:22:17'),('plugins.importexport.datacite.DataciteInfoSender','2021-02-26 21:25:59'),('plugins.importexport.doaj.DOAJInfoSender','2021-02-26 21:22:17');

--
-- Table structure for table `section_settings`
--

CREATE TABLE `section_settings` (
  `section_id` bigint(20) NOT NULL,
  `locale` varchar(14) NOT NULL DEFAULT '',
  `setting_name` varchar(255) NOT NULL,
  `setting_value` text DEFAULT NULL,
  `setting_type` varchar(6) NOT NULL,
  UNIQUE KEY `section_settings_pkey` (`section_id`,`locale`,`setting_name`),
  KEY `section_settings_section_id` (`section_id`)
) ENGINE=InnoDB DEFAULT CHARSET=utf8;

--
-- Dumping data for table `section_settings`
--

INSERT INTO `section_settings` VALUES (1,'en_US','abbrev','ART','string'),(1,'en_US','identifyType','','string'),(1,'en_US','policy','','string'),(1,'en_US','title','Articles','string');

--
-- Table structure for table `sections`
--

CREATE TABLE `sections` (
  `section_id` bigint(20) NOT NULL AUTO_INCREMENT,
  `journal_id` bigint(20) NOT NULL,
  `review_form_id` bigint(20) DEFAULT NULL,
  `seq` double NOT NULL DEFAULT 0,
  `editor_restricted` tinyint(4) NOT NULL DEFAULT 0,
  `meta_indexed` tinyint(4) NOT NULL DEFAULT 0,
  `meta_reviewed` tinyint(4) NOT NULL DEFAULT 1,
  `abstracts_not_required` tinyint(4) NOT NULL DEFAULT 0,
  `hide_title` tinyint(4) NOT NULL DEFAULT 0,
  `hide_author` tinyint(4) NOT NULL DEFAULT 0,
  `abstract_word_count` bigint(20) DEFAULT NULL,
  `is_inactive` smallint(6) NOT NULL DEFAULT 0,
  PRIMARY KEY (`section_id`),
  KEY `sections_journal_id` (`journal_id`)
) ENGINE=InnoDB AUTO_INCREMENT=2 DEFAULT CHARSET=utf8;

--
-- Dumping data for table `sections`
--

INSERT INTO `sections` VALUES (1,1,0,0,0,1,1,0,0,0,NULL,0);

--
-- Table structure for table `sessions`
--

CREATE TABLE `sessions` (
  `session_id` varchar(128) NOT NULL,
  `user_id` bigint(20) DEFAULT NULL,
  `ip_address` varchar(39) NOT NULL,
  `user_agent` varchar(255) DEFAULT NULL,
  `created` bigint(20) NOT NULL DEFAULT 0,
  `last_used` bigint(20) NOT NULL DEFAULT 0,
  `remember` tinyint(4) NOT NULL DEFAULT 0,
  `data` text DEFAULT NULL,
  `domain` varchar(255) DEFAULT NULL,
  UNIQUE KEY `sessions_pkey` (`session_id`),
  KEY `sessions_user_id` (`user_id`)
) ENGINE=InnoDB DEFAULT CHARSET=utf8;

--
-- Dumping data for table `sessions`
--

INSERT INTO `sessions` VALUES ('0080cf999993fc6f4118c05032b6b82f',NULL,'54.36.149.97','Mozilla/5.0 (compatible; AhrefsBot/7.0; +http://ahrefs.com/robot/)',1614316003,1614316003,0,'','www.medlabtechnojournal.com'),('009351610594acfe1c31a6a7b47d4418',NULL,'173.231.59.209','Mozilla/5.0 (compatible; Adsbot/3.1)',1614336432,1614336432,0,'','www.medlabtechnojournal.com'),('009b6acd0e456280557e1f8d863b917d',NULL,'173.231.59.209','Mozilla/5.0 (compatible; Adsbot/3.1)',1614319683,1614319683,0,'','www.medlabtechnojournal.com'),('01261aadd922a63510d3293960c76b82',NULL,'172.245.197.40','Mozilla/5.0 (Macintosh; Intel Mac OS X 10_14_6) AppleWebKit/537.36 (KHTML, like Gecko) Chrome/87.0.4280.66 Safari/537.36',1614319031,1614319031,0,'','medlabtechnojournal.com'),('0151b5feb43cdca1646fd277559d1d6a',NULL,'34.221.236.206','Mozilla/5.0 (X11; Linux x86_64) AppleWebKit/537.36 (KHTML, like Gecko) Chrome/83.0.4103.97 Safari/537.36',1614283547,1614283547,0,'','medlabtechnojournal.com'),('0160910889d5c1c5b4d0e4d7f201ebf4',NULL,'173.231.59.209','Mozilla/5.0 (compatible; Adsbot/3.1)',1614336502,1614336502,0,'','www.medlabtechnojournal.com'),('01cd744728062f0b1ddc97fc550ac5a6',NULL,'13.66.139.113','Mozilla/5.0 (compatible; bingbot/2.0; +http://www.bing.com/bingbot.htm)',1614333469,1614333469,0,'csrf|a:2:{s:9:\"timestamp\";i:1614333469;s:5:\"token\";s:32:\"bb88c7286679147f2f1af9312b95b427\";}','www.medlabtechnojournal.com'),('02778644742bdc00f6bf7ccd60a336b1',1,'125.160.100.164','Mozilla/5.0 (Windows NT 6.2; Win64; x64; rv:85.0) Gecko/20100101 Firefox/85.0',1612919191,1613196116,1,'csrf|a:2:{s:9:\"timestamp\";i:1613196116;s:5:\"token\";s:32:\"0c7ced310a1e9126b9ad8b124588432e\";}userId|i:1;username|s:5:\"admin\";','medlabtechnojournal.com'),('02a0ed886c8478b370e012bd46dce20f',NULL,'173.231.59.209','Mozilla/5.0 (compatible; Adsbot/3.1)',1614336919,1614336919,0,'','www.medlabtechnojournal.com'),('02r2celcmi9bd3vjeu527r6nn5',23,'85.110.114.205','Mozilla/5.0 (Linux; Android 10; Redmi Note 8 Pro) AppleWebKit/537.36 (KHTML, like Gecko) Chrome/88.0.4324.152 Mobile Safari/537.36',1612716919,1613280512,1,'csrf|a:2:{s:9:\"timestamp\";i:1613280512;s:5:\"token\";s:32:\"12aa4ee169311df5907a59975e20c7ef\";}','medlabtechnojournal.com'),('031b70760c394d598e2f3a5107597ef8',NULL,'113.83.76.200','Mozilla/5.0 (Windows NT 10.0; WOW64) AppleWebKit/537.36 (KHTML, like Gecko) Chrome/78.0.3904.108 Safari/537.36',1614335548,1614335548,0,'','medlabtechnojournal.com'),('03de7c9cfc3d2469edbc021b2b24eb4c',NULL,'173.231.59.209','Mozilla/5.0 (compatible; Adsbot/3.1)',1614330846,1614330846,0,'','www.medlabtechnojournal.com'),('03e0ba78e26d4a8896d0304ec35f6848',NULL,'66.249.79.110','Googlebot/2.1 (+http://www.google.com/bot.html)',1614321614,1614321614,0,'csrf|a:2:{s:9:\"timestamp\";i:1614321614;s:5:\"token\";s:32:\"ad223dfc6050238d7aaea30acc1418e3\";}','medlabtechnojournal.com'),('04477ed6ea31007e48d8330fcc0b43cd',NULL,'173.231.59.209','Mozilla/5.0 (compatible; Adsbot/3.1)',1614319892,1614319892,0,'','www.medlabtechnojournal.com'),('0476b7885a2c6013a8c754419a24c1c0',NULL,'173.231.59.209','Mozilla/5.0 (compatible; Adsbot/3.1)',1614336342,1614336342,0,'','www.medlabtechnojournal.com'),('04cb5eef9d9ea08e8f1adca848e5bcc2',66,'178.243.111.138','Mozilla/5.0 (iPhone; CPU iPhone OS 14_4 like Mac OS X) AppleWebKit/605.1.15 (KHTML, like Gecko) CriOS/87.0.4280.77 Mobile/15E148 Safari/604.1',1613369616,1613370859,1,'csrf|a:2:{s:9:\"timestamp\";i:1613370857;s:5:\"token\";s:32:\"d490e32be359c429bf5f8ec435438c0d\";}userId|s:2:\"66\";username|s:11:\"gizemberfin\";','www.medlabtechnojournal.com'),('0639e02bd87835baee83bb32da8d7a28',NULL,'66.249.79.110','Googlebot/2.1 (+http://www.google.com/bot.html)',1614280362,1614280362,0,'','medlabtechnojournal.com'),('06555ca5ef3aa18fff4ee155deecf81e',NULL,'173.231.59.209','Mozilla/5.0 (compatible; Adsbot/3.1)',1614330851,1614330851,0,'','www.medlabtechnojournal.com'),('0656583826f890b3499e06708ef0b712',NULL,'167.114.226.133','Mozilla/5.0 (Windows NT 10.0; Win64; x64; rv:79.0) Gecko/20100101 Firefox/79.0',1614334340,1614334340,0,'','www.medlabtechnojournal.com'),('0677bb86353682be6e5ece256d65b6da',NULL,'173.231.59.209','Mozilla/5.0 (compatible; Adsbot/3.1)',1614336351,1614336351,0,'','www.medlabtechnojournal.com'),('071b8412efa0bc912b6b7f54b5939b58',NULL,'66.249.79.108','Googlebot/2.1 (+http://www.google.com/bot.html)',1614285190,1614285190,0,'','medlabtechnojournal.com'),('073c5cd17db8004c3726e9525dd73145',NULL,'54.36.149.53','Mozilla/5.0 (compatible; AhrefsBot/7.0; +http://ahrefs.com/robot/)',1614302007,1614302007,0,'','www.medlabtechnojournal.com'),('082c630ec1db40fa6822d7222a45bcb9',NULL,'173.231.59.209','Mozilla/5.0 (compatible; Adsbot/3.1)',1614319119,1614319119,0,'','www.medlabtechnojournal.com'),('089f577e37a5c7b2f565ce910d517c12',NULL,'5.255.253.105','Mozilla/5.0 (compatible; YandexBot/3.0; +http://yandex.com/bots)',1614309120,1614309120,0,'','medlabtechnojournal.com'),('089f6574436936c2565080eb9c4ece61',66,'88.244.126.9','Mozilla/5.0 (iPhone; CPU iPhone OS 14_4 like Mac OS X) AppleWebKit/605.1.15 (KHTML, like Gecko) Version/14.0.3 Mobile/15E148 Safari/604.1',1613919254,1613919285,1,'csrf|a:2:{s:9:\"timestamp\";i:1613919269;s:5:\"token\";s:32:\"07924b102e4774ab2a769bc73d7ffef4\";}userId|s:2:\"66\";username|s:11:\"gizemberfin\";','www.medlabtechnojournal.com'),('08e93ba9dddbb09402e2f7761ab11978',NULL,'66.249.79.117','Googlebot/2.1 (+http://www.google.com/bot.html)',1614324593,1614324593,0,'','medlabtechnojournal.com'),('0a67901e266233e13bad0faebc1b62db',NULL,'173.231.59.209','Mozilla/5.0 (compatible; Adsbot/3.1)',1614319880,1614319880,0,'','www.medlabtechnojournal.com'),('0a9ffd63feb31056b60b6f589c49f4ba',NULL,'173.231.59.209','Mozilla/5.0 (compatible; Adsbot/3.1)',1614336959,1614336959,0,'','www.medlabtechnojournal.com'),('0ac76ef03e39eb99c35bc22259cf79ec',NULL,'185.191.171.35','Mozilla/5.0 (compatible; SemrushBot/7~bl; +http://www.semrush.com/bot.html)',1614294338,1614294338,0,'','www.medlabtechnojournal.com'),('0accaa7597adce2d4aa137b1005bd566',NULL,'185.191.171.42','Mozilla/5.0 (compatible; SemrushBot/7~bl; +http://www.semrush.com/bot.html)',1614343346,1614343346,0,'','www.medlabtechnojournal.com'),('0beadc3a0bb90ffea9949921066b3928',NULL,'54.36.148.77','Mozilla/5.0 (compatible; AhrefsBot/7.0; +http://ahrefs.com/robot/)',1614301601,1614301601,0,'','www.medlabtechnojournal.com'),('0bf1d2772dc4d369556075dd8a7d0ce5',NULL,'173.231.59.209','Mozilla/5.0 (compatible; Adsbot/3.1)',1614319152,1614319152,0,'','www.medlabtechnojournal.com'),('0c60fcfb00d628add7d7846ea68c272b',NULL,'54.36.148.179','Mozilla/5.0 (compatible; AhrefsBot/7.0; +http://ahrefs.com/robot/)',1614304670,1614304670,0,'','www.medlabtechnojournal.com'),('0ce6fb90e1346482da55c96d1ae33a9c',NULL,'193.87.92.162','Mozilla/5.0 (Windows NT 10.0; Win64; x64; rv:86.0) Gecko/20100101 Firefox/86.0',1614337464,1614337464,0,'','www.medlabtechnojournal.com'),('0ced6e47e20eb4dfef3a2fc9298c7e79',NULL,'66.249.79.117','Googlebot/2.1 (+http://www.google.com/bot.html)',1614326171,1614326171,0,'csrf|a:2:{s:9:\"timestamp\";i:1614326171;s:5:\"token\";s:32:\"2ff4552e8e8b3fd8e6ce3998da3cc01d\";}','medlabtechnojournal.com'),('0cf9ea29431825e88c6253c913006264',NULL,'173.231.59.209','Mozilla/5.0 (compatible; Adsbot/3.1)',1614319690,1614319690,0,'','www.medlabtechnojournal.com'),('0ebea89b7620d34502fd1916ede47fef',NULL,'54.36.149.104','Mozilla/5.0 (compatible; AhrefsBot/7.0; +http://ahrefs.com/robot/)',1614343482,1614343482,0,'currentLocale|s:5:\"en_US\";','medlabtechnojournal.com'),('0f5ec23211e13cae03bab734c3b71043',NULL,'173.231.59.209','Mozilla/5.0 (compatible; Adsbot/3.1)',1614330912,1614330912,0,'','www.medlabtechnojournal.com'),('0f66dd4036d7b929c0a121d1844903fc',1,'36.74.237.253','Mozilla/5.0 (Windows NT 10.0; Win64; x64) AppleWebKit/537.36 (KHTML, like Gecko) Chrome/88.0.4324.182 Safari/537.36',1614125320,1614345869,1,'csrf|a:2:{s:9:\"timestamp\";i:1614345849;s:5:\"token\";s:32:\"de2a148e82faf4957e0bd807d66fbb1f\";}userId|i:1;username|s:5:\"admin\";','medlabtechnojournal.com'),('0fb6ec7e56f56e4cb392dff894bde945',NULL,'66.249.79.112','Googlebot/2.1 (+http://www.google.com/bot.html)',1614320241,1614320241,0,'','medlabtechnojournal.com'),('0fca7a0976f1ea0f886d3714230d7281',NULL,'173.231.59.209','Mozilla/5.0 (compatible; Adsbot/3.1)',1614319747,1614319747,0,'','www.medlabtechnojournal.com'),('1062ee1c9f225ad4f0e0d47988f8c77e',NULL,'173.231.59.209','Mozilla/5.0 (compatible; Adsbot/3.1)',1614330649,1614330649,0,'','www.medlabtechnojournal.com'),('108b0d6dde9e8c89a5aadfa4c2ed8ee2',66,'178.246.162.240','Mozilla/5.0 (Macintosh; Intel Mac OS X 10_13_6) AppleWebKit/605.1.15 (KHTML, like Gecko) Version/13.1.2 Safari/605.1.15',1613131430,1614010785,1,'csrf|a:2:{s:9:\"timestamp\";i:1614010783;s:5:\"token\";s:32:\"32399cb8b265c36f58b32d7b91989582\";}userId|s:2:\"66\";username|s:11:\"gizemberfin\";','www.medlabtechnojournal.com'),('10af114429499702641f9667a888fd56',NULL,'173.231.59.209','Mozilla/5.0 (compatible; Adsbot/3.1)',1614319478,1614319478,0,'','www.medlabtechnojournal.com'),('114960ce84916d3017688439ecba84dc',NULL,'66.249.79.110','Googlebot/2.1 (+http://www.google.com/bot.html)',1614285244,1614285244,0,'csrf|a:2:{s:9:\"timestamp\";i:1614285244;s:5:\"token\";s:32:\"a4395f314d41d9dbf8996d728300bda6\";}','medlabtechnojournal.com'),('114eac3037fda1e751f7563fa52340ce',NULL,'66.249.79.245','Googlebot/2.1 (+http://www.google.com/bot.html)',1614287334,1614287334,0,'','www.medlabtechnojournal.com'),('11779c43ed08186631154f683301eecf',NULL,'173.231.59.209','Mozilla/5.0 (compatible; Adsbot/3.1)',1614319339,1614319339,0,'','www.medlabtechnojournal.com'),('1228588e71b33f4d20487c418a73df95',NULL,'77.75.76.167','Mozilla/5.0 (compatible; SeznamBot/3.2; +http://napoveda.seznam.cz/en/seznambot-intro/)',1614328378,1614328378,0,'csrf|a:2:{s:9:\"timestamp\";i:1614328378;s:5:\"token\";s:32:\"cd3f1a8451c64c8bbb547f08d2f40ea4\";}','medlabtechnojournal.com'),('132726df9015cdf155e8191a8d449927',NULL,'173.231.59.209','Mozilla/5.0 (compatible; Adsbot/3.1)',1614336621,1614336621,0,'','www.medlabtechnojournal.com'),('1344e0d473bc133cae4972d2907926b8',NULL,'173.231.59.209','Mozilla/5.0 (compatible; Adsbot/3.1)',1614336889,1614336889,0,'','www.medlabtechnojournal.com'),('139ce06be86b3c04af7e8edb2a999390',NULL,'77.75.79.62','Mozilla/5.0 (compatible; SeznamBot/3.2; +http://napoveda.seznam.cz/en/seznambot-intro/)',1614334829,1614334829,0,'','medlabtechnojournal.com'),('14e253b2b326bf4bd76a95e9f192b143',NULL,'173.231.59.209','Mozilla/5.0 (compatible; Adsbot/3.1)',1614330600,1614330600,0,'','www.medlabtechnojournal.com'),('15a595870306e254e697259320e51741',NULL,'173.231.59.209','Mozilla/5.0 (compatible; Adsbot/3.1)',1614336416,1614336416,0,'','www.medlabtechnojournal.com'),('15ba2958dd6edce9820c963f5adcc8c7',NULL,'173.231.59.209','Mozilla/5.0 (compatible; Adsbot/3.1)',1614336558,1614336558,0,'','www.medlabtechnojournal.com'),('165a97b2149e05c7d201f5f3c0d65c70',NULL,'66.249.79.247','Googlebot/2.1 (+http://www.google.com/bot.html)',1614284335,1614284335,0,'','www.medlabtechnojournal.com'),('1660fcfd5ca6015bfb3e5a367cdf388f',NULL,'181.214.110.63','Mozilla/5.0 (Windows NT 10.0; Win64; x64) AppleWebKit/537.36 (KHTML, like Gecko) Chrome/85.0.4183.83 Safari/537.36',1614303494,1614303494,0,'','www.medlabtechnojournal.com'),('16c06541f37cf12dcac4c9ab7405a7c8',NULL,'173.231.59.209','Mozilla/5.0 (compatible; Adsbot/3.1)',1614330689,1614330689,0,'','www.medlabtechnojournal.com'),('17302969b8bedb742ac6ec17c205902d',NULL,'173.231.59.209','Mozilla/5.0 (compatible; Adsbot/3.1)',1614330496,1614330496,0,'','www.medlabtechnojournal.com'),('1770d75be81ad79213dd20175e74a7bc',NULL,'116.14.58.13','Mozilla/5.0 (Windows NT 10.0; Win64; x64) AppleWebKit/537.36 (KHTML, like Gecko) Chrome/88.0.4324.182 Safari/537.36',1614307164,1614307164,0,'','medlabtechnojournal.com'),('1780f6f6a58e63b627a0bb0db69b62aa',NULL,'66.249.79.117','Googlebot/2.1 (+http://www.google.com/bot.html)',1614287874,1614287874,0,'csrf|a:2:{s:9:\"timestamp\";i:1614287874;s:5:\"token\";s:32:\"ba973d0c5a65cb10d3370e15fd5379a7\";}','medlabtechnojournal.com'),('17dd0d88f62a9cc4529b0f21fb909e5e',68,'185.104.187.46','Mozilla/5.0 (Windows NT 6.1; ) AppleWebKit/537.36 (KHTML, like Gecko) Chrome/83.0.4103.61 Safari/537.36',1613027890,1613027951,1,'csrf|a:2:{s:9:\"timestamp\";i:1613027951;s:5:\"token\";s:32:\"503a582d05667737f5b4cb0822fe61a7\";}userId|s:2:\"68\";username|s:9:\"wazzchono\";','www.medlabtechnojournal.com'),('17deac7a3f812c8fead076740dd8f70a',NULL,'66.249.79.108','Googlebot/2.1 (+http://www.google.com/bot.html)',1614282922,1614282922,0,'','medlabtechnojournal.com'),('17eec6acfc6bb386ebb0b34b8fe279ac',NULL,'66.249.79.254','Googlebot/2.1 (+http://www.google.com/bot.html)',1614325741,1614325741,0,'','www.medlabtechnojournal.com'),('17f8375b39d5e1297bddc044198eb663',NULL,'62.210.119.157','Mozilla/5.0 (X11; Linux x86_64) AppleWebKit/537.36 (KHTML, like Gecko) Chrome/81.0.4044.129 Safari/537.36',1614318668,1614318668,0,'','medlabtechnojournal.com'),('18057b697a2b3cb0001192fa9323e2fa',NULL,'173.231.59.209','Mozilla/5.0 (compatible; Adsbot/3.1)',1614330933,1614330933,0,'','www.medlabtechnojournal.com'),('183765be751147aa2720d03b90114388',66,'178.246.162.240','Mozilla/5.0 (Macintosh; Intel Mac OS X 10_13_6) AppleWebKit/537.36 (KHTML, like Gecko) Chrome/88.0.4324.150 Safari/537.36',1613131370,1613131982,1,'csrf|a:2:{s:9:\"timestamp\";i:1613131982;s:5:\"token\";s:32:\"ca7ae126bf3fac0b0c25adbcf000ba04\";}userId|s:2:\"66\";username|s:11:\"gizemberfin\";','www.medlabtechnojournal.com'),('189e2479b936e6c5cbd0689ade291a03',NULL,'66.249.79.119','Googlebot/2.1 (+http://www.google.com/bot.html)',1614283448,1614283448,0,'','medlabtechnojournal.com'),('18a19ab4275f33a9f988ccf651a043df',NULL,'173.231.59.209','Mozilla/5.0 (compatible; Adsbot/3.1)',1614319410,1614319410,0,'','www.medlabtechnojournal.com'),('1983c3f08669394138435dc7c1fe3e87',66,'78.191.27.65','Mozilla/5.0 (Macintosh; Intel Mac OS X 10_13_6) AppleWebKit/605.1.15 (KHTML, like Gecko) Version/13.1.2 Safari/605.1.15',1614010811,1614290528,1,'csrf|a:2:{s:9:\"timestamp\";i:1614290528;s:5:\"token\";s:32:\"4e32255a316fef23df6f573903b3b204\";}userId|s:2:\"66\";username|s:11:\"gizemberfin\";','medlabtechnojournal.com'),('19b88b36e69b6f91e84cf41ec45dba58',NULL,'191.101.97.252','Mozilla/5.0 (Windows NT 6.1; WOW64) AppleWebKit/537.36 (KHTML, like Gecko) Chrome/86.0.4240.111 Safari/537.36',1614291037,1614291037,0,'','medlabtechnojournal.com'),('19d8fd2e88de0589e4c2378c6ae60938',NULL,'66.249.79.245','Googlebot/2.1 (+http://www.google.com/bot.html)',1614286631,1614286631,0,'','www.medlabtechnojournal.com'),('1a4f91f84c503db368f1874cbcec0885',NULL,'173.231.59.209','Mozilla/5.0 (compatible; Adsbot/3.1)',1614318966,1614318966,0,'','www.medlabtechnojournal.com'),('1a7aba3e7e16c151f4e1b09f712cee04',NULL,'54.36.148.63','Mozilla/5.0 (compatible; AhrefsBot/7.0; +http://ahrefs.com/robot/)',1614300362,1614300362,0,'','medlabtechnojournal.com'),('1a7c11665baffe3bba4c14a5e8acacfa',NULL,'66.249.79.247','Googlebot/2.1 (+http://www.google.com/bot.html)',1614325364,1614325364,0,'','www.medlabtechnojournal.com'),('1c362fb88dad1e19672043a48a7b0f49',NULL,'66.249.79.112','Googlebot/2.1 (+http://www.google.com/bot.html)',1614319622,1614319622,0,'','medlabtechnojournal.com'),('1d28b143fbc97bbbbf2ec5a9ac74c0d3',NULL,'37.44.253.127','Mozilla/5.0 (Linux; U; Android 1.5; en-us; T-Mobile G1 Build/CRB43) AppleWebKit/528.5  (KHTML, like Gecko) Version/3.1.2 Mobile Safari 1D974837',1614335544,1614335544,0,'','medlabtechnojournal.com'),('1e7d3e35eb598b30edeb9aeac4b24357',NULL,'130.255.162.177','Mozilla/5.0 (Macintosh; Intel Mac OS X 11.1; rv:84.0) Gecko/20100101 Firefox/84.0',1614282616,1614282616,0,'','medlabtechnojournal.com'),('1ec6bdfa8d70a64215b1b51d1b91b2bb',NULL,'173.231.59.209','Mozilla/5.0 (compatible; Adsbot/3.1)',1614336446,1614336446,0,'','www.medlabtechnojournal.com'),('1ee0a324868df83fb18373df40e98cb6',NULL,'66.249.79.254','Googlebot/2.1 (+http://www.google.com/bot.html)',1614288990,1614288990,0,'csrf|a:2:{s:9:\"timestamp\";i:1614288990;s:5:\"token\";s:32:\"9b98e7af2bd5fee8f58316e2601e3737\";}','www.medlabtechnojournal.com'),('20bf4b24a2d3d151681f52f6f6d58871',NULL,'5.255.253.157','Mozilla/5.0 (compatible; YandexBot/3.0; +http://yandex.com/bots)',1614326895,1614326895,0,'','medlabtechnojournal.com'),('216d1c4b6a33a9e9989acb0900894e2b',NULL,'173.231.59.209','Mozilla/5.0 (compatible; Adsbot/3.1)',1614337036,1614337036,0,'','www.medlabtechnojournal.com'),('218b3c8ad5e936c6cc34f4a781bfb100',NULL,'130.255.162.177','Mozilla/5.0 (Macintosh; Intel Mac OS X 11.1; rv:84.0) Gecko/20100101 Firefox/84.0',1614299325,1614299325,0,'','medlabtechnojournal.com'),('21cab251806f4f56c00b8db522752f11',NULL,'173.231.59.209','Mozilla/5.0 (compatible; Adsbot/3.1)',1614319828,1614319828,0,'','www.medlabtechnojournal.com'),('21e273ee6bbf69c2d1ccda55408f606f',NULL,'185.191.171.37','Mozilla/5.0 (compatible; SemrushBot/7~bl; +http://www.semrush.com/bot.html)',1614296422,1614296422,0,'','www.medlabtechnojournal.com'),('22a8b083c22f02adf20299d128f4c5ef',NULL,'130.255.162.177','Mozilla/5.0 (Macintosh; Intel Mac OS X 11.1; rv:84.0) Gecko/20100101 Firefox/84.0',1614297616,1614297616,0,'','medlabtechnojournal.com'),('22b265c3ec3a7ce56cefd74a719f2fa9',NULL,'185.191.171.20','Mozilla/5.0 (compatible; SemrushBot/7~bl; +http://www.semrush.com/bot.html)',1614292498,1614292498,0,'','medlabtechnojournal.com'),('22dfa854b1539026cd2edb6fe43ea0e3',NULL,'66.249.79.247','Googlebot/2.1 (+http://www.google.com/bot.html)',1614286148,1614286148,0,'csrf|a:2:{s:9:\"timestamp\";i:1614286148;s:5:\"token\";s:32:\"b23f2e7cd966715fe1d73efdc039df35\";}','www.medlabtechnojournal.com'),('231d5949eeb4dffdc15167706b1a19e3',NULL,'66.249.79.250','Googlebot/2.1 (+http://www.google.com/bot.html)',1614325645,1614325645,0,'csrf|a:2:{s:9:\"timestamp\";i:1614325645;s:5:\"token\";s:32:\"9a4c3cdd2cbfa1ce0df51735aa53b696\";}','www.medlabtechnojournal.com'),('23ca1f824e776bbbc6502b9fab0dbf58',NULL,'173.231.59.209','Mozilla/5.0 (compatible; Adsbot/3.1)',1614330675,1614330675,0,'','www.medlabtechnojournal.com'),('24ac786b2c4c36a776b17cc4ca1bd363',NULL,'173.231.59.209','Mozilla/5.0 (compatible; Adsbot/3.1)',1614318993,1614318993,0,'','www.medlabtechnojournal.com'),('24f2ba3d433fe4931a06a6a88a369013',NULL,'173.231.59.209','Mozilla/5.0 (compatible; Adsbot/3.1)',1614336590,1614336590,0,'','www.medlabtechnojournal.com'),('2540a19636dcac21e16805b860e17b7b',NULL,'173.231.59.209','Mozilla/5.0 (compatible; Adsbot/3.1)',1614319003,1614319003,0,'','www.medlabtechnojournal.com'),('25f1430e5d1cd681f56aa0026dd2b0ca',NULL,'66.249.79.108','Googlebot/2.1 (+http://www.google.com/bot.html)',1614282502,1614282502,0,'','medlabtechnojournal.com'),('2600e18716373834fe0db49479e69493',NULL,'66.249.79.121','Googlebot/2.1 (+http://www.google.com/bot.html)',1614327309,1614327309,0,'csrf|a:2:{s:9:\"timestamp\";i:1614327309;s:5:\"token\";s:32:\"928a0a55c28833d31327121a2f712272\";}','medlabtechnojournal.com'),('260e9c0f4d3adb7089ed1fafb7c55032',NULL,'185.191.171.42','Mozilla/5.0 (compatible; SemrushBot/7~bl; +http://www.semrush.com/bot.html)',1614324512,1614324512,0,'','medlabtechnojournal.com'),('2647fde33cfb0543df9049a3660eb9d7',NULL,'202.152.138.176','Mozilla/5.0 (Windows NT 10.0; Win64; x64) AppleWebKit/537.36 (KHTML, like Gecko) Chrome/88.0.4324.186 Safari/537.36',1614342590,1614342838,0,'','medlabtechnojournal.com'),('26c32bc1877bea8726b6f1c217285e80',NULL,'173.231.59.209','Mozilla/5.0 (compatible; Adsbot/3.1)',1614337022,1614337022,0,'','www.medlabtechnojournal.com'),('284344d98e5c89aabfb0469f26deab93',NULL,'173.231.59.209','Mozilla/5.0 (compatible; Adsbot/3.1)',1614319709,1614319709,0,'','www.medlabtechnojournal.com'),('292e924aabd0a8a955257af967ace437',NULL,'173.231.59.209','Mozilla/5.0 (compatible; Adsbot/3.1)',1614330609,1614330609,0,'','www.medlabtechnojournal.com'),('295eaa4075d02095c62734c3ec6a3f70',NULL,'66.249.79.121','Googlebot/2.1 (+http://www.google.com/bot.html)',1614284231,1614284231,0,'','medlabtechnojournal.com'),('29c1832e484d7661f4091afeebb2220a',NULL,'66.249.79.252','Googlebot/2.1 (+http://www.google.com/bot.html)',1614323356,1614323356,0,'','www.medlabtechnojournal.com'),('29c464a0b9c93e5548ac1c0e7684655f',NULL,'13.66.139.23','Mozilla/5.0 (compatible; bingbot/2.0; +http://www.bing.com/bingbot.htm)',1614295657,1614295657,0,'','www.medlabtechnojournal.com'),('2abb9f198db5f072021f0e547d1b71e2',NULL,'173.231.59.209','Mozilla/5.0 (compatible; Adsbot/3.1)',1614319836,1614319836,0,'','www.medlabtechnojournal.com'),('2b1801b958a4f9efebc345f86791cd86',NULL,'173.231.59.209','Mozilla/5.0 (compatible; Adsbot/3.1)',1614319725,1614319725,0,'','www.medlabtechnojournal.com'),('2b8d89df3ef407b5fafc16ecf4f40f70',NULL,'173.231.59.209','Mozilla/5.0 (compatible; Adsbot/3.1)',1614319293,1614319293,0,'','www.medlabtechnojournal.com'),('2c430dc01a3685fecd745df05b62ca00',NULL,'130.255.162.177','Mozilla/5.0 (Macintosh; Intel Mac OS X 11.1; rv:84.0) Gecko/20100101 Firefox/84.0',1614298440,1614298440,0,'','medlabtechnojournal.com'),('2c6459b9165a307592ab8d0b284dfbe9',NULL,'54.36.148.202','Mozilla/5.0 (compatible; AhrefsBot/7.0; +http://ahrefs.com/robot/)',1614322294,1614322294,0,'','www.medlabtechnojournal.com'),('2c767b62366bcbea2ba9f8cc540b8580',NULL,'66.249.79.254','Googlebot/2.1 (+http://www.google.com/bot.html)',1614324190,1614324190,0,'','www.medlabtechnojournal.com'),('2c9798be71119059daf5bdedc98df7ec',NULL,'3.232.129.123','CCBot/2.0 (https://commoncrawl.org/faq/)',1614305160,1614305160,0,'','www.medlabtechnojournal.com'),('2cac999a422012a76d91d1d6a81df7ed',NULL,'173.231.59.209','Mozilla/5.0 (compatible; Adsbot/3.1)',1614319530,1614319530,0,'','www.medlabtechnojournal.com'),('2e33b750b352cf2422e4a0e15acb7776',NULL,'54.36.148.179','Mozilla/5.0 (compatible; AhrefsBot/7.0; +http://ahrefs.com/robot/)',1614299943,1614299943,0,'','www.medlabtechnojournal.com'),('2ebfbe158f7c96e5c1423be81e0a1d5e',NULL,'34.86.35.103','Expanse indexes the network perimeters of our customers. If you have any questions or concerns, please reach out to: scaninfo@expanseinc.com',1614318379,1614318379,0,'','medlabtechnojournal.com'),('2f2156713fcee89814204c707da8ddd9',NULL,'66.249.79.121','Googlebot/2.1 (+http://www.google.com/bot.html)',1614285397,1614285397,0,'','medlabtechnojournal.com'),('2f98c2cc66c9f8a68b6ea95b7eed1a8f',NULL,'66.249.79.245','Googlebot/2.1 (+http://www.google.com/bot.html)',1614327357,1614327357,0,'csrf|a:2:{s:9:\"timestamp\";i:1614327357;s:5:\"token\";s:32:\"413033f37bf4814f92f3cde7d5775a19\";}','www.medlabtechnojournal.com'),('2fa01634619d9a318237f18e9645cc3c',NULL,'66.249.79.252','Googlebot/2.1 (+http://www.google.com/bot.html)',1614326353,1614326353,0,'','www.medlabtechnojournal.com'),('2fa9601a1cdd0b50563d3e8104f3788f',NULL,'66.249.79.121','Googlebot/2.1 (+http://www.google.com/bot.html)',1614320663,1614320663,0,'','medlabtechnojournal.com'),('2ff86ffcff8230583681835ec5a5f74a',NULL,'173.231.59.209','Mozilla/5.0 (compatible; Adsbot/3.1)',1614319022,1614319022,0,'csrf|a:2:{s:9:\"timestamp\";i:1614319022;s:5:\"token\";s:32:\"3503a86db644aca25620b4ba69108e89\";}','www.medlabtechnojournal.com'),('307cdbdedd5dcd9f56eee5b9d5f62f4b',NULL,'185.191.171.36','Mozilla/5.0 (compatible; SemrushBot/7~bl; +http://www.semrush.com/bot.html)',1614277909,1614277909,0,'','www.medlabtechnojournal.com'),('30f1a870c8e9e0eaac290e9bf1d9edee',NULL,'130.255.162.177','Mozilla/5.0 (Macintosh; Intel Mac OS X 11.1; rv:84.0) Gecko/20100101 Firefox/84.0',1614298622,1614298622,0,'','medlabtechnojournal.com'),('310644dadd2348adcfc6d2afb4839bab',NULL,'66.249.79.119','Googlebot/2.1 (+http://www.google.com/bot.html)',1614284976,1614284976,0,'','medlabtechnojournal.com'),('317f3dd0c3541e0acb4418fa64d126e8',NULL,'173.231.59.209','Mozilla/5.0 (compatible; Adsbot/3.1)',1614336381,1614336381,0,'','www.medlabtechnojournal.com'),('318d03f5c1607c6b3394ecb809af62fe',NULL,'130.255.162.177','Mozilla/5.0 (Macintosh; Intel Mac OS X 11.1; rv:84.0) Gecko/20100101 Firefox/84.0',1614298137,1614298137,0,'csrf|a:2:{s:9:\"timestamp\";i:1614298137;s:5:\"token\";s:32:\"b3e6b3583b4f2df3b66e70522ab4d697\";}','medlabtechnojournal.com'),('31bbee7f7c07a42145873da9125e750a',NULL,'13.66.139.57','Mozilla/5.0 (compatible; bingbot/2.0; +http://www.bing.com/bingbot.htm)',1614295676,1614295676,0,'','www.medlabtechnojournal.com'),('320540cd18b4d2e953de85dc850ca0ee',NULL,'130.255.162.177','Mozilla/5.0 (Macintosh; Intel Mac OS X 11.1; rv:84.0) Gecko/20100101 Firefox/84.0',1614298736,1614298736,0,'','medlabtechnojournal.com'),('32349e57b9d6be2a81ebf92ca891b1cf',NULL,'173.231.59.209','Mozilla/5.0 (compatible; Adsbot/3.1)',1614330656,1614330656,0,'','www.medlabtechnojournal.com'),('33b3d69961aa30cf623ff318aaae600f',NULL,'173.231.59.209','Mozilla/5.0 (compatible; Adsbot/3.1)',1614319590,1614319590,0,'','www.medlabtechnojournal.com'),('33caa93b4936f515ef00b6b4f096b83c',NULL,'173.231.59.209','Mozilla/5.0 (compatible; Adsbot/3.1)',1614330682,1614330682,0,'','www.medlabtechnojournal.com'),('33e8c5f123eb8f87156eaec8471600f1',NULL,'54.36.149.103','Mozilla/5.0 (compatible; AhrefsBot/7.0; +http://ahrefs.com/robot/)',1614297748,1614297748,0,'','medlabtechnojournal.com'),('340a0bfc16564b53e0af4e93ca56805c',NULL,'66.249.79.249','Googlebot/2.1 (+http://www.google.com/bot.html)',1614283412,1614283412,0,'','www.medlabtechnojournal.com'),('340c2cc3c860fff715350b8f62e14a86',NULL,'173.231.59.209','Mozilla/5.0 (compatible; Adsbot/3.1)',1614336684,1614336684,0,'','www.medlabtechnojournal.com'),('34a7203947b7c9d3855517b8e2a28a67',NULL,'77.75.78.167','Mozilla/5.0 (compatible; SeznamBot/3.2; +http://napoveda.seznam.cz/en/seznambot-intro/)',1614347156,1614347156,0,'','medlabtechnojournal.com'),('351b4cbf84e903f69964930d997e19f9',NULL,'66.249.79.119','Googlebot/2.1 (+http://www.google.com/bot.html)',1614288819,1614288819,0,'csrf|a:2:{s:9:\"timestamp\";i:1614288819;s:5:\"token\";s:32:\"0b073c0b8c61e5403956a0f886301223\";}','medlabtechnojournal.com'),('35338a114fb27475f1167700bb4cff4a',NULL,'130.255.162.177','Mozilla/5.0 (Macintosh; Intel Mac OS X 11.1; rv:84.0) Gecko/20100101 Firefox/84.0',1614298556,1614298556,0,'','medlabtechnojournal.com'),('3624ef195e2cdd896a45c3d65db08665',NULL,'66.249.79.119','Googlebot/2.1 (+http://www.google.com/bot.html)',1614282134,1614282134,0,'','medlabtechnojournal.com'),('365ab40e41ab16307a3bb31ea208177c',NULL,'66.249.79.112','Googlebot/2.1 (+http://www.google.com/bot.html)',1614321795,1614321795,0,'csrf|a:2:{s:9:\"timestamp\";i:1614321795;s:5:\"token\";s:32:\"16d6f78979f197c039aff88d43a7c2ff\";}','medlabtechnojournal.com'),('3706e3ad89871c3d6c9b9650e5017772',NULL,'10.0.1.218','',1614294875,1614294875,0,'','medlabtechnojournal.com'),('379e5d93367c8997b2e25b400e250ca1',NULL,'173.231.59.209','Mozilla/5.0 (compatible; Adsbot/3.1)',1614319101,1614319101,0,'csrf|a:2:{s:9:\"timestamp\";i:1614319101;s:5:\"token\";s:32:\"97a0ac490ab6ba6afb45b40f0f4befeb\";}','medlabtechnojournal.com'),('388f10e58209bafe85eef82b6daa55cb',NULL,'66.249.79.249','Googlebot/2.1 (+http://www.google.com/bot.html)',1614322685,1614322685,0,'','www.medlabtechnojournal.com'),('3897d14c4261c5f1ad9ab6bb520d2963',NULL,'54.36.148.130','Mozilla/5.0 (compatible; AhrefsBot/7.0; +http://ahrefs.com/robot/)',1614342171,1614342171,0,'','www.medlabtechnojournal.com'),('38f98b4942f808fc5dbf2d8bb193b76a',NULL,'178.233.32.112','Mozilla/5.0 (Windows NT 10.0; Win64; x64) AppleWebKit/537.36 (KHTML, like Gecko) Chrome/88.0.4324.190 Safari/537.36',1614273738,1614273784,0,'','www.medlabtechnojournal.com'),('391439a5da3bb8f5d5fcbda4ad7f4112',NULL,'13.66.139.113','Mozilla/5.0 (compatible; bingbot/2.0; +http://www.bing.com/bingbot.htm)',1614269801,1614269801,0,'','medlabtechnojournal.com'),('3932ed1574e7ae89070e17da4634eda0',NULL,'173.231.59.209','Mozilla/5.0 (compatible; Adsbot/3.1)',1614330876,1614330876,0,'','www.medlabtechnojournal.com'),('3a26ae94e8498f73d52d83e8f52a5ab8',NULL,'149.129.62.150','Mozilla/5.0 (Windows NT 6.1; WOW64) AppleWebKit/537.36 (KHTML, like Gecko) Chrome/63.0.3239.132 Safari/537.36 QIHU 360SE',1614335546,1614335546,0,'','medlabtechnojournal.com'),('3b08b51cb3c985311264d1aee383786b',NULL,'54.36.148.101','Mozilla/5.0 (compatible; AhrefsBot/7.0; +http://ahrefs.com/robot/)',1614353164,1614353164,0,'','www.medlabtechnojournal.com'),('3c06826ecffdd161e268af5083105d99',NULL,'54.36.148.179','Mozilla/5.0 (compatible; AhrefsBot/7.0; +http://ahrefs.com/robot/)',1614300630,1614300630,0,'','medlabtechnojournal.com'),('3c130fa52889c5cd3e55397d1281dd6b',NULL,'173.231.59.209','Mozilla/5.0 (compatible; Adsbot/3.1)',1614319851,1614319851,0,'','www.medlabtechnojournal.com'),('3c3f85cef23069bdfb05e5a96d7f5a97',NULL,'77.75.77.72','Mozilla/5.0 (compatible; SeznamBot/3.2; +http://napoveda.seznam.cz/en/seznambot-intro/)',1614340750,1614340750,0,'','medlabtechnojournal.com'),('3c9a8971bd0e79e5f02c38cb0d0c70d5',NULL,'173.231.59.209','Mozilla/5.0 (compatible; Adsbot/3.1)',1614319787,1614319787,0,'','www.medlabtechnojournal.com'),('3ca4d00c551db00ebbec40cfb0990b7c',NULL,'66.249.79.247','Googlebot/2.1 (+http://www.google.com/bot.html)',1614287348,1614287348,0,'','www.medlabtechnojournal.com'),('3e5c3ea5281840fa1c34a07785d458b9',NULL,'173.231.59.209','Mozilla/5.0 (compatible; Adsbot/3.1)',1614330618,1614330618,0,'','www.medlabtechnojournal.com'),('3f850beffce57e52882bb548f35926d2',NULL,'5.9.156.20','Mozilla/5.0 (compatible; MJ12bot/v1.4.8; http://mj12bot.com/)',1614281444,1614281444,0,'','www.medlabtechnojournal.com'),('3fa8c9f78baf681d022560cdb951d7d6',NULL,'173.231.59.209','Mozilla/5.0 (compatible; Adsbot/3.1)',1614330919,1614330919,0,'','www.medlabtechnojournal.com'),('40438f19ed651dac5f6eeeeccb0a96f3',NULL,'173.231.59.209','Mozilla/5.0 (compatible; Adsbot/3.1)',1614336441,1614336441,0,'','www.medlabtechnojournal.com'),('41c4c472e53856a4d28ffa046af554f3',NULL,'54.36.149.19','Mozilla/5.0 (compatible; AhrefsBot/7.0; +http://ahrefs.com/robot/)',1614300085,1614300085,0,'','medlabtechnojournal.com'),('426d251da57eeab51546f5e88245ba10',NULL,'66.249.79.245','Googlebot/2.1 (+http://www.google.com/bot.html)',1614287727,1614287727,0,'csrf|a:2:{s:9:\"timestamp\";i:1614287727;s:5:\"token\";s:32:\"0accdd38bf8ed2eaa231f1f4c4c26b61\";}','www.medlabtechnojournal.com'),('4333c5f975d64b275e9870f789282795',NULL,'54.36.148.62','Mozilla/5.0 (compatible; AhrefsBot/7.0; +http://ahrefs.com/robot/)',1614298026,1614298026,0,'','medlabtechnojournal.com'),('43cbd0fe08972316928ecf426aaf4a7e',NULL,'173.231.59.209','Mozilla/5.0 (compatible; Adsbot/3.1)',1614336456,1614336456,0,'','www.medlabtechnojournal.com'),('444a6f1d5afca66770c77d472a8c291d',NULL,'173.231.59.209','Mozilla/5.0 (compatible; Adsbot/3.1)',1614319597,1614319597,0,'','www.medlabtechnojournal.com'),('44876da7b506d987b0627668bed9adc9',NULL,'66.249.79.252','Googlebot/2.1 (+http://www.google.com/bot.html)',1614280631,1614280631,0,'','www.medlabtechnojournal.com'),('44b34dcd335ad3200539d145a5467ddb',NULL,'66.249.79.117','Googlebot/2.1 (+http://www.google.com/bot.html)',1614285275,1614285275,0,'csrf|a:2:{s:9:\"timestamp\";i:1614285275;s:5:\"token\";s:32:\"c9badbf13b4875f0879bd0ef3a2349ab\";}','medlabtechnojournal.com'),('45deeac39e03dfa6870e48cf36d9a351',NULL,'173.231.59.209','Mozilla/5.0 (compatible; Adsbot/3.1)',1614319437,1614319437,0,'','www.medlabtechnojournal.com'),('466c06db42066439186fd5cc80d481d4',NULL,'173.231.59.209','Mozilla/5.0 (compatible; Adsbot/3.1)',1614336995,1614336995,0,'','www.medlabtechnojournal.com'),('468ea86f7f686154e4078b9d598070a7',NULL,'103.253.212.8','Softaculous',1614351098,1614351098,0,'','medlabtechnojournal.com'),('470c11fa33737e6b070735ee72a141b2',NULL,'66.249.79.250','Googlebot/2.1 (+http://www.google.com/bot.html)',1614287577,1614287577,0,'csrf|a:2:{s:9:\"timestamp\";i:1614287577;s:5:\"token\";s:32:\"c3d0435bbeeaf24f1e15cd169b6e6573\";}','www.medlabtechnojournal.com'),('473b95bbec37ecffd9e2bdb24c83a9cc',NULL,'185.191.171.12','Mozilla/5.0 (compatible; SemrushBot/7~bl; +http://www.semrush.com/bot.html)',1614350743,1614350743,0,'','medlabtechnojournal.com'),('477c31a02748cd9c679bec248f6c14a5',NULL,'173.231.59.209','Mozilla/5.0 (compatible; Adsbot/3.1)',1614336841,1614336841,0,'','www.medlabtechnojournal.com'),('47bd247c34ff2fd682e2b84dcbf2ac30',NULL,'130.255.162.177','Mozilla/5.0 (Macintosh; Intel Mac OS X 11.1; rv:84.0) Gecko/20100101 Firefox/84.0',1614297616,1614297616,0,'','medlabtechnojournal.com'),('47c565e6748631bfbf9b3ebf11d3be12',66,'78.180.166.201','Mozilla/5.0 (Macintosh; Intel Mac OS X 10_13_6) AppleWebKit/537.36 (KHTML, like Gecko) Chrome/88.0.4324.150 Safari/537.36',1612996738,1612996786,1,'csrf|a:2:{s:9:\"timestamp\";i:1612996786;s:5:\"token\";s:32:\"a5b190c761b8ad522d9d033e754905e8\";}userId|s:2:\"66\";username|s:11:\"gizemberfin\";','www.medlabtechnojournal.com'),('486b260d4dab1d08f4e79499567689dd',NULL,'66.249.79.247','Googlebot/2.1 (+http://www.google.com/bot.html)',1614280920,1614280920,0,'csrf|a:2:{s:9:\"timestamp\";i:1614280920;s:5:\"token\";s:32:\"15e0736c26c8dac7c4fd08fb26662670\";}','www.medlabtechnojournal.com'),('48f9f1bce87d4cea3488df2e13169dd7',NULL,'66.249.79.250','Googlebot/2.1 (+http://www.google.com/bot.html)',1614287873,1614287873,0,'','www.medlabtechnojournal.com'),('49007da1a7c8472737bd1180bb91c7ed',NULL,'34.221.236.206','Mozilla/5.0 (X11; Linux x86_64) AppleWebKit/537.36 (KHTML, like Gecko) Chrome/83.0.4103.97 Safari/537.36',1614283547,1614283547,0,'','medlabtechnojournal.com'),('493b7b6feb6394e9e98738ffe00ea5fb',NULL,'173.231.59.209','Mozilla/5.0 (compatible; Adsbot/3.1)',1614336768,1614336768,0,'','www.medlabtechnojournal.com'),('49b42261ff038d2b878ffd69195aced7',NULL,'173.231.59.209','Mozilla/5.0 (compatible; Adsbot/3.1)',1614318946,1614318946,0,'','www.medlabtechnojournal.com'),('4a8b385b226537f8d6737b17879671c2',NULL,'173.231.59.209','Mozilla/5.0 (compatible; Adsbot/3.1)',1614330624,1614330624,0,'','www.medlabtechnojournal.com'),('4ad68df377f6fa3b6ca6dafe19dff7c3',NULL,'173.231.59.209','Mozilla/5.0 (compatible; Adsbot/3.1)',1614336976,1614336976,0,'','www.medlabtechnojournal.com'),('4aee6cab66b2ec4e1d265691ca66f394',NULL,'173.231.59.209','Mozilla/5.0 (compatible; Adsbot/3.1)',1614319162,1614319162,0,'csrf|a:2:{s:9:\"timestamp\";i:1614319162;s:5:\"token\";s:32:\"49f818ee83fdeaf896acf4471adac434\";}','www.medlabtechnojournal.com'),('4b36398166fa4cdffe786293a88d2223',NULL,'66.249.79.119','Googlebot/2.1 (+http://www.google.com/bot.html)',1614322893,1614322893,0,'','medlabtechnojournal.com'),('4baf24d48f08063edf91fd92ac6f3521',NULL,'66.249.79.250','Googlebot/2.1 (+http://www.google.com/bot.html)',1614287563,1614287563,0,'','www.medlabtechnojournal.com'),('4c2a396dcc0c83c8df138cc91a02e13d',NULL,'66.249.79.254','Googlebot/2.1 (+http://www.google.com/bot.html)',1614287826,1614287826,0,'csrf|a:2:{s:9:\"timestamp\";i:1614287826;s:5:\"token\";s:32:\"fb78fff5fb5c63daed33d6ae71e754ac\";}','www.medlabtechnojournal.com'),('4c54bfe63de112e2b496c2fed552439a',NULL,'45.146.167.63','drupalgeddon2',1614339309,1614339309,0,'','medlabtechnojournal.com'),('4c828ce897701961e85e33dc34e0bc86',NULL,'54.36.149.28','Mozilla/5.0 (compatible; AhrefsBot/7.0; +http://ahrefs.com/robot/)',1614299811,1614299811,0,'','medlabtechnojournal.com'),('4cb92479605df0f16213dc26679bc4a0',NULL,'64.71.131.244','Mozilla/5.0 (compatible; evc-batch/2.0)',1614290312,1614290312,0,'','medlabtechnojournal.com'),('4d2f7c121430964101942770855dff63',NULL,'66.249.79.117','Googlebot/2.1 (+http://www.google.com/bot.html)',1614285501,1614285501,0,'','medlabtechnojournal.com'),('4d7ea58e5a16167144034d7897200732',NULL,'173.231.59.209','Mozilla/5.0 (compatible; Adsbot/3.1)',1614319195,1614319195,0,'','www.medlabtechnojournal.com'),('4e0183cfcc385fd9a90d5708b81be9d4',66,'178.246.162.240','Mozilla/5.0 (Macintosh; Intel Mac OS X 10_13_6) AppleWebKit/537.36 (KHTML, like Gecko) Chrome/88.0.4324.150 Safari/537.36',1613131982,1613132043,1,'csrf|a:2:{s:9:\"timestamp\";i:1613132043;s:5:\"token\";s:32:\"99613d57a337825803d05603fb4fc7d6\";}userId|s:2:\"66\";username|s:11:\"gizemberfin\";','www.medlabtechnojournal.com'),('4e5e276faaa47183c7f281ce632c5822',NULL,'173.231.59.209','Mozilla/5.0 (compatible; Adsbot/3.1)',1614330503,1614330503,0,'','www.medlabtechnojournal.com'),('4e624fa1af7c91e5cc55fecf18537369',NULL,'173.231.59.209','Mozilla/5.0 (compatible; Adsbot/3.1)',1614319782,1614319782,0,'','www.medlabtechnojournal.com'),('4e702ed92057cb06d3479d6fdc11933f',NULL,'185.191.171.44','Mozilla/5.0 (compatible; SemrushBot/7~bl; +http://www.semrush.com/bot.html)',1614324769,1614324769,0,'','medlabtechnojournal.com'),('4ecdeeeb77b98633737ede4c1d74297a',NULL,'185.191.171.22','Mozilla/5.0 (compatible; SemrushBot/7~bl; +http://www.semrush.com/bot.html)',1614352813,1614352813,0,'','medlabtechnojournal.com'),('4f773c8eac91312b3d91fb60500c1f9b',NULL,'173.231.59.209','Mozilla/5.0 (compatible; Adsbot/3.1)',1614319581,1614319581,0,'','www.medlabtechnojournal.com'),('4fb53ff4a218589a3f350a2810f28360',NULL,'66.249.79.119','Googlebot/2.1 (+http://www.google.com/bot.html)',1614285260,1614285260,0,'','medlabtechnojournal.com'),('4fccd1665d5d4faaa2c9bb46d4506222',NULL,'173.231.59.209','Mozilla/5.0 (compatible; Adsbot/3.1)',1614336860,1614336860,0,'','www.medlabtechnojournal.com'),('502e24265d20b080624808787a19f25d',66,'78.180.166.201','Mozilla/5.0 (Macintosh; Intel Mac OS X 10_13_6) AppleWebKit/537.36 (KHTML, like Gecko) Chrome/88.0.4324.150 Safari/537.36',1612997822,1612999830,1,'csrf|a:2:{s:9:\"timestamp\";i:1612999830;s:5:\"token\";s:32:\"f1c8751d8d24c669309f85f209691b87\";}userId|s:2:\"66\";username|s:11:\"gizemberfin\";','www.medlabtechnojournal.com'),('5062a44aa1a540a5d046712855dc9d3e',NULL,'54.36.149.21','Mozilla/5.0 (compatible; AhrefsBot/7.0; +http://ahrefs.com/robot/)',1614297462,1614297462,0,'','www.medlabtechnojournal.com'),('50e59278bc566399960fe57205b61adc',NULL,'173.231.59.209','Mozilla/5.0 (compatible; Adsbot/3.1)',1614336703,1614336703,0,'','www.medlabtechnojournal.com'),('512874d34d341ef86d2246adb917af08',NULL,'173.231.59.209','Mozilla/5.0 (compatible; Adsbot/3.1)',1614330727,1614330727,0,'','www.medlabtechnojournal.com'),('512b275b8e12eef4b4458dc366951ef8',NULL,'66.249.79.110','Googlebot/2.1 (+http://www.google.com/bot.html)',1614284787,1614284787,0,'','medlabtechnojournal.com'),('521d0b2b99f1f37f1fa2accbf37ed48a',NULL,'66.249.79.121','Googlebot/2.1 (+http://www.google.com/bot.html)',1614321030,1614321030,0,'csrf|a:2:{s:9:\"timestamp\";i:1614321030;s:5:\"token\";s:32:\"8876aa99ab3de37fbadb60f86435f271\";}','medlabtechnojournal.com'),('527bf39339469bd6159426a59690e0eb',NULL,'66.249.79.112','Googlebot/2.1 (+http://www.google.com/bot.html)',1614283254,1614283254,0,'','medlabtechnojournal.com'),('532eeaec935d055b85d126f8c6154f71',NULL,'173.231.59.209','Mozilla/5.0 (compatible; Adsbot/3.1)',1614319074,1614319074,0,'','www.medlabtechnojournal.com'),('53fe6fa5c4918bde555ccf7dd1256547',NULL,'66.249.79.250','Googlebot/2.1 (+http://www.google.com/bot.html)',1614325475,1614325475,0,'csrf|a:2:{s:9:\"timestamp\";i:1614325475;s:5:\"token\";s:32:\"458baa3dd14ed04c327913ee17079cd7\";}','www.medlabtechnojournal.com'),('54001f35289b8b924752afb5f514d749',NULL,'173.231.59.209','Mozilla/5.0 (compatible; Adsbot/3.1)',1614319571,1614319571,0,'','www.medlabtechnojournal.com'),('5415675de605fe1f0c345f4f376df6c9',NULL,'64.227.7.250','Mozilla/5.0 (Macintosh; Intel Mac OS X 10_15_2) AppleWebKit/537.36 (KHTML, like Gecko) Chrome/79.0.3945.88 Safari/537.36',1614276107,1614276107,0,'','medlabtechnojournal.com'),('5428f1077244179ca54d389da87f378f',NULL,'54.36.148.247','Mozilla/5.0 (compatible; AhrefsBot/7.0; +http://ahrefs.com/robot/)',1614295194,1614295194,0,'','www.medlabtechnojournal.com'),('54788e5aaeb5f31ee22ae3571c542e4e',NULL,'54.36.148.179','Mozilla/5.0 (compatible; AhrefsBot/7.0; +http://ahrefs.com/robot/)',1614323330,1614323330,0,'','www.medlabtechnojournal.com'),('562381c2ab45379bf27732a308550d86',NULL,'173.231.59.209','Mozilla/5.0 (compatible; Adsbot/3.1)',1614336582,1614336582,0,'','www.medlabtechnojournal.com'),('5636be1cc783f081431657b4f4a97eee',NULL,'130.255.162.177','Mozilla/5.0 (Macintosh; Intel Mac OS X 11.1; rv:84.0) Gecko/20100101 Firefox/84.0',1614297850,1614297850,0,'','medlabtechnojournal.com'),('566f68631892cec61e40c95454d28eb4',NULL,'66.249.79.247','Googlebot/2.1 (+http://www.google.com/bot.html)',1614324163,1614324163,0,'','www.medlabtechnojournal.com'),('56d4fb821b1edd36deaafeb59cefc863',NULL,'173.231.59.209','Mozilla/5.0 (compatible; Adsbot/3.1)',1614330775,1614330775,0,'','www.medlabtechnojournal.com'),('56e343538c7f62b25152551599c0947b',NULL,'173.231.59.209','Mozilla/5.0 (compatible; Adsbot/3.1)',1614319219,1614319219,0,'','www.medlabtechnojournal.com'),('56e9c05f3b3dd364f9a39a5fa5f69204',NULL,'173.231.59.209','Mozilla/5.0 (compatible; Adsbot/3.1)',1614336783,1614336783,0,'','www.medlabtechnojournal.com'),('58711ea4100159b72521f9db24cb1162',NULL,'173.231.59.209','Mozilla/5.0 (compatible; Adsbot/3.1)',1614336545,1614336545,0,'','www.medlabtechnojournal.com'),('58ac604a53655dd255278285113a58ef',NULL,'173.231.59.209','Mozilla/5.0 (compatible; Adsbot/3.1)',1614319808,1614319808,0,'csrf|a:2:{s:9:\"timestamp\";i:1614319808;s:5:\"token\";s:32:\"6d555ac1630b037f02c0bb98d485a049\";}','www.medlabtechnojournal.com'),('58c0c09d6c64c6af429dd019cdb85490',NULL,'173.231.59.209','Mozilla/5.0 (compatible; Adsbot/3.1)',1614336301,1614336301,0,'','www.medlabtechnojournal.com'),('58c925aa91a92cd6f2114c489af0f7f8',NULL,'66.249.79.252','Googlebot/2.1 (+http://www.google.com/bot.html)',1614288124,1614288124,0,'','www.medlabtechnojournal.com'),('5907be7e401d1741ab8db6da01368f41',NULL,'173.231.59.209','Mozilla/5.0 (compatible; Adsbot/3.1)',1614319676,1614319676,0,'','www.medlabtechnojournal.com'),('59ac37ea7098c9ca6f7c6ce4357cc030',NULL,'173.231.59.209','Mozilla/5.0 (compatible; Adsbot/3.1)',1614319820,1614319820,0,'csrf|a:2:{s:9:\"timestamp\";i:1614319820;s:5:\"token\";s:32:\"c0234646412340cf36e1327ce76ea110\";}','www.medlabtechnojournal.com'),('5aa93d9aa9fa0ced9389c74b6d0d3a88',NULL,'66.249.79.117','Googlebot/2.1 (+http://www.google.com/bot.html)',1614285177,1614285177,0,'','medlabtechnojournal.com'),('5b5542c12eb087612a0b9050ee8cf7b9',66,'78.180.166.201','Mozilla/5.0 (Macintosh; Intel Mac OS X 10_13_6) AppleWebKit/537.36 (KHTML, like Gecko) Chrome/88.0.4324.150 Safari/537.36',1612995538,1612996731,1,'csrf|a:2:{s:9:\"timestamp\";i:1612996731;s:5:\"token\";s:32:\"8e3bf894b163a9d84b8abc4ab0215024\";}userId|s:2:\"66\";username|s:11:\"gizemberfin\";','www.medlabtechnojournal.com'),('5b72f6eb0b02a5c2496ac98320c8c02f',NULL,'185.191.171.26','Mozilla/5.0 (compatible; SemrushBot/7~bl; +http://www.semrush.com/bot.html)',1614280791,1614280791,0,'','medlabtechnojournal.com'),('5c8b67452ca787f855ebd1c100592623',NULL,'54.36.149.91','Mozilla/5.0 (compatible; AhrefsBot/7.0; +http://ahrefs.com/robot/)',1614303054,1614303054,0,'','www.medlabtechnojournal.com'),('5c8b783f6e73bcbc55f08b515e25412d',NULL,'66.249.79.121','Googlebot/2.1 (+http://www.google.com/bot.html)',1614323787,1614323787,0,'','medlabtechnojournal.com'),('5cf6daac05d625061a7178be10a6df90',NULL,'173.231.59.209','Mozilla/5.0 (compatible; Adsbot/3.1)',1614319793,1614319793,0,'','www.medlabtechnojournal.com'),('5dcb49bb365e64228c59bcebb8705f77',NULL,'54.36.148.229','Mozilla/5.0 (compatible; AhrefsBot/7.0; +http://ahrefs.com/robot/)',1614298436,1614298436,0,'','medlabtechnojournal.com'),('5e915a573bdb4b157c12e64de3bb6585',NULL,'173.231.59.209','Mozilla/5.0 (compatible; Adsbot/3.1)',1614336283,1614336283,0,'','www.medlabtechnojournal.com'),('5e969a69981ea26646a82207421083c6',NULL,'173.231.59.209','Mozilla/5.0 (compatible; Adsbot/3.1)',1614319741,1614319741,0,'','www.medlabtechnojournal.com'),('5f7e62205c897febee0e8673aebcd0a2',NULL,'66.249.79.110','Googlebot/2.1 (+http://www.google.com/bot.html)',1614324262,1614324262,0,'','medlabtechnojournal.com'),('5f88adc5a1c6ef93163286bae9cab7eb',NULL,'173.231.59.209','Mozilla/5.0 (compatible; Adsbot/3.1)',1614319697,1614319697,0,'','www.medlabtechnojournal.com'),('6006042edba8a6c9831ec4f58c79f657',NULL,'173.231.59.209','Mozilla/5.0 (compatible; Adsbot/3.1)',1614336358,1614336358,0,'','www.medlabtechnojournal.com'),('6049a59e39d7c3fa1dcc6f3e795e1730',NULL,'173.231.59.209','Mozilla/5.0 (compatible; Adsbot/3.1)',1614319393,1614319393,0,'','www.medlabtechnojournal.com'),('60b374b020d8693a4da9e532a3be2670',NULL,'173.231.59.209','Mozilla/5.0 (compatible; Adsbot/3.1)',1614319610,1614319610,0,'','www.medlabtechnojournal.com'),('6173f9b9a0d8ed3e0c382ed11c6a580d',NULL,'173.231.59.209','Mozilla/5.0 (compatible; Adsbot/3.1)',1614330926,1614330926,0,'','www.medlabtechnojournal.com'),('61ba3a78483bf07a84f4a04ca80e313c',NULL,'66.249.79.245','Googlebot/2.1 (+http://www.google.com/bot.html)',1614280904,1614280904,0,'','www.medlabtechnojournal.com'),('62057cefb38ca67c349369fb0bd89b56',NULL,'66.249.79.245','Googlebot/2.1 (+http://www.google.com/bot.html)',1614283429,1614283429,0,'csrf|a:2:{s:9:\"timestamp\";i:1614283429;s:5:\"token\";s:32:\"20e7ff92bd012379d0bbedee1ce98b67\";}','www.medlabtechnojournal.com'),('621d0276e12acd46adab6242bd73fb29',NULL,'13.66.139.113','Mozilla/5.0 (compatible; bingbot/2.0; +http://www.bing.com/bingbot.htm)',1614295661,1614295661,0,'','www.medlabtechnojournal.com'),('624232eb1c0eda9a92d5a316df675be4',NULL,'173.231.59.209','Mozilla/5.0 (compatible; Adsbot/3.1)',1614330574,1614330574,0,'','www.medlabtechnojournal.com'),('6279c5f363d43fa72f05a37c68fc441d',NULL,'66.249.79.117','Googlebot/2.1 (+http://www.google.com/bot.html)',1614285122,1614285122,0,'','medlabtechnojournal.com'),('62afaa9c1a855d6938757e546a07c526',NULL,'66.249.79.117','Googlebot/2.1 (+http://www.google.com/bot.html)',1614287091,1614287091,0,'','medlabtechnojournal.com'),('62b23634b70075cafdb7fe54bbecc8e9',NULL,'103.253.212.8','Softaculous',1614351123,1614351123,0,'','medlabtechnojournal.com'),('63e50685c2b918050f51eade2b435a01',NULL,'130.255.162.177','Mozilla/5.0 (Macintosh; Intel Mac OS X 11.1; rv:84.0) Gecko/20100101 Firefox/84.0',1614297562,1614297562,0,'','medlabtechnojournal.com'),('63ea161f817349314d97c2bf89a3627c',NULL,'173.231.59.209','Mozilla/5.0 (compatible; Adsbot/3.1)',1614336392,1614336392,0,'','www.medlabtechnojournal.com'),('64027e595c4a290ad62739bf9a3ee427',NULL,'173.231.59.209','Mozilla/5.0 (compatible; Adsbot/3.1)',1614318979,1614318979,0,'','www.medlabtechnojournal.com'),('6478c00b79ebfd3e13a8d203788670e0',NULL,'173.231.59.209','Mozilla/5.0 (compatible; Adsbot/3.1)',1614330698,1614330698,0,'','www.medlabtechnojournal.com'),('64abcf2b94e3a68d5892cb3de946a509',NULL,'66.249.79.254','Googlebot/2.1 (+http://www.google.com/bot.html)',1614289085,1614289085,0,'','www.medlabtechnojournal.com'),('64fcf9687564fcfbf47daf29ed0774fa',NULL,'66.249.79.112','Googlebot/2.1 (+http://www.google.com/bot.html)',1614286217,1614286217,0,'','medlabtechnojournal.com'),('64ff6e8a375d7450d0bf663e7ed45586',NULL,'173.231.59.209','Mozilla/5.0 (compatible; Adsbot/3.1)',1614319171,1614319171,0,'','www.medlabtechnojournal.com'),('6516f479354288882c8fa28cad9639da',NULL,'173.231.59.209','Mozilla/5.0 (compatible; Adsbot/3.1)',1614330806,1614330806,0,'','www.medlabtechnojournal.com'),('65a88d4f0d751de362d83477eef2f98a',NULL,'173.231.59.209','Mozilla/5.0 (compatible; Adsbot/3.1)',1614330789,1614330789,0,'','www.medlabtechnojournal.com'),('65b3701e306698903038b5d281a9099e',NULL,'173.231.59.209','Mozilla/5.0 (compatible; Adsbot/3.1)',1614330896,1614330896,0,'','www.medlabtechnojournal.com'),('65e7540fac9df21bdcd8013a2af3223d',NULL,'66.249.79.117','Googlebot/2.1 (+http://www.google.com/bot.html)',1614282788,1614282788,0,'','medlabtechnojournal.com'),('6665bc6134eeed6d35ce7cad39469d0f',NULL,'66.249.79.110','Googlebot/2.1 (+http://www.google.com/bot.html)',1614324165,1614324165,0,'csrf|a:2:{s:9:\"timestamp\";i:1614324165;s:5:\"token\";s:32:\"4f21619befce5da030ae11de09060e08\";}','medlabtechnojournal.com'),('66f67a0109280d4e0ac50d09ea5ecee0',NULL,'66.249.79.110','Googlebot/2.1 (+http://www.google.com/bot.html)',1614287231,1614287231,0,'','medlabtechnojournal.com'),('6732799c607c13d80e35139fa5cd3dca',NULL,'173.231.59.209','Mozilla/5.0 (compatible; Adsbot/3.1)',1614319602,1614319602,0,'','www.medlabtechnojournal.com'),('674ddd0cdf00efa559dfca9540165bf5',NULL,'54.36.148.179','Mozilla/5.0 (compatible; AhrefsBot/7.0; +http://ahrefs.com/robot/)',1614340328,1614340328,0,'','www.medlabtechnojournal.com'),('67e85bda59588462b9e0264ca2da86ca',NULL,'173.231.59.209','Mozilla/5.0 (compatible; Adsbot/3.1)',1614336777,1614336777,0,'','www.medlabtechnojournal.com'),('682bfedf5580a5262027a6f7285ebc45',NULL,'137.226.113.44','Mozilla/5.0 (X11; Linux x86_64; rv:84.0) Gecko/20100101 Firefox/84.0',1614270819,1614270819,0,'','www.medlabtechnojournal.com'),('68376141292fc3357c0dc1df91088d62',NULL,'173.231.59.209','Mozilla/5.0 (compatible; Adsbot/3.1)',1614319634,1614319634,0,'','www.medlabtechnojournal.com'),('6860fd06970e53f096afea889176e619',NULL,'130.255.162.177','Mozilla/5.0 (Macintosh; Intel Mac OS X 11.1; rv:84.0) Gecko/20100101 Firefox/84.0',1614299044,1614299044,0,'','medlabtechnojournal.com'),('68a0b77cfb0ac559cdc70af4460cd1b6',NULL,'173.231.59.209','Mozilla/5.0 (compatible; Adsbot/3.1)',1614336953,1614336953,0,'','www.medlabtechnojournal.com'),('68ba5e9bce03e3c36fc1ab69fbe439a7',NULL,'173.231.59.209','Mozilla/5.0 (compatible; Adsbot/3.1)',1614331013,1614331013,0,'','www.medlabtechnojournal.com'),('69ee5630f165bdc4d77b0a12bee13a66',NULL,'66.249.79.112','Googlebot/2.1 (+http://www.google.com/bot.html)',1614286694,1614286694,0,'csrf|a:2:{s:9:\"timestamp\";i:1614286694;s:5:\"token\";s:32:\"6e9e3736bd1d8cc8fc98bae01ea01d5f\";}','medlabtechnojournal.com'),('6a87a5bfedf09533cbb664aa76c9d923',NULL,'66.249.79.117','Googlebot/2.1 (+http://www.google.com/bot.html)',1614287576,1614287576,0,'','medlabtechnojournal.com'),('6bc58168cfd5b2c70974e27aa036fc9e',NULL,'103.253.212.8','Softaculous',1614351123,1614351123,0,'','medlabtechnojournal.com'),('6bcba129e2e26cd8b361f09031ab2752',NULL,'54.36.149.23','Mozilla/5.0 (compatible; AhrefsBot/7.0; +http://ahrefs.com/robot/)',1614336644,1614336644,0,'','www.medlabtechnojournal.com'),('6c3f45df268943cae5c729a28e26599c',NULL,'173.231.59.209','Mozilla/5.0 (compatible; Adsbot/3.1)',1614318928,1614318928,0,'','www.medlabtechnojournal.com'),('6c69bd7f20a34101ded2a8548ec37c0b',NULL,'64.137.124.0','Mozilla/5.0 (Windows NT 10.0; Win64; x64) AppleWebKit/537.36 (KHTML, like Gecko) Chrome/86.0.4240.183 Safari/537.36 Edg/86.0.622.63',1614291328,1614291328,0,'','medlabtechnojournal.com'),('6ce458b97dc425a236152aa3567dd538',NULL,'185.191.171.5','Mozilla/5.0 (compatible; SemrushBot/7~bl; +http://www.semrush.com/bot.html)',1614318574,1614318574,0,'','medlabtechnojournal.com'),('6cec6e85bfc359a21176869a3ed489f6',NULL,'66.249.79.119','Googlebot/2.1 (+http://www.google.com/bot.html)',1614327294,1614327294,0,'','medlabtechnojournal.com'),('6cf8c2241e24a2aa0ca4771c3ab8e4d9',NULL,'173.231.59.209','Mozilla/5.0 (compatible; Adsbot/3.1)',1614330837,1614330837,0,'','www.medlabtechnojournal.com'),('6d6b6f1558da9341832a7ddf0abf873f',NULL,'66.249.79.254','Googlebot/2.1 (+http://www.google.com/bot.html)',1614287810,1614287810,0,'','www.medlabtechnojournal.com'),('6d79b12831ae767eca9bb6b8daede2cf',66,'178.246.162.240','Mozilla/5.0 (Macintosh; Intel Mac OS X 10_13_6) AppleWebKit/537.36 (KHTML, like Gecko) Chrome/88.0.4324.150 Safari/537.36',1613132072,1613132126,1,'csrf|a:2:{s:9:\"timestamp\";i:1613132126;s:5:\"token\";s:32:\"ab99af5ff83d8f501327f0179db29379\";}userId|s:2:\"66\";username|s:11:\"gizemberfin\";','www.medlabtechnojournal.com'),('6df61c26b335a1d686d6503b24f927f0',NULL,'66.249.79.250','Googlebot/2.1 (+http://www.google.com/bot.html)',1614323378,1614323378,0,'','www.medlabtechnojournal.com'),('6dfbedb6a48408022ee029d98f50339e',NULL,'34.86.35.207','Expanse indexes the network perimeters of our customers. If you have any questions or concerns, please reach out to: scaninfo@expanseinc.com',1614318665,1614318665,0,'','www.medlabtechnojournal.com'),('6e08b0968ed4a1eb9e246271ea958f03',NULL,'173.231.59.209','Mozilla/5.0 (compatible; Adsbot/3.1)',1614319068,1614319068,0,'','www.medlabtechnojournal.com'),('6e2eb6ac0a6b19713dc8c260f804c02d',NULL,'173.231.59.209','Mozilla/5.0 (compatible; Adsbot/3.1)',1614336294,1614336294,0,'','www.medlabtechnojournal.com'),('6e36909d6d754539f94514f4017599cb',NULL,'66.249.79.252','Googlebot/2.1 (+http://www.google.com/bot.html)',1614325117,1614325117,0,'','www.medlabtechnojournal.com'),('6ee6dc4c5e02231df70c5ace75bc2b86',NULL,'66.249.79.119','Googlebot/2.1 (+http://www.google.com/bot.html)',1614287565,1614287565,0,'','medlabtechnojournal.com'),('6f008969d40a3139507e96116c0c102d',NULL,'173.231.59.209','Mozilla/5.0 (compatible; Adsbot/3.1)',1614319181,1614319181,0,'','www.medlabtechnojournal.com'),('6f0865e3153cc1720b5d17f8334febd3',NULL,'185.191.171.39','Mozilla/5.0 (compatible; SemrushBot/7~bl; +http://www.semrush.com/bot.html)',1614285161,1614285161,0,'','medlabtechnojournal.com'),('6f68c65a785d87b89d66bbbb4c4b1f72',NULL,'173.231.59.209','Mozilla/5.0 (compatible; Adsbot/3.1)',1614319014,1614319014,0,'','www.medlabtechnojournal.com'),('6f9992b6f659164016b220e4672212e6',NULL,'66.249.79.250','Googlebot/2.1 (+http://www.google.com/bot.html)',1614287993,1614287993,0,'csrf|a:2:{s:9:\"timestamp\";i:1614287993;s:5:\"token\";s:32:\"7a6e836fa9a8d626791e97517be95cd4\";}','www.medlabtechnojournal.com'),('6p5cgo7jd84ht7hs63rogfobs5',56,'88.255.183.34','Mozilla/5.0 (Windows NT 10.0; Win64; x64) AppleWebKit/537.36 (KHTML, like Gecko) Chrome/88.0.4324.104 Safari/537.36',1611843821,1612272204,1,'9sc_f5QVxLZFczTyHZLfyczEpu-S5Ffm_CNr7iQg3kPcouYzK6TlXxUGDMIWRqqPi6KxbzwZsD9bupa0TzQBoKzW92CP_Mk4qpxqHzH9hxKrBoV4Vg6AGgfRcqjVar5lPsIKmsXOT0BQv4sYsWm0nvdZoKB5HSR0yAbK_C1CWXO01NP87m-zg01cHkOKEvTpRMUzZcWqEKk4kZO2Y2qUZQ..','medlabtechnojournal.com'),('701c2cb347720ce5c21c345744c91d67',NULL,'66.249.79.250','Googlebot/2.1 (+http://www.google.com/bot.html)',1614280559,1614280559,0,'','www.medlabtechnojournal.com'),('702093d071edf063c9f175c7df522c61',NULL,'185.191.171.7','Mozilla/5.0 (compatible; SemrushBot/7~bl; +http://www.semrush.com/bot.html)',1614293102,1614293102,0,'','www.medlabtechnojournal.com'),('702d42ccce92c093f587db8b777d127c',NULL,'66.249.79.117','Googlebot/2.1 (+http://www.google.com/bot.html)',1614322174,1614322174,0,'','medlabtechnojournal.com'),('70f2dbafe4f0ff6a2a250bdec7ca8f1f',NULL,'173.231.59.209','Mozilla/5.0 (compatible; Adsbot/3.1)',1614336831,1614336831,0,'','www.medlabtechnojournal.com'),('7156bff8a5842c56b791b679b5945763',NULL,'173.231.59.209','Mozilla/5.0 (compatible; Adsbot/3.1)',1614319505,1614319505,0,'','www.medlabtechnojournal.com'),('71586978879fa004166446c70dc9b8af',NULL,'173.231.59.209','Mozilla/5.0 (compatible; Adsbot/3.1)',1614336750,1614336750,0,'','www.medlabtechnojournal.com'),('718cf83a2089da32c28a22c0e2b8132a',NULL,'54.36.148.188','Mozilla/5.0 (compatible; AhrefsBot/7.0; +http://ahrefs.com/robot/)',1614303581,1614303581,0,'','www.medlabtechnojournal.com'),('719a9f1feee087b23cce4f7410fa9e6a',NULL,'173.231.59.209','Mozilla/5.0 (compatible; Adsbot/3.1)',1614336424,1614336424,0,'','www.medlabtechnojournal.com'),('71c86ed36471a72f87c246efae8e4901',NULL,'66.249.79.252','Googlebot/2.1 (+http://www.google.com/bot.html)',1614325180,1614325180,0,'csrf|a:2:{s:9:\"timestamp\";i:1614325180;s:5:\"token\";s:32:\"2553509545e63dcda739bd75019affc6\";}','www.medlabtechnojournal.com'),('71e8ed25596742b7d139012596f10532',66,'78.180.166.201','Mozilla/5.0 (Macintosh; Intel Mac OS X 10_13_6) AppleWebKit/537.36 (KHTML, like Gecko) Chrome/88.0.4324.150 Safari/537.36',1613000242,1613000242,1,'userId|s:2:\"66\";username|s:11:\"gizemberfin\";csrf|a:2:{s:9:\"timestamp\";i:1613000242;s:5:\"token\";s:32:\"478648e67682a9fe352a958e9a86e44a\";}','www.medlabtechnojournal.com'),('7251119d9784e8e94e1ce2adba471e8a',NULL,'173.231.59.209','Mozilla/5.0 (compatible; Adsbot/3.1)',1614330942,1614330942,0,'','www.medlabtechnojournal.com'),('727bf776ef33665e59a282b585dcc1fe',NULL,'213.184.93.12','Mozilla/5.0 (Macintosh; Intel Mac OS X 10_15_5) AppleWebKit/537.36 (KHTML, like Gecko) Chrome/86.0.4240.111 Safari/537.36',1614290343,1614290343,0,'','medlabtechnojournal.com'),('72945c0bd90a1a9148ec59cdb5246ed6',NULL,'66.249.79.119','Googlebot/2.1 (+http://www.google.com/bot.html)',1614324403,1614324403,0,'csrf|a:2:{s:9:\"timestamp\";i:1614324403;s:5:\"token\";s:32:\"b7cde849eb970742e2fe995a402d9802\";}','medlabtechnojournal.com'),('73053f863291a53e0f4e552ba66b2bfd',70,'84.17.55.104','Mozilla/5.0 (Windows NT 10.0; Win64; x64) AppleWebKit/537.36 (KHTML, like Gecko) Chrome/83.0.4103.61 Safari/537.36 Edg/83.0.478.37',1614313104,1614313132,0,'csrf|a:2:{s:9:\"timestamp\";i:1614313130;s:5:\"token\";s:32:\"213a9850917e73d9c5b8be6eaa613495\";}username|s:9:\"sellchono\";userId|i:70;','www.medlabtechnojournal.com'),('73b6075483304b3aae3a29e2149026b3',NULL,'66.249.79.117','Googlebot/2.1 (+http://www.google.com/bot.html)',1614322778,1614322778,0,'csrf|a:2:{s:9:\"timestamp\";i:1614322778;s:5:\"token\";s:32:\"e8421e25cb2cd4d873766610219f8f42\";}','medlabtechnojournal.com'),('73c2f79c38548a12d074a0984a8d8c2a',NULL,'173.231.59.209','Mozilla/5.0 (compatible; Adsbot/3.1)',1614319108,1614319108,0,'csrf|a:2:{s:9:\"timestamp\";i:1614319108;s:5:\"token\";s:32:\"e2d8de18d3072ddb062f10364749464d\";}','medlabtechnojournal.com'),('740b44385ee6df8ce0deac5103d01534',NULL,'185.191.171.21','Mozilla/5.0 (compatible; SemrushBot/7~bl; +http://www.semrush.com/bot.html)',1614276569,1614276569,0,'','medlabtechnojournal.com'),('743c38f26ddb9b8efd55bad975505aed',NULL,'66.249.79.117','Googlebot/2.1 (+http://www.google.com/bot.html)',1614322197,1614322197,0,'','medlabtechnojournal.com'),('74ba7864e2620cc79a3c4f008da1d120',NULL,'54.36.148.75','Mozilla/5.0 (compatible; AhrefsBot/7.0; +http://ahrefs.com/robot/)',1614268890,1614268890,0,'','www.medlabtechnojournal.com'),('7553218e63f6284cf0fab93a77547295',NULL,'173.231.59.209','Mozilla/5.0 (compatible; Adsbot/3.1)',1614319463,1614319463,0,'','www.medlabtechnojournal.com'),('75fd422a22c4f75bbfa52c49ea7d5efa',66,'78.180.166.201','Mozilla/5.0 (Macintosh; Intel Mac OS X 10_13_6) AppleWebKit/537.36 (KHTML, like Gecko) Chrome/88.0.4324.150 Safari/537.36',1613000242,1613000364,1,'csrf|a:2:{s:9:\"timestamp\";i:1613000364;s:5:\"token\";s:32:\"62044cc96b2300a8bc0e582169f2d175\";}userId|s:2:\"66\";username|s:11:\"gizemberfin\";','www.medlabtechnojournal.com'),('77ab1ce0e2c93c892e4fc46ea3c5e21c',NULL,'185.191.171.33','Mozilla/5.0 (compatible; SemrushBot/7~bl; +http://www.semrush.com/bot.html)',1614283569,1614283569,0,'','medlabtechnojournal.com'),('788e9802e10b9998c64effacf2972ca0',NULL,'54.36.148.179','Mozilla/5.0 (compatible; AhrefsBot/7.0; +http://ahrefs.com/robot/)',1614298159,1614298159,0,'','www.medlabtechnojournal.com'),('78a00b5cb477c17e7cc38195c4d9982a',NULL,'66.249.79.110','Googlebot/2.1 (+http://www.google.com/bot.html)',1614327374,1614327374,0,'','medlabtechnojournal.com'),('78b77244fe352a7d793db23a18b3d52f',NULL,'173.231.59.209','Mozilla/5.0 (compatible; Adsbot/3.1)',1614319030,1614319030,0,'','www.medlabtechnojournal.com'),('799fbdba0ff92e585ef6bc1959f64ba8',NULL,'66.249.79.119','Googlebot/2.1 (+http://www.google.com/bot.html)',1614282675,1614282675,0,'','medlabtechnojournal.com'),('7a9bf1415dc7a7207d525592c29df09f',NULL,'66.249.79.119','Googlebot/2.1 (+http://www.google.com/bot.html)',1614323671,1614323671,0,'','medlabtechnojournal.com'),('7c28b5a9d54b6aebae92c89ac65cc56c',NULL,'173.231.59.209','Mozilla/5.0 (compatible; Adsbot/3.1)',1614330826,1614330826,0,'','www.medlabtechnojournal.com'),('7c3a1ff2631ec238da1824b9a324ca49',NULL,'66.249.79.252','Googlebot/2.1 (+http://www.google.com/bot.html)',1614285820,1614285820,0,'','www.medlabtechnojournal.com'),('7c482cb04f5bd55b37a85f67acf616f8',NULL,'66.249.79.117','Googlebot/2.1 (+http://www.google.com/bot.html)',1614285487,1614285487,0,'','medlabtechnojournal.com'),('7c6c4a71a3e189587c0d7388773d6002',NULL,'66.249.79.110','Googlebot/2.1 (+http://www.google.com/bot.html)',1614289498,1614289498,0,'','medlabtechnojournal.com'),('7cea4347ee6d185b0b60953d776ce60d',NULL,'130.255.162.177','Mozilla/5.0 (Macintosh; Intel Mac OS X 11.1; rv:84.0) Gecko/20100101 Firefox/84.0',1614298982,1614298982,0,'','medlabtechnojournal.com'),('7d74f44838a8eaf67b39fc95fa7e8c60',NULL,'173.231.59.209','Mozilla/5.0 (compatible; Adsbot/3.1)',1614330982,1614330982,0,'','www.medlabtechnojournal.com'),('7df8f3e66710c5b186add7bc3c42c96f',NULL,'173.231.59.209','Mozilla/5.0 (compatible; Adsbot/3.1)',1614336573,1614336573,0,'','www.medlabtechnojournal.com'),('7ec1b4fc73b2506503f1e27683cfb21d',NULL,'66.249.79.112','Googlebot/2.1 (+http://www.google.com/bot.html)',1614289136,1614289136,0,'','medlabtechnojournal.com'),('7ed5f60ec5b0ec4c02ac3c603be88acf',66,'178.246.162.240','Mozilla/5.0 (Macintosh; Intel Mac OS X 10_13_6) AppleWebKit/537.36 (KHTML, like Gecko) Chrome/88.0.4324.150 Safari/537.36',1613131317,1613131327,1,'csrf|a:2:{s:9:\"timestamp\";i:1613131328;s:5:\"token\";s:32:\"fbb6ffa37dae0e3bc694cc09e47b2924\";}userId|s:2:\"66\";username|s:11:\"gizemberfin\";','www.medlabtechnojournal.com'),('7f46c84331ba320ca45dca5b164072ab',NULL,'64.71.131.244','e.ventures Investment Crawler (eventures.vc)',1614333269,1614333269,0,'','medlabtechnojournal.com'),('7f4e1c43b76f171946b9a6eb365da2a3',NULL,'5.255.231.87','Mozilla/5.0 (compatible; YandexBot/3.0; +http://yandex.com/bots)',1614271227,1614271227,0,'','medlabtechnojournal.com'),('805d02d0c11945ff4537e5a80e33004f',NULL,'66.249.79.119','Googlebot/2.1 (+http://www.google.com/bot.html)',1614324227,1614324227,0,'','medlabtechnojournal.com'),('8085d473a91e0182b17c868fefb67b88',NULL,'66.249.79.108','Googlebot/2.1 (+http://www.google.com/bot.html)',1614282865,1614282865,0,'','medlabtechnojournal.com'),('80d8aecc823ecfa348c7805d3896cba1',NULL,'173.231.59.209','Mozilla/5.0 (compatible; Adsbot/3.1)',1614330860,1614330860,0,'','www.medlabtechnojournal.com'),('80dd7dc0ef5c3eef6bacab38f782718e',NULL,'66.249.79.121','Googlebot/2.1 (+http://www.google.com/bot.html)',1614288258,1614288258,0,'csrf|a:2:{s:9:\"timestamp\";i:1614288258;s:5:\"token\";s:32:\"372b31d0ac518a7c1517bbde7b249626\";}','medlabtechnojournal.com'),('816a7028146299e9dd80c6020a2895d4',NULL,'173.231.59.209','Mozilla/5.0 (compatible; Adsbot/3.1)',1614319718,1614319718,0,'','www.medlabtechnojournal.com'),('818151fc57edf9d4a10f71d5062bae95',NULL,'173.231.59.209','Mozilla/5.0 (compatible; Adsbot/3.1)',1614330704,1614330704,0,'','www.medlabtechnojournal.com'),('81946c50824c50f21b7fcba63ab3b6bd',NULL,'66.249.79.110','Googlebot/2.1 (+http://www.google.com/bot.html)',1614286346,1614286346,0,'csrf|a:2:{s:9:\"timestamp\";i:1614286346;s:5:\"token\";s:32:\"2707f912a240d0544af0d22fabd0ff9b\";}','medlabtechnojournal.com'),('81a08284aabd79bd2745fa3c232f5fc6',NULL,'130.255.162.177','Mozilla/5.0 (Macintosh; Intel Mac OS X 11.1; rv:84.0) Gecko/20100101 Firefox/84.0',1614298862,1614298862,0,'','medlabtechnojournal.com'),('83634c02f7f7f9f1a1edae41acae0f5d',NULL,'66.249.79.108','Googlebot/2.1 (+http://www.google.com/bot.html)',1614318162,1614318162,0,'','medlabtechnojournal.com'),('84bbcb69fdf5657a18749175eb3fa276',NULL,'173.231.59.209','Mozilla/5.0 (compatible; Adsbot/3.1)',1614318917,1614318917,0,'csrf|a:2:{s:9:\"timestamp\";i:1614318917;s:5:\"token\";s:32:\"23354e9b5d2d2d19f04b24493432b42c\";}','www.medlabtechnojournal.com'),('852ad4781386c650b3bde9f79cbe8fef',NULL,'173.231.59.209','Mozilla/5.0 (compatible; Adsbot/3.1)',1614330633,1614330633,0,'','www.medlabtechnojournal.com'),('852b12c3a2856803924f8ee8f3a01163',NULL,'173.231.59.209','Mozilla/5.0 (compatible; Adsbot/3.1)',1614337030,1614337030,0,'','www.medlabtechnojournal.com'),('858b987fdaa79b07220faf1f98f7e0b5',NULL,'78.46.94.83','Mozilla/5.0 (Windows NT 10.0; WOW64) AppleWebKit/537.36 (KHTML, like Gecko) Chrome/86.0.4240.198 Safari/537.36',1614344919,1614344919,0,'','www.medlabtechnojournal.com'),('85cab3aa8fa1db5bf863aac48ca84526',NULL,'173.231.59.209','Mozilla/5.0 (compatible; Adsbot/3.1)',1614330904,1614330904,0,'','www.medlabtechnojournal.com'),('861c5dd432f5cc9b7ea4e45fa075a639',NULL,'167.114.226.133','Mozilla/5.0 (Windows NT 10.0; Win64; x64; rv:79.0) Gecko/20100101 Firefox/79.0',1614334341,1614334341,0,'','www.medlabtechnojournal.com'),('865e616bba4e9d3c90fd24fcb0a76e91',NULL,'173.231.59.209','Mozilla/5.0 (compatible; Adsbot/3.1)',1614319081,1614319081,0,'csrf|a:2:{s:9:\"timestamp\";i:1614319081;s:5:\"token\";s:32:\"0cbf79eafa1bb33cff1cb08491dfe326\";}','www.medlabtechnojournal.com'),('8678156174291437230e9a6a07237c90',63,'14.1.224.112','Mozilla/5.0 (Windows NT 10.0; Win64; x64) AppleWebKit/537.36 (KHTML, like Gecko) Chrome/88.0.4324.182 Safari/537.36',1613570135,1614081559,1,'csrf|a:2:{s:9:\"timestamp\";i:1614081559;s:5:\"token\";s:32:\"0b62f8b4b05fcde0997f5d86875d1dfd\";}userId|s:2:\"63\";username|s:8:\"drmizzud\";','medlabtechnojournal.com'),('86968bcc9fbe97473cafbcb073f38c49',NULL,'173.231.59.209','Mozilla/5.0 (compatible; Adsbot/3.1)',1614319765,1614319765,0,'','www.medlabtechnojournal.com'),('86e9d0e611ee139bd36c269bbe5e8c8a',NULL,'173.231.59.209','Mozilla/5.0 (compatible; Adsbot/3.1)',1614330579,1614330579,0,'','www.medlabtechnojournal.com'),('87987316908337f773be6131a36b8d64',NULL,'173.231.59.209','Mozilla/5.0 (compatible; Adsbot/3.1)',1614336610,1614336610,0,'','www.medlabtechnojournal.com'),('87ade29fc19d461bb9350a2db248b1a1',NULL,'173.231.59.209','Mozilla/5.0 (compatible; Adsbot/3.1)',1614330487,1614330487,0,'','www.medlabtechnojournal.com'),('87b16e1dd9bd432e17367a854bd06548',NULL,'173.231.59.209','Mozilla/5.0 (compatible; Adsbot/3.1)',1614330973,1614330973,0,'','www.medlabtechnojournal.com'),('88e92bf0bc83867450514f617f636e32',NULL,'173.231.59.209','Mozilla/5.0 (compatible; Adsbot/3.1)',1614336850,1614336850,0,'','www.medlabtechnojournal.com'),('88fe79a1cd003e0e6668081d82d58d57',NULL,'77.75.79.109','Mozilla/5.0 (compatible; SeznamBot/3.2; +http://napoveda.seznam.cz/en/seznambot-intro/)',1614349337,1614349337,0,'','medlabtechnojournal.com'),('890d5d2d7119c46d316a3b6a68ec545c',NULL,'103.253.214.10','',1614342666,1614342666,0,'','medlabtechnojournal.com'),('899653811e33118e1a2bb1e763507376',NULL,'130.255.162.177','Mozilla/5.0 (Macintosh; Intel Mac OS X 11.1; rv:84.0) Gecko/20100101 Firefox/84.0',1614298077,1614298077,0,'csrf|a:2:{s:9:\"timestamp\";i:1614298077;s:5:\"token\";s:32:\"5d70b97a9444ed2d7d086c7f95cd3ce5\";}','medlabtechnojournal.com'),('89b9f592f523dbb4d5c07c346c344ab2',NULL,'185.191.171.35','Mozilla/5.0 (compatible; SemrushBot/7~bl; +http://www.semrush.com/bot.html)',1614286843,1614286843,0,'','medlabtechnojournal.com'),('89ca9fa9522f3ad10faba22c626af819',NULL,'66.249.79.117','Googlebot/2.1 (+http://www.google.com/bot.html)',1614319923,1614319923,0,'','medlabtechnojournal.com'),('8a1e6dcd5f7117d8214e9b2e00090f86',NULL,'66.249.79.250','Googlebot/2.1 (+http://www.google.com/bot.html)',1614327182,1614327182,0,'','www.medlabtechnojournal.com'),('8a7455ca744d01f24d84e82f61655d1e',NULL,'173.231.59.209','Mozilla/5.0 (compatible; Adsbot/3.1)',1614319543,1614319543,0,'','www.medlabtechnojournal.com'),('8aacb9b1dbf3ac8da5b66bb27f88d8c9',NULL,'54.36.149.54','Mozilla/5.0 (compatible; AhrefsBot/7.0; +http://ahrefs.com/robot/)',1614297178,1614297178,0,'','www.medlabtechnojournal.com'),('8adedd10df8161ec01f4ddb2a4b32c2f',NULL,'66.249.79.252','Googlebot/2.1 (+http://www.google.com/bot.html)',1614285143,1614285143,0,'csrf|a:2:{s:9:\"timestamp\";i:1614285143;s:5:\"token\";s:32:\"5cfd159fa4c35a53c561ed1e5cb29d4e\";}','www.medlabtechnojournal.com'),('8af83d003164c68d68b815838a099e1c',NULL,'54.36.149.66','Mozilla/5.0 (compatible; AhrefsBot/7.0; +http://ahrefs.com/robot/)',1614298978,1614298978,0,'','medlabtechnojournal.com'),('8b78b7ace22488cbc70d64d1b79a8343',NULL,'130.255.162.177','Mozilla/5.0 (Macintosh; Intel Mac OS X 11.1; rv:84.0) Gecko/20100101 Firefox/84.0',1614297795,1614297795,0,'','medlabtechnojournal.com'),('8cccd46a634bfae9334bddda509f217f',NULL,'66.249.79.250','Googlebot/2.1 (+http://www.google.com/bot.html)',1614323351,1614323351,0,'','www.medlabtechnojournal.com'),('8d0bacd7f5e47a31e9fa911312b8406d',NULL,'51.36.113.234','Mozilla/5.0 (Windows NT 10.0; Win64; x64) AppleWebKit/537.36 (KHTML, like Gecko) Chrome/88.0.4324.190 Safari/537.36',1614331225,1614331289,0,'','www.medlabtechnojournal.com'),('8d18db86467cebd618afb854190d659c',NULL,'66.249.79.108','Googlebot/2.1 (+http://www.google.com/bot.html)',1614324277,1614324277,0,'csrf|a:2:{s:9:\"timestamp\";i:1614324277;s:5:\"token\";s:32:\"d20900416a23f28abedf1c5145143309\";}','medlabtechnojournal.com'),('8d4cd7e875dbd580c187a8e4e8bc4f24',NULL,'185.191.171.22','Mozilla/5.0 (compatible; SemrushBot/7~bl; +http://www.semrush.com/bot.html)',1614318291,1614318291,0,'','www.medlabtechnojournal.com'),('8d63b9e39091395b9c0597831774586e',NULL,'54.36.149.93','Mozilla/5.0 (compatible; AhrefsBot/7.0; +http://ahrefs.com/robot/)',1614300226,1614300226,0,'','medlabtechnojournal.com'),('8d698655ff48ed24b767f27a12a3e5da',NULL,'66.249.79.119','Googlebot/2.1 (+http://www.google.com/bot.html)',1614285138,1614285138,0,'csrf|a:2:{s:9:\"timestamp\";i:1614285138;s:5:\"token\";s:32:\"4120e9db08fab70cfe98f9ef48843989\";}','medlabtechnojournal.com'),('8d6f1f91c2023c063cd10d78cda989ca',NULL,'173.231.59.209','Mozilla/5.0 (compatible; Adsbot/3.1)',1614330748,1614330748,0,'','www.medlabtechnojournal.com'),('8d9857f32e1e4ea0c0c149c4a8992f00',NULL,'173.231.59.209','Mozilla/5.0 (compatible; Adsbot/3.1)',1614336319,1614336319,0,'','www.medlabtechnojournal.com'),('8dd36e201614d375dc1a6e3eb3669690',NULL,'66.249.79.117','Googlebot/2.1 (+http://www.google.com/bot.html)',1614324393,1614324393,0,'','medlabtechnojournal.com'),('8e1c9c10ed879dca846e614442fbe6c1',NULL,'66.249.79.247','Googlebot/2.1 (+http://www.google.com/bot.html)',1614287838,1614287838,0,'csrf|a:2:{s:9:\"timestamp\";i:1614287838;s:5:\"token\";s:32:\"2be0eebaedc66aaee74846f277dfaf1c\";}','www.medlabtechnojournal.com'),('8e310fd2fbedb7f9dda05cc31e688810',NULL,'173.231.59.209','Mozilla/5.0 (compatible; Adsbot/3.1)',1614336674,1614336674,0,'','www.medlabtechnojournal.com'),('8ebe37c8553509a4d7787fc893617568',NULL,'54.36.148.179','Mozilla/5.0 (compatible; AhrefsBot/7.0; +http://ahrefs.com/robot/)',1614302540,1614302540,0,'','www.medlabtechnojournal.com'),('8f80afb2d094b63715dec378e48d51b3',NULL,'130.255.162.177','Mozilla/5.0 (Macintosh; Intel Mac OS X 11.1; rv:84.0) Gecko/20100101 Firefox/84.0',1614299160,1614299160,0,'','medlabtechnojournal.com'),('9009eba27341fc1b7e408084cb90826c',NULL,'66.249.79.117','Googlebot/2.1 (+http://www.google.com/bot.html)',1614282727,1614282727,0,'','medlabtechnojournal.com'),('9071f55097229d5c61616da6db72485b',NULL,'173.231.59.209','Mozilla/5.0 (compatible; Adsbot/3.1)',1614330550,1614330550,0,'','www.medlabtechnojournal.com'),('90759444a7264721674818b73b242b4d',NULL,'66.249.79.121','Googlebot/2.1 (+http://www.google.com/bot.html)',1614321865,1614321865,0,'csrf|a:2:{s:9:\"timestamp\";i:1614321865;s:5:\"token\";s:32:\"ca6ffa067b094b1b9e1dc01d65619038\";}','medlabtechnojournal.com'),('907ac04d47e4e42dc5371f74e9af81c4',NULL,'66.249.79.119','Googlebot/2.1 (+http://www.google.com/bot.html)',1614287947,1614287947,0,'csrf|a:2:{s:9:\"timestamp\";i:1614287947;s:5:\"token\";s:32:\"3fcf21bf8888b156e2f39c8e29f1794c\";}','medlabtechnojournal.com'),('907ed486f395930afe6b273192c7837a',NULL,'66.249.79.252','Googlebot/2.1 (+http://www.google.com/bot.html)',1614323493,1614323493,0,'','www.medlabtechnojournal.com'),('90a1b4ae1aacc34a36dc8e5b0d554029',NULL,'173.231.59.209','Mozilla/5.0 (compatible; Adsbot/3.1)',1614319326,1614319326,0,'','www.medlabtechnojournal.com'),('90ea4000355a633187978a02c001d303',NULL,'173.231.59.209','Mozilla/5.0 (compatible; Adsbot/3.1)',1614319206,1614319206,0,'','www.medlabtechnojournal.com'),('90f4956706011c11487c90dfa6e92320',NULL,'173.231.59.209','Mozilla/5.0 (compatible; Adsbot/3.1)',1614336472,1614336472,0,'','www.medlabtechnojournal.com'),('9115b545064a97a984da3370fa48b603',NULL,'173.231.59.209','Mozilla/5.0 (compatible; Adsbot/3.1)',1614336635,1614336635,0,'','www.medlabtechnojournal.com'),('9161f4748d36761424e56c1fb184afbc',NULL,'66.249.79.108','Googlebot/2.1 (+http://www.google.com/bot.html)',1614324411,1614324411,0,'','medlabtechnojournal.com'),('9219802e42ff978b5f90404088fe43a9',NULL,'66.249.79.121','Googlebot/2.1 (+http://www.google.com/bot.html)',1614326149,1614326149,0,'','medlabtechnojournal.com'),('9241a8fc5a408d2ff9aed0b52465a2b3',NULL,'77.75.76.167','Mozilla/5.0 (compatible; SeznamBot/3.2; +http://napoveda.seznam.cz/en/seznambot-intro/)',1614328374,1614328374,0,'','medlabtechnojournal.com'),('92e1bfbd628167ce3150efbf4c5897e8',NULL,'66.249.79.121','Googlebot/2.1 (+http://www.google.com/bot.html)',1614288674,1614288674,0,'csrf|a:2:{s:9:\"timestamp\";i:1614288674;s:5:\"token\";s:32:\"3d8799cfd1d57f30558ce4a30054b4ca\";}','medlabtechnojournal.com'),('9394c1400435fb1c4f6af17e97c2601a',NULL,'173.231.59.209','Mozilla/5.0 (compatible; Adsbot/3.1)',1614336762,1614336762,0,'','www.medlabtechnojournal.com'),('93d7fc2b864e1d794685bd78d3809e63',NULL,'173.231.59.209','Mozilla/5.0 (compatible; Adsbot/3.1)',1614330762,1614330762,0,'','www.medlabtechnojournal.com'),('9400c3c8156e72210f9653cf06b6115e',NULL,'173.231.59.209','Mozilla/5.0 (compatible; Adsbot/3.1)',1614319535,1614319535,0,'','www.medlabtechnojournal.com'),('946e01199319e0d87b193935a47eac3d',NULL,'54.36.148.199','Mozilla/5.0 (compatible; AhrefsBot/7.0; +http://ahrefs.com/robot/)',1614298573,1614298573,0,'','www.medlabtechnojournal.com'),('9494022f38098572fec668e7bbfd187d',NULL,'5.9.156.20','Mozilla/5.0 (compatible; MJ12bot/v1.4.8; http://mj12bot.com/)',1614281446,1614281446,0,'','www.medlabtechnojournal.com'),('94e1ae423710a4609ee688f436bb9777',NULL,'54.36.148.21','Mozilla/5.0 (compatible; AhrefsBot/7.0; +http://ahrefs.com/robot/)',1614299668,1614299668,0,'','www.medlabtechnojournal.com'),('955742b9b11848d326205aa5fa646481',NULL,'173.231.59.209','Mozilla/5.0 (compatible; Adsbot/3.1)',1614319644,1614319644,0,'','www.medlabtechnojournal.com'),('95674f250496692a769dcc546b3f51ef',NULL,'66.249.79.250','Googlebot/2.1 (+http://www.google.com/bot.html)',1614285126,1614285126,0,'','www.medlabtechnojournal.com'),('957dde672c891ed216eaf3f75d54e23d',NULL,'66.249.79.252','Googlebot/2.1 (+http://www.google.com/bot.html)',1614325449,1614325449,0,'','www.medlabtechnojournal.com'),('958f86c651fa6c1bebb4ae68aa3421af',NULL,'180.252.52.178','Mozilla/5.0 (X11; Linux x86_64) AppleWebKit/537.36 (KHTML, like Gecko) Chrome/81.0.4044.129 Safari/537.36',1614283599,1614283599,0,'','medlabtechnojournal.com'),('959bb9d9a1aa2dbdb46785b88983b527',NULL,'173.231.59.209','Mozilla/5.0 (compatible; Adsbot/3.1)',1614319704,1614319704,0,'','www.medlabtechnojournal.com'),('96095b5580add10a8c5d5c361f1297aa',NULL,'66.249.79.117','Googlebot/2.1 (+http://www.google.com/bot.html)',1614325537,1614325537,0,'','medlabtechnojournal.com'),('964eaa86b09d0682a89a7f385a893024',NULL,'173.231.59.209','Mozilla/5.0 (compatible; Adsbot/3.1)',1614319801,1614319801,0,'','www.medlabtechnojournal.com'),('965a921c3f418cbd8c5b47cee0a6187d',NULL,'54.36.148.179','Mozilla/5.0 (compatible; AhrefsBot/7.0; +http://ahrefs.com/robot/)',1614301037,1614301037,0,'','www.medlabtechnojournal.com'),('968ef69e39251854f18cc9b38dea294b',NULL,'173.231.59.209','Mozilla/5.0 (compatible; Adsbot/3.1)',1614319845,1614319845,0,'','www.medlabtechnojournal.com'),('96d912ff82b88619b9104748186c9798',NULL,'173.231.59.209','Mozilla/5.0 (compatible; Adsbot/3.1)',1614336913,1614336913,0,'','www.medlabtechnojournal.com'),('96fcc94465802a4f50c70242f7a492dd',66,'178.246.162.240','Mozilla/5.0 (Macintosh; Intel Mac OS X 10_13_6) AppleWebKit/537.36 (KHTML, like Gecko) Chrome/88.0.4324.150 Safari/537.36',1613132127,1613132140,1,'csrf|a:2:{s:9:\"timestamp\";i:1613132140;s:5:\"token\";s:32:\"6630164e33c9d8e2f1ea6e2118dfa4c0\";}userId|s:2:\"66\";username|s:11:\"gizemberfin\";','www.medlabtechnojournal.com'),('973e5bf34dc2d095ed3fa7e39a7f6d0a',NULL,'130.255.162.177','Mozilla/5.0 (Macintosh; Intel Mac OS X 11.1; rv:84.0) Gecko/20100101 Firefox/84.0',1614298318,1614298318,0,'','medlabtechnojournal.com'),('976443e81da2f34421aa2656662c21f8',NULL,'173.231.59.209','Mozilla/5.0 (compatible; Adsbot/3.1)',1614319145,1614319145,0,'','www.medlabtechnojournal.com'),('976c913d6feac4daa9d2026c8adb6d85',NULL,'78.180.67.122','Mozilla/5.0 (Macintosh; Intel Mac OS X 10_13_6) AppleWebKit/605.1.15 (KHTML, like Gecko) Version/13.1.2 Safari/605.1.15',1614290575,1614290604,0,'','medlabtechnojournal.com'),('979a85387a6b79fc8a35ded807f93838',NULL,'130.255.162.177','Mozilla/5.0 (Macintosh; Intel Mac OS X 11.1; rv:84.0) Gecko/20100101 Firefox/84.0',1614298807,1614298807,0,'','medlabtechnojournal.com'),('97d01398c74695fff690837603b2a829',NULL,'173.231.59.209','Mozilla/5.0 (compatible; Adsbot/3.1)',1614319625,1614319625,0,'','www.medlabtechnojournal.com'),('9851fcf2d24a3292bf0be18544bebd48',NULL,'173.231.59.209','Mozilla/5.0 (compatible; Adsbot/3.1)',1614336896,1614336896,0,'','www.medlabtechnojournal.com'),('989cfc07a36ec17b54beb3291ed23a2b',NULL,'173.231.59.209','Mozilla/5.0 (compatible; Adsbot/3.1)',1614336823,1614336823,0,'','www.medlabtechnojournal.com'),('98b5e7fd1e704814cd37b32a12d9cd0f',NULL,'173.231.59.209','Mozilla/5.0 (compatible; Adsbot/3.1)',1614330643,1614330643,0,'','www.medlabtechnojournal.com'),('98c86a792360c8a028edfd6f94fdb356',NULL,'66.249.79.110','Googlebot/2.1 (+http://www.google.com/bot.html)',1614284802,1614284802,0,'csrf|a:2:{s:9:\"timestamp\";i:1614284802;s:5:\"token\";s:32:\"75b51cb1862ae9b5b423a00c337597d0\";}','medlabtechnojournal.com'),('9968fe48bae332f40198e4eacf8ea6a1',NULL,'66.249.79.245','Googlebot/2.1 (+http://www.google.com/bot.html)',1614286134,1614286134,0,'','www.medlabtechnojournal.com'),('99916080a99821662c805a3e216c33ce',NULL,'66.249.79.252','Mozilla/5.0 (Linux; Android 6.0.1; Nexus 5X Build/MMB29P) AppleWebKit/537.36 (KHTML, like Gecko) Chrome/88.0.4324.202 Mobile Safari/537.36 (compatible; Googlebot/2.1; +http://www.google.com/bot.html)',1614293369,1614293369,0,'','www.medlabtechnojournal.com'),('999e158628d1d3ecfb01c8ee333f9838',NULL,'173.231.59.209','Mozilla/5.0 (compatible; Adsbot/3.1)',1614336818,1614336818,0,'','www.medlabtechnojournal.com'),('99e05c9c6dbfe28133cf3a8c9f526230',NULL,'54.245.71.145','Mozilla/5.0 (X11; Linux x86_64) AppleWebKit/537.36 (KHTML, like Gecko) Chrome/83.0.4103.97 Safari/537.36',1614283553,1614283553,0,'','medlabtechnojournal.com'),('9a386a73d8fb1a5e985b8b730de98f87',NULL,'173.231.59.209','Mozilla/5.0 (compatible; Adsbot/3.1)',1614319138,1614319138,0,'','www.medlabtechnojournal.com'),('9aa3ab1d37a96e801f5fdabbd8d9925c',NULL,'173.231.59.209','Mozilla/5.0 (compatible; Adsbot/3.1)',1614330819,1614330819,0,'','www.medlabtechnojournal.com'),('9ac7185b505c19efcf60aa0cbd6ff34b',NULL,'54.36.149.84','Mozilla/5.0 (compatible; AhrefsBot/7.0; +http://ahrefs.com/robot/)',1614283595,1614283595,0,'','www.medlabtechnojournal.com'),('9af6cf096f2c9984f4271efa72db7c97',69,'185.244.214.115','Mozilla/5.0 (Windows NT 10.0; ) AppleWebKit/537.36 (KHTML, like Gecko) Chrome/83.0.4103.61 Safari/537.36',1613664753,1613664845,1,'csrf|a:2:{s:9:\"timestamp\";i:1613664845;s:5:\"token\";s:32:\"c1edd89095143dc568590b8d33b3e07d\";}userId|s:2:\"69\";username|s:11:\"spiderchono\";','www.medlabtechnojournal.com'),('9b40304a792549a25af2d0c0be1b4c7e',NULL,'173.231.59.209','Mozilla/5.0 (compatible; Adsbot/3.1)',1614319448,1614319448,0,'','www.medlabtechnojournal.com'),('9b617802774625390273cc0f32647c82',NULL,'173.231.59.209','Mozilla/5.0 (compatible; Adsbot/3.1)',1614336519,1614336519,0,'','www.medlabtechnojournal.com'),('9b61be47932e04c21ff59d6041747845',NULL,'130.255.162.177','Mozilla/5.0 (Macintosh; Intel Mac OS X 11.1; rv:84.0) Gecko/20100101 Firefox/84.0',1614298679,1614298679,0,'','medlabtechnojournal.com'),('9beb70348d9ab219d421396b107ae552',NULL,'66.249.79.254','Googlebot/2.1 (+http://www.google.com/bot.html)',1614327403,1614327403,0,'','www.medlabtechnojournal.com'),('9c6765ddae21df46ee414752cf5f42da',NULL,'130.255.162.177','Mozilla/5.0 (Macintosh; Intel Mac OS X 11.1; rv:84.0) Gecko/20100101 Firefox/84.0',1614297741,1614297741,0,'','medlabtechnojournal.com'),('9d69e7009821155dc2d95ec9a60c17ec',66,'78.180.166.201','Mozilla/5.0 (Macintosh; Intel Mac OS X 10_13_6) AppleWebKit/537.36 (KHTML, like Gecko) Chrome/88.0.4324.150 Safari/537.36',1612996786,1612996836,1,'csrf|a:2:{s:9:\"timestamp\";i:1612996836;s:5:\"token\";s:32:\"97f127e4c73af81eff107b73a2930b87\";}userId|s:2:\"66\";username|s:11:\"gizemberfin\";','www.medlabtechnojournal.com'),('9d85da120ddef1c8b21376b17ff61e86',NULL,'66.249.79.117','Googlebot/2.1 (+http://www.google.com/bot.html)',1614289198,1614289198,0,'','medlabtechnojournal.com'),('9e693440f4fadcd034a2aacb7622ad52',NULL,'66.249.79.247','Googlebot/2.1 (+http://www.google.com/bot.html)',1614287825,1614287825,0,'','www.medlabtechnojournal.com'),('9e78fc6250ca3400417f56ba5e40618e',NULL,'173.231.59.209','Mozilla/5.0 (compatible; Adsbot/3.1)',1614330884,1614330884,0,'','www.medlabtechnojournal.com'),('9f7b7a4a5b7c14c957069e210aa92028',NULL,'173.231.59.209','Mozilla/5.0 (compatible; Adsbot/3.1)',1614336741,1614336741,0,'','www.medlabtechnojournal.com'),('9fcba585912bd774818cc2b911869062',NULL,'173.231.59.209','Mozilla/5.0 (compatible; Adsbot/3.1)',1614330587,1614330587,0,'','www.medlabtechnojournal.com'),('a02d4918ba9873203092657092c968d7',NULL,'66.249.79.119','Googlebot/2.1 (+http://www.google.com/bot.html)',1614287932,1614287932,0,'','medlabtechnojournal.com'),('a0c402dd2b8ea5e8953149fa5cb63da3',NULL,'103.253.212.8','Softaculous',1614351088,1614351088,0,'','medlabtechnojournal.com'),('a0c5fc327be8629959a67351151b7c53',NULL,'173.231.59.209','Mozilla/5.0 (compatible; Adsbot/3.1)',1614319279,1614319279,0,'','www.medlabtechnojournal.com'),('a11299a5a0101d2e9f2bbec97b3e5ba2',NULL,'23.82.28.66','Mozilla/5.0 (Windows NT 10.0; WOW64) AppleWebKit/537.36 (KHTML, like Gecko) Chrome/53.0.2785.104 Safari/537.36 Core/1.53.4843.400 QQBrowser/9.7.13021.400',1614309058,1614309058,0,'','medlabtechnojournal.com'),('a1208a60a88c63a08002f1524d0ab8d8',NULL,'173.231.59.209','Mozilla/5.0 (compatible; Adsbot/3.1)',1614331025,1614331025,0,'','www.medlabtechnojournal.com'),('a146c0d96014303ea96cb09fcc88b368',NULL,'173.231.59.209','Mozilla/5.0 (compatible; Adsbot/3.1)',1614336600,1614336600,0,'','www.medlabtechnojournal.com'),('a1dc7225f765c66bea496e426fe0aaf1',NULL,'173.231.59.209','Mozilla/5.0 (compatible; Adsbot/3.1)',1614319421,1614319421,0,'','www.medlabtechnojournal.com'),('a291dc6c3e7ce067020afa9701d70635',NULL,'66.249.79.250','Googlebot/2.1 (+http://www.google.com/bot.html)',1614325028,1614325028,0,'','www.medlabtechnojournal.com'),('a2f4ae33607b084030b5e7c7aeb91b39',NULL,'66.249.79.252','Googlebot/2.1 (+http://www.google.com/bot.html)',1614322042,1614322042,0,'','www.medlabtechnojournal.com'),('a3752683413a58245f39e1440e3b67a2',66,'85.111.53.35','Mozilla/5.0 (Windows NT 10.0; Win64; x64) AppleWebKit/537.36 (KHTML, like Gecko) Chrome/88.0.4324.150 Safari/537.36',1613131662,1613134207,1,'csrf|a:2:{s:9:\"timestamp\";i:1613134207;s:5:\"token\";s:32:\"24c59b31fcb1f09fb760c8f26457544d\";}userId|s:2:\"66\";username|s:11:\"gizemberfin\";','www.medlabtechnojournal.com'),('a3eccbaf1b34e3bf598638f4c841249e',NULL,'54.36.148.179','Mozilla/5.0 (compatible; AhrefsBot/7.0; +http://ahrefs.com/robot/)',1614301738,1614301738,0,'','www.medlabtechnojournal.com'),('a451ad1916f79362845f3c6ba9a1546f',NULL,'130.255.162.177','Mozilla/5.0 (Macintosh; Intel Mac OS X 11.1; rv:84.0) Gecko/20100101 Firefox/84.0',1614297671,1614297671,0,'','medlabtechnojournal.com'),('a4c7b457920722adea67e46b28119ed2',NULL,'66.249.93.69','Mozilla/5.0 (X11; Linux x86_64) AppleWebKit/537.36 (KHTML, like Gecko) Chrome/49.0.2623.75 Safari/537.36 Google Favicon',1614332932,1614332932,0,'','medlabtechnojournal.com'),('a56cc2a7bb371280f4cbc32f0432a657',NULL,'157.55.39.112','Mozilla/5.0 (compatible; bingbot/2.0; +http://www.bing.com/bingbot.htm)',1614306078,1614306078,0,'','www.medlabtechnojournal.com'),('a5a0642403134758fa32a31fa562a0ed',NULL,'66.249.79.252','Googlebot/2.1 (+http://www.google.com/bot.html)',1614324675,1614324675,0,'csrf|a:2:{s:9:\"timestamp\";i:1614324675;s:5:\"token\";s:32:\"8afc16ffd8eed3dbf52565b4a2b4a697\";}','www.medlabtechnojournal.com'),('a5e1c9301ede0986fa2fa75952758bc3',NULL,'54.36.149.5','Mozilla/5.0 (compatible; AhrefsBot/7.0; +http://ahrefs.com/robot/)',1614301460,1614301460,0,'','www.medlabtechnojournal.com'),('a5e58561593159c80d6804c7be81b803',NULL,'173.231.59.209','Mozilla/5.0 (compatible; Adsbot/3.1)',1614319247,1614319247,0,'','www.medlabtechnojournal.com'),('a5f778857717cf38bc12d33f86fdedbf',NULL,'173.231.59.209','Mozilla/5.0 (compatible; Adsbot/3.1)',1614319373,1614319373,0,'','www.medlabtechnojournal.com'),('a680ad270e5b9f4ba6174346b892c66e',NULL,'178.171.88.26','Mozilla/5.0 (Windows NT 10.0; WOW64) AppleWebKit/537.36 (KHTML, like Gecko) Chrome/78.0.3904.108 Safari/537.36',1614291657,1614291657,0,'','medlabtechnojournal.com'),('a6de52a784c6fb96f1b0183a300199b1',NULL,'66.249.79.119','Googlebot/2.1 (+http://www.google.com/bot.html)',1614322919,1614322919,0,'','medlabtechnojournal.com'),('a7017573278567070e9b7e0819d80362',NULL,'13.66.139.113','Mozilla/5.0 (compatible; bingbot/2.0; +http://www.bing.com/bingbot.htm)',1614321350,1614321350,0,'','medlabtechnojournal.com'),('a76a2504a7655bb54f3c013db298b3d6',NULL,'173.231.59.209','Mozilla/5.0 (compatible; Adsbot/3.1)',1614330713,1614330713,0,'','www.medlabtechnojournal.com'),('a7872e1f22b67a438fae265056457336',NULL,'54.36.148.178','Mozilla/5.0 (compatible; AhrefsBot/7.0; +http://ahrefs.com/robot/)',1614299120,1614299120,0,'','medlabtechnojournal.com'),('a85342caed15836baa1ba710fe324412',NULL,'173.231.59.209','Mozilla/5.0 (compatible; Adsbot/3.1)',1614336665,1614336665,0,'','www.medlabtechnojournal.com'),('a858d7a305276ed5abd251b064fa9a2d',NULL,'54.36.148.179','Mozilla/5.0 (compatible; AhrefsBot/7.0; +http://ahrefs.com/robot/)',1614300768,1614300768,0,'','www.medlabtechnojournal.com'),('a85ebcc1b585a0149a661fd0fb0f0cf2',66,'78.180.166.201','Mozilla/5.0 (Macintosh; Intel Mac OS X 10_13_6) AppleWebKit/537.36 (KHTML, like Gecko) Chrome/88.0.4324.150 Safari/537.36',1613421914,1613421914,1,'userId|s:2:\"66\";username|s:11:\"gizemberfin\";csrf|a:2:{s:9:\"timestamp\";i:1613421914;s:5:\"token\";s:32:\"6fbcda389703458cdf40fb4c3e901c8c\";}','www.medlabtechnojournal.com'),('a88b2f5f9660d19b69d0452d9d7ea244',NULL,'66.249.79.110','Googlebot/2.1 (+http://www.google.com/bot.html)',1614286235,1614286235,0,'csrf|a:2:{s:9:\"timestamp\";i:1614286235;s:5:\"token\";s:32:\"3ea787bd6cd997d7d120a96b17f1a357\";}','medlabtechnojournal.com'),('aa088f85ef86c51c5b9ae710e12fdaf5',NULL,'181.215.12.110','Mozilla/5.0 (Windows NT 10.0; Win64; x64; rv:81.0) Gecko/20100101 Firefox/81.0',1614290838,1614290838,0,'','medlabtechnojournal.com'),('aa0d827fbc0fe0139cae9266a644a3d2',NULL,'54.36.149.53','Mozilla/5.0 (compatible; AhrefsBot/7.0; +http://ahrefs.com/robot/)',1614307758,1614307758,0,'','www.medlabtechnojournal.com'),('aa278cd5e74603689ead39ccfb4f5075',NULL,'173.231.59.209','Mozilla/5.0 (compatible; Adsbot/3.1)',1614336984,1614336984,0,'','www.medlabtechnojournal.com'),('aa6e4e787f8aaaa791a3a10bd3b4c945',NULL,'54.36.148.179','Mozilla/5.0 (compatible; AhrefsBot/7.0; +http://ahrefs.com/robot/)',1614329251,1614329251,0,'','www.medlabtechnojournal.com'),('aad992bd432948d86145d09216522466',NULL,'130.255.162.177','Mozilla/5.0 (Macintosh; Intel Mac OS X 11.1; rv:84.0) Gecko/20100101 Firefox/84.0',1614298010,1614298010,0,'','medlabtechnojournal.com'),('ab1ac0c3e1514ce7531b6fe305b8498d',NULL,'66.249.79.121','Googlebot/2.1 (+http://www.google.com/bot.html)',1614288405,1614288405,0,'','medlabtechnojournal.com'),('ab37e272e2ab9203c6a5315cbbcf9244',NULL,'54.36.148.196','Mozilla/5.0 (compatible; AhrefsBot/7.0; +http://ahrefs.com/robot/)',1614285887,1614285887,0,'','www.medlabtechnojournal.com'),('ab574081406bca988448f7d27dd8c31a',NULL,'54.218.129.161','Mozilla/5.0 (Macintosh; Intel Mac OS X 10_8_3) AppleWebKit/537.31 (KHTML, like Gecko) Chrome/26.0.1410.65 Safari/537.31',1614292619,1614292620,0,'','medlabtechnojournal.com'),('ab58ec978e97e385a83adcab53c82829',NULL,'173.231.59.209','Mozilla/5.0 (compatible; Adsbot/3.1)',1614319664,1614319664,0,'','www.medlabtechnojournal.com'),('ab6af1584b275efa536a7ae5f43da9b2',NULL,'173.231.59.209','Mozilla/5.0 (compatible; Adsbot/3.1)',1614336312,1614336312,0,'','www.medlabtechnojournal.com'),('abb1a01de2eb3bc6aac87d0a513dce92',NULL,'173.231.59.209','Mozilla/5.0 (compatible; Adsbot/3.1)',1614330668,1614330668,0,'','www.medlabtechnojournal.com'),('abb45bca4d6f461795173baf1dfb5d29',NULL,'13.66.139.113','Mozilla/5.0 (compatible; bingbot/2.0; +http://www.bing.com/bingbot.htm)',1614295661,1614295661,0,'csrf|a:2:{s:9:\"timestamp\";i:1614295661;s:5:\"token\";s:32:\"fb8aedb748874e80f3fc508c62ed6da6\";}','www.medlabtechnojournal.com'),('abd56cd7643cc637cda37495b9767e76',NULL,'173.231.59.209','Mozilla/5.0 (compatible; Adsbot/3.1)',1614330739,1614330739,0,'','www.medlabtechnojournal.com'),('abea96b0ebf3190c801b7f686d0256a8',NULL,'173.231.59.209','Mozilla/5.0 (compatible; Adsbot/3.1)',1614336539,1614336539,0,'','www.medlabtechnojournal.com'),('ac690f97b39056bb4de5b09e429ea357',NULL,'173.231.59.209','Mozilla/5.0 (compatible; Adsbot/3.1)',1614337044,1614337044,0,'','www.medlabtechnojournal.com'),('ad17e7da9404841b8fbc25826e68385e',NULL,'54.36.149.71','Mozilla/5.0 (compatible; AhrefsBot/7.0; +http://ahrefs.com/robot/)',1614280702,1614280702,0,'','www.medlabtechnojournal.com'),('adfb5790c8f260a51a1bc6e4d711d905',NULL,'173.231.59.209','Mozilla/5.0 (compatible; Adsbot/3.1)',1614319125,1614319125,0,'csrf|a:2:{s:9:\"timestamp\";i:1614319125;s:5:\"token\";s:32:\"fe3079104ff574d3a232600983359350\";}','www.medlabtechnojournal.com'),('ae0d37ae9521d8ab1160f8e29565b264',NULL,'173.231.59.209','Mozilla/5.0 (compatible; Adsbot/3.1)',1614330567,1614330567,0,'','www.medlabtechnojournal.com'),('ae70f842da5b79dd1bed180c3ed84364',NULL,'66.249.79.252','Googlebot/2.1 (+http://www.google.com/bot.html)',1614324444,1614324444,0,'csrf|a:2:{s:9:\"timestamp\";i:1614324444;s:5:\"token\";s:32:\"866f4b4aba7322172f320025b4d6d62d\";}','www.medlabtechnojournal.com'),('aed2294b61201e7b3955b171545d140a',NULL,'173.231.59.209','Mozilla/5.0 (compatible; Adsbot/3.1)',1614330754,1614330754,0,'','www.medlabtechnojournal.com'),('b0114be8c3a55bdf405fddb24f001f31',NULL,'66.249.79.247','Googlebot/2.1 (+http://www.google.com/bot.html)',1614287049,1614287049,0,'csrf|a:2:{s:9:\"timestamp\";i:1614287049;s:5:\"token\";s:32:\"c681cb1bcdf44c6641766197b75330e6\";}','www.medlabtechnojournal.com'),('b04b2f2f81b03015383084e30d2c00f7',NULL,'173.231.59.209','Mozilla/5.0 (compatible; Adsbot/3.1)',1614319549,1614319549,0,'','www.medlabtechnojournal.com'),('b11935f5218a2644aeeb4b9f3a1edca0',NULL,'193.111.184.198','Mozilla/5.0 (Windows NT 10.0; Win64; x64; rv:82.0) Gecko/20100101 Firefox/82.0',1614290638,1614290638,0,'','medlabtechnojournal.com'),('b130670cf2432e8633a100ad4ccb82b1',NULL,'66.249.79.249','Googlebot/2.1 (+http://www.google.com/bot.html)',1614287033,1614287033,0,'','www.medlabtechnojournal.com'),('b22892649fe9cce9ff229bbf4912b29b',NULL,'54.36.148.179','Mozilla/5.0 (compatible; AhrefsBot/7.0; +http://ahrefs.com/robot/)',1614298846,1614298846,0,'','medlabtechnojournal.com'),('b2ca045ee3db4219ec220aa3d5cfc4df',NULL,'66.249.79.108','Googlebot/2.1 (+http://www.google.com/bot.html)',1614288451,1614288451,0,'','medlabtechnojournal.com'),('b2e05ae387813e02d6cdf0a4e0c6e675',NULL,'173.231.59.209','Mozilla/5.0 (compatible; Adsbot/3.1)',1614336732,1614336732,0,'','www.medlabtechnojournal.com'),('b31d700d88c3510b27def8f0646edb1b',NULL,'66.249.79.250','Googlebot/2.1 (+http://www.google.com/bot.html)',1614322701,1614322701,0,'','www.medlabtechnojournal.com'),('b3259b7eb2b415b42a9ed4dab46eefd5',NULL,'173.231.59.209','Mozilla/5.0 (compatible; Adsbot/3.1)',1614336372,1614336372,0,'','www.medlabtechnojournal.com'),('b3db471754f2cdea680f881ec31206a5',NULL,'173.231.59.209','Mozilla/5.0 (compatible; Adsbot/3.1)',1614337051,1614337051,0,'','www.medlabtechnojournal.com'),('b3fe03615b5b5fbbc366c2ab357015d9',NULL,'66.249.79.252','Googlebot/2.1 (+http://www.google.com/bot.html)',1614284626,1614284626,0,'csrf|a:2:{s:9:\"timestamp\";i:1614284626;s:5:\"token\";s:32:\"46665f22e3d9eca54ec1e5a557d1bb88\";}','www.medlabtechnojournal.com'),('b55a06c092be994b7b44e562ee3d6178',NULL,'66.249.79.121','Googlebot/2.1 (+http://www.google.com/bot.html)',1614287327,1614287327,0,'csrf|a:2:{s:9:\"timestamp\";i:1614287327;s:5:\"token\";s:32:\"d4001b743ef5e1d45d93ca805c0729be\";}','medlabtechnojournal.com'),('b6699df33cb66b2d19ed1a496daab40a',NULL,'173.231.59.209','Mozilla/5.0 (compatible; Adsbot/3.1)',1614318935,1614318935,0,'','www.medlabtechnojournal.com'),('b68d2bf391c0f99be254ff212d58e35e',NULL,'173.231.59.209','Mozilla/5.0 (compatible; Adsbot/3.1)',1614336650,1614336650,0,'','www.medlabtechnojournal.com'),('b7873268fdb4a302aa9ceec39314a9d9',NULL,'173.231.59.209','Mozilla/5.0 (compatible; Adsbot/3.1)',1614319864,1614319864,0,'','www.medlabtechnojournal.com'),('b7db4293196c62efe72753fc5469f2d8',NULL,'66.249.79.110','Googlebot/2.1 (+http://www.google.com/bot.html)',1614319920,1614319920,0,'csrf|a:2:{s:9:\"timestamp\";i:1614319920;s:5:\"token\";s:32:\"4f9c3a6270954eea01bcb1a66a4186d7\";}','medlabtechnojournal.com'),('b8acc8cee6f11a4d3fbda72f877ca7e5',NULL,'173.231.59.209','Mozilla/5.0 (compatible; Adsbot/3.1)',1614319871,1614319871,0,'','www.medlabtechnojournal.com'),('b8cd94702cfcea597f2663ed6ac225d1',NULL,'54.36.148.179','Mozilla/5.0 (compatible; AhrefsBot/7.0; +http://ahrefs.com/robot/)',1614300903,1614300903,0,'','medlabtechnojournal.com'),('b903d8fd59a700424a6ca36cf6114fdc',NULL,'173.231.59.209','Mozilla/5.0 (compatible; Adsbot/3.1)',1614331032,1614331032,0,'','www.medlabtechnojournal.com'),('b90aa2578e52139650eca629c5a808ef',NULL,'66.249.79.245','Googlebot/2.1 (+http://www.google.com/bot.html)',1614324176,1614324176,0,'csrf|a:2:{s:9:\"timestamp\";i:1614324177;s:5:\"token\";s:32:\"66ef6db9322a03c2331d634e62e6b78b\";}','www.medlabtechnojournal.com'),('b928e737b8367a7cabcdf41bacb18d55',NULL,'173.231.59.209','Mozilla/5.0 (compatible; Adsbot/3.1)',1614330964,1614330964,0,'','www.medlabtechnojournal.com'),('b93a0cd7ed8757389d21f18ef97e4429',NULL,'131.220.6.152','Mozilla/5.0 (X11; Linux x86_64) AppleWebKit/537.36 (KHTML, like Gecko) Chrome/79.0.3945.79 Safari/537.36',1614333394,1614333394,0,'','medlabtechnojournal.com'),('b97fe66e9c7d50bf3c9842df8004acc7',NULL,'130.255.162.177','Mozilla/5.0 (Macintosh; Intel Mac OS X 11.1; rv:84.0) Gecko/20100101 Firefox/84.0',1614298194,1614298194,0,'','medlabtechnojournal.com'),('b98d0ca66e328ff416e5cb1e6929f56e',NULL,'10.0.1.218','',1614294875,1614294875,0,'','medlabtechnojournal.com'),('ba1e48e821bcb534e1ad50c10ae055cd',NULL,'66.249.79.252','Googlebot/2.1 (+http://www.google.com/bot.html)',1614322002,1614322002,0,'','www.medlabtechnojournal.com'),('ba439eae4aab019599eb78166a1ae547',NULL,'173.231.59.209','Mozilla/5.0 (compatible; Adsbot/3.1)',1614336928,1614336928,0,'','www.medlabtechnojournal.com'),('bac49a937f182f9ffee7001e2b59fb90',NULL,'66.249.79.247','Googlebot/2.1 (+http://www.google.com/bot.html)',1614288042,1614288042,0,'','www.medlabtechnojournal.com'),('bb26f4efb91913a62cf1665010a22aa1',NULL,'173.231.59.209','Mozilla/5.0 (compatible; Adsbot/3.1)',1614336721,1614336721,0,'','www.medlabtechnojournal.com'),('bb70b2ea1493df5a2bac9d6bd36da170',NULL,'185.191.171.12','Mozilla/5.0 (compatible; SemrushBot/7~bl; +http://www.semrush.com/bot.html)',1614294583,1614294583,0,'','medlabtechnojournal.com'),('bbdb8ec8350496c0fe8f27950728cf81',NULL,'173.231.59.209','Mozilla/5.0 (compatible; Adsbot/3.1)',1614330868,1614330868,0,'','www.medlabtechnojournal.com'),('bbf0dc8be813694f85f956078200967a',NULL,'173.231.59.209','Mozilla/5.0 (compatible; Adsbot/3.1)',1614336659,1614336659,0,'','www.medlabtechnojournal.com'),('bc7fa88903387970f56b52bb658e2636',NULL,'54.36.148.179','Mozilla/5.0 (compatible; AhrefsBot/7.0; +http://ahrefs.com/robot/)',1614325258,1614325258,0,'','www.medlabtechnojournal.com'),('bd6c575783bc2711cd446610cfd77c3f',NULL,'54.36.148.169','Mozilla/5.0 (compatible; AhrefsBot/7.0; +http://ahrefs.com/robot/)',1614301177,1614301177,0,'','www.medlabtechnojournal.com'),('bd868270cc7b908732a5f5326aa4a30e',NULL,'66.249.79.250','Googlebot/2.1 (+http://www.google.com/bot.html)',1614324431,1614324431,0,'','www.medlabtechnojournal.com'),('bddcf74be4701beca3ec9b66bbf90189',NULL,'173.231.59.209','Mozilla/5.0 (compatible; Adsbot/3.1)',1614330593,1614330593,0,'','www.medlabtechnojournal.com'),('be0378e824b8d3b3efb382236fe08f9c',NULL,'5.9.156.20','Mozilla/5.0 (compatible; MJ12bot/v1.4.8; http://mj12bot.com/)',1614281442,1614281442,0,'','www.medlabtechnojournal.com'),('be2dcc502148b6bb12193e358a47ae92',NULL,'173.231.59.209','Mozilla/5.0 (compatible; Adsbot/3.1)',1614319355,1614319355,0,'','www.medlabtechnojournal.com'),('beb0410e14d85bb8c2ee90ab66af2b9c',NULL,'173.231.59.209','Mozilla/5.0 (compatible; Adsbot/3.1)',1614336326,1614336326,0,'','www.medlabtechnojournal.com'),('bf13ca7d82e947492dd4cd1b0bfcb8d0',NULL,'66.249.79.110','Googlebot/2.1 (+http://www.google.com/bot.html)',1614281435,1614281435,0,'','medlabtechnojournal.com'),('bf46044d52109eea92b37bfbc20c14e3',NULL,'66.249.79.110','Googlebot/2.1 (+http://www.google.com/bot.html)',1614320760,1614320760,0,'','medlabtechnojournal.com'),('bf53cf51f457c3729b29946a4d2d7d89',NULL,'185.191.171.19','Mozilla/5.0 (compatible; SemrushBot/7~bl; +http://www.semrush.com/bot.html)',1614291000,1614291000,0,'','medlabtechnojournal.com'),('bfc45966ee3af66af44bc969a4ee9701',NULL,'116.14.58.13','Mozilla/5.0 (Windows NT 10.0; Win64; x64) AppleWebKit/537.36 (KHTML, like Gecko) Chrome/88.0.4324.182 Safari/537.36',1614307162,1614307163,0,'','www.medlabtechnojournal.com'),('bmga05r5d5elhm8v9akru97td0',56,'88.230.178.224','Mozilla/5.0 (Linux; Android 10; Redmi Note 8 Pro) AppleWebKit/537.36 (KHTML, like Gecko) Chrome/88.0.4324.93 Mobile Safari/537.36',1611846313,1611846342,1,'XQyOEM_3bE5af9aTKy27gY7boDx5vcsjH2tQ10mHuhGaUuubEd3mNpWYU6aEH3ZJ8nxm1bP2_RhGCEi6e4RTWsPNLidf17nV_kkLfkGPwqtON7NAs0WkIAsR67lQLg4N-3FgZ1JUMdp_Vfhq6GHoFXc26UH_bL9pVLViaslG_UpQnwTAL_NEYRs0xx9ELd9TwXRBSBS4kjE3fLhKFTjBpA..','www.medlabtechnojournal.com'),('c0131d7a993f133c3d0703e11298e0b1',NULL,'173.231.59.209','Mozilla/5.0 (compatible; Adsbot/3.1)',1614319515,1614319515,0,'','www.medlabtechnojournal.com'),('c03eefd41fc134331b23b84ad79e00a0',NULL,'180.252.52.178','Mozilla/5.0 (X11; Linux x86_64) AppleWebKit/537.36 (KHTML, like Gecko) Chrome/81.0.4044.129 Safari/537.36',1614283600,1614283600,0,'','medlabtechnojournal.com'),('c07fa45fa2edc197762728afca5dabfd',NULL,'54.36.148.179','Mozilla/5.0 (compatible; AhrefsBot/7.0; +http://ahrefs.com/robot/)',1614345998,1614345998,0,'','www.medlabtechnojournal.com'),('c1508b456fce68c0d18a24495150d98e',NULL,'191.96.24.244','Mozilla/5.0 (Macintosh; Intel Mac OS X 10_15_3) AppleWebKit/605.1.15 (KHTML, like Gecko) Version/13.0.5 Safari/605.1.15',1614290578,1614290578,0,'','medlabtechnojournal.com'),('c159d2ca7ba9887457ef465f72f5118b',NULL,'83.223.243.52','Mozilla/5.0 (iPhone; CPU iPhone OS 14_4 like Mac OS X) AppleWebKit/605.1.15 (KHTML, like Gecko) Version/14.0.3 Mobile/15E148 Safari/604.1',1614333570,1614333570,0,'','www.medlabtechnojournal.com'),('c1bd74f7dcf13c5957b141aaea71770e',NULL,'66.249.93.69','Mozilla/5.0 (X11; Linux x86_64) AppleWebKit/537.36 (KHTML, like Gecko) Chrome/49.0.2623.75 Safari/537.36 Google Favicon',1614332932,1614332932,0,'','medlabtechnojournal.com'),('c1ce380f0c341f5253e58d49613a9c97',NULL,'185.191.171.44','Mozilla/5.0 (compatible; SemrushBot/7~bl; +http://www.semrush.com/bot.html)',1614347390,1614347390,0,'','medlabtechnojournal.com'),('c24da93a6c3845347ad72726f959fa0f',NULL,'66.249.79.117','Googlebot/2.1 (+http://www.google.com/bot.html)',1614324579,1614324579,0,'csrf|a:2:{s:9:\"timestamp\";i:1614324579;s:5:\"token\";s:32:\"901d6881d5c16f843f73e36321f01a07\";}','medlabtechnojournal.com'),('c2541763fd07569a3620dc4171bd454f',NULL,'66.249.79.108','Googlebot/2.1 (+http://www.google.com/bot.html)',1614324518,1614324518,0,'','medlabtechnojournal.com'),('c30ce5431925e09aa9dd51f568e0fe56',NULL,'66.249.79.247','Googlebot/2.1 (+http://www.google.com/bot.html)',1614285567,1614285567,0,'','www.medlabtechnojournal.com'),('c321aa2ed2f3006ff08c1533f1ccf77d',NULL,'66.249.79.117','Mozilla/5.0 (Linux; Android 6.0.1; Nexus 5X Build/MMB29P) AppleWebKit/537.36 (KHTML, like Gecko) Chrome/88.0.4324.202 Mobile Safari/537.36 (compatible; Googlebot/2.1; +http://www.google.com/bot.html)',1614345956,1614345956,0,'','medlabtechnojournal.com'),('c35d2f0c2f861439e77e4b6f94fa170e',NULL,'131.220.6.152','Mozilla/5.0 (X11; Linux x86_64) AppleWebKit/537.36 (KHTML, like Gecko) Chrome/79.0.3945.79 Safari/537.36',1614333395,1614333395,0,'','medlabtechnojournal.com'),('c3cde7de3c11e13354b63fe445b50e2a',NULL,'66.249.79.247','Googlebot/2.1 (+http://www.google.com/bot.html)',1614287474,1614287474,0,'','www.medlabtechnojournal.com'),('c43ad522c57453ffb25a362048f28180',NULL,'130.255.162.177','Mozilla/5.0 (Macintosh; Intel Mac OS X 11.1; rv:84.0) Gecko/20100101 Firefox/84.0',1614298370,1614298370,0,'','medlabtechnojournal.com'),('c45d2c0d395c37bc4f9e8da24d8d702b',NULL,'66.249.79.254','Googlebot/2.1 (+http://www.google.com/bot.html)',1614322247,1614322247,0,'','www.medlabtechnojournal.com'),('c4bb072db0ae72eb1497171ba551db1b',NULL,'181.215.126.29','Mozilla/5.0 (Windows NT 6.2; Win64; x64; rv:84.0) Gecko/20100101 Firefox/84.0',1614304554,1614304554,0,'','www.medlabtechnojournal.com'),('c4c05f05d622d68a541a4149224fa66f',NULL,'54.36.148.28','Mozilla/5.0 (compatible; AhrefsBot/7.0; +http://ahrefs.com/robot/)',1614299388,1614299388,0,'','www.medlabtechnojournal.com'),('c501bab7e7b13b0ae0f227bbf5435759',NULL,'66.249.79.110','Googlebot/2.1 (+http://www.google.com/bot.html)',1614322026,1614322026,0,'','medlabtechnojournal.com'),('c519a7e4bd08478bbd78e75a31b0d568',69,'185.189.115.23','Mozilla/5.0 (Windows NT 10.0; Win64; x64) AppleWebKit/537.36 (KHTML, like Gecko) Chrome/83.0.4103.24 Safari/537.36',1613431879,1613431883,1,'csrf|a:2:{s:9:\"timestamp\";i:1613431883;s:5:\"token\";s:32:\"1bc73549add2748152e2a96651664833\";}username|s:11:\"spiderchono\";userId|s:2:\"69\";','www.medlabtechnojournal.com'),('c53aaa24ecf4e6a385e67dba44dea0b6',NULL,'185.191.171.3','Mozilla/5.0 (compatible; SemrushBot/7~bl; +http://www.semrush.com/bot.html)',1614287624,1614287624,0,'','medlabtechnojournal.com'),('c563ad707d8bf9305e9240b698cedcf7',NULL,'66.249.79.250','Googlebot/2.1 (+http://www.google.com/bot.html)',1614326820,1614326820,0,'','www.medlabtechnojournal.com'),('c56972b9aa83ee41e3f9c38d87a55c69',NULL,'66.249.79.250','Googlebot/2.1 (+http://www.google.com/bot.html)',1614327298,1614327298,0,'csrf|a:2:{s:9:\"timestamp\";i:1614327298;s:5:\"token\";s:32:\"b015b65d9f7963a6cfde41dee6aaf6d5\";}','www.medlabtechnojournal.com'),('c58a5c332aeeb2c9068ea99f37dde476',NULL,'66.249.79.121','Googlebot/2.1 (+http://www.google.com/bot.html)',1614281653,1614281653,0,'','medlabtechnojournal.com'),('c5ca535ae5abe86cab7bfdca06d3f255',NULL,'66.249.79.247','Googlebot/2.1 (+http://www.google.com/bot.html)',1614322332,1614322332,0,'','www.medlabtechnojournal.com'),('c65fcfe954929bb8d5d615e29c1bc390',NULL,'173.231.59.209','Mozilla/5.0 (compatible; Adsbot/3.1)',1614330558,1614330558,0,'','www.medlabtechnojournal.com'),('c666f2648300b15627a44efc42a10073',NULL,'66.249.79.110','Googlebot/2.1 (+http://www.google.com/bot.html)',1614283430,1614283430,0,'','medlabtechnojournal.com'),('c683d24da14455f142edd9f1b8e000df',NULL,'173.231.59.209','Mozilla/5.0 (compatible; Adsbot/3.1)',1614336494,1614336494,0,'','www.medlabtechnojournal.com'),('c6aa879281ad1ae47f720892cd166c74',NULL,'66.249.79.119','Googlebot/2.1 (+http://www.google.com/bot.html)',1614289212,1614289212,0,'csrf|a:2:{s:9:\"timestamp\";i:1614289213;s:5:\"token\";s:32:\"2637192512376e06efb109efbe4e01c6\";}','medlabtechnojournal.com'),('c6b130885b4703590e1c0aaa1cc8348f',NULL,'178.233.32.112','Mozilla/5.0 (Windows NT 10.0; Win64; x64) AppleWebKit/537.36 (KHTML, like Gecko) Chrome/88.0.4324.190 Safari/537.36',1614273776,1614273777,0,'','medlabtechnojournal.com'),('c6d930b097a7d9a6c22c42221f96b7fd',NULL,'64.71.131.244','Mozilla/5.0 (compatible; evc-batch/2.0)',1614290312,1614290312,0,'','medlabtechnojournal.com'),('c6f6913777bbc440492547b2851145af',NULL,'66.249.79.250','Googlebot/2.1 (+http://www.google.com/bot.html)',1614325755,1614325755,0,'csrf|a:2:{s:9:\"timestamp\";i:1614325755;s:5:\"token\";s:32:\"21443c15311c2a622818555554b921fa\";}','www.medlabtechnojournal.com'),('c72a2e4dcd8ccf34553b6ed26d20b287',NULL,'54.36.148.179','Mozilla/5.0 (compatible; AhrefsBot/7.0; +http://ahrefs.com/robot/)',1614274964,1614274964,0,'','www.medlabtechnojournal.com'),('c743ec61062849b77ea5d710071efa9e',NULL,'66.249.79.117','Googlebot/2.1 (+http://www.google.com/bot.html)',1614282740,1614282740,0,'csrf|a:2:{s:9:\"timestamp\";i:1614282740;s:5:\"token\";s:32:\"0bc3f842aff814a33d2299d11473c768\";}','medlabtechnojournal.com'),('c77ad335d0629eb518cc35cdf7f3bc80',NULL,'173.231.59.209','Mozilla/5.0 (compatible; Adsbot/3.1)',1614337004,1614337004,0,'','www.medlabtechnojournal.com'),('c782634c6a7cf0eb2f01aebe2100a713',NULL,'173.231.59.209','Mozilla/5.0 (compatible; Adsbot/3.1)',1614319523,1614319523,0,'','www.medlabtechnojournal.com'),('c7c125bce10cbe783e48b2349c8f6237',NULL,'173.231.59.209','Mozilla/5.0 (compatible; Adsbot/3.1)',1614336800,1614336800,0,'','www.medlabtechnojournal.com'),('c84908e0432120869c80cd9eb1bff6fe',NULL,'173.231.59.209','Mozilla/5.0 (compatible; Adsbot/3.1)',1614330989,1614330989,0,'','medlabtechnojournal.com'),('c85712892a447e1be3a9c285b3f50a8e',NULL,'173.231.59.209','Mozilla/5.0 (compatible; Adsbot/3.1)',1614336486,1614336486,0,'','www.medlabtechnojournal.com'),('c8b55e3d972de787305ad26c8020a63d',NULL,'185.191.171.34','Mozilla/5.0 (compatible; SemrushBot/7~bl; +http://www.semrush.com/bot.html)',1614312204,1614312204,0,'','medlabtechnojournal.com'),('c92da74a74b54c0b4972c7fe31e7569a',NULL,'176.111.51.85','Mozilla/5.0 (Windows NT 10.0; WOW64; Rv:50.0) Gecko/20100101 Firefox/50.0',1614344386,1614344386,0,'','www.medlabtechnojournal.com'),('ca54b876dd530339d73438eb2ae20f42',NULL,'54.36.149.52','Mozilla/5.0 (compatible; AhrefsBot/7.0; +http://ahrefs.com/robot/)',1614349559,1614349559,0,'','www.medlabtechnojournal.com'),('cb118171edd615549235f945ece41688',NULL,'173.231.59.209','Mozilla/5.0 (compatible; Adsbot/3.1)',1614336364,1614336364,0,'','www.medlabtechnojournal.com'),('cb515657acc2bb04d9aa583d550985b5',NULL,'66.249.79.117','Googlebot/2.1 (+http://www.google.com/bot.html)',1614324563,1614324563,0,'','medlabtechnojournal.com'),('cb6da3416b443402edf20e1c1af1bf62',NULL,'178.171.75.150','Mozilla/5.0 (Macintosh; Intel Mac OS X 10_15_5) AppleWebKit/537.36 (KHTML, like Gecko) Chrome/86.0.4240.183 Safari/537.36',1614290638,1614290638,0,'','medlabtechnojournal.com'),('cb771cce3e20faf00d1e5d7c031cc1dc',NULL,'130.255.162.177','Mozilla/5.0 (Macintosh; Intel Mac OS X 11.1; rv:84.0) Gecko/20100101 Firefox/84.0',1614299387,1614299387,0,'','medlabtechnojournal.com'),('cb831007e194bb694e84f7a6f4f0d1c6',NULL,'66.249.79.119','Googlebot/2.1 (+http://www.google.com/bot.html)',1614323803,1614323803,0,'csrf|a:2:{s:9:\"timestamp\";i:1614323803;s:5:\"token\";s:32:\"2daf166fa2a8815700caf7cee9dc69f3\";}','medlabtechnojournal.com'),('cbca58f874c0710f810abf1c59013ae8',NULL,'173.231.59.209','Mozilla/5.0 (compatible; Adsbot/3.1)',1614331018,1614331018,0,'','www.medlabtechnojournal.com'),('cc1643b9e7a071984f4081a96f11240b',68,'185.104.187.46','Mozilla/5.0 (Windows NT 10.0; Win64; x64) AppleWebKit/537.36 (KHTML, like Gecko) Chrome/83.0.4098.0 Safari/537.36',1612987376,1612987391,1,'csrf|a:2:{s:9:\"timestamp\";i:1612987391;s:5:\"token\";s:32:\"9278d1e3e40050f7b8982cf06174a5d4\";}userId|s:2:\"68\";username|s:9:\"wazzchono\";','www.medlabtechnojournal.com'),('cc9330320516e085e18c1873c303f2c9',NULL,'191.101.102.160','Mozilla/5.0 (Windows NT 6.1; WOW64) AppleWebKit/537.36 (KHTML, like Gecko) Chrome/78.0.3904.108 Safari/537.36',1614290838,1614290838,0,'','medlabtechnojournal.com'),('cc9446c3172d13fac8f05add2d22e2eb',NULL,'173.231.59.209','Mozilla/5.0 (compatible; Adsbot/3.1)',1614336644,1614336644,0,'','www.medlabtechnojournal.com'),('ccdd762426a2d998afabee3782ddc430',NULL,'54.36.149.6','Mozilla/5.0 (compatible; AhrefsBot/7.0; +http://ahrefs.com/robot/)',1614299255,1614299255,0,'','medlabtechnojournal.com'),('cd2e66610aa2996566567950c177e59e',NULL,'173.231.59.209','Mozilla/5.0 (compatible; Adsbot/3.1)',1614336334,1614336334,0,'','www.medlabtechnojournal.com'),('cd7cf032d22f572a4ecebbacdc66fa06',NULL,'173.231.59.209','Mozilla/5.0 (compatible; Adsbot/3.1)',1614337013,1614337013,0,'','www.medlabtechnojournal.com'),('cd92186f9436c0336ccd8f7feae18557',NULL,'173.231.59.209','Mozilla/5.0 (compatible; Adsbot/3.1)',1614330532,1614330532,0,'','www.medlabtechnojournal.com'),('cdb4cb38b4db58f0b84b4c9b7c27c605',NULL,'66.249.79.119','Googlebot/2.1 (+http://www.google.com/bot.html)',1614284657,1614284657,0,'','medlabtechnojournal.com'),('cdc69ffa6f150a606d5706b7bf60ec66',NULL,'130.255.162.177','Mozilla/5.0 (Macintosh; Intel Mac OS X 11.1; rv:84.0) Gecko/20100101 Firefox/84.0',1614299103,1614299103,0,'','medlabtechnojournal.com'),('cea6dd70900fb0e004f0b29f224c1ab2',NULL,'54.36.148.92','Mozilla/5.0 (compatible; AhrefsBot/7.0; +http://ahrefs.com/robot/)',1614292919,1614292919,0,'','www.medlabtechnojournal.com'),('cee2101f59de508b3c7f7e0ecf5281c5',NULL,'173.231.59.209','Mozilla/5.0 (compatible; Adsbot/3.1)',1614330516,1614330516,0,'','www.medlabtechnojournal.com'),('cf8981feb13146646d24a700425b6294',NULL,'66.249.79.112','Googlebot/2.1 (+http://www.google.com/bot.html)',1614324500,1614324500,0,'','medlabtechnojournal.com'),('cf9f523b37cd11f5803cc94bacb21938',NULL,'173.231.59.209','Mozilla/5.0 (compatible; Adsbot/3.1)',1614319735,1614319735,0,'','www.medlabtechnojournal.com'),('cfaeeac6790b0090f5c966837b43f9c0',NULL,'173.231.59.209','Mozilla/5.0 (compatible; Adsbot/3.1)',1614336628,1614336628,0,'','www.medlabtechnojournal.com'),('d0218e942e4ecc670dcaa466de7a3abf',NULL,'173.231.59.209','Mozilla/5.0 (compatible; Adsbot/3.1)',1614336462,1614336462,0,'','www.medlabtechnojournal.com'),('d0bc431c5212ad6f74fbb98b38ea4973',NULL,'173.231.59.209','Mozilla/5.0 (compatible; Adsbot/3.1)',1614330718,1614330718,0,'','www.medlabtechnojournal.com'),('d15ba9e4bc72ef9cefd6f0baf1cee0a4',NULL,'191.101.78.236','Mozilla/5.0 (Macintosh; Intel Mac OS X 10_13_6) AppleWebKit/605.1.15 (KHTML, like Gecko) Version/13.1.2 Safari/605.1.15',1614291657,1614291657,0,'','medlabtechnojournal.com'),('d16e821a5e755cf8e6f7031ce873273b',NULL,'130.255.162.177','Mozilla/5.0 (Macintosh; Intel Mac OS X 11.1; rv:84.0) Gecko/20100101 Firefox/84.0',1614297954,1614297954,0,'','medlabtechnojournal.com'),('d16f420e901cbfbbb68dfe8674b66c65',NULL,'173.231.59.209','Mozilla/5.0 (compatible; Adsbot/3.1)',1614319658,1614319658,0,'','www.medlabtechnojournal.com'),('d250a5add34cc3de18b640271470f36d',NULL,'66.249.79.254','Googlebot/2.1 (+http://www.google.com/bot.html)',1614327281,1614327281,0,'','www.medlabtechnojournal.com'),('d2bf0fa9c0edf56d085827d8d635ab90',NULL,'66.249.79.247','Googlebot/2.1 (+http://www.google.com/bot.html)',1614323336,1614323336,0,'','www.medlabtechnojournal.com'),('d3f4fb4aba9b879297386dcde0ebe0da',NULL,'66.249.79.121','Googlebot/2.1 (+http://www.google.com/bot.html)',1614287860,1614287860,0,'','medlabtechnojournal.com'),('d5a8a1b80c0fb3c3ca3231935136bbfb',NULL,'173.231.59.209','Mozilla/5.0 (compatible; Adsbot/3.1)',1614319759,1614319759,0,'','www.medlabtechnojournal.com'),('d5abfbd6c9bcde482ff3f50ed682d120',NULL,'173.231.59.209','Mozilla/5.0 (compatible; Adsbot/3.1)',1614319774,1614319774,0,'','www.medlabtechnojournal.com'),('d5ce79a8df37c9e54d004172d1442dc2',NULL,'173.231.59.209','Mozilla/5.0 (compatible; Adsbot/3.1)',1614336387,1614336387,0,'','www.medlabtechnojournal.com'),('d5d714b204f8e884cdf06539244fdc64',NULL,'66.249.79.108','Googlebot/2.1 (+http://www.google.com/bot.html)',1614289480,1614289480,0,'','medlabtechnojournal.com'),('d6fc5331e82d1c8d1674dafd0d9ffb06',NULL,'40.77.167.74','Mozilla/5.0 (compatible; bingbot/2.0; +http://www.bing.com/bingbot.htm)',1614276062,1614276062,0,'','medlabtechnojournal.com'),('d716a147686e530a4b5e6641daf60265',NULL,'173.231.59.209','Mozilla/5.0 (compatible; Adsbot/3.1)',1614336867,1614336867,0,'','www.medlabtechnojournal.com'),('d76f740a9dcf8e25d9cb27e7d29661cf',NULL,'66.249.79.249','Googlebot/2.1 (+http://www.google.com/bot.html)',1614280037,1614280037,0,'','www.medlabtechnojournal.com'),('d7faecd6b2f9665427f9d2d57625d761',NULL,'54.36.148.82','Mozilla/5.0 (compatible; AhrefsBot/7.0; +http://ahrefs.com/robot/)',1614305731,1614305731,0,'','www.medlabtechnojournal.com'),('d880b7025342eb03bd8df14051c5c309',NULL,'54.36.148.146','Mozilla/5.0 (compatible; AhrefsBot/7.0; +http://ahrefs.com/robot/)',1614296321,1614296321,0,'','www.medlabtechnojournal.com'),('d8eca80c87c85fbe93c267dafa501cc4',NULL,'173.231.59.209','Mozilla/5.0 (compatible; Adsbot/3.1)',1614336881,1614336881,0,'','www.medlabtechnojournal.com'),('d927c10744845e16d5dbc9a7f08cbc70',NULL,'173.231.59.209','Mozilla/5.0 (compatible; Adsbot/3.1)',1614319557,1614319557,0,'','www.medlabtechnojournal.com'),('d931dac606ee6bb8ab8c4a954c073e79',NULL,'54.36.148.179','Mozilla/5.0 (compatible; AhrefsBot/7.0; +http://ahrefs.com/robot/)',1614333078,1614333078,0,'','www.medlabtechnojournal.com'),('d991225024bc23800d025570decf88aa',NULL,'66.249.79.250','Googlebot/2.1 (+http://www.google.com/bot.html)',1614286262,1614286262,0,'','www.medlabtechnojournal.com'),('d9c257ec449641b830a0ddf0b339db23',NULL,'173.231.59.209','Mozilla/5.0 (compatible; Adsbot/3.1)',1614319564,1614319564,0,'','www.medlabtechnojournal.com'),('da145f5f3f57a61e469b59e3cabb64e2',NULL,'66.249.79.108','Googlebot/2.1 (+http://www.google.com/bot.html)',1614286328,1614286328,0,'','medlabtechnojournal.com'),('da7f5c4c3112debaa9212a1e42b465a0',NULL,'54.36.148.165','Mozilla/5.0 (compatible; AhrefsBot/7.0; +http://ahrefs.com/robot/)',1614301323,1614301323,0,'','www.medlabtechnojournal.com'),('dc7e9e5e387d8af37005ee212e37b232',NULL,'66.249.79.110','Googlebot/2.1 (+http://www.google.com/bot.html)',1614324964,1614324964,0,'','medlabtechnojournal.com'),('dc98a688c35f8a1aedbb3a96bd7c6aad',NULL,'54.36.148.23','Mozilla/5.0 (compatible; AhrefsBot/7.0; +http://ahrefs.com/robot/)',1614296880,1614296880,0,'','medlabtechnojournal.com'),('dcf00d590e9dfebbe96b8e7341ed9954',NULL,'173.231.59.209','Mozilla/5.0 (compatible; Adsbot/3.1)',1614330796,1614330796,0,'','www.medlabtechnojournal.com'),('dd2703211093b377eb44494c8ba6aa03',NULL,'66.249.79.110','Googlebot/2.1 (+http://www.google.com/bot.html)',1614324775,1614324775,0,'csrf|a:2:{s:9:\"timestamp\";i:1614324775;s:5:\"token\";s:32:\"1fdce105730f6842e71515484a0ff1ae\";}','medlabtechnojournal.com'),('dd90c0e7483c6124b9b801ea8163deb0',NULL,'173.231.59.209','Mozilla/5.0 (compatible; Adsbot/3.1)',1614336967,1614336967,0,'','www.medlabtechnojournal.com'),('dda6a295dfeb39f99670808d3125c9b6',NULL,'66.249.79.108','Googlebot/2.1 (+http://www.google.com/bot.html)',1614280665,1614280665,0,'','medlabtechnojournal.com'),('ddc4738b094f5f8a69c6051f2fa1708a',NULL,'173.231.59.209','Mozilla/5.0 (compatible; Adsbot/3.1)',1614330732,1614330732,0,'','www.medlabtechnojournal.com'),('ddfaa6740f619621e03e25b746b57826',NULL,'173.231.59.209','Mozilla/5.0 (compatible; Adsbot/3.1)',1614319310,1614319310,0,'','www.medlabtechnojournal.com'),('de0d896329d02d63d7a8b00e202e48cf',NULL,'103.253.212.8','Softaculous',1614351088,1614351088,0,'','medlabtechnojournal.com'),('df7c93f73b79e83b558c955d19b86949',NULL,'66.249.79.119','Googlebot/2.1 (+http://www.google.com/bot.html)',1614324734,1614324734,0,'csrf|a:2:{s:9:\"timestamp\";i:1614324734;s:5:\"token\";s:32:\"bde7fe82a1e1714bfff2b8e4b1d99e73\";}','medlabtechnojournal.com'),('df7cc835bc1549c213fd8dc31d1c3467',NULL,'173.231.59.209','Mozilla/5.0 (compatible; Adsbot/3.1)',1614336808,1614336808,0,'','www.medlabtechnojournal.com'),('e01a5c685c1b36d5b108b509cdd3c652',NULL,'54.36.148.6','Mozilla/5.0 (compatible; AhrefsBot/7.0; +http://ahrefs.com/robot/)',1614288218,1614288218,0,'','www.medlabtechnojournal.com'),('e0643a0d33b6f46e330c8ec8603c32fc',NULL,'66.249.79.119','Googlebot/2.1 (+http://www.google.com/bot.html)',1614322212,1614322212,0,'','medlabtechnojournal.com'),('e083b07627aada6ddac6d7459487860c',NULL,'173.231.59.209','Mozilla/5.0 (compatible; Adsbot/3.1)',1614331007,1614331007,0,'','www.medlabtechnojournal.com'),('e084304fbcb9197b6af048ffe7b010e6',NULL,'173.231.59.209','Mozilla/5.0 (compatible; Adsbot/3.1)',1614330950,1614330950,0,'','www.medlabtechnojournal.com'),('e0c0029234adf4f91040df8d8f9e611c',66,'78.180.166.201','Mozilla/5.0 (Macintosh; Intel Mac OS X 10_13_6) AppleWebKit/537.36 (KHTML, like Gecko) Chrome/88.0.4324.150 Safari/537.36',1612996732,1612996738,1,'csrf|a:2:{s:9:\"timestamp\";i:1612996738;s:5:\"token\";s:32:\"e4867ea8f3911c95b7a1d8b6f7cedfe3\";}userId|s:2:\"66\";username|s:11:\"gizemberfin\";','www.medlabtechnojournal.com'),('e0cb06bc5fa2e1efca002274a001b6ec',NULL,'173.231.59.209','Mozilla/5.0 (compatible; Adsbot/3.1)',1614330812,1614330812,0,'','www.medlabtechnojournal.com'),('e0d94c84959948ebcb9d03882ca8240c',NULL,'66.249.79.110','Googlebot/2.1 (+http://www.google.com/bot.html)',1614322771,1614322771,0,'','medlabtechnojournal.com'),('e0df1f3f7073d09bc1d7b03ce6948d29',NULL,'66.249.79.252','Googlebot/2.1 (+http://www.google.com/bot.html)',1614325462,1614325462,0,'','www.medlabtechnojournal.com'),('e0e8d456aebbdd6a7eb2fdc2e5352e3e',NULL,'54.36.148.178','Mozilla/5.0 (compatible; AhrefsBot/7.0; +http://ahrefs.com/robot/)',1614320223,1614320223,0,'','www.medlabtechnojournal.com'),('e0eba215429e4ea9450cb45af9ae5118',NULL,'173.231.59.209','Mozilla/5.0 (compatible; Adsbot/3.1)',1614319266,1614319266,0,'','www.medlabtechnojournal.com'),('e10867ca37e499ff584c3aae684e5c47',NULL,'54.36.148.76','Mozilla/5.0 (compatible; AhrefsBot/7.0; +http://ahrefs.com/robot/)',1614338495,1614338495,0,'','www.medlabtechnojournal.com'),('e148fd6932bf832b5c1db8317816088f',NULL,'66.249.79.117','Googlebot/2.1 (+http://www.google.com/bot.html)',1614278234,1614278234,0,'','medlabtechnojournal.com'),('e1672b2bf6a94218ebc4d145432ef0a5',NULL,'54.245.71.145','Mozilla/5.0 (X11; Linux x86_64) AppleWebKit/537.36 (KHTML, like Gecko) Chrome/83.0.4103.97 Safari/537.36',1614283553,1614283553,0,'','medlabtechnojournal.com'),('e17c595616a9c7fcaef674454e1c8133',NULL,'173.231.59.209','Mozilla/5.0 (compatible; Adsbot/3.1)',1614336479,1614336479,0,'','www.medlabtechnojournal.com'),('e1b7815352f39cf0971678334c5900cf',NULL,'66.249.79.252','Googlebot/2.1 (+http://www.google.com/bot.html)',1614289059,1614289059,0,'','www.medlabtechnojournal.com'),('e1dd1b38cef38aa3dd43e4d760a3aadc',NULL,'130.255.162.177','Mozilla/5.0 (Macintosh; Intel Mac OS X 11.1; rv:84.0) Gecko/20100101 Firefox/84.0',1614297906,1614297906,0,'','medlabtechnojournal.com'),('e2af1630446e90d1d141e5b120aa98b5',NULL,'54.36.148.179','Mozilla/5.0 (compatible; AhrefsBot/7.0; +http://ahrefs.com/robot/)',1614290677,1614290677,0,'','www.medlabtechnojournal.com'),('e3559a93702176c49f71224a22a5ccc0',NULL,'173.231.59.209','Mozilla/5.0 (compatible; Adsbot/3.1)',1614319651,1614319651,0,'','www.medlabtechnojournal.com'),('e3ddaeba327787f319f5e457d25d2b00',NULL,'154.68.227.50','Mozilla/5.0 (Linux; U; Android 8.1.0; en-US; Bluslate7 Build/O11019) AppleWebKit/537.36 (KHTML, like Gecko) Version/4.0 Chrome/57.0.2987.108 UCBrowser/12.10.3.1199 Mobile Safari/537.36',1614337908,1614338892,0,'','medlabtechnojournal.com'),('e4d24e7da3409722eb6ddebafa880624',NULL,'66.249.79.117','Googlebot/2.1 (+http://www.google.com/bot.html)',1614322134,1614322134,0,'','medlabtechnojournal.com'),('e4dac740f9ec84fef02867911893c654',NULL,'66.249.79.254','Mozilla/5.0 AppleWebKit/537.36 (KHTML, like Gecko; compatible; Googlebot/2.1; +http://www.google.com/bot.html) Chrome/88.0.4324.202 Safari/537.36',1614328644,1614328644,0,'','www.medlabtechnojournal.com'),('e50bea7fa25d948fd53d6ce1d2218aa9',NULL,'66.249.79.252','Googlebot/2.1 (+http://www.google.com/bot.html)',1614286249,1614286249,0,'','www.medlabtechnojournal.com'),('e60fd56ab25e1124452963353e94d59a',NULL,'173.231.59.209','Mozilla/5.0 (compatible; Adsbot/3.1)',1614319753,1614319753,0,'','www.medlabtechnojournal.com'),('e67271d7aa84bfc900b92962a33f7f9b',NULL,'54.36.148.179','Mozilla/5.0 (compatible; AhrefsBot/7.0; +http://ahrefs.com/robot/)',1614311926,1614311926,0,'','www.medlabtechnojournal.com'),('e6a69a6918f3a976a9dc08199270bf43',NULL,'66.249.79.254','Googlebot/2.1 (+http://www.google.com/bot.html)',1614324998,1614324998,0,'csrf|a:2:{s:9:\"timestamp\";i:1614324998;s:5:\"token\";s:32:\"3c48856d3b4c6cad8b83cf1208fb897e\";}','www.medlabtechnojournal.com'),('e82b8af9687b14fe0ea196ea011f4175',NULL,'173.231.59.209','Mozilla/5.0 (compatible; Adsbot/3.1)',1614336566,1614336566,0,'','www.medlabtechnojournal.com'),('e8527957c5e9725eae01a74b033b015f',NULL,'66.249.79.249','Googlebot/2.1 (+http://www.google.com/bot.html)',1614324380,1614324380,0,'','www.medlabtechnojournal.com'),('e8cb812fcc1c4a88a4a88ce7bd163bd6',NULL,'173.231.59.209','Mozilla/5.0 (compatible; Adsbot/3.1)',1614319858,1614319858,0,'','www.medlabtechnojournal.com'),('e8dfc418ebee54e8cc3d2e7d05714384',NULL,'185.36.192.219','Mozilla/5.0 (Macintosh; Intel Mac OS X 10_15_4) AppleWebKit/537.36 (KHTML, like Gecko) Chrome/86.0.4240.111 Safari/537.36',1614290228,1614290228,0,'','medlabtechnojournal.com'),('e8ec089b925b83987053f3372bc7881a',NULL,'184.174.51.153','Mozilla/5.0 (Windows NT 10.0; Win64; x64) AppleWebKit/537.36 (KHTML, like Gecko) Chrome/64.0.3282.140 Safari/537.36 Edge/18.17763',1614268257,1614268257,0,'','www.medlabtechnojournal.com'),('e8f5d8524c9937603c360c8bdb2cf740',NULL,'173.231.59.209','Mozilla/5.0 (compatible; Adsbot/3.1)',1614336530,1614336530,0,'','www.medlabtechnojournal.com'),('e93066e87ac6bdcf1a4ecf2e4d721049',NULL,'66.249.79.250','Googlebot/2.1 (+http://www.google.com/bot.html)',1614322723,1614322723,0,'','www.medlabtechnojournal.com'),('e94add9f1607bbf68b0e7c32698ac923',NULL,'173.231.59.209','Mozilla/5.0 (compatible; Adsbot/3.1)',1614319234,1614319234,0,'','www.medlabtechnojournal.com'),('e95e35208b5a58f3a2b64471912460dd',NULL,'66.249.79.112','Googlebot/2.1 (+http://www.google.com/bot.html)',1614323393,1614323393,0,'','medlabtechnojournal.com'),('e9d64d3052933b99072471d96d995002',NULL,'173.231.59.209','Mozilla/5.0 (compatible; Adsbot/3.1)',1614319886,1614319886,0,'','www.medlabtechnojournal.com'),('e9da1928dcba30468ede51931c9c49d8',NULL,'173.231.59.209','Mozilla/5.0 (compatible; Adsbot/3.1)',1614319617,1614319617,0,'','www.medlabtechnojournal.com'),('e9e1eef3ba2ca27a24864d8b2b707644',66,'78.180.166.201','Mozilla/5.0 (Macintosh; Intel Mac OS X 10_13_6) AppleWebKit/537.36 (KHTML, like Gecko) Chrome/88.0.4324.150 Safari/537.36',1612999830,1613000128,1,'csrf|a:2:{s:9:\"timestamp\";i:1613000128;s:5:\"token\";s:32:\"ccacec708d4e2cdc548d1044e8ea5707\";}userId|s:2:\"66\";username|s:11:\"gizemberfin\";','www.medlabtechnojournal.com'),('e9f19e295ff50164965af6c9aaf51ff2',NULL,'173.231.59.209','Mozilla/5.0 (compatible; Adsbot/3.1)',1614330509,1614330509,0,'','www.medlabtechnojournal.com'),('ea9f86ba3fbdf3ecded0cc37c538e68e',NULL,'66.249.79.108','Googlebot/2.1 (+http://www.google.com/bot.html)',1614288783,1614288783,0,'','medlabtechnojournal.com'),('eb215600b43e696903be0e3de513d42a',NULL,'66.249.79.119','Googlebot/2.1 (+http://www.google.com/bot.html)',1614323838,1614323838,0,'','medlabtechnojournal.com'),('eb3d988d555dd44055d2e7cbd983239b',NULL,'66.249.79.249','Googlebot/2.1 (+http://www.google.com/bot.html)',1614325526,1614325526,0,'','www.medlabtechnojournal.com'),('eb49fa93698ace579893e59c31ebb630',NULL,'66.249.79.108','Googlebot/2.1 (+http://www.google.com/bot.html)',1614324151,1614324151,0,'','medlabtechnojournal.com'),('ebb3c62b658ad12acd63a2c742d8e2a8',66,'78.180.166.201','Mozilla/5.0 (Macintosh; Intel Mac OS X 10_13_6) AppleWebKit/537.36 (KHTML, like Gecko) Chrome/88.0.4324.150 Safari/537.36',1612996836,1612997822,1,'csrf|a:2:{s:9:\"timestamp\";i:1612997822;s:5:\"token\";s:32:\"444472f3fdc1d0bcf466928eea803e19\";}userId|s:2:\"66\";username|s:11:\"gizemberfin\";','www.medlabtechnojournal.com'),('ebcb297ead6f7c8f922f6d0dd327f8ab',NULL,'103.253.212.8','Softaculous',1614351098,1614351098,0,'','medlabtechnojournal.com'),('ebdebe7e047407760faa5ce1d3f749ac',NULL,'173.231.59.209','Mozilla/5.0 (compatible; Adsbot/3.1)',1614336508,1614336508,0,'','www.medlabtechnojournal.com'),('ecf562561852f2a2f4fb1af73769ebd4',NULL,'103.122.67.34','Mozilla/5.0 (Windows NT 10.0; Win64; x64; rv:85.0) Gecko/20100101 Firefox/85.0',1614271381,1614271381,0,'','www.medlabtechnojournal.com'),('ed29498e657451cd005e52e3660cc993',NULL,'173.231.59.209','Mozilla/5.0 (compatible; Adsbot/3.1)',1614330540,1614330540,0,'','www.medlabtechnojournal.com'),('ed4b105c617377ffe8ea4ffdcc1725f4',NULL,'130.255.162.177','Mozilla/5.0 (Macintosh; Intel Mac OS X 11.1; rv:84.0) Gecko/20100101 Firefox/84.0',1614298494,1614298494,0,'','medlabtechnojournal.com'),('ee088fa23d69b333496f253c70adec53',NULL,'130.255.162.177','Mozilla/5.0 (Macintosh; Intel Mac OS X 11.1; rv:84.0) Gecko/20100101 Firefox/84.0',1614282615,1614282615,0,'','medlabtechnojournal.com'),('ee118ee7ace6a6c27584c81fb9a732f4',NULL,'54.36.148.179','Mozilla/5.0 (compatible; AhrefsBot/7.0; +http://ahrefs.com/robot/)',1614298711,1614298711,0,'','medlabtechnojournal.com'),('ee12c54d2762facd01773dcd9f93a75b',NULL,'66.249.79.119','Googlebot/2.1 (+http://www.google.com/bot.html)',1614320801,1614320801,0,'','medlabtechnojournal.com'),('ee7ea6144d9a865da62c4960c6787bf1',NULL,'173.231.59.209','Mozilla/5.0 (compatible; Adsbot/3.1)',1614336713,1614336713,0,'','www.medlabtechnojournal.com'),('ee910eb6944b994d637a33a3cba34f6e',NULL,'130.255.162.177','Mozilla/5.0 (Macintosh; Intel Mac OS X 11.1; rv:84.0) Gecko/20100101 Firefox/84.0',1614299214,1614299214,0,'','medlabtechnojournal.com'),('ef038e46b597204317f8d0a0c5356138',NULL,'130.255.162.177','Mozilla/5.0 (Macintosh; Intel Mac OS X 11.1; rv:84.0) Gecko/20100101 Firefox/84.0',1614298916,1614298916,0,'','medlabtechnojournal.com'),('ef0de99bf0bc063cb2c2c398471c57e6',NULL,'185.248.185.49','Mozilla/5.0 (Windows NT 10.0; Win64; x64) AppleWebKit/537.36 (KHTML, like Gecko) Chrome/86.0.4240.183 Safari/537.36 Edg/86.0.622.63',1614290330,1614290330,0,'','medlabtechnojournal.com'),('ef4e5c5be4f3230015bc97ac62fc0cbe',NULL,'66.249.79.112','Googlebot/2.1 (+http://www.google.com/bot.html)',1614289154,1614289154,0,'csrf|a:2:{s:9:\"timestamp\";i:1614289154;s:5:\"token\";s:32:\"95c44cc610e37e9b98cfe1aff10f1eab\";}','medlabtechnojournal.com'),('ef99a79983d2a719696b3c81825e3788',NULL,'173.231.59.209','Mozilla/5.0 (compatible; Adsbot/3.1)',1614330890,1614330890,0,'','www.medlabtechnojournal.com'),('eff27eb3050aad465ad99a5c37f8a60c',NULL,'173.231.59.209','Mozilla/5.0 (compatible; Adsbot/3.1)',1614336903,1614336903,0,'','www.medlabtechnojournal.com'),('f08d8bb7bf9b6130454a72ae6cb56f9f',NULL,'173.231.59.209','Mozilla/5.0 (compatible; Adsbot/3.1)',1614319498,1614319498,0,'','www.medlabtechnojournal.com'),('f0c1b61980c5faf70eeccf6271a02540',NULL,'173.231.59.209','Mozilla/5.0 (compatible; Adsbot/3.1)',1614336407,1614336407,0,'','www.medlabtechnojournal.com'),('f0f3fa55a1d4a6be830117fbccfd8211',NULL,'66.249.79.249','Googlebot/2.1 (+http://www.google.com/bot.html)',1614324795,1614324795,0,'csrf|a:2:{s:9:\"timestamp\";i:1614324795;s:5:\"token\";s:32:\"68f46ba3c4573227a3e344da03b12aa5\";}','www.medlabtechnojournal.com'),('f0fd6da5423fe7f20c1adc9952055814',NULL,'66.249.79.117','Googlebot/2.1 (+http://www.google.com/bot.html)',1614286361,1614286361,0,'','medlabtechnojournal.com'),('f134bcac8629e0fbe8c721de505b1d7b',NULL,'173.231.59.209','Mozilla/5.0 (compatible; Adsbot/3.1)',1614336794,1614336794,0,'','www.medlabtechnojournal.com'),('f1498127249659996a51337cb959a11c',NULL,'173.231.59.209','Mozilla/5.0 (compatible; Adsbot/3.1)',1614318954,1614318954,0,'','www.medlabtechnojournal.com'),('f1c8434e8948fb1458ca27cff67012f9',NULL,'180.252.52.178','Mozilla/5.0 (X11; Linux x86_64) AppleWebKit/537.36 (KHTML, like Gecko) Chrome/81.0.4044.129 Safari/537.36',1614283462,1614283462,0,'','medlabtechnojournal.com'),('f23eefaae71fa11688fc9c6897f0ed26',NULL,'66.249.79.252','Googlebot/2.1 (+http://www.google.com/bot.html)',1614284612,1614284612,0,'','www.medlabtechnojournal.com'),('f33f57e499af4e1853e485c42b21b76a',NULL,'173.231.59.209','Mozilla/5.0 (compatible; Adsbot/3.1)',1614330662,1614330662,0,'','www.medlabtechnojournal.com'),('f427b0195b99fbd0ef660399b2dffbf7',NULL,'66.249.79.119','Googlebot/2.1 (+http://www.google.com/bot.html)',1614286456,1614286456,0,'','medlabtechnojournal.com'),('f47mandpea8qmf079aib80cav3',1,'180.246.151.205','Mozilla/5.0 (Windows NT 10.0; Win64; x64; rv:85.0) Gecko/20100101 Firefox/85.0',1612232188,1614131960,1,'csrf|a:2:{s:9:\"timestamp\";i:1614131960;s:5:\"token\";s:32:\"6bc0b2e00de7c2fe208cf159c4afe64f\";}userId|i:1;username|s:5:\"admin\";','www.medlabtechnojournal.com'),('f48bbfcd948df50ffa1f0d8ca49141ec',NULL,'66.249.79.121','Googlebot/2.1 (+http://www.google.com/bot.html)',1614287019,1614287019,0,'csrf|a:2:{s:9:\"timestamp\";i:1614287019;s:5:\"token\";s:32:\"e56b3c124d5adaa90f4d9b3618cfbb6a\";}','medlabtechnojournal.com'),('f49tgdoc42d790dpn0sd7ffu65',56,'88.230.178.224','Mozilla/5.0 (Windows NT 10.0; Win64; x64) AppleWebKit/537.36 (KHTML, like Gecko) Chrome/88.0.4324.104 Safari/537.36',1611864555,1611864687,1,'FDOHFmXgQahjxkOszIf1_lbbjQGh-771d76I_qR0dcf8hXMa406fv4SKSE43HLreh7cXA00Pzy5txkhACzcY5vqZ7hAT5Fl-Ncxfm9N6vF66_IwQEiaK49g4hl5TeOsWp1F_05cVAMiRZFJ1jCM1r7eBzFJV79MMWfKL8gkbnNCApwHFA3Thw1YeoJTtPUtU4Uh1AylnkFOw1qCDePQG6g..','medlabtechnojournal.com'),('f4b556b223cf1f165ef857db2f6827ec',NULL,'130.255.162.177','Mozilla/5.0 (Macintosh; Intel Mac OS X 11.1; rv:84.0) Gecko/20100101 Firefox/84.0',1614299267,1614299267,0,'','medlabtechnojournal.com'),('f4c1d7969da1fb50968b457d34000f12',66,'178.246.162.240','Mozilla/5.0 (Macintosh; Intel Mac OS X 10_13_6) AppleWebKit/537.36 (KHTML, like Gecko) Chrome/88.0.4324.150 Safari/537.36',1613131328,1613131369,1,'csrf|a:2:{s:9:\"timestamp\";i:1613131369;s:5:\"token\";s:32:\"65f1f78204276df42fd13a8dddbb94a0\";}userId|s:2:\"66\";username|s:11:\"gizemberfin\";','www.medlabtechnojournal.com'),('f54ddbae36186bfcce06e96cc288005f',NULL,'40.77.167.74','Mozilla/5.0 (compatible; bingbot/2.0; +http://www.bing.com/bingbot.htm)',1614305596,1614305596,0,'','www.medlabtechnojournal.com'),('f59c995fac7956929a850f5b80fc719c',NULL,'66.249.79.117','Googlebot/2.1 (+http://www.google.com/bot.html)',1614323808,1614323808,0,'','medlabtechnojournal.com'),('f59db460e8d68b8e4942dca79b493b12',NULL,'130.255.162.177','Mozilla/5.0 (Macintosh; Intel Mac OS X 11.1; rv:84.0) Gecko/20100101 Firefox/84.0',1614298254,1614298254,0,'','medlabtechnojournal.com'),('f5cbba3f8865e3b77b8365f99c369272',NULL,'66.249.79.117','Googlebot/2.1 (+http://www.google.com/bot.html)',1614319488,1614319488,0,'','medlabtechnojournal.com'),('f667f4f1f206cac67efb851c8508d726',NULL,'173.231.59.209','Mozilla/5.0 (compatible; Adsbot/3.1)',1614336695,1614336695,0,'','www.medlabtechnojournal.com'),('f6a8bda4b9d8a806cd3e3cfd5615542e',NULL,'66.249.79.117','Googlebot/2.1 (+http://www.google.com/bot.html)',1614320816,1614320816,0,'csrf|a:2:{s:9:\"timestamp\";i:1614320816;s:5:\"token\";s:32:\"f6971c9e20ec162d49f016f970386924\";}','medlabtechnojournal.com'),('f6d992b0a5db6554aa2098a68c6acc8e',NULL,'173.231.59.209','Mozilla/5.0 (compatible; Adsbot/3.1)',1614336941,1614336941,0,'','www.medlabtechnojournal.com'),('f71c57e0461589acd910c1d0a1f80c45',NULL,'173.231.59.209','Mozilla/5.0 (compatible; Adsbot/3.1)',1614330955,1614330955,0,'','www.medlabtechnojournal.com'),('f72d771102922cc8d4adce8ce3bb1f53',NULL,'66.249.79.119','Googlebot/2.1 (+http://www.google.com/bot.html)',1614327560,1614327560,0,'','medlabtechnojournal.com'),('f75af07bc20ad9e09ffff3920856eed3',NULL,'66.249.79.121','Googlebot/2.1 (+http://www.google.com/bot.html)',1614284641,1614284641,0,'','medlabtechnojournal.com'),('f83327bfc67c13abfafa8322541297d4',NULL,'54.36.148.237','Mozilla/5.0 (compatible; AhrefsBot/7.0; +http://ahrefs.com/robot/)',1614300497,1614300497,0,'','medlabtechnojournal.com'),('f8a58ae18763ba350e0c3847f8c35b31',NULL,'64.227.7.250','Mozilla/5.0 (Macintosh; Intel Mac OS X 10_15_2) AppleWebKit/537.36 (KHTML, like Gecko) Chrome/79.0.3945.88 Safari/537.36',1614276107,1614276107,0,'','medlabtechnojournal.com'),('f8d1bbd26823f2857ec9df8bcdf80f16',NULL,'173.231.59.209','Mozilla/5.0 (compatible; Adsbot/3.1)',1614330783,1614330783,0,'','www.medlabtechnojournal.com'),('f8dc064b4af45b24ac0d15fc786bc62b',NULL,'66.249.79.250','Googlebot/2.1 (+http://www.google.com/bot.html)',1614327420,1614327420,0,'csrf|a:2:{s:9:\"timestamp\";i:1614327420;s:5:\"token\";s:32:\"62724ce28734fdb62289397d63b69167\";}','www.medlabtechnojournal.com'),('f97d1394f6cc3f7719a84a96faab7851',NULL,'66.249.79.108','Googlebot/2.1 (+http://www.google.com/bot.html)',1614288472,1614288472,0,'csrf|a:2:{s:9:\"timestamp\";i:1614288472;s:5:\"token\";s:32:\"5a73971812e575168a734606649c181a\";}','medlabtechnojournal.com'),('fa2f963e417622a458cd7a19130b1661',NULL,'185.191.171.42','Mozilla/5.0 (compatible; SemrushBot/7~bl; +http://www.semrush.com/bot.html)',1614323167,1614323167,0,'','medlabtechnojournal.com'),('fac598d38f48cda292ec32f1c37ac83a',NULL,'54.36.149.34','Mozilla/5.0 (compatible; AhrefsBot/7.0; +http://ahrefs.com/robot/)',1614299528,1614299528,0,'','medlabtechnojournal.com'),('fb98c22e1e0d3ecce46d894ba3518139',NULL,'66.249.79.250','Googlebot/2.1 (+http://www.google.com/bot.html)',1614285838,1614285838,0,'csrf|a:2:{s:9:\"timestamp\";i:1614285838;s:5:\"token\";s:32:\"e7b2b86618b4e73547d30cbc644ed348\";}','www.medlabtechnojournal.com'),('fbb0797cf75ad0e8bce60141e8bf8375',NULL,'173.231.59.209','Mozilla/5.0 (compatible; Adsbot/3.1)',1614330524,1614330524,0,'','www.medlabtechnojournal.com'),('fc19371243e51e7e69ff05fd8254c913',NULL,'173.231.59.209','Mozilla/5.0 (compatible; Adsbot/3.1)',1614330769,1614330769,0,'','www.medlabtechnojournal.com'),('fc81be3951e4b62b5ce4fcfe1f91bcd8',NULL,'54.36.149.2','Mozilla/5.0 (compatible; AhrefsBot/7.0; +http://ahrefs.com/robot/)',1614298303,1614298303,0,'','www.medlabtechnojournal.com'),('fcbb7f85afe1fec1c90f32405544b984',NULL,'66.249.79.245','Mozilla/5.0 (Linux; Android 6.0.1; Nexus 5X Build/MMB29P) AppleWebKit/537.36 (KHTML, like Gecko) Chrome/88.0.4324.188 Mobile Safari/537.36 (compatible; Googlebot/2.1; +http://www.google.com/bot.html)',1614297429,1614297429,0,'','www.medlabtechnojournal.com'),('fd379437e353e0e2bb09541695052be7',NULL,'66.249.79.247','Googlebot/2.1 (+http://www.google.com/bot.html)',1614287659,1614287659,0,'','www.medlabtechnojournal.com'),('fd89e6f20543e06aa865b829ffedd60b',NULL,'66.249.79.121','Googlebot/2.1 (+http://www.google.com/bot.html)',1614323825,1614323825,0,'csrf|a:2:{s:9:\"timestamp\";i:1614323825;s:5:\"token\";s:32:\"7d1698da7d6ac3055e620a9c3c265b91\";}','medlabtechnojournal.com'),('fe1bd989f3033e768de167a63db941b4',NULL,'66.249.79.250','Googlebot/2.1 (+http://www.google.com/bot.html)',1614326368,1614326368,0,'csrf|a:2:{s:9:\"timestamp\";i:1614326368;s:5:\"token\";s:32:\"1eec335f4ec2c04ed884b86053798297\";}','www.medlabtechnojournal.com'),('fe5308250486bcc6c0ff9d69c12f1188',NULL,'173.231.59.209','Mozilla/5.0 (compatible; Adsbot/3.1)',1614319046,1614319046,0,'','www.medlabtechnojournal.com'),('febe9905e85ea7ddb46198594480d910',NULL,'173.231.59.209','Mozilla/5.0 (compatible; Adsbot/3.1)',1614336552,1614336552,0,'','www.medlabtechnojournal.com'),('fecf300d17c0e378c5ab546aa5b1196d',NULL,'173.231.59.209','Mozilla/5.0 (compatible; Adsbot/3.1)',1614330998,1614330998,0,'','www.medlabtechnojournal.com'),('ffb41c9da20bd1473ecc36661ae818f0',NULL,'66.249.79.250','Googlebot/2.1 (+http://www.google.com/bot.html)',1614287950,1614287950,0,'','www.medlabtechnojournal.com'),('ffc9c9ecf597bf63df4f99a7ac3e9ab2',NULL,'172.245.60.252','Mozilla/5.0 (Macintosh; Intel Mac OS X 10_13_3) AppleWebKit/604.5.6 (KHTML, like Gecko) Version/11.0.3 Safari/604.5.6,gzip(gfe)',1614337374,1614337377,0,'','medlabtechnojournal.com'),('ffd981f215765fa0ca52367c13d59f8c',NULL,'66.249.79.250','Googlebot/2.1 (+http://www.google.com/bot.html)',1614320221,1614320221,0,'','www.medlabtechnojournal.com'),('gloj2gcnkobmrmhh40h3o4k3k7',NULL,'66.249.79.245','Mozilla/5.0 AppleWebKit/537.36 (KHTML, like Gecko; compatible; Googlebot/2.1; +http://www.google.com/bot.html) Chrome/88.0.4324.202 Safari/537.36',1614327902,1614327902,0,'','www.medlabtechnojournal.com'),('kd8tvtk2g563h3nbk9tv14c877',1,'114.124.214.103','Mozilla/5.0 (X11; Linux x86_64) AppleWebKit/537.36 (KHTML, like Gecko) Chrome/88.0.4324.93 Safari/537.36',1611800804,1611801399,1,'i1ZbrftoHD8ZzdQt0NhvBSQuZVYDEdGKr_ObsSn777tJLus_i1R0f9YoYA6RLF7ai4A4_2A96qr4PcSQmgZxT9kpfeGbYqnQeByhesuwpGIX1WgOpDt-BzB5I7NEUErw8GtTLj4GwB07CMWmg3oqUWjtVV0VUdGdAh-m3FeVSaGm0aoCT5w9gA_gQM1Js0iD','www.medlabtechnojournal.com'),('puum9o3gup613f04774mkd3ek2',1,'180.248.220.209','Mozilla/5.0 (Windows NT 10.0; Win64; x64) AppleWebKit/537.36 (KHTML, like Gecko) Chrome/88.0.4324.150 Safari/537.36',1612748188,1612754543,1,'3vtFCggNj-JGd5n8kUNLsYonCcKML9io-4c8aDlvgw29LklV5GhOpCvy-AWDDmPzcr-kRvImMgQTrmXlkOJAIFh7RZB3l9zm47IHfGF_Wd44Spx5XQmmQ2QJK4v-xJ91Jsbck5g0o1Trlp_QzB3cejrMuBxYwPj0OJI5_mRlBcjJnRe6qgSE-ozmb-KcUIYZ','medlabtechnojournal.com'),('q0394jrv040dmgqhki89ld33m5',68,'185.245.85.20','Mozilla/5.0 (Windows NT 10.0; Win64; x64) AppleWebKit/537.36 (KHTML, like Gecko) Chrome/83.0.4087.0 Safari/537.36',1612677512,1612677560,1,'jipAFVIy6sHZ5LYhRJyTlBkuvKE8xdbn5J5-S-5juQeEGHt5_zgbtLsbbgfTkyN-EwW4fTUYBrO8xRcP5CaYPKN_mipjCgag3PL1oE2uI1xI-iJURifPnPcsbcwKl3e1Rypx6jCvFedgNm-2rAR5TlkFqlAOzSXiD8XMa7OTvaGPaFpT0bZ_J02ZwU6i9SFYryoTahhEt3DdmKec7UrrgQ..','www.medlabtechnojournal.com'),('rgvutrv9pq9lr3ikqrqmil0gc6',1,'180.248.220.209','Mozilla/5.0 (Windows NT 10.0; Win64; x64) AppleWebKit/537.36 (KHTML, like Gecko) Chrome/88.0.4324.150 Safari/537.36',1612833403,1613475564,1,'csrf|a:2:{s:9:\"timestamp\";i:1613475565;s:5:\"token\";s:32:\"6b09f0ea5e259b371a45fbde08ce0e07\";}','medlabtechnojournal.com'),('seaufme685e44hojhfp0j433t6',1,'202.152.138.178','Mozilla/5.0 (Windows NT 10.0; Win64; x64) AppleWebKit/537.36 (KHTML, like Gecko) Chrome/88.0.4324.150 Safari/537.36 Edg/88.0.705.63',1612860820,1612861276,1,'csrf|a:2:{s:9:\"timestamp\";i:1612861276;s:5:\"token\";s:32:\"71af8d2f79c929f54d26a1c8ea5387f8\";}','medlabtechnojournal.com'),('t0n9orjv3951k1mdh02n7la5l3',56,'88.230.178.224','Mozilla/5.0 (Linux; Android 10; Redmi Note 8 Pro) AppleWebKit/537.36 (KHTML, like Gecko) Chrome/88.0.4324.93 Mobile Safari/537.36',1611846378,1611961584,1,'q1-8QgMHslAuicIjIUY51zdhJJZNtUGnboLNItY1avHUcKL8sjg2qGbpIoc63W5pY5-lVJ0p-SVa7p4_hJg30-89bUGVn3hrHL_VRa-QRMcN_AnpYRxtTyg4Nsl2kiKfZCZUeOujngdaQXhwfdyb2lkkvEk6yl1fgjkAflgSflv-aNruV2C24ynfeB2r3mDA2TdYH4rV3E6H1GZ8i3x9Kw..','www.medlabtechnojournal.com'),('vtotqgtv994rd5qv4r52f8tbf4',1,'180.248.157.155','Mozilla/5.0 (Windows NT 6.3; Win64; x64) AppleWebKit/537.36 (KHTML, like Gecko) Chrome/88.0.4324.104 Safari/537.36',1611800373,1611803076,1,'Rqur9PcS-DefUyGa2EKxOJ75PVt73gG2a3_0DeBV9BBKaCXp35YpDf92iGww2jxJ0WbZPAsdaE3oFeIXQWD1CJz6Z5zObDyn-K0Hw2c0OWUlkbQdjoxVk4_lHYKaz1nIhDk01IoHLwHRGtx35pGk1RhxsyLBQ5Pq3Tz5vr_nZFVM54KYMm23Ov7roxcxvVK7','www.medlabtechnojournal.com');

--
-- Table structure for table `site`
--

CREATE TABLE `site` (
  `redirect` bigint(20) NOT NULL DEFAULT 0,
  `primary_locale` varchar(14) NOT NULL,
  `min_password_length` tinyint(4) NOT NULL DEFAULT 6,
  `installed_locales` varchar(1024) NOT NULL DEFAULT 'en_US',
  `supported_locales` varchar(1024) DEFAULT NULL
) ENGINE=InnoDB DEFAULT CHARSET=utf8;

--
-- Dumping data for table `site`
--

INSERT INTO `site` VALUES (0,'en_US',6,'[\"en_US\",\"id_ID\"]','[\"en_US\",\"id_ID\"]');

--
-- Table structure for table `site_settings`
--

CREATE TABLE `site_settings` (
  `setting_name` varchar(255) NOT NULL,
  `locale` varchar(14) NOT NULL DEFAULT '',
  `setting_value` text DEFAULT NULL,
  UNIQUE KEY `site_settings_pkey` (`setting_name`,`locale`)
) ENGINE=InnoDB DEFAULT CHARSET=utf8;

--
-- Dumping data for table `site_settings`
--

INSERT INTO `site_settings` VALUES ('contactEmail','en_US','admin@medlabtechnojournal.com'),('contactName','en_US','Open Journal Systems'),('showDescription','','1'),('showThumbnail','','1'),('showTitle','','1'),('sidebar','','[\"developedbyblockplugin\",\"languagetoggleblockplugin\"]'),('themePluginPath','','default');

--
-- Table structure for table `stage_assignments`
--

CREATE TABLE `stage_assignments` (
  `stage_assignment_id` bigint(20) NOT NULL AUTO_INCREMENT,
  `submission_id` bigint(20) NOT NULL,
  `user_group_id` bigint(20) NOT NULL,
  `user_id` bigint(20) NOT NULL,
  `date_assigned` datetime NOT NULL,
  `recommend_only` tinyint(4) NOT NULL DEFAULT 0,
  `can_change_metadata` tinyint(4) NOT NULL DEFAULT 0,
  PRIMARY KEY (`stage_assignment_id`),
  UNIQUE KEY `stage_assignment` (`submission_id`,`user_group_id`,`user_id`),
  KEY `stage_assignments_submission_id` (`submission_id`),
  KEY `stage_assignments_user_group_id` (`user_group_id`),
  KEY `stage_assignments_user_id` (`user_id`)
) ENGINE=InnoDB AUTO_INCREMENT=101 DEFAULT CHARSET=utf8;

--
-- Dumping data for table `stage_assignments`
--

INSERT INTO `stage_assignments` VALUES (1,1,14,2,'2019-03-28 12:36:09',0,0),(2,1,14,3,'2019-03-28 12:47:57',0,0),(3,1,3,5,'2019-03-28 13:32:59',0,1),(4,2,14,7,'2019-03-29 07:26:34',0,0),(5,2,3,1,'2019-03-29 07:31:55',0,1),(6,3,14,7,'2019-03-31 14:34:01',0,0),(7,4,14,7,'2019-03-31 14:36:35',0,0),(8,5,14,2,'2019-03-31 14:39:23',0,0),(9,5,3,1,'2019-03-31 14:55:04',0,1),(10,4,3,1,'2019-03-31 14:57:22',0,1),(11,3,3,1,'2019-03-31 14:58:44',0,1),(12,6,14,9,'2019-08-24 10:23:40',0,0),(13,6,5,6,'2019-08-24 10:29:04',0,0),(14,6,3,5,'2019-08-24 10:49:17',1,1),(15,7,14,10,'2019-08-25 13:40:03',0,0),(16,7,5,6,'2019-08-25 13:53:35',0,0),(17,7,3,14,'2019-08-25 14:18:36',1,1),(18,8,14,19,'2019-08-25 14:44:58',0,0),(19,8,5,6,'2019-08-25 14:48:51',0,0),(20,8,3,16,'2019-08-25 14:50:02',1,1),(21,9,14,20,'2019-08-29 08:20:44',0,0),(22,9,5,6,'2019-08-29 08:26:50',0,0),(23,9,3,15,'2019-08-29 08:28:23',1,1),(24,7,3,12,'2019-08-30 12:36:04',1,1),(25,10,14,21,'2019-08-31 08:31:02',0,0),(26,10,5,6,'2019-08-31 08:32:41',0,0),(27,10,3,12,'2019-08-31 08:33:37',1,1),(28,11,14,23,'2019-09-20 19:40:37',0,0),(29,11,5,6,'2019-09-20 19:43:29',0,0),(30,11,2,1,'2019-10-04 08:06:40',1,1),(35,13,14,25,'2020-01-30 19:36:45',0,0),(36,13,5,6,'2020-01-30 19:42:45',0,0),(37,14,14,26,'2020-01-31 15:29:08',0,0),(38,14,5,6,'2020-01-31 15:54:31',0,0),(39,14,2,1,'2020-02-01 14:32:13',1,1),(40,13,2,1,'2020-02-01 14:33:48',1,1),(41,15,14,28,'2020-02-16 16:18:09',0,0),(43,15,2,1,'2020-02-17 09:33:43',1,1),(44,13,2,5,'2020-02-19 08:43:01',0,1),(45,14,2,29,'2020-02-19 09:11:41',0,1),(46,15,2,5,'2020-02-19 09:37:33',0,1),(47,11,2,5,'2020-02-19 09:38:23',0,1),(48,14,2,5,'2020-02-19 09:49:37',0,1),(49,16,14,33,'2020-03-07 09:21:24',0,0),(50,16,2,1,'2020-03-07 09:32:05',0,1),(51,17,14,34,'2020-03-19 09:20:24',0,0),(52,17,2,1,'2020-03-19 09:23:40',0,1),(53,18,14,23,'2020-03-26 14:27:04',0,0),(54,19,14,37,'2020-03-28 16:57:31',0,0),(57,19,2,1,'2020-03-29 14:04:33',0,1),(58,18,2,1,'2020-03-29 14:05:18',0,1),(59,20,14,40,'2020-05-21 05:31:34',0,0),(60,20,2,1,'2020-05-26 13:57:38',0,1),(61,21,14,40,'2020-07-15 02:22:50',0,0),(62,21,2,1,'2020-07-15 07:44:48',0,1),(63,22,14,42,'2020-07-26 09:46:48',0,0),(64,23,14,42,'2020-07-26 09:51:23',0,0),(65,23,2,1,'2020-07-26 09:56:27',0,1),(66,22,2,1,'2020-07-26 09:59:16',0,1),(67,24,14,43,'2020-08-13 03:48:19',0,0),(68,24,2,1,'2020-08-13 10:42:57',0,1),(69,25,14,51,'2020-09-08 12:48:04',0,0),(70,25,7,48,'2020-09-08 12:50:53',0,0),(71,25,7,50,'2020-09-08 12:55:04',0,0),(72,25,7,49,'2020-09-08 12:55:32',0,0),(73,26,14,52,'2020-09-09 01:33:30',0,0),(74,25,2,1,'2020-09-11 05:00:31',0,1),(75,26,2,1,'2020-09-18 05:31:39',0,1),(76,26,7,50,'2020-09-28 06:08:34',0,0),(77,21,7,49,'2020-09-28 06:22:53',0,0),(79,28,14,57,'2020-10-06 11:51:10',0,0),(80,28,2,1,'2020-10-06 21:07:16',0,1),(81,29,14,58,'2020-10-07 17:13:37',0,0),(82,29,2,1,'2020-10-07 19:06:42',0,1),(83,29,7,50,'2020-10-09 07:48:40',0,0),(84,28,7,49,'2020-10-09 07:52:37',0,0),(85,30,14,59,'2020-10-22 03:29:19',0,0),(86,30,2,1,'2020-10-25 12:40:16',0,1),(88,32,14,63,'2020-12-06 23:24:57',0,0),(89,32,2,1,'2020-12-09 05:32:10',0,1),(90,33,14,65,'2021-01-02 05:40:33',0,0),(91,33,2,1,'2021-01-02 05:43:32',0,1),(94,36,14,56,'2021-01-20 21:14:57',0,0),(95,37,14,56,'2021-01-20 23:39:44',0,0),(96,38,14,66,'2021-01-23 23:03:16',0,0),(97,38,2,1,'2021-01-25 08:04:42',0,1),(98,36,2,1,'2021-01-25 08:22:15',0,1),(99,39,14,67,'2021-01-28 09:22:25',0,0),(100,40,14,51,'2021-02-20 08:58:12',0,0);

--
-- Table structure for table `static_page_settings`
--

CREATE TABLE `static_page_settings` (
  `static_page_id` bigint(20) NOT NULL,
  `locale` varchar(14) NOT NULL DEFAULT '',
  `setting_name` varchar(255) NOT NULL,
  `setting_value` longtext DEFAULT NULL,
  `setting_type` varchar(6) NOT NULL,
  UNIQUE KEY `static_page_settings_pkey` (`static_page_id`,`locale`,`setting_name`),
  KEY `static_page_settings_static_page_id` (`static_page_id`)
) ENGINE=InnoDB DEFAULT CHARSET=utf8;

--
-- Dumping data for table `static_page_settings`
--


--
-- Table structure for table `static_pages`
--

CREATE TABLE `static_pages` (
  `static_page_id` bigint(20) NOT NULL AUTO_INCREMENT,
  `path` varchar(255) NOT NULL,
  `context_id` bigint(20) NOT NULL,
  PRIMARY KEY (`static_page_id`)
) ENGINE=InnoDB AUTO_INCREMENT=14 DEFAULT CHARSET=utf8;

--
-- Dumping data for table `static_pages`
--


--
-- Table structure for table `subeditor_submission_group`
--

CREATE TABLE `subeditor_submission_group` (
  `context_id` bigint(20) NOT NULL,
  `assoc_id` bigint(20) NOT NULL,
  `user_id` bigint(20) NOT NULL,
  `assoc_type` bigint(20) NOT NULL,
  UNIQUE KEY `section_editors_pkey` (`context_id`,`assoc_id`,`assoc_type`,`user_id`),
  KEY `section_editors_context_id` (`context_id`),
  KEY `subeditor_submission_group_assoc_id` (`assoc_id`,`assoc_type`),
  KEY `subeditor_submission_group_user_id` (`user_id`)
) ENGINE=InnoDB DEFAULT CHARSET=utf8;

--
-- Dumping data for table `subeditor_submission_group`
--

INSERT INTO `subeditor_submission_group` VALUES (1,1,6,530);

--
-- Table structure for table `submission_artwork_files`
--

CREATE TABLE `submission_artwork_files` (
  `file_id` bigint(20) NOT NULL,
  `revision` bigint(20) NOT NULL,
  `caption` text DEFAULT NULL,
  `credit` varchar(255) DEFAULT NULL,
  `copyright_owner` varchar(255) DEFAULT NULL,
  `copyright_owner_contact` text DEFAULT NULL,
  `permission_terms` text DEFAULT NULL,
  `permission_file_id` bigint(20) DEFAULT NULL,
  `chapter_id` bigint(20) DEFAULT NULL,
  `contact_author` bigint(20) DEFAULT NULL,
  PRIMARY KEY (`file_id`,`revision`)
) ENGINE=InnoDB DEFAULT CHARSET=utf8;

--
-- Dumping data for table `submission_artwork_files`
--


--
-- Table structure for table `submission_comments`
--

CREATE TABLE `submission_comments` (
  `comment_id` bigint(20) NOT NULL AUTO_INCREMENT,
  `comment_type` bigint(20) DEFAULT NULL,
  `role_id` bigint(20) NOT NULL,
  `submission_id` bigint(20) NOT NULL,
  `assoc_id` bigint(20) NOT NULL,
  `author_id` bigint(20) NOT NULL,
  `comment_title` text DEFAULT NULL,
  `comments` text DEFAULT NULL,
  `date_posted` datetime DEFAULT NULL,
  `date_modified` datetime DEFAULT NULL,
  `viewable` tinyint(4) DEFAULT NULL,
  PRIMARY KEY (`comment_id`),
  KEY `submission_comments_submission_id` (`submission_id`)
) ENGINE=InnoDB DEFAULT CHARSET=utf8;

--
-- Dumping data for table `submission_comments`
--


--
-- Table structure for table `submission_file_revisions`
--

CREATE TABLE `submission_file_revisions` (
  `revision_id` bigint(20) unsigned NOT NULL AUTO_INCREMENT,
  `submission_file_id` bigint(20) unsigned NOT NULL,
  `file_id` bigint(20) unsigned NOT NULL,
  PRIMARY KEY (`revision_id`),
  KEY `submission_file_revisions_submission_file_id_foreign` (`submission_file_id`),
  KEY `submission_file_revisions_file_id_foreign` (`file_id`),
  CONSTRAINT `submission_file_revisions_file_id_foreign` FOREIGN KEY (`file_id`) REFERENCES `files` (`file_id`),
  CONSTRAINT `submission_file_revisions_submission_file_id_foreign` FOREIGN KEY (`submission_file_id`) REFERENCES `submission_files` (`submission_file_id`)
) ENGINE=InnoDB AUTO_INCREMENT=209 DEFAULT CHARSET=utf8;

--
-- Dumping data for table `submission_file_revisions`
--

INSERT INTO `submission_file_revisions` VALUES (1,1,1),(2,2,2),(3,3,3),(4,4,4),(5,5,5),(6,6,6),(7,7,7),(8,7,8),(9,8,9),(10,9,10),(11,10,11),(12,12,12),(13,13,13),(14,14,14),(15,15,15),(16,18,16),(17,19,17),(18,20,18),(19,21,19),(20,22,20),(21,23,21),(22,24,22),(23,25,23),(24,26,24),(25,27,25),(26,28,26),(27,29,27),(28,30,28),(29,31,29),(30,32,30),(31,33,31),(32,34,32),(33,35,33),(34,36,34),(35,37,35),(36,38,36),(37,39,37),(38,40,38),(39,41,39),(40,42,40),(41,43,41),(42,44,42),(43,45,43),(44,46,44),(45,47,45),(46,48,46),(47,49,47),(48,50,48),(49,51,49),(50,52,50),(51,53,51),(52,54,52),(53,55,53),(54,56,54),(55,57,55),(56,58,56),(57,59,57),(58,60,58),(59,61,59),(60,62,60),(61,63,61),(62,64,62),(63,66,63),(64,67,64),(65,68,65),(66,70,66),(67,71,67),(68,72,68),(69,73,69),(70,74,70),(71,75,71),(72,76,72),(73,77,73),(74,78,74),(75,79,75),(76,80,76),(77,81,77),(78,82,78),(79,86,79),(80,87,80),(81,88,81),(82,89,82),(83,90,83),(84,91,84),(85,92,85),(86,93,86),(87,94,87),(88,96,88),(89,96,89),(90,97,90),(91,98,91),(92,101,92),(93,103,93),(94,104,94),(95,105,95),(96,106,96),(97,107,97),(98,108,98),(99,109,99),(100,110,100),(101,111,101),(102,112,102),(103,113,103),(104,114,104),(105,115,105),(106,115,106),(107,116,107),(108,117,108),(109,118,109),(110,119,110),(111,120,111),(112,121,112),(113,122,113),(114,124,114),(115,127,115),(116,129,116),(117,133,117),(118,134,118),(119,135,119),(120,137,120),(121,138,121),(122,139,122),(123,140,123),(124,141,124),(125,142,125),(126,143,126),(127,146,127),(128,148,128),(129,149,129),(130,150,130),(131,151,131),(132,152,132),(133,153,133),(134,154,134),(135,155,135),(136,156,136),(137,157,137),(138,158,138),(139,159,139),(140,160,140),(141,161,141),(142,162,142),(143,163,143),(144,164,144),(145,165,145),(146,166,146),(147,167,147),(148,169,148),(149,170,149),(150,171,150),(151,172,151),(152,173,152),(153,174,153),(154,175,154),(155,176,155),(156,177,156),(157,179,157),(158,180,158),(159,181,159),(160,182,160),(161,183,161),(162,184,162),(163,185,163),(164,186,164),(165,189,165),(166,190,166),(167,191,167),(168,192,168),(169,193,169),(170,194,170),(171,195,171),(172,196,172),(173,196,173),(174,196,174),(175,197,175),(176,198,176),(177,199,177),(178,200,178),(179,201,179),(180,202,180),(181,203,181),(182,204,182),(183,207,183),(184,208,184),(185,211,185),(186,212,186),(187,213,187),(188,214,188),(189,215,189),(190,216,190),(191,217,191),(192,218,192),(193,219,193),(194,221,194),(195,223,195),(196,224,196),(197,225,197),(198,226,198),(199,226,199),(200,226,200),(201,226,201),(202,227,202),(203,228,203),(204,229,204),(205,230,205),(206,231,206),(207,232,207),(208,233,208);

--
-- Table structure for table `submission_file_settings`
--

CREATE TABLE `submission_file_settings` (
  `submission_file_id` bigint(20) NOT NULL,
  `locale` varchar(14) NOT NULL DEFAULT '',
  `setting_name` varchar(255) NOT NULL,
  `setting_value` text DEFAULT NULL,
  `setting_type` varchar(6) NOT NULL DEFAULT 'string',
  UNIQUE KEY `submission_file_settings_pkey` (`submission_file_id`,`locale`,`setting_name`),
  KEY `submission_file_settings_id` (`submission_file_id`)
) ENGINE=InnoDB DEFAULT CHARSET=utf8;

--
-- Dumping data for table `submission_file_settings`
--

INSERT INTO `submission_file_settings` VALUES (1,'en_US','name','putri, santan ing.docx','string'),(2,'en_US','name','putri, santan ing.docx','string'),(3,'en_US','name','putri, santan ing.docx','string'),(4,'en_US','name','yuli, ikan asin ing.docx','string'),(5,'en_US','name','Article Text, ikan asin ing.docx','string'),(6,'en_US','name',', ikan asin ing-rev (Autosaved).docx','string'),(7,'en_US','name','Article Text, ikan asin ing -perbaikan.docx','string'),(8,'en_US','name','Article Text, ikan asin ing.docx','string'),(9,'en_US','name','Article Text, ikan asin ing.docx','string'),(10,'en_US','name','Article Text, ikan asin ing.docx','string'),(12,'en_US','name','admin, ikan asin template.pdf','string'),(13,'en_US','name','Article Text, santan ing.docx','string'),(14,'en_US','name',', santan ing-rev.docx','string'),(15,'en_US','name','Article Text, santan ing-perbaikan.docx','string'),(16,'en_US','name','Article Text, ikan asin ing -perbaikan.docx','string'),(18,'en_US','name','yuli, erytrosit ing.docx','string'),(19,'en_US','name','yuli, kelulut ing.docx','string'),(20,'en_US','name','putri, vekDHF ing.docx','string'),(21,'en_US','name','Article Text, vekDHF ing.docx','string'),(22,'en_US','name','Article Text, kelulut ing.docx','string'),(23,'en_US','name','Article Text, erytrosit ing.docx','string'),(24,'en_US','name',', vekDHF ing -rev.docx','string'),(25,'en_US','name',', kelulut ing -rev.docx','string'),(26,'en_US','name',', erytrosit ing -rev.docx','string'),(27,'en_US','name','Article Text, kelulut ing-perbaikan.docx','string'),(28,'en_US','name','Article Text, erytrosit ing -perbaikan.docx','string'),(29,'en_US','name','Article Text, vekDHF ing -perbaikan.docx','string'),(30,'en_US','name','admin, santan template.pdf','string'),(31,'en_US','name','admin, vekDHF template.pdf','string'),(32,'en_US','name','admin, kelulut template.pdf','string'),(33,'en_US','name','admin, erytrosit template.pdf','string'),(34,'en_US','name','nurulhuda, jurnal nurul kayu mns eng.docx','string'),(35,'en_US','name','Article Text, jurnal nurul kayu mns eng.docx','string'),(36,'en_US','name','ayusutiany, jurnal ayu rosella new eng.docx','string'),(37,'en_US','name','sitimahmudah, jurnal mahmudah bawang new eng.docx','string'),(38,'en_US','name','Article Text, jurnal mahmudah bawang new eng.docx','string'),(39,'en_US','name','Article Text, jurnal ayu rosella new eng.docx','string'),(40,'en_US','name','yusufatakan, sirkumsisi.doc','string'),(41,'en_US','name','Article Text, sirkumsisi.doc','string'),(42,'en_US','name',', jurnal mahmudah bawang new eng rev.docx','string'),(43,'en_US','name',', jurnal ayu rosella new eng rev.docx','string'),(44,'en_US','name',', jurnal nurul kayu mns eng rev.docx','string'),(45,'en_US','name',', sirkumsisi rev.doc','string'),(46,'en_US','name','Article Text, sirkumsisi perbaikan.doc','string'),(47,'en_US','name','Article Text, jurnal mahmudah bawang new eng perbaikan.docx','string'),(48,'en_US','name','Article Text, jurnal nurul kayu mns eng perbaikan.docx','string'),(49,'en_US','name','Article Text, jurnal ayu rosella new eng perbaikan.docx','string'),(50,'en_US','name','Article Text, jurnal mahmudah bawang new eng perbaikan.docx','string'),(51,'en_US','name','Article Text, jurnal nurul kayu mns eng perbaikan.docx','string'),(52,'en_US','name','Article Text, sirkumsisi perbaikan.doc','string'),(53,'en_US','name','Article Text, jurnal ayu rosella new eng perbaikan.docx','string'),(54,'en_US','name','ayufahani, Cemaran Bacillus cereus eng.docx','string'),(55,'en_US','name','Article Text, Cemaran Bacillus cereus eng.docx','string'),(56,'en_US','name',', Cemaran Bacillus cereus eng rev.docx','string'),(57,'en_US','name','Article Text, Cemaran Bacillus cereus eng perbaikan.docx','string'),(58,'en_US','name','Article Text, Cemaran Bacillus cereus eng perbaikan.docx','string'),(59,'en_US','name','fetus, cemaran basillus template.pdf','string'),(60,'en_US','name','fetus, jurnal ayu rosella template.pdf','string'),(61,'en_US','name','admin, sirkumsisi template asli.pdf','string'),(62,'en_US','name','admin, jurnal mahmudah template.pdf','string'),(63,'en_US','name','admin, jurnal nurul template.pdf','string'),(64,'en_US','name','dryab2747, z plasti yeni tarama.docx','string'),(66,'en_US','name','gunesbolatli, PPID: THMR-8801-1319-11 (PoolText) evaluation of variations of the hyoid bone with Multidetector Computarized Tomography.docx','string'),(67,'','dateCreated','','string'),(67,'','language','','string'),(67,'en_US','creator','','string'),(67,'en_US','description','','string'),(67,'en_US','name','gunesbolatli, Table.docx','string'),(67,'en_US','publisher','','string'),(67,'en_US','source','','string'),(67,'en_US','sponsor','','string'),(67,'en_US','subject','','string'),(68,'','dateCreated','','string'),(68,'','language','','string'),(68,'en_US','creator','','string'),(68,'en_US','description','','string'),(68,'en_US','name','gunesbolatli, FİGURES.docx','string'),(68,'en_US','publisher','','string'),(68,'en_US','source','','string'),(68,'en_US','sponsor','','string'),(68,'en_US','subject','','string'),(70,'en_US','name','ozankocak, GÖNDERr.docx','string'),(71,'en_US','name','Article Text, GÖNDERr.docx','string'),(72,'en_US','name','Article Text, The evaluation of variations of the hyoid bone with Multidetector Computarized Tomography.docx','string'),(73,'','dateCreated','','string'),(73,'','language','','string'),(73,'en_US','creator','','string'),(73,'en_US','description','','string'),(73,'en_US','name','Other, Table.docx','string'),(73,'en_US','publisher','','string'),(73,'en_US','source','','string'),(73,'en_US','sponsor','','string'),(73,'en_US','subject','','string'),(74,'','dateCreated','','string'),(74,'','language','','string'),(74,'en_US','creator','','string'),(74,'en_US','description','','string'),(74,'en_US','name','Other, FİGURES.docx','string'),(74,'en_US','publisher','','string'),(74,'en_US','source','','string'),(74,'en_US','sponsor','','string'),(74,'en_US','subject','','string'),(75,'en_US','name',', ozankocak rev.docx','string'),(76,'en_US','name','gunes rev.docx','string'),(77,'en_US','name','dryasintire, Main Text.docx','string'),(78,'','dateCreated','','string'),(78,'','language','','string'),(78,'en_US','creator','Fşgure 1','string'),(78,'en_US','description','','string'),(78,'en_US','name','dryasintire, Figure 1.docx','string'),(78,'en_US','publisher','','string'),(78,'en_US','source','','string'),(78,'en_US','sponsor','','string'),(78,'en_US','subject','','string'),(79,'','dateCreated','','string'),(79,'','language','','string'),(79,'en_US','creator','Figure 2','string'),(79,'en_US','description','','string'),(79,'en_US','name','dryasintire, Figure 2.docx','string'),(79,'en_US','publisher','','string'),(79,'en_US','source','','string'),(79,'en_US','sponsor','','string'),(79,'en_US','subject','','string'),(80,'','dateCreated','','string'),(80,'','language','','string'),(80,'en_US','creator','Table 1','string'),(80,'en_US','description','','string'),(80,'en_US','name','dryasintire, Table 1.docx','string'),(80,'en_US','publisher','','string'),(80,'en_US','source','','string'),(80,'en_US','sponsor','','string'),(80,'en_US','subject','','string'),(81,'','dateCreated','','string'),(81,'','language','','string'),(81,'en_US','creator','Table 2','string'),(81,'en_US','description','','string'),(81,'en_US','name','dryasintire, Table 2.docx','string'),(81,'en_US','publisher','','string'),(81,'en_US','source','','string'),(81,'en_US','sponsor','','string'),(81,'en_US','subject','','string'),(82,'en_US','name',', gunes rev 2.docx','string'),(86,'en_US','name',', gunes rev.docx','string'),(87,'en_US','name','Article Text, z plasti yeni tarama.docx','string'),(88,'en_US','name','Article Text, Main Text.docx','string'),(89,'','dateCreated','','string'),(89,'','language','','string'),(89,'en_US','creator','Fşgure 1','string'),(89,'en_US','description','','string'),(89,'en_US','name','Research Materials, Figure 1.docx','string'),(89,'en_US','publisher','','string'),(89,'en_US','source','','string'),(89,'en_US','sponsor','','string'),(89,'en_US','subject','','string'),(90,'','dateCreated','','string'),(90,'','language','','string'),(90,'en_US','creator','Figure 2','string'),(90,'en_US','description','','string'),(90,'en_US','name','Research Materials, Figure 2.docx','string'),(90,'en_US','publisher','','string'),(90,'en_US','source','','string'),(90,'en_US','sponsor','','string'),(90,'en_US','subject','','string'),(91,'','dateCreated','','string'),(91,'','language','','string'),(91,'en_US','creator','Table 1','string'),(91,'en_US','description','','string'),(91,'en_US','name','Research Instrument, Table 1.docx','string'),(91,'en_US','publisher','','string'),(91,'en_US','source','','string'),(91,'en_US','sponsor','','string'),(91,'en_US','subject','','string'),(92,'','dateCreated','','string'),(92,'','language','','string'),(92,'en_US','creator','Table 2','string'),(92,'en_US','description','','string'),(92,'en_US','name','Research Instrument, Table 2.docx','string'),(92,'en_US','publisher','','string'),(92,'en_US','source','','string'),(92,'en_US','sponsor','','string'),(92,'en_US','subject','','string'),(93,'en_US','name',', 15-Article Text-77-1-2-20200216rev.docx','string'),(94,'en_US','name',', yusuf z plasty rev.docx','string'),(96,'en_US','name','Article Text, 11-Article Text-96-1-15-20200221.doc','string'),(97,'en_US','name',', 0reviewer THMR form-4.docx','string'),(98,'en_US','name',', 0reviewer THMR form-3.docx','string'),(101,'en_US','name',', 0reviewer THMR form-2.docx','string'),(103,'en_US','name','haris, haris nurdin ing.docx','string'),(104,'en_US','name','Article Text, haris nurdin ing.docx','string'),(105,'en_US','name','novina, novina ing.docx','string'),(106,'en_US','name','Article Text, novina ing.docx','string'),(107,'en_US','name',', haris nurdin rev1.docx','string'),(108,'en_US','name',', novina rev 1.docx','string'),(109,'en_US','name',', haris nurdin rev2.docx','string'),(110,'en_US','name',', novina rev 2.docx','string'),(111,'en_US','name','Article Text, haris nurdin perbaikan.docx','string'),(112,'en_US','name','Article Text, haris nurdin perbaikan.docx','string'),(113,'en_US','name','Article Text, novina perbaikan.docx','string'),(114,'en_US','name','Article Text, novina perbaikan.docx','string'),(115,'en_US','name','dryab2747, Tez-makale editörü_koledok_EN.edited-koledok .doc','string'),(116,'en_US','name','Article Text, 11-Article Text-96-1-15-20200221.doc','string'),(117,'en_US','name','admin, gunes template new.pdf','string'),(118,'en_US','name','admin, yasin template-2.pdf','string'),(119,'en_US','name','admin, ozankocak template new.pdf','string'),(120,'en_US','name','admin, haris nurdin template.pdf','string'),(121,'en_US','name','admin, novina template.pdf','string'),(122,'en_US','name','admin, yusuf z template new.pdf','string'),(124,'en_US','name','savas, dmtropicsubm.doc','string'),(127,'en_US','name','dryab2747, Tez-makale editörü_koledok_EN.edited-koledok .doc','string'),(129,'en_US','name','Article Text, dmtropicsubm.doc','string'),(133,'en_US','name',', savas rev.doc','string'),(134,'en_US','name','Article Text, dmtropikalrev.doc','string'),(135,'en_US','name','Article Text, dmtropikalrev.doc','string'),(137,'en_US','name',', rev1.jpg','string'),(138,'en_US','name','benedelu, OPHTHALMOLOGICAL FINDINGS IN PEDIATRIC NONTRAUMATIC COMA IN ENUGU STATE UNIVERSITY TEACHING HOSPITAL.docx','string'),(139,'en_US','name','Article Text, OPHTHALMOLOGICAL FINDINGS IN PEDIATRIC NONTRAUMATIC COMA IN ENUGU STATE UNIVERSITY TEACHING HOSPITAL.docx','string'),(140,'en_US','name',', optahal rev.docx','string'),(141,'en_US','name','Article Text, optahal rev.docx','string'),(142,'en_US','name','Article Text, optahal rev.docx','string'),(143,'en_US','name',', 0reviewer THMR opthal.docx','string'),(146,'en_US','name','Article Text, Tez-makale editörü_koledok_EN.edited-koledok .doc','string'),(148,'en_US','name',', 18-Article Text-147-1-15-20200713.docx','string'),(149,'en_US','name','benedelu, DKA_Manuscript.docx','string'),(150,'en_US','name','Article Text, DKA_Manuscript.docx','string'),(151,'en_US','name','Article Text, sabri başkan makale koledok hakem sonrası son hali.doc','string'),(152,'','dateCreated','','string'),(152,'','language','','string'),(152,'en_US','creator','','string'),(152,'en_US','description','','string'),(152,'en_US','name','Other, sabri başkan başlık sayfası ingilizce.doc','string'),(152,'en_US','publisher','','string'),(152,'en_US','source','','string'),(152,'en_US','sponsor','','string'),(152,'en_US','subject','','string'),(153,'en_US','name',', enugu rev.docx','string'),(154,'en_US','name','agnina, agnina jurnal submit.docx','string'),(155,'en_US','name','agnina, dini jurnal submit.docx','string'),(156,'en_US','name','Article Text, dini jurnal submit.docx','string'),(157,'en_US','name','Article Text, agnina jurnal submit.docx','string'),(158,'en_US','name',', dini jurnal rev1.docx','string'),(159,'en_US','name',', agnina jurnal rev1.docx','string'),(160,'en_US','name',', dini jurnal rev2.docx','string'),(161,'en_US','name',', agnina jurnal rev2.docx','string'),(162,'en_US','name','Article Text, sabri başkan makale koledok hakem sonrası son hali.doc','string'),(163,'','dateCreated','','string'),(163,'','language','','string'),(163,'en_US','creator','','string'),(163,'en_US','description','','string'),(163,'en_US','name','Other, sabri başkan başlık sayfası ingilizce.doc','string'),(163,'en_US','publisher','','string'),(163,'en_US','source','','string'),(163,'en_US','sponsor','','string'),(163,'en_US','subject','','string'),(164,'en_US','name','Article Text, dini jurnal perbaikan.docx','string'),(165,'en_US','name','Article Text, agnina jurnal perbaikan.docx','string'),(166,'en_US','name','Article Text, dini jurnal perbaikan.docx','string'),(167,'en_US','name','Article Text, agnina jurnal perbaikan.docx','string'),(169,'en_US','name','refsouza, Article.docx','string'),(170,'en_US','name','Article Text, Article.docx','string'),(171,'en_US','name',', hiv-brazil rev.docx','string'),(172,'en_US','name','Article Text, Article.docx','string'),(173,'en_US','name','Article Text, Article.docx','string'),(174,'en_US','name','Article Text, agnina jurnal perbaikan.docx','string'),(175,'en_US','name','Article Text, dini jurnal perbaikan.docx','string'),(176,'en_US','name','admin, savas template mnausprict new.pdf','string'),(177,'en_US','name','admin, opthal template dr author new.pdf','string'),(179,'en_US','name','admin, dini jurnal template.pdf','string'),(180,'en_US','name','admin, Biliary Duct template new.pdf','string'),(181,'en_US','name','admin, brazil hiv template new.pdf','string'),(182,'en_US','name','fadia, fadia jurnal tranlate.edited.docx','string'),(183,'','dateCreated','','string'),(183,'','language','','string'),(183,'en_US','creator','','string'),(183,'en_US','description','','string'),(183,'en_US','name','drdeniz, ing maha makale.docx','string'),(183,'en_US','publisher','','string'),(183,'en_US','source','','string'),(183,'en_US','sponsor','','string'),(183,'en_US','subject','','string'),(184,'en_US','name','Article Text, fadia jurnal tranlate.edited.docx','string'),(185,'en_US','name','Article Text, 21-153-1-5-20200721.docx','string'),(186,'','dateCreated','','string'),(186,'','language','','string'),(186,'en_US','creator','','string'),(186,'en_US','description','','string'),(186,'en_US','name','Research Materials, ing maha makale.docx','string'),(186,'en_US','publisher','','string'),(186,'en_US','source','','string'),(186,'en_US','sponsor','','string'),(186,'en_US','subject','','string'),(189,'en_US','name','erhanokuyan, COVID 19 PREGNANCY.docx','string'),(190,'en_US','name',', deniz rev.docx','string'),(191,'en_US','name','ubi-isaac9, from Pooltext.docx','string'),(192,'en_US','name','Article Text, COVID 19 PREGNANCY.docx','string'),(193,'en_US','name','Article Text, Pooltext.docx','string'),(194,'en_US','name',', covid-tur rev.docx','string'),(195,'en_US','name',', guava negeria rev.docx','string'),(196,'en_US','name','Revision of article text .docx','string'),(197,'','dateCreated','','string'),(197,'','language','','string'),(197,'en_US','creator','','string'),(197,'en_US','description','','string'),(197,'en_US','name','erhanokuyan, Revision Letter.docx','string'),(197,'en_US','publisher','','string'),(197,'en_US','source','','string'),(197,'en_US','sponsor','','string'),(197,'en_US','subject','','string'),(198,'','dateCreated','','string'),(198,'','language','','string'),(198,'en_US','creator','','string'),(198,'en_US','description','','string'),(198,'en_US','name','sari, PPID saHAR.docx','string'),(198,'en_US','publisher','','string'),(198,'en_US','source','sahar','string'),(198,'en_US','sponsor','','string'),(198,'en_US','subject','','string'),(199,'en_US','name','Article Text, 29-195-1-5-20201017.docx','string'),(200,'','dateCreated','','string'),(200,'','language','','string'),(200,'en_US','creator','','string'),(200,'en_US','description','','string'),(200,'en_US','name','Other, PPID saHAR.docx','string'),(200,'en_US','publisher','','string'),(200,'en_US','source','sahar','string'),(200,'en_US','sponsor','','string'),(200,'en_US','subject','','string'),(201,'en_US','name',', obesity-ksarev.docx','string'),(202,'en_US','name','Article Text, 21-153-1-5-20200721.docx','string'),(203,'en_US','name','Revision of article text .docx','string'),(204,'en_US','name','Article Text, 29-195-1-5-20201017.docx','string'),(207,'en_US','name','pebri, Covid1 template1.pdf','string'),(208,'en_US','name','admin, agnina jurnal template new.pdf','string'),(211,'en_US','name','drmizzud, Outcome of Multivector FGMT for Facial Reanimation.docx','string'),(212,'en_US','name','vonny, 0JURNAL VONNY KHRESNA DEWI.docx','string'),(213,'en_US','name','Article Text, 0JURNAL VONNY KHRESNA DEWI.docx','string'),(214,'en_US','name','Article Text, Outcome of Multivector FGMT for Facial Reanimation.docx','string'),(215,'en_US','name','dwiintan, guava template dr author.docx','string'),(216,'en_US','name','dwiintan, guava template dr author.docx','string'),(217,'en_US','name','admin, guava template dr author.pdf','string'),(218,'en_US','name',', 0JURNAL VONNY KHRESNA DEWI rev.docx','string'),(219,'en_US','name',', FGMT rev.docx','string'),(221,'en_US','name','Article Text, Outcome of Multivector FGMT for Facial Reanimation REVISION 1.docx','string'),(223,'en_US','name','admin, TSH research last revised eng.docx','string'),(224,'en_US','name','Article Text, TSH research last revised eng.docx','string'),(225,'en_US','name',', rev38-Article Text-224-1-4-20210203.docx','string'),(226,'en_US','name','Article Text, Gizem Berfin template.docx','string'),(227,'en_US','name','Article Text, 0jurnal vonny2 eng.edited.docx','string'),(228,'en_US','name',', 0JURNAL VONNY KHRESNA DEWI rev2.docx','string'),(229,'en_US','name','Article Text, 0jurnal vonny2 eng.edited.docx','string'),(230,'en_US','name','admin, 0jurnal vonny template.pdf','string'),(231,'en_US','name','fadia, 0jurnal vonny template.docx','string'),(232,'en_US','name','Article Text, revision tsh levels 1.docx','string'),(233,'en_US','name','Article Text, Outcome of Multivector FGMT for Facial Reanimation REVISION 1.docx','string');

--
-- Table structure for table `submission_files`
--

CREATE TABLE `submission_files` (
  `submission_file_id` bigint(20) unsigned NOT NULL AUTO_INCREMENT,
  `source_submission_file_id` bigint(20) DEFAULT NULL,
  `submission_id` bigint(20) NOT NULL,
  `genre_id` bigint(20) DEFAULT NULL,
  `file_stage` bigint(20) NOT NULL,
  `direct_sales_price` varchar(255) DEFAULT NULL,
  `sales_type` varchar(255) DEFAULT NULL,
  `viewable` tinyint(4) DEFAULT NULL,
  `created_at` datetime NOT NULL,
  `updated_at` datetime NOT NULL,
  `uploader_user_id` bigint(20) DEFAULT NULL,
  `assoc_type` bigint(20) DEFAULT NULL,
  `assoc_id` bigint(20) DEFAULT NULL,
  `file_id` bigint(20) unsigned NOT NULL,
  PRIMARY KEY (`submission_file_id`),
  KEY `submission_files_submission_id` (`submission_id`),
  KEY `submission_files_stage_assoc` (`file_stage`,`assoc_type`,`assoc_id`),
  KEY `submission_files_file_id_foreign` (`file_id`),
  CONSTRAINT `submission_files_file_id_foreign` FOREIGN KEY (`file_id`) REFERENCES `files` (`file_id`)
) ENGINE=InnoDB AUTO_INCREMENT=234 DEFAULT CHARSET=utf8;

--
-- Dumping data for table `submission_files`
--

INSERT INTO `submission_files` VALUES (1,NULL,1,1,2,NULL,NULL,1,'2019-03-28 12:36:50','2019-03-28 12:36:50',2,NULL,NULL,1),(2,1,1,1,6,NULL,NULL,1,'2019-03-28 12:36:50','2019-03-28 13:33:38',2,NULL,NULL,2),(3,2,1,1,11,NULL,NULL,0,'2019-03-28 12:36:50','2019-03-28 13:34:11',2,NULL,NULL,3),(4,NULL,2,1,2,NULL,NULL,1,'2019-03-29 07:26:55','2019-03-29 07:26:55',7,NULL,NULL,4),(5,4,2,1,4,NULL,NULL,1,'2019-03-29 07:26:55','2019-03-29 07:33:39',7,523,1,5),(6,NULL,2,NULL,5,NULL,NULL,1,'2019-03-29 07:39:18','2019-03-29 07:39:18',6,517,1,6),(7,NULL,2,1,15,NULL,NULL,0,'2019-03-31 14:29:15','2019-03-31 14:29:15',7,523,1,8),(8,7,2,1,6,NULL,NULL,1,'2019-03-29 07:50:22','2019-03-29 07:56:47',7,NULL,NULL,9),(9,8,2,1,9,NULL,NULL,1,'2019-03-29 07:50:22','2019-03-29 07:57:37',7,NULL,NULL,10),(10,9,2,1,11,NULL,NULL,0,'2019-03-29 07:50:22','2019-03-29 07:59:02',7,NULL,NULL,11),(12,NULL,2,1,10,NULL,NULL,0,'2019-03-31 14:18:29','2019-03-31 14:18:29',1,521,2,12),(13,1,1,1,4,NULL,NULL,1,'2019-03-28 12:36:50','2019-03-31 14:22:40',2,523,2,13),(14,NULL,1,NULL,5,NULL,NULL,1,'2019-03-31 14:25:05','2019-03-31 14:25:05',6,517,2,14),(15,NULL,1,1,15,NULL,NULL,0,'2019-03-31 14:27:41','2019-03-31 14:27:41',2,523,2,15),(18,NULL,3,1,2,NULL,NULL,1,'2019-03-31 14:34:18','2019-03-31 14:34:18',7,NULL,NULL,16),(19,NULL,4,1,2,NULL,NULL,1,'2019-03-31 14:36:54','2019-03-31 14:36:54',7,NULL,NULL,17),(20,NULL,5,1,2,NULL,NULL,1,'2019-03-31 14:39:53','2019-03-31 14:39:53',2,NULL,NULL,18),(21,20,5,1,4,NULL,NULL,1,'2019-03-31 14:39:53','2019-03-31 14:55:18',2,523,3,19),(22,19,4,1,4,NULL,NULL,1,'2019-03-31 14:36:54','2019-03-31 14:57:35',7,523,4,20),(23,18,3,1,4,NULL,NULL,1,'2019-03-31 14:34:18','2019-03-31 14:58:55',7,523,5,21),(24,NULL,5,NULL,5,NULL,NULL,1,'2019-03-31 15:00:45','2019-03-31 15:00:45',6,517,3,22),(25,NULL,4,NULL,5,NULL,NULL,1,'2019-03-31 15:02:27','2019-03-31 15:02:27',6,517,4,23),(26,NULL,3,NULL,5,NULL,NULL,1,'2019-03-31 15:03:37','2019-03-31 15:03:37',6,517,5,24),(27,NULL,4,1,15,NULL,NULL,0,'2019-03-31 15:07:21','2019-03-31 15:07:21',7,523,4,25),(28,NULL,3,1,15,NULL,NULL,0,'2019-03-31 15:08:20','2019-03-31 15:08:20',7,523,5,26),(29,NULL,5,1,15,NULL,NULL,0,'2019-03-31 15:09:28','2019-03-31 15:09:28',2,523,3,27),(30,NULL,1,1,10,NULL,NULL,0,'2019-03-31 15:42:43','2019-03-31 15:42:43',1,521,5,28),(31,NULL,5,1,10,NULL,NULL,0,'2019-03-31 15:46:28','2019-03-31 15:46:28',1,521,6,29),(32,NULL,4,1,10,NULL,NULL,0,'2019-03-31 15:52:57','2019-03-31 15:52:57',1,521,7,30),(33,NULL,3,1,10,NULL,NULL,0,'2019-03-31 16:01:13','2019-03-31 16:01:13',1,521,8,31),(34,NULL,6,1,2,NULL,NULL,1,'2019-08-24 10:24:23','2019-08-24 10:24:23',9,NULL,NULL,32),(35,34,6,1,4,NULL,NULL,1,'2019-08-24 10:24:23','2019-08-24 10:50:15',9,523,6,33),(36,NULL,7,1,2,NULL,NULL,1,'2019-08-25 13:40:34','2019-08-25 13:40:34',10,NULL,NULL,34),(37,NULL,8,1,2,NULL,NULL,1,'2019-08-25 14:45:25','2019-08-25 14:45:25',19,NULL,NULL,35),(38,37,8,1,4,NULL,NULL,1,'2019-08-25 14:45:25','2019-08-28 03:48:10',19,523,7,36),(39,36,7,1,4,NULL,NULL,1,'2019-08-25 13:40:34','2019-08-28 03:50:47',10,523,8,37),(40,NULL,9,1,2,NULL,NULL,1,'2019-08-29 08:21:14','2019-08-29 08:21:14',20,NULL,NULL,38),(41,40,9,1,4,NULL,NULL,1,'2019-08-29 08:21:14','2019-08-30 04:06:54',20,523,9,39),(42,NULL,8,NULL,5,NULL,NULL,1,'2019-08-30 04:13:35','2019-08-30 04:13:35',18,517,7,40),(43,NULL,7,NULL,5,NULL,NULL,1,'2019-08-30 07:51:33','2019-08-30 07:51:33',17,517,8,41),(44,NULL,6,NULL,5,NULL,NULL,1,'2019-08-30 07:58:36','2019-08-30 07:58:36',6,517,6,42),(45,NULL,9,NULL,5,NULL,NULL,1,'2019-08-30 08:00:04','2019-08-30 08:00:04',6,517,9,43),(46,NULL,9,1,15,NULL,NULL,0,'2019-08-30 12:22:23','2019-08-30 12:22:23',20,523,9,44),(47,NULL,8,1,15,NULL,NULL,0,'2019-08-30 12:24:08','2019-08-30 12:24:08',19,523,7,45),(48,NULL,6,1,15,NULL,NULL,0,'2019-08-30 12:25:59','2019-08-30 12:25:59',9,523,6,46),(49,NULL,7,1,15,NULL,NULL,0,'2019-08-30 12:28:17','2019-08-30 12:28:17',10,523,8,47),(50,47,8,1,6,NULL,NULL,1,'2019-08-30 12:24:08','2019-08-30 12:31:45',19,NULL,NULL,48),(51,48,6,1,6,NULL,NULL,1,'2019-08-30 12:25:59','2019-08-30 12:39:16',9,NULL,NULL,49),(52,46,9,1,6,NULL,NULL,1,'2019-08-30 12:22:23','2019-08-30 12:43:36',20,NULL,NULL,50),(53,49,7,1,6,NULL,NULL,1,'2019-08-30 12:28:17','2019-08-30 12:44:42',10,NULL,NULL,51),(54,NULL,10,1,2,NULL,NULL,1,'2019-08-31 08:31:24','2019-08-31 08:31:24',21,NULL,NULL,52),(55,54,10,1,4,NULL,NULL,1,'2019-08-31 08:31:24','2019-08-31 08:35:03',21,523,10,53),(56,NULL,10,NULL,5,NULL,NULL,1,'2019-08-31 08:37:14','2019-08-31 08:37:14',17,517,10,54),(57,NULL,10,1,15,NULL,NULL,0,'2019-08-31 08:40:49','2019-08-31 08:40:49',21,523,10,55),(58,57,10,1,6,NULL,NULL,1,'2019-08-31 08:40:49','2019-08-31 08:42:33',21,NULL,NULL,56),(59,NULL,10,1,10,NULL,NULL,0,'2019-08-31 13:13:59','2019-08-31 13:13:59',12,521,9,57),(60,NULL,7,1,10,NULL,NULL,0,'2019-08-31 13:24:33','2019-08-31 13:24:33',12,521,10,58),(61,NULL,9,1,10,NULL,NULL,0,'2019-08-31 13:32:11','2019-08-31 13:32:11',1,521,11,59),(62,NULL,8,1,10,NULL,NULL,0,'2019-08-31 13:36:51','2019-08-31 13:36:51',1,521,12,60),(63,NULL,6,1,10,NULL,NULL,0,'2019-08-31 13:42:01','2019-08-31 13:42:01',1,521,13,61),(64,NULL,11,1,2,NULL,NULL,1,'2019-09-20 19:41:04','2019-09-20 19:41:04',23,NULL,NULL,62),(66,NULL,13,1,2,NULL,NULL,1,'2020-01-30 19:37:23','2020-01-30 19:37:23',25,NULL,NULL,63),(67,NULL,13,12,2,NULL,NULL,1,'2020-01-30 19:38:31','2020-01-30 19:38:31',25,NULL,NULL,64),(68,NULL,13,12,2,NULL,NULL,1,'2020-01-30 19:39:25','2020-01-30 19:39:25',25,NULL,NULL,65),(70,NULL,14,1,2,NULL,NULL,1,'2020-01-31 15:35:07','2020-01-31 15:35:07',26,NULL,NULL,66),(71,70,14,1,4,NULL,NULL,1,'2020-01-31 15:35:07','2020-02-04 11:15:11',26,523,11,67),(72,66,13,1,4,NULL,NULL,1,'2020-01-30 19:37:23','2020-02-04 11:17:43',25,523,12,68),(73,67,13,12,4,NULL,NULL,1,'2020-01-30 19:38:31','2020-02-04 11:17:43',25,523,12,69),(74,68,13,12,4,NULL,NULL,1,'2020-01-30 19:39:25','2020-02-04 11:17:43',25,523,12,70),(75,NULL,14,NULL,5,NULL,NULL,1,'2020-02-04 13:16:59','2020-02-04 13:16:59',6,517,11,71),(76,NULL,13,NULL,5,NULL,NULL,1,'2020-02-04 13:18:35','2020-02-04 13:18:35',6,517,12,72),(77,NULL,15,1,2,NULL,NULL,1,'2020-02-16 16:18:51','2020-02-16 16:18:51',28,NULL,NULL,73),(78,NULL,15,3,2,NULL,NULL,1,'2020-02-16 16:20:30','2020-02-16 16:20:30',28,NULL,NULL,74),(79,NULL,15,3,2,NULL,NULL,1,'2020-02-16 16:21:16','2020-02-16 16:21:16',28,NULL,NULL,75),(80,NULL,15,2,2,NULL,NULL,1,'2020-02-16 16:22:11','2020-02-16 16:22:11',28,NULL,NULL,76),(81,NULL,15,2,2,NULL,NULL,1,'2020-02-16 16:22:54','2020-02-16 16:22:54',28,NULL,NULL,77),(82,NULL,13,NULL,5,NULL,NULL,1,'2020-02-17 09:59:32','2020-02-17 09:59:32',18,517,13,78),(86,NULL,13,NULL,5,NULL,NULL,1,'2020-02-17 13:34:03','2020-02-17 13:34:03',17,517,14,79),(87,64,11,1,4,NULL,NULL,1,'2019-09-20 19:41:04','2020-02-19 07:14:39',23,523,13,80),(88,77,15,1,4,NULL,NULL,1,'2020-02-16 16:18:51','2020-02-19 07:18:04',28,523,14,81),(89,78,15,3,4,NULL,NULL,1,'2020-02-16 16:20:30','2020-02-19 07:18:04',28,523,14,82),(90,79,15,3,4,NULL,NULL,1,'2020-02-16 16:21:16','2020-02-19 07:18:05',28,523,14,83),(91,80,15,2,4,NULL,NULL,1,'2020-02-16 16:22:11','2020-02-19 07:18:05',28,523,14,84),(92,81,15,2,4,NULL,NULL,1,'2020-02-16 16:22:54','2020-02-19 07:18:06',28,523,14,85),(93,NULL,15,NULL,5,NULL,NULL,1,'2020-02-19 07:21:16','2020-02-19 07:21:16',18,517,16,86),(94,NULL,11,NULL,5,NULL,NULL,1,'2020-02-19 07:22:51','2020-02-19 07:22:51',18,517,15,87),(96,NULL,11,1,15,NULL,NULL,0,'2020-02-23 10:01:14','2020-02-23 10:01:14',23,523,13,89),(97,NULL,15,NULL,5,NULL,NULL,0,'2020-02-27 09:18:28','2020-02-27 09:18:28',30,517,17,90),(98,NULL,13,NULL,5,NULL,NULL,0,'2020-02-27 09:26:56','2020-02-27 09:26:56',31,517,18,91),(101,NULL,14,NULL,5,NULL,NULL,0,'2020-02-28 07:54:24','2020-02-28 07:54:24',32,517,19,92),(103,NULL,16,1,2,NULL,NULL,1,'2020-03-07 09:28:15','2020-03-07 09:28:15',33,NULL,NULL,93),(104,103,16,1,4,NULL,NULL,1,'2020-03-07 09:28:15','2020-03-07 09:32:17',33,523,15,94),(105,NULL,17,1,2,NULL,NULL,1,'2020-03-19 09:21:08','2020-03-19 09:21:08',34,NULL,NULL,95),(106,105,17,1,4,NULL,NULL,1,'2020-03-19 09:21:08','2020-03-19 09:23:59',34,523,16,96),(107,NULL,16,NULL,5,NULL,NULL,1,'2020-03-19 09:46:23','2020-03-19 09:46:23',16,517,21,97),(108,NULL,17,NULL,5,NULL,NULL,1,'2020-03-19 09:48:34','2020-03-19 09:48:34',16,517,22,98),(109,NULL,16,NULL,5,NULL,NULL,1,'2020-03-19 09:51:10','2020-03-19 09:51:10',15,517,20,99),(110,NULL,17,NULL,5,NULL,NULL,1,'2020-03-19 09:53:16','2020-03-19 09:53:16',17,517,23,100),(111,NULL,16,1,15,NULL,NULL,0,'2020-03-19 14:23:38','2020-03-19 14:23:38',33,523,15,101),(112,111,16,1,6,NULL,NULL,1,'2020-03-19 14:23:38','2020-03-19 14:42:13',33,NULL,NULL,102),(113,NULL,17,1,15,NULL,NULL,0,'2020-03-25 07:37:03','2020-03-25 07:37:03',34,523,16,103),(114,113,17,1,6,NULL,NULL,1,'2020-03-25 07:37:03','2020-03-25 07:39:48',34,NULL,NULL,104),(115,NULL,18,1,2,NULL,NULL,1,'2020-03-26 14:28:44','2020-03-26 14:28:44',23,0,0,106),(116,96,11,1,6,NULL,NULL,1,'2020-02-23 10:01:14','2020-03-27 07:17:39',23,0,0,107),(117,NULL,13,1,10,NULL,NULL,0,'2020-03-27 10:58:56','2020-03-27 10:58:56',1,521,17,108),(118,NULL,15,1,10,NULL,NULL,0,'2020-03-27 11:01:26','2020-03-27 11:01:26',1,521,18,109),(119,NULL,14,1,10,NULL,NULL,0,'2020-03-27 11:04:11','2020-03-27 11:04:11',1,521,19,110),(120,NULL,16,1,10,NULL,NULL,0,'2020-03-27 11:10:21','2020-03-27 11:10:21',1,521,20,111),(121,NULL,17,1,10,NULL,NULL,0,'2020-03-27 11:12:27','2020-03-27 11:12:27',1,521,21,112),(122,NULL,11,1,10,NULL,NULL,0,'2020-03-27 11:14:08','2020-03-27 11:14:08',1,521,22,113),(124,NULL,19,1,2,NULL,NULL,1,'2020-03-28 17:32:57','2020-03-28 17:32:57',37,NULL,NULL,114),(127,NULL,18,1,18,NULL,NULL,0,'2020-04-02 14:59:21','2020-04-02 14:59:21',23,520,32,115),(129,124,19,1,4,NULL,NULL,1,'2020-03-28 17:32:57','2020-04-06 05:49:39',37,523,18,116),(133,NULL,19,NULL,5,NULL,NULL,1,'2020-04-25 09:59:23','2020-04-25 09:59:23',16,517,25,117),(134,NULL,19,1,15,NULL,NULL,0,'2020-05-01 14:23:41','2020-05-01 14:23:41',37,523,18,118),(135,134,19,1,6,NULL,NULL,1,'2020-05-01 14:23:41','2020-05-03 07:33:05',37,NULL,NULL,119),(137,NULL,19,NULL,5,NULL,NULL,0,'2020-05-12 09:49:05','2020-05-12 09:49:05',39,517,26,120),(138,NULL,20,1,2,NULL,NULL,1,'2020-05-21 17:37:47','2020-05-21 17:37:47',40,NULL,NULL,121),(139,138,20,1,4,NULL,NULL,1,'2020-05-21 17:37:47','2020-05-26 14:00:52',40,523,19,122),(140,NULL,20,NULL,5,NULL,NULL,1,'2020-05-27 09:33:49','2020-05-27 09:33:49',39,517,27,123),(141,NULL,20,1,15,NULL,NULL,0,'2020-06-07 18:50:48','2020-06-07 18:50:48',40,523,19,124),(142,141,20,1,6,NULL,NULL,1,'2020-06-07 18:50:48','2020-06-10 15:45:44',40,NULL,NULL,125),(143,NULL,20,NULL,5,NULL,NULL,0,'2020-06-17 10:29:20','2020-06-17 10:29:20',41,517,28,126),(146,115,18,1,4,NULL,NULL,1,'2020-03-26 14:28:44','2020-07-13 09:35:49',23,523,20,127),(148,NULL,18,NULL,5,NULL,NULL,1,'2020-07-13 16:28:14','2020-07-13 16:28:14',16,517,29,128),(149,NULL,21,1,2,NULL,NULL,1,'2020-07-15 02:23:42','2020-07-15 02:23:42',40,NULL,NULL,129),(150,149,21,1,4,NULL,NULL,1,'2020-07-15 02:23:42','2020-07-15 08:41:53',40,523,21,130),(151,NULL,18,1,15,NULL,NULL,0,'2020-07-20 14:41:04','2020-07-20 14:41:04',23,523,20,131),(152,NULL,18,12,15,NULL,NULL,0,'2020-07-20 14:42:06','2020-07-20 14:42:06',23,523,20,132),(153,NULL,21,NULL,5,NULL,NULL,1,'2020-07-21 20:46:40','2020-07-21 20:46:40',17,517,30,133),(154,NULL,22,1,2,NULL,NULL,1,'2020-07-26 09:47:07','2020-07-26 09:47:07',42,NULL,NULL,134),(155,NULL,23,1,2,NULL,NULL,1,'2020-07-26 09:51:51','2020-07-26 09:51:51',42,NULL,NULL,135),(156,155,23,1,4,NULL,NULL,1,'2020-07-26 09:51:51','2020-07-26 09:56:48',42,523,22,136),(157,154,22,1,4,NULL,NULL,1,'2020-07-26 09:47:07','2020-07-26 09:59:28',42,523,23,137),(158,NULL,23,NULL,5,NULL,NULL,1,'2020-07-28 07:20:27','2020-07-28 07:20:27',6,517,31,138),(159,NULL,22,NULL,5,NULL,NULL,1,'2020-07-28 07:22:00','2020-07-28 07:22:00',6,517,33,139),(160,NULL,23,NULL,5,NULL,NULL,1,'2020-07-28 07:24:21','2020-07-28 07:24:21',16,517,32,140),(161,NULL,22,NULL,5,NULL,NULL,1,'2020-07-28 07:26:40','2020-07-28 07:26:40',17,517,34,141),(162,151,18,1,6,NULL,NULL,1,'2020-07-20 14:41:04','2020-07-28 07:29:52',23,NULL,NULL,142),(163,152,18,12,6,NULL,NULL,1,'2020-07-20 14:42:06','2020-07-28 07:29:52',23,NULL,NULL,143),(164,NULL,23,1,15,NULL,NULL,0,'2020-07-29 07:25:09','2020-07-29 07:25:09',42,523,22,144),(165,NULL,22,1,15,NULL,NULL,0,'2020-07-29 07:26:24','2020-07-29 07:26:24',42,523,23,145),(166,164,23,1,6,NULL,NULL,1,'2020-07-29 07:25:09','2020-07-29 07:27:26',42,NULL,NULL,146),(167,165,22,1,6,NULL,NULL,1,'2020-07-29 07:26:24','2020-07-29 07:28:08',42,NULL,NULL,147),(169,NULL,24,1,2,NULL,NULL,1,'2020-08-13 03:49:13','2020-08-13 03:49:13',43,NULL,NULL,148),(170,169,24,1,4,NULL,NULL,1,'2020-08-13 03:49:13','2020-08-13 10:43:38',43,523,24,149),(171,NULL,24,NULL,5,NULL,NULL,1,'2020-08-15 09:37:51','2020-08-15 09:37:51',6,517,35,150),(172,NULL,24,1,15,NULL,NULL,0,'2020-08-20 04:13:21','2020-08-20 04:13:21',43,523,24,151),(173,172,24,1,6,NULL,NULL,1,'2020-08-20 04:13:21','2020-08-20 13:54:31',43,NULL,NULL,152),(174,167,22,1,11,NULL,NULL,0,'2020-07-29 07:26:24','2020-08-24 15:52:30',42,NULL,NULL,153),(175,166,23,1,11,NULL,NULL,0,'2020-07-29 07:25:09','2020-08-24 15:54:17',42,NULL,NULL,154),(176,NULL,19,1,10,NULL,NULL,0,'2020-08-26 13:49:07','2020-08-26 13:49:07',1,521,26,155),(177,NULL,20,1,10,NULL,NULL,0,'2020-08-26 13:58:29','2020-08-26 13:58:29',1,521,27,156),(179,NULL,23,1,10,NULL,NULL,0,'2020-08-26 14:08:57','2020-08-26 14:08:57',1,521,29,157),(180,NULL,18,1,10,NULL,NULL,0,'2020-08-26 14:16:59','2020-08-26 14:16:59',1,521,30,158),(181,NULL,24,1,10,NULL,NULL,0,'2020-08-26 14:31:24','2020-08-26 14:31:24',1,521,31,159),(182,NULL,25,1,2,NULL,NULL,1,'2020-09-08 12:48:33','2020-09-08 12:48:33',51,NULL,NULL,160),(183,NULL,26,3,2,NULL,NULL,1,'2020-09-09 01:34:18','2020-09-09 01:34:18',52,NULL,NULL,161),(184,182,25,1,4,NULL,NULL,1,'2020-09-08 12:48:33','2020-09-11 05:01:28',51,523,25,162),(185,NULL,21,1,15,NULL,NULL,0,'2020-09-16 02:57:11','2020-09-16 02:57:11',40,523,21,163),(186,183,26,3,4,NULL,NULL,1,'2020-09-09 01:34:18','2020-09-28 06:07:09',52,523,26,164),(189,NULL,28,1,2,NULL,NULL,1,'2020-10-06 11:58:36','2020-10-06 11:58:36',57,NULL,NULL,165),(190,NULL,26,NULL,5,NULL,NULL,1,'2020-10-07 11:25:17','2020-10-07 11:25:17',6,517,37,166),(191,NULL,29,1,2,NULL,NULL,1,'2020-10-07 17:16:16','2020-10-07 17:16:16',58,NULL,NULL,167),(192,189,28,1,4,NULL,NULL,1,'2020-10-06 11:58:36','2020-10-09 07:46:37',57,523,27,168),(193,191,29,1,4,NULL,NULL,1,'2020-10-07 17:16:16','2020-10-09 07:48:53',58,523,28,169),(194,NULL,28,NULL,5,NULL,NULL,1,'2020-10-15 10:25:16','2020-10-15 10:25:16',6,517,38,170),(195,NULL,29,NULL,5,NULL,NULL,1,'2020-10-17 07:45:56','2020-10-17 07:45:56',18,517,39,171),(196,NULL,28,1,15,NULL,NULL,0,'2020-10-20 03:22:20','2020-10-20 03:22:20',57,523,27,174),(197,NULL,28,12,18,NULL,NULL,0,'2020-10-20 03:23:56','2020-10-20 03:23:56',57,520,54,175),(198,NULL,30,12,2,NULL,NULL,1,'2020-10-22 03:30:57','2020-10-22 03:30:57',59,NULL,NULL,176),(199,NULL,29,1,15,NULL,NULL,0,'2020-10-24 03:02:53','2020-10-24 03:02:53',58,523,28,177),(200,198,30,12,4,NULL,NULL,1,'2020-10-22 03:30:57','2020-10-29 08:28:55',59,523,29,178),(201,NULL,30,NULL,5,NULL,NULL,1,'2020-11-07 15:48:10','2020-11-07 15:48:10',18,517,40,179),(202,185,21,1,6,NULL,NULL,1,'2020-09-16 02:57:11','2020-11-14 13:42:10',40,NULL,NULL,180),(203,196,28,1,6,NULL,NULL,1,'2020-10-20 03:22:20','2020-11-14 13:43:15',57,0,0,181),(204,199,29,1,6,NULL,NULL,1,'2020-10-24 03:02:53','2020-11-14 13:45:18',58,NULL,NULL,182),(207,NULL,28,1,10,NULL,NULL,0,'2020-11-18 10:09:37','2020-11-18 10:09:37',49,521,34,183),(208,NULL,22,1,10,NULL,NULL,0,'2020-11-19 11:48:07','2020-11-19 11:48:07',1,521,35,184),(211,NULL,32,1,2,NULL,NULL,1,'2020-12-06 23:27:53','2020-12-06 23:27:53',63,NULL,NULL,185),(212,NULL,33,1,2,NULL,NULL,1,'2021-01-02 05:40:59','2021-01-02 05:40:59',65,NULL,NULL,186),(213,212,33,1,4,NULL,NULL,1,'2021-01-02 05:40:59','2021-01-02 05:44:33',65,523,30,187),(214,211,32,1,4,NULL,NULL,1,'2020-12-06 23:27:53','2021-01-02 05:49:28',63,523,31,188),(215,NULL,29,1,9,NULL,NULL,0,'2021-01-02 06:01:36','2021-01-02 06:01:36',50,NULL,NULL,189),(216,215,29,1,11,NULL,NULL,0,'2021-01-02 06:01:36','2021-01-02 06:11:22',50,NULL,NULL,190),(217,NULL,29,1,10,NULL,NULL,0,'2021-01-02 06:12:23','2021-01-02 06:12:23',1,521,36,191),(218,NULL,33,NULL,5,NULL,NULL,1,'2021-01-03 17:24:44','2021-01-03 17:24:44',6,517,41,192),(219,NULL,32,NULL,5,NULL,NULL,1,'2021-01-04 17:08:23','2021-01-04 17:08:23',6,517,42,193),(221,NULL,32,1,15,NULL,NULL,0,'2021-01-05 20:27:27','2021-01-05 20:27:27',63,523,31,194),(223,NULL,38,1,2,NULL,NULL,1,'2021-02-03 09:15:06','2021-02-03 09:15:06',1,NULL,NULL,195),(224,223,38,1,4,NULL,NULL,1,'2021-02-03 09:15:06','2021-02-06 11:34:28',1,523,32,196),(225,NULL,38,NULL,5,NULL,NULL,1,'2021-02-10 14:35:51','2021-02-10 14:35:51',6,517,43,197),(226,NULL,38,1,15,NULL,NULL,0,'2021-02-20 21:21:49','2021-02-20 21:21:49',66,523,32,201),(227,NULL,33,1,15,NULL,NULL,0,'2021-02-19 11:23:38','2021-02-19 11:23:38',65,523,30,202),(228,NULL,33,NULL,5,NULL,NULL,1,'2021-02-19 11:37:24','2021-02-19 11:37:24',18,517,44,203),(229,227,33,1,6,NULL,NULL,1,'2021-02-19 11:23:38','2021-02-19 11:41:29',65,NULL,NULL,204),(230,NULL,33,1,10,NULL,NULL,0,'2021-02-19 13:33:58','2021-02-19 13:33:58',1,521,37,205),(231,NULL,40,1,2,NULL,NULL,1,'2021-02-20 08:58:28','2021-02-20 08:58:28',51,NULL,NULL,206),(232,226,38,1,6,NULL,NULL,1,'2021-02-12 19:27:05','2021-02-20 10:16:33',66,0,0,207),(233,221,32,1,6,NULL,NULL,1,'2021-01-05 20:27:27','2021-02-20 10:17:09',63,NULL,NULL,208);

--
-- Table structure for table `submission_search_keyword_list`
--

CREATE TABLE `submission_search_keyword_list` (
  `keyword_id` bigint(20) NOT NULL AUTO_INCREMENT,
  `keyword_text` varchar(60) NOT NULL,
  PRIMARY KEY (`keyword_id`),
  UNIQUE KEY `submission_search_keyword_text` (`keyword_text`)
) ENGINE=InnoDB AUTO_INCREMENT=1268 DEFAULT CHARSET=utf8;

--
-- Dumping data for table `submission_search_keyword_list`
--

INSERT INTO `submission_search_keyword_list` VALUES (240,'0-6'),(910,'005sleep'),(306,'012981-2009'),(793,'1-2'),(821,'1375mm'),(822,'1725mm'),(823,'1975mm'),(824,'2175mm'),(754,'236-0004'),(292,'37oc'),(758,'431-3192'),(980,'66±22'),(1232,'abdominopelvic'),(557,'abdullah'),(281,'ability'),(111,'abj'),(119,'ablutions'),(995,'abnormal'),(1152,'above-average'),(507,'absence'),(636,'access'),(663,'accessible'),(243,'accidental'),(152,'accordance'),(850,'achieving'),(259,'acid'),(417,'active'),(416,'activity'),(775,'add'),(288,'adding'),(191,'addition'),(314,'additives'),(1219,'administer'),(1201,'administering'),(1191,'administration'),(1170,'admission'),(958,'admitted'),(895,'adult'),(496,'advantage'),(1098,'aeruginosa'),(1128,'affected'),(23,'aflatoxin'),(603,'age'),(1001,'agnina'),(329,'ahmad'),(546,'ahmet'),(232,'aim'),(847,'aimed'),(26,'aims'),(361,'akhmad'),(1206,'albino'),(216,'alcohol'),(540,'ali'),(482,'alisklamp'),(296,'alkalimetry'),(376,'alkaloids'),(1080,'allicin'),(1071,'allium'),(1188,'alterations'),(316,'alternative'),(922,'amadi'),(500,'amount'),(3,'analis'),(684,'analyses'),(718,'analysis'),(1137,'analyze'),(738,'anatomy'),(188,'anemia'),(451,'anesthesia'),(660,'anesthesiologists'),(1003,'anggraini'),(1118,'ankara'),(365,'anny'),(1183,'anozeng'),(898,'anthropometric'),(1103,'anti-bacterial'),(1104,'anti-inflammatory'),(382,'antibacterial'),(415,'antimicrobial'),(224,'aplastic'),(1243,'appearance'),(181,'appliance'),(442,'application'),(487,'applied'),(1211,'apportion'),(843,'approach'),(964,'april'),(1197,'aqueous'),(816,'area'),(473,'areas'),(130,'arista'),(1246,'arrest'),(686,'arterial'),(193,'arthritis'),(1094,'asiatica'),(920,'asimadu'),(933,'asinobi'),(650,'asked'),(943,'aspect'),(21,'aspergillus'),(1199,'assess'),(976,'assessment'),(729,'association'),(815,'astambul'),(350,'atakan'),(579,'attachment'),(176,'attention'),(648,'august'),(1005,'aulia'),(133,'aureus'),(948,'authors'),(308,'average'),(1162,'avoided'),(1172,'avoiding'),(1165,'aware'),(1120,'awareness'),(594,'axial'),(559,'aydın'),(556,'aydoğan'),(879,'aysun'),(345,'ayu'),(1006,'azmi'),(219,'b12'),(490,'bacillus'),(569,'backward'),(284,'bacteria'),(811,'bacterial'),(387,'bactericidal'),(336,'balai'),(351,'baltrak'),(817,'banjar'),(30,'banjarbaru'),(347,'banjarmasin'),(55,'based'),(698,'basement'),(438,'basic'),(762,'basil'),(764,'basilicum'),(1117,'baskent'),(113,'bath'),(1112,'batman'),(344,'bbtklpp'),(286,'bean'),(263,'beans'),(299,'bee'),(820,'began'),(1133,'behavior'),(1150,'behavioral'),(610,'belong'),(926,'benedict'),(1136,'benefit'),(1100,'benefits'),(337,'besar'),(1038,'biliary'),(756,'biochemistry'),(1174,'birth'),(321,'bjm'),(1052,'bladder'),(227,'blood'),(1209,'body'),(522,'boiled'),(534,'bolatli'),(564,'bone'),(671,'bora'),(1033,'brasil'),(91,'breteau'),(118,'bucket'),(116,'buckets'),(276,'bulgaricus'),(370,'burmannii'),(1187,'calabar'),(905,'calculated'),(527,'calyx'),(1014,'çam'),(1039,'canal'),(312,'carbohydrate'),(277,'carbohydrates'),(966,'caregivers'),(672,'carman'),(256,'carried'),(431,'carry'),(85,'cases'),(14,'caused'),(209,'causing'),(1257,'caution'),(558,'celep'),(203,'cell'),(210,'cells'),(993,'cellulitis'),(114,'cement'),(145,'cendol'),(1093,'centella'),(833,'center'),(944,'central'),(112,'ceramic'),(702,'cerebral'),(491,'cereus'),(1228,'cervical'),(398,'cfu'),(1171,'chances'),(1147,'characteristics'),(374,'chemical'),(955,'child'),(82,'children'),(1042,'choledochal'),(189,'chronic'),(924,'chukwuebuka'),(369,'cinnamomum'),(368,'cinnamon'),(449,'circumcised'),(426,'circumcision'),(798,'citrus'),(802,'citrus-type'),(752,'city'),(427,'clamb'),(434,'clamp'),(456,'clamps'),(394,'clarity'),(1059,'classification'),(982,'classified'),(624,'clavicles'),(813,'clean'),(1157,'cleaning'),(177,'cleanliness'),(647,'clinic'),(614,'clinical'),(619,'close'),(515,'closed'),(856,'closure'),(134,'coconut'),(681,'col4a1'),(682,'col4a2'),(1011,'çolak'),(407,'coli'),(157,'coliform'),(195,'colitis'),(894,'collected'),(245,'collection'),(1186,'college'),(397,'colonies'),(531,'colony'),(235,'color'),(940,'coma'),(947,'comatose'),(836,'common'),(123,'community'),(1065,'compared'),(1056,'complaints'),(1204,'complementary'),(608,'complete'),(437,'complications'),(375,'compounds'),(566,'computerized'),(570,'concavity'),(386,'concentration'),(395,'concentrations'),(825,'conclude'),(400,'concluded'),(422,'conclusion'),(128,'conduct'),(963,'conducted'),(968,'consent'),(999,'considered'),(278,'consist'),(719,'consisted'),(509,'consisting'),(1256,'consumed'),(99,'container'),(104,'containers'),(47,'contaminated'),(13,'contamination'),(631,'content'),(1079,'contents'),(446,'contradictions'),(630,'contribute'),(76,'control'),(530,'controls'),(512,'cooked'),(529,'cooking'),(1019,'çorum'),(673,'coskun'),(861,'cosmetics'),(599,'count'),(90,'countainer'),(79,'countries'),(78,'country'),(1124,'covid'),(1123,'covid-19'),(1149,'covid19-infection'),(789,'creamy'),(593,'created'),(809,'critical'),(196,'crohns'),(1179,'cross'),(1198,'current'),(1221,'daily'),(770,'damp'),(341,'dan'),(1177,'daniel'),(244,'data'),(144,'dawet'),(780,'day'),(401,'dayak'),(477,'days'),(641,'dealt'),(81,'death'),(649,'december'),(436,'decrease'),(206,'deficiency'),(990,'degenerative'),(987,'degree'),(1175,'demands'),(712,'demographic'),(59,'dengue'),(96,'density'),(356,'department'),(1010,'departments'),(1107,'dependent'),(353,'derince'),(159,'description'),(35,'descriptive'),(295,'design'),(1063,'detected'),(27,'determine'),(466,'determined'),(805,'developed'),(1084,'development'),(430,'devices'),(333,'dewi'),(66,'dhf'),(890,'diabetes'),(884,'diabetic'),(973,'diagnoses'),(1044,'diameter'),(457,'diameters'),(600,'difference'),(602,'differences'),(392,'dilution'),(1004,'dini'),(71,'disease'),(190,'diseases'),(1229,'dislocation'),(1050,'disorders'),(950,'disparities'),(1231,'dissect'),(1227,'dissolving'),(1214,'distilled'),(896,'divided'),(949,'documented'),(537,'dogan'),(1215,'dose'),(1239,'dose-dependent'),(1200,'dose-response'),(1193,'doses'),(1141,'draw'),(136,'drinks'),(222,'drugs'),(121,'drums'),(12,'drying'),(1045,'duct'),(74,'due'),(239,'duration'),(334,'dwiyanti'),(625,'dysfunction'),(460,'early'),(767,'easy'),(928,'edelu'),(474,'edema'),(470,'edemas'),(573,'edge'),(354,'education'),(289,'effect'),(1073,'effectively'),(367,'effectiveness'),(935,'ekwochi'),(657,'elderly'),(492,'elementary'),(402,'eleutherine'),(959,'emergency'),(1132,'emotional'),(1114,'emre'),(80,'endemic'),(878,'endocrinology'),(1046,'endoscopic'),(282,'energy'),(915,'enugu'),(309,'equal'),(746,'erbakan'),(1108,'erhan'),(1020,'erol'),(184,'erythrocyte'),(234,'erythrocytes'),(406,'escherichia'),(828,'esin'),(666,'eskisehir'),(1182,'essien'),(371,'ethanol'),(208,'ethnicities'),(1178,'etim'),(693,'etiology'),(1230,'euthanize'),(848,'evaluate'),(464,'evaluated'),(714,'evaluating'),(561,'evaluation'),(498,'evidenced'),(248,'examination'),(444,'examinations'),(441,'examine'),(45,'examined'),(246,'examining'),(215,'excess'),(855,'excision'),(447,'excluded'),(1238,'exhibited'),(911,'existence'),(122,'expected'),(293,'experiment'),(389,'experimental'),(869,'expertise'),(221,'exposure'),(372,'extract'),(405,'extracts'),(555,'eyüp'),(226,'factors'),(1026,'faculdade'),(740,'faculty'),(346,'fahani'),(75,'failure'),(486,'falls'),(1032,'famerp'),(300,'farm'),(622,'fascias'),(804,'favored'),(539,'fazliogullari'),(971,'features'),(1061,'female'),(720,'females'),(1034,'fernando'),(1024,'ferneda'),(723,'fetal'),(61,'fever'),(1242,'fibrotic'),(97,'figure'),(715,'files'),(87,'find'),(996,'finding'),(937,'findings'),(8,'fish'),(863,'flap'),(377,'flavonoids'),(24,'flavus'),(577,'floor'),(129,'fluctuations'),(220,'folate'),(1259,'folklore-traditional'),(857,'follow-up'),(469,'follow-ups'),(137,'food'),(142,'form'),(1041,'formation'),(778,'formed'),(70,'found'),(93,'free'),(690,'frequent'),(812,'fresh'),(510,'fried'),(806,'fruits'),(169,'fulfilling'),(381,'function'),(578,'functions'),(4,'fungi'),(20,'fungus'),(761,'furfur'),(56,'fusarium'),(311,'future'),(484,'gain'),(1051,'gall'),(1070,'garlic'),(1022,'gastroenterology'),(1222,'gavage'),(967,'gave'),(601,'gender'),(627,'general'),(707,'genes'),(750,'genetics'),(978,'glasgow'),(901,'glucose'),(1035,'gongora'),(1192,'graded'),(753,'graduate'),(268,'grains'),(814,'green'),(788,'grew'),(279,'group'),(604,'groups'),(1203,'growing'),(19,'grows'),(18,'growth'),(777,'growths'),(1196,'guajava'),(1194,'guava'),(1115,'gunakan'),(533,'gunes'),(1111,'gynecology'),(328,'haitami'),(757,'hamamatsu'),(1156,'hands'),(735,'haris'),(1252,'harmful'),(508,'hawker'),(584,'head'),(68,'health'),(223,'hemolysis'),(704,'hemorrhage'),(60,'hemorrhagic'),(1055,'hepatobiliary'),(524,'herbal'),(411,'hereditary'),(520,'hibiscus'),(845,'high'),(772,'higher'),(307,'highest'),(675,'hirofumi'),(677,'hirotomo'),(1237,'histological'),(1049,'history'),(1018,'hitit'),(199,'hodgkins'),(1173,'home'),(264,'honey'),(612,'horn'),(355,'hospital'),(872,'hospitalization'),(165,'hour'),(168,'hours'),(88,'house'),(103,'households'),(109,'houses'),(1058,'huang'),(364,'huda'),(749,'human'),(1101,'humans'),(174,'hygiene'),(563,'hyoid'),(795,'hyphae'),(706,'hypothesized'),(799,'hystrix'),(143,'ice'),(842,'ideal'),(726,'identified'),(919,'ifeoma'),(1185,'igiri'),(1217,'iii'),(912,'ikenna'),(876,'ilhan'),(544,'ilknur'),(589,'images'),(644,'impact'),(615,'importance'),(1144,'improvement'),(716,'included'),(652,'includes'),(1078,'including'),(139,'increase'),(1066,'increased'),(291,'incubated'),(1105,'independent'),(89,'index'),(1064,'individuals'),(32,'indonesia'),(146,'indonesian'),(429,'infants'),(768,'infect'),(866,'infection'),(202,'infections'),(1099,'infectious'),(201,'inflammation'),(532,'influence'),(826,'influences'),(505,'information'),(1168,'informed'),(1250,'ingestion'),(138,'ingredient'),(183,'ingredients'),(419,'inhibit'),(420,'inhibiting'),(517,'inhibition'),(385,'inhibitory'),(801,'inhibits'),(229,'initial'),(1167,'insufficient'),(881,'internal'),(633,'internet'),(1247,'interstitial'),(1047,'interventions'),(892,'investigate'),(1251,'investigated'),(1037,'investigation'),(717,'invited'),(1074,'invitro'),(205,'iron'),(1015,'isa'),(931,'isaac'),(687,'ischemic'),(880,'işıklar'),(543,'ismihan'),(1164,'issue'),(1143,'issues'),(741,'istanbul'),(929,'ituku'),(84,'january-december'),(755,'japan'),(1029,'josé'),(800,'juice'),(997,'justified'),(547,'kagan'),(412,'kalimantan'),(548,'karabulut'),(874,'karatas'),(320,'kemenkes'),(994,'keratopathy'),(339,'kesehatan'),(1261,'khresna'),(231,'kidney'),(913,'kingsley'),(1265,'kirana'),(542,'kivrak'),(1138,'knowledge'),(352,'kocaeli'),(424,'kocaeliderince'),(665,'koçak'),(676,'kodera'),(1176,'kom-abasi'),(553,'konya'),(670,'kursat'),(733,'kusumawardhani'),(713,'laboratory'),(844,'lacking'),(258,'lactic'),(275,'lactobacillus'),(786,'landasan'),(117,'large'),(730,'larger'),(77,'largest'),(92,'larva'),(98,'larvae'),(1223,'lasted'),(461,'late'),(909,'latency'),(478,'latest'),(303,'laut'),(626,'lead'),(1216,'leaf'),(783,'leaves'),(324,'leka'),(465,'length'),(290,'level'),(260,'levels'),(1248,'leydig'),(95,'lfn'),(575,'lies'),(621,'ligaments'),(1088,'linear'),(340,'lingkungan'),(765,'linn'),(902,'lipid'),(151,'liquid'),(1002,'listya'),(632,'literature'),(214,'liver'),(489,'local'),(571,'locates'),(17,'long'),(962,'longitudinal'),(228,'loss'),(629,'low'),(572,'lower'),(325,'lutpiatina'),(200,'lymphoma'),(213,'macrocytic'),(162,'made'),(360,'mahmudah'),(1135,'main'),(172,'maintain'),(613,'major'),(1262,'majoring'),(285,'making'),(989,'malaria'),(760,'malassezia'),(1062,'male'),(721,'males'),(198,'malignancy'),(953,'management'),(574,'mandible'),(965,'march'),(31,'market'),(65,'martapura'),(1159,'mask'),(782,'material'),(722,'maternal'),(1113,'maternity'),(680,'matsumoto'),(149,'maximum'),(396,'mbc'),(516,'meals'),(1057,'measured'),(454,'measurements'),(125,'measures'),(640,'media'),(859,'median'),(637,'medical'),(1027,'medicina'),(413,'medicinal'),(525,'medicine'),(1085,'medicines'),(1009,'medişoğlu'),(1218,'medium'),(744,'medova'),(170,'meet'),(217,'megaloblastic'),(700,'membranes'),(747,'meram'),(560,'mermer'),(404,'merr'),(1017,'mesut'),(885,'metabolic'),(298,'method'),(840,'methods'),(891,'mets'),(393,'mic'),(1077,'microbes'),(150,'microbial'),(794,'microscopically'),(254,'microsocytic'),(1202,'microstructure'),(211,'microsytic'),(656,'middle'),(1263,'midwifery'),(135,'milk'),(384,'minimum'),(611,'minor'),(467,'minutes'),(986,'moderate'),(49,'monilia'),(696,'monogenetic'),(241,'months'),(692,'morbidity'),(609,'morphologic'),(233,'morphological'),(185,'morphology'),(691,'mortality'),(156,'mpn'),(1048,'mrcp'),(54,'mucor'),(472,'mucosal'),(1266,'muhammad'),(331,'muhlisin'),(1267,'mukhtar'),(565,'multidetector'),(362,'muntaha'),(581,'muscles'),(776,'mushroom'),(58,'mustika'),(708,'mutation'),(683,'mutations'),(991,'myopia'),(535,'nadire'),(679,'naomichi'),(147,'national'),(383,'nbsp'),(914,'ndu'),(925,'nduagubam'),(585,'neck'),(745,'necmettin'),(864,'necrosis'),(326,'neni'),(945,'nervous'),(669,'neurology'),(428,'newborn'),(642,'news'),(48,'niger'),(918,'nigeria'),(897,'non-metabolic'),(939,'non-traumatic'),(225,'normal'),(253,'normochrome'),(252,'normocytic'),(433,'noted'),(180,'noting'),(732,'novina'),(42,'number'),(94,'numbers'),(862,'numbness'),(736,'nurdin'),(734,'nurlailah'),(363,'nurul'),(270,'nutrients'),(932,'nwabueze'),(923,'obinna'),(1145,'observational'),(471,'observed'),(1110,'obstetrics'),(1233,'obtain'),(44,'obtained'),(72,'occurs'),(763,'ocimum'),(921,'ogechukwu'),(327,'oktiyani'),(1109,'okuyan'),(1021,'olçok'),(280,'oligosaccharides'),(409,'onion'),(418,'onions'),(830,'onursal'),(927,'onyeka'),(432,'operation'),(455,'operations'),(972,'ophthalmologic'),(936,'ophthalmological'),(974,'ophthalmologist'),(317,'optimize'),(992,'orbital'),(1255,'organ'),(667,'osmangazi'),(586,'ossification'),(1125,'outbreak'),(988,'outcome'),(197,'ovarian'),(1102,'overcoming'),(1184,'oyono'),(930,'ozalla'),(664,'ozan'),(938,'paediatric'),(115,'paint'),(689,'pais'),(550,'paksoy'),(410,'palmifolia'),(403,'palmifollia'),(1140,'pandemic'),(576,'parallel'),(155,'parameters'),(63,'paring'),(941,'parklane'),(606,'partial'),(1076,'pathogenic'),(728,'pathological'),(646,'patient'),(187,'patients'),(175,'pay'),(357,'pediatric'),(975,'pediatrician'),(342,'pengendalian'),(52,'penicillium'),(343,'penyakit'),(242,'people'),(501,'percentage'),(587,'performed'),(685,'perinatal'),(1116,'perinatology'),(448,'period'),(249,'peripheral'),(173,'personal'),(230,'phase'),(266,'phaseolus'),(443,'physical'),(834,'pilonidal'),(903,'pittsburgh'),(771,'places'),(414,'plant'),(784,'plantations'),(774,'plants'),(120,'plastic'),(832,'plasty'),(399,'plate'),(808,'play'),(580,'point'),(499,'poisoning'),(502,'pollution'),(319,'poltekkes'),(378,'polyphenols'),(887,'poor'),(485,'popularity'),(102,'population'),(731,'populations'),(705,'porencephaly'),(46,'positive'),(462,'post-operative'),(781,'post-test'),(294,'postest'),(1161,'postponed'),(390,'posttest'),(1090,'potential'),(766,'powder'),(1205,'practice'),(737,'pratama'),(124,'precautionary'),(1158,'preferred'),(1148,'pregnancy'),(1121,'pregnant'),(480,'prematurely'),(634,'preoperative'),(651,'preoperatively'),(250,'preparations'),(1226,'prepares'),(506,'presence'),(1043,'present'),(839,'presentation'),(1054,'presented'),(899,'pressure'),(1031,'preto'),(888,'prevalent'),(1142,'prevention'),(1258,'primarily'),(851,'primary'),(889,'problem'),(69,'problems'),(459,'procedure'),(1067,'procedures'),(10,'process'),(9,'processed'),(167,'processing'),(5,'produce'),(141,'products'),(875,'prof'),(15,'prolonged'),(1082,'properties'),(841,'proposed'),(961,'prospective'),(315,'proteins'),(724,'prothrombotic'),(998,'protocol'),(504,'provide'),(1097,'pseudomonas'),(1195,'psidium'),(904,'psqi'),(67,'public'),(481,'pulling'),(251,'pulmonary'),(592,'pure'),(86,'purpose'),(38,'purposive'),(514,'put'),(57,'putri'),(1096,'pyogenes'),(883,'quality'),(513,'questionnaire'),(653,'questions'),(488,'quickly'),(1068,'radiological'),(743,'radiology'),(858,'ranged'),(458,'ranging'),(1189,'rat'),(654,'rate'),(605,'rates'),(332,'ratih'),(1208,'rats'),(616,'realized'),(1213,'received'),(617,'recent'),(951,'recommendations'),(310,'recommended'),(476,'recovered'),(852,'recovery'),(969,'recruited'),(846,'recurrence'),(262,'red'),(818,'regency'),(160,'region'),(1089,'regression'),(620,'relationship'),(957,'relevance'),(635,'rely'),(694,'remains'),(1023,'renato'),(591,'rendering'),(73,'repeatedly'),(1254,'reproductive'),(870,'required'),(153,'requirements'),(1091,'requires'),(34,'research'),(127,'researchers'),(107,'reservoirs'),(1131,'respiratory'),(108,'respondents'),(985,'rest'),(701,'resulting'),(43,'results'),(588,'retrospectively'),(727,'reveal'),(445,'revealed'),(192,'rheumatoid'),(51,'rhizopus'),(269,'rich'),(330,'rifai'),(335,'rifqoh'),(1030,'rio'),(725,'risk'),(497,'risks'),(1264,'rita'),(1180,'river'),(810,'role'),(960,'room'),(519,'rosella'),(526,'roselle'),(952,'routine'),(797,'row'),(1036,'rubio'),(440,'rules'),(322,'ruri'),(521,'sabdariffa'),(1008,'sabri'),(837,'sacrococcygeal'),(678,'saitsu'),(158,'salmonella'),(7,'salted'),(11,'salting'),(541,'sami'),(53,'sample'),(37,'samples'),(39,'sampling'),(1028,'são'),(379,'saponins'),(318,'sari'),(860,'satisfied'),(1072,'sativum'),(873,'savas'),(979,'scale'),(493,'school'),(503,'schools'),(748,'science'),(1007,'sciences'),(908,'scores'),(709,'screening'),(779,'sda'),(450,'sedated'),(742,'selcuk'),(1000,'selected'),(171,'seller'),(40,'sellers'),(1240,'seminiferous'),(662,'send'),(827,'seniha'),(659,'sense'),(479,'separated'),(463,'separation'),(711,'sequencing'),(867,'seroma'),(1119,'sertaç'),(1249,'sertoli'),(900,'serum'),(1212,'served'),(179,'serving'),(983,'severe'),(1016,'sezikli'),(568,'shaped'),(1160,'shorter'),(421,'show'),(304,'showed'),(423,'significance'),(906,'significant'),(435,'significantly'),(739,'siirt'),(1087,'simple'),(452,'single'),(835,'sinus'),(359,'siti'),(50,'sitophila'),(645,'situation'),(977,'sixteen'),(1154,'sixty-nine'),(204,'size'),(792,'sizes'),(769,'skin'),(882,'sleep'),(595,'slice'),(703,'small-vessel'),(236,'smear'),(247,'smears'),(790,'smooth'),(494,'snack'),(495,'snacks'),(305,'sni'),(639,'social'),(582,'soft'),(829,'sogut'),(178,'sold'),(1225,'solution'),(956,'sought'),(283,'source'),(313,'sources'),(807,'south'),(1025,'souza'),(22,'species'),(1235,'specimens'),(1245,'spermatogenic'),(796,'spores'),(1127,'spread'),(1083,'stage'),(148,'standard'),(388,'staphyloccocus'),(132,'staphylococcus'),(483,'starting'),(916,'state'),(1151,'stated'),(1060,'statistically'),(893,'status'),(468,'stay'),(623,'sternum'),(1081,'steroids'),(1224,'stock'),(1040,'stone'),(16,'storage'),(182,'storing'),(518,'strength'),(273,'streptococcus'),(1166,'stressed'),(1244,'strict'),(688,'stroke'),(597,'strong'),(628,'studies'),(25,'study'),(1134,'studys'),(105,'sub-district'),(1146,'subjected'),(907,'subjective'),(271,'substitute'),(287,'sugar'),(255,'suggestions'),(785,'sukamara'),(64,'sungai'),(871,'superior'),(237,'supply'),(257,'support'),(453,'surgeon'),(661,'surgeons'),(358,'surgery'),(439,'surgical'),(36,'survey'),(110,'surveyed'),(2,'susanti'),(348,'sutiany'),(475,'swelling'),(886,'syndrome'),(946,'system'),(164,'taking'),(301,'tambangan'),(302,'tanah'),(528,'tannins'),(140,'taste'),(917,'teaching'),(868,'technical'),(101,'technique'),(161,'techniques'),(759,'technology'),(338,'tehnik'),(1153,'television'),(511,'ten'),(658,'terms'),(380,'terpenoids'),(1075,'test'),(1236,'testes'),(1253,'testicle'),(1190,'testicles'),(166,'testing'),(1069,'tests'),(791,'texture'),(207,'thalassemia'),(274,'thermophillus'),(596,'thickness'),(981,'thirteen'),(366,'thuraidah'),(773,'time'),(163,'times'),(552,'tire'),(1234,'tissue'),(583,'tissues'),(297,'titration'),(567,'tomography'),(100,'total'),(28,'toxin-producing'),(6,'toxins'),(154,'tpc'),(1053,'tract'),(29,'traditional'),(554,'training'),(970,'traumatic'),(1086,'treat'),(238,'treatment'),(1220,'treatments'),(803,'tribal'),(265,'trigona'),(131,'triyanti'),(391,'tube'),(186,'tuberculosis'),(1241,'tubules'),(1012,'tuncay'),(425,'turkey'),(212,'turn'),(853,'twenty-four'),(33,'type'),(41,'types'),(523,'typhi'),(1181,'ubi'),(934,'uchenna'),(787,'ulin'),(695,'unclear'),(954,'unconscious'),(984,'unconsciousness'),(643,'undergo'),(638,'undergoing'),(1139,'understanding'),(854,'underwent'),(607,'unilateral'),(668,'university'),(1169,'unplanned'),(536,'unver'),(1095,'urban'),(194,'urserative'),(545,'uysal'),(877,'varank'),(1106,'variable'),(598,'variation'),(562,'variations'),(838,'varies'),(831,'varlikli'),(699,'vascular'),(62,'vector'),(126,'vectors'),(272,'vegetable'),(83,'village'),(1163,'visits'),(942,'vital'),(218,'vitamin'),(408,'vitro'),(1092,'vivo'),(590,'volume'),(1260,'vonny'),(267,'vulgaris'),(1130,'vulnerable'),(1155,'washing'),(106,'water'),(697,'weakness'),(1210,'weight'),(710,'whole-exome'),(373,'widely'),(323,'widyati'),(1207,'wistar'),(1122,'women'),(1129,'world'),(1126,'worse'),(865,'wound'),(549,'yahya'),(1013,'yalnız'),(674,'yarar'),(551,'yasin'),(618,'years'),(261,'yogurt'),(751,'yokohama'),(655,'young'),(1,'yuli'),(349,'yusuf'),(849,'z-plasty'),(538,'zeliha'),(819,'zone');

--
-- Table structure for table `submission_search_object_keywords`
--

CREATE TABLE `submission_search_object_keywords` (
  `object_id` bigint(20) NOT NULL,
  `keyword_id` bigint(20) NOT NULL,
  `pos` int(11) NOT NULL,
  UNIQUE KEY `submission_search_object_keywords_pkey` (`object_id`,`pos`),
  KEY `submission_search_object_keywords_keyword_id` (`keyword_id`)
) ENGINE=InnoDB DEFAULT CHARSET=utf8;

--
-- Dumping data for table `submission_search_object_keywords`
--

INSERT INTO `submission_search_object_keywords` VALUES (1,1,0),(1,2,1),(2,4,0),(3,4,8),(3,4,19),(3,4,20),(3,4,28),(3,4,38),(3,4,69),(3,4,74),(3,4,81),(3,4,86),(3,4,91),(3,4,96),(3,4,105),(2,5,1),(3,5,29),(24,5,26),(2,6,2),(2,7,3),(3,7,0),(3,7,9),(3,7,15),(3,7,22),(3,7,39),(3,7,52),(3,7,56),(3,7,101),(2,8,4),(3,8,1),(3,8,2),(3,8,10),(3,8,16),(3,8,23),(3,8,40),(3,8,53),(3,8,57),(3,8,102),(3,9,3),(10,9,10),(24,9,10),(3,10,4),(3,11,5),(3,12,6),(3,13,7),(3,13,36),(10,13,24),(10,13,44),(10,13,80),(37,13,0),(38,13,40),(3,14,11),(129,14,2),(3,15,12),(3,16,13),(3,16,14),(3,17,17),(52,17,12),(101,17,11),(3,18,18),(45,18,67),(45,18,77),(59,18,19),(59,18,34),(59,18,66),(65,18,8),(93,18,4),(94,18,28),(94,18,40),(94,18,80),(94,18,94),(100,18,0),(101,18,16),(101,18,78),(129,18,93),(136,18,26),(136,18,54),(136,18,94),(3,19,21),(3,20,24),(3,21,25),(3,21,27),(3,21,31),(3,21,67),(3,21,73),(3,21,104),(3,22,26),(3,23,30),(3,24,32),(3,24,68),(3,25,33),(3,25,99),(10,25,38),(10,25,55),(17,25,33),(17,25,60),(17,25,68),(24,25,39),(31,25,78),(38,25,14),(38,25,46),(38,25,61),(45,25,18),(45,25,50),(45,25,70),(52,25,16),(52,25,31),(52,25,32),(52,25,65),(52,25,110),(59,25,25),(59,25,62),(66,25,19),(66,25,48),(66,25,71),(73,25,25),(80,25,17),(80,25,83),(87,25,57),(94,25,30),(101,25,21),(101,25,37),(101,25,57),(101,25,74),(108,25,22),(108,25,47),(115,25,87),(122,25,22),(122,25,46),(122,25,56),(129,25,28),(136,25,16),(143,25,1),(143,25,13),(157,25,37),(164,25,1),(3,26,34),(10,26,39),(38,26,15),(45,26,19),(52,26,17),(66,26,20),(129,26,29),(136,26,17),(3,27,35),(10,27,40),(17,27,114),(24,27,40),(31,27,79),(38,27,16),(45,27,20),(59,27,26),(66,27,21),(94,27,31),(101,27,22),(129,27,30),(129,27,110),(136,27,18),(136,27,110),(3,28,37),(3,29,41),(9,29,2),(10,29,13),(10,29,45),(10,29,56),(3,30,42),(10,30,48),(15,30,11),(101,30,54),(3,31,43),(1,32,8),(1,32,18),(3,32,44),(8,32,9),(8,32,18),(15,32,20),(16,32,7),(17,32,8),(17,32,16),(22,32,8),(22,32,17),(24,32,81),(29,32,8),(29,32,17),(36,32,8),(36,32,18),(36,32,27),(43,32,8),(43,32,18),(43,32,27),(57,32,8),(57,32,17),(57,32,26),(64,32,8),(64,32,18),(64,32,27),(92,32,8),(92,32,17),(92,32,26),(94,32,13),(94,32,66),(99,32,9),(99,32,19),(99,32,28),(101,32,55),(127,32,9),(127,32,19),(127,32,28),(134,32,9),(134,32,18),(134,32,28),(169,32,8),(169,32,23),(3,33,45),(10,33,50),(17,33,52),(24,33,55),(31,33,80),(31,33,100),(115,33,12),(115,33,21),(115,33,31),(115,33,93),(143,33,42),(143,33,50),(143,33,53),(143,33,56),(143,33,59),(3,34,46),(10,34,51),(10,34,75),(17,34,51),(17,34,55),(17,34,99),(17,34,113),(24,34,56),(24,34,62),(31,34,101),(31,34,131),(31,34,132),(38,34,28),(38,34,41),(45,34,38),(50,34,5),(59,34,40),(59,34,47),(59,34,49),(66,34,34),(73,34,101),(78,34,9),(78,34,21),(78,34,33),(78,34,45),(94,34,44),(101,34,40),(106,34,9),(106,34,22),(106,34,34),(113,34,5),(113,34,16),(129,34,40),(129,34,109),(136,34,31),(136,34,109),(141,34,25),(141,34,47),(141,34,60),(157,34,34),(3,35,47),(10,35,52),(17,35,53),(31,35,102),(3,36,48),(10,36,53),(17,36,54),(31,36,103),(80,36,37),(3,37,49),(3,37,59),(3,37,62),(3,37,65),(3,37,71),(3,37,77),(3,37,83),(3,37,88),(3,37,100),(3,37,106),(3,37,107),(10,37,54),(10,37,77),(10,37,81),(10,37,82),(38,37,52),(38,37,54),(38,37,57),(38,37,76),(3,38,50),(10,38,62),(24,38,69),(38,38,42),(3,39,51),(10,39,63),(17,39,57),(24,39,67),(24,39,70),(31,39,107),(38,39,43),(3,40,54),(10,40,65),(38,40,63),(3,41,55),(17,41,50),(24,41,117),(143,41,66),(3,42,58),(45,42,60),(66,42,58),(101,42,23),(101,42,81),(3,43,60),(3,43,98),(24,43,82),(38,43,59),(45,43,45),(45,43,58),(45,43,69),(52,43,66),(59,43,50),(66,43,43),(66,43,52),(66,43,70),(87,43,68),(94,43,67),(101,43,56),(101,43,80),(101,43,88),(107,43,3),(108,43,84),(129,43,60),(129,43,74),(136,43,67),(136,43,81),(3,44,61),(45,44,59),(66,44,57),(87,44,50),(94,44,59),(101,44,47),(101,44,70),(122,44,63),(3,45,63),(17,45,81),(143,45,41),(3,46,64),(3,46,70),(3,46,76),(3,46,82),(3,46,87),(3,46,92),(17,46,48),(17,46,75),(17,46,79),(17,46,83),(3,47,66),(3,47,72),(3,47,78),(3,47,84),(3,47,89),(3,47,94),(3,47,103),(3,47,108),(38,47,77),(3,48,75),(3,49,79),(3,50,80),(3,51,85),(3,52,90),(3,53,93),(10,53,88),(17,53,67),(38,53,45),(3,54,95),(3,55,97),(17,55,98),(31,55,30),(31,55,82),(31,55,95),(31,55,114),(45,55,68),(66,55,69),(115,55,39),(129,55,79),(3,56,109),(8,57,0),(8,58,1),(16,59,0),(17,59,0),(17,59,106),(16,60,1),(17,60,1),(17,60,107),(16,61,2),(17,61,2),(17,61,108),(136,61,13),(16,62,3),(17,62,14),(17,62,115),(16,63,4),(17,63,26),(17,63,63),(16,64,5),(17,64,25),(17,64,64),(16,65,6),(17,65,65),(17,66,3),(17,66,21),(17,66,30),(17,66,109),(17,67,4),(38,67,32),(66,67,4),(17,68,5),(38,68,3),(78,68,5),(78,68,17),(78,68,29),(78,68,41),(115,68,4),(141,68,21),(141,68,56),(155,68,8),(17,69,6),(52,69,63),(73,69,94),(10,70,76),(17,70,7),(17,70,31),(38,70,68),(73,70,61),(73,70,99),(80,70,51),(80,70,84),(143,70,97),(143,70,106),(17,71,9),(17,71,22),(31,71,10),(31,71,16),(31,71,49),(31,71,74),(87,71,22),(107,71,7),(108,71,4),(108,71,11),(108,71,31),(129,71,1),(17,72,10),(31,72,21),(31,72,26),(17,73,11),(17,74,12),(31,74,19),(31,74,47),(52,74,107),(73,74,82),(108,74,18),(143,74,22),(157,74,92),(164,74,13),(17,75,13),(31,75,76),(17,76,15),(17,76,105),(24,76,59),(59,76,44),(66,76,37),(94,76,47),(101,76,42),(164,76,33),(17,77,17),(94,77,99),(17,78,18),(17,79,19),(17,80,20),(17,81,23),(17,82,24),(52,82,24),(52,82,35),(107,82,8),(122,82,9),(122,82,31),(122,82,79),(122,82,89),(122,82,125),(17,83,27),(101,83,51),(17,84,28),(17,85,29),(38,85,6),(73,85,48),(122,85,128),(143,85,46),(17,86,32),(24,86,38),(59,86,24),(94,86,29),(101,86,20),(17,87,34),(87,87,97),(17,88,35),(157,88,74),(17,89,36),(17,89,38),(17,89,40),(115,89,54),(17,90,37),(17,91,39),(17,92,41),(17,93,42),(17,94,43),(17,95,44),(17,96,45),(17,96,116),(17,97,46),(17,98,47),(17,98,76),(17,98,78),(17,98,84),(17,99,49),(17,100,56),(24,100,45),(24,100,88),(24,100,104),(52,100,34),(122,100,99),(17,101,58),(24,101,68),(24,101,71),(38,101,44),(17,102,59),(31,102,104),(17,103,61),(17,104,62),(17,104,80),(17,104,82),(17,104,85),(38,104,67),(17,105,66),(17,106,69),(44,106,6),(45,106,30),(45,106,75),(101,106,9),(164,106,36),(164,106,66),(17,107,70),(17,108,71),(17,108,101),(17,109,72),(17,109,73),(17,110,74),(17,111,77),(17,112,86),(17,113,87),(17,113,89),(17,114,88),(17,115,90),(17,116,91),(17,116,94),(17,117,92),(17,118,93),(17,119,95),(17,120,96),(51,120,1),(52,120,6),(52,120,20),(52,120,37),(52,120,47),(52,120,61),(52,120,95),(52,120,101),(52,120,111),(17,121,97),(10,122,94),(17,122,100),(38,122,29),(17,123,102),(24,123,123),(59,123,9),(17,124,103),(17,125,104),(17,126,110),(17,127,111),(24,127,116),(17,128,112),(17,129,117),(15,130,0),(15,131,1),(9,132,0),(10,132,36),(10,132,42),(10,132,78),(65,132,6),(66,132,17),(93,132,5),(94,132,42),(94,132,77),(94,132,96),(128,132,6),(129,132,7),(129,132,24),(129,132,36),(129,132,47),(129,132,66),(129,132,75),(129,132,84),(129,132,94),(9,133,1),(10,133,37),(10,133,43),(10,133,79),(65,133,7),(66,133,18),(66,133,33),(93,133,6),(94,133,43),(94,133,78),(94,133,97),(128,133,7),(129,133,8),(129,133,25),(129,133,37),(129,133,48),(129,133,67),(129,133,76),(129,133,85),(129,133,95),(9,134,3),(10,134,0),(10,134,8),(10,134,27),(10,134,46),(10,134,60),(9,135,4),(10,135,1),(10,135,9),(10,135,28),(10,135,47),(10,135,61),(24,135,9),(9,136,5),(10,136,7),(10,136,14),(10,136,57),(10,136,102),(10,136,111),(10,137,2),(10,137,6),(10,137,25),(37,137,6),(38,137,0),(38,137,7),(38,137,9),(38,137,48),(38,137,75),(66,137,5),(10,138,3),(59,138,15),(66,138,6),(10,139,4),(101,139,92),(143,139,90),(10,140,5),(10,141,11),(10,142,12),(24,142,121),(31,142,86),(31,142,125),(10,143,15),(10,143,18),(10,144,16),(10,144,58),(10,145,17),(10,145,59),(10,146,19),(10,146,85),(10,146,91),(59,146,6),(10,147,20),(10,147,86),(10,147,92),(10,148,21),(10,148,87),(10,148,93),(10,149,22),(10,150,23),(10,151,26),(129,151,56),(136,151,63),(10,152,29),(10,153,30),(10,153,84),(10,153,90),(24,153,99),(10,154,31),(10,155,32),(10,156,33),(10,157,34),(10,158,35),(44,158,7),(45,158,16),(45,158,33),(45,158,79),(10,159,41),(31,159,84),(10,160,49),(108,160,6),(164,160,74),(10,161,64),(10,162,66),(122,162,67),(122,162,72),(122,162,102),(10,163,67),(10,164,68),(10,164,69),(10,165,70),(10,166,71),(10,166,74),(10,167,72),(10,167,104),(164,167,80),(10,168,73),(24,168,53),(52,168,78),(52,168,85),(52,168,105),(10,169,83),(24,169,98),(10,170,89),(10,171,95),(10,172,96),(10,173,97),(10,174,98),(10,175,99),(10,176,100),(157,176,30),(10,177,101),(10,177,107),(10,178,103),(10,178,112),(38,178,25),(38,178,49),(10,179,105),(10,180,106),(10,181,108),(10,182,109),(10,183,110),(30,184,0),(30,185,1),(31,185,123),(30,186,2),(31,186,0),(31,186,93),(31,186,121),(30,187,3),(31,187,22),(31,187,27),(31,187,94),(31,187,122),(52,187,77),(52,187,84),(52,187,100),(79,187,8),(80,187,0),(80,187,7),(80,187,23),(80,187,49),(80,187,54),(80,187,56),(80,187,69),(80,187,72),(80,187,75),(80,187,76),(87,187,41),(87,187,49),(87,187,55),(87,187,82),(87,187,95),(108,187,35),(108,187,60),(108,187,63),(108,187,70),(108,187,76),(108,187,90),(114,187,3),(115,187,6),(115,187,14),(115,187,23),(115,187,33),(115,187,34),(115,187,57),(115,187,72),(115,187,75),(115,187,80),(115,187,86),(115,187,95),(122,187,51),(122,187,62),(143,187,15),(143,187,48),(143,187,51),(143,187,54),(143,187,57),(143,187,73),(143,187,75),(143,187,100),(143,187,103),(157,187,7),(157,187,38),(157,187,51),(157,187,62),(157,187,65),(157,187,70),(157,187,77),(157,187,80),(157,187,86),(157,187,102),(31,188,1),(31,188,17),(31,188,18),(31,188,25),(31,188,29),(31,188,35),(31,188,53),(31,188,62),(31,188,72),(31,188,81),(31,189,2),(31,189,15),(31,189,23),(31,189,36),(31,189,73),(108,189,3),(31,190,3),(31,190,37),(136,190,5),(157,190,10),(23,191,6),(24,191,95),(24,191,110),(24,191,129),(31,191,4),(100,191,4),(101,191,31),(31,192,5),(31,193,6),(31,194,7),(31,195,8),(31,196,9),(31,197,11),(31,198,12),(31,198,28),(31,199,13),(31,200,14),(31,201,20),(31,202,24),(129,202,51),(129,202,107),(136,202,42),(136,202,107),(31,203,31),(31,203,64),(31,204,32),(31,204,41),(31,204,88),(31,205,33),(31,205,70),(31,206,34),(31,206,56),(31,206,71),(31,207,38),(31,208,39),(31,209,40),(31,210,42),(31,210,44),(164,210,99),(164,210,102),(31,211,43),(31,212,45),(31,213,46),(31,214,48),(143,214,24),(31,215,50),(31,216,51),(31,217,52),(31,218,54),(31,219,55),(31,220,57),(31,221,58),(122,221,110),(31,222,59),(31,223,60),(31,224,61),(31,225,63),(31,226,65),(87,226,80),(31,227,66),(31,227,91),(31,227,111),(31,227,117),(31,227,137),(115,227,44),(31,228,67),(31,229,68),(129,229,41),(136,229,32),(31,230,69),(31,231,75),(31,232,77),(73,232,20),(31,233,83),(73,233,43),(163,233,0),(164,233,88),(31,234,85),(31,234,89),(31,234,124),(31,235,87),(31,236,90),(31,236,112),(31,236,118),(31,236,138),(31,237,92),(31,238,96),(107,238,4),(108,238,7),(31,239,97),(52,239,51),(52,239,60),(52,239,76),(31,240,98),(31,241,99),(87,241,75),(108,241,50),(31,242,105),(94,242,10),(101,242,5),(31,243,106),(31,244,108),(87,244,47),(115,244,28),(31,245,109),(31,246,110),(31,247,113),(31,248,115),(31,248,135),(122,248,1),(122,248,7),(122,248,17),(122,248,28),(122,248,65),(122,248,120),(31,249,116),(31,249,136),(31,250,119),(31,251,120),(31,252,126),(31,253,127),(31,253,129),(31,254,128),(31,255,130),(31,256,133),(129,256,55),(136,256,62),(31,257,134),(23,258,0),(24,258,27),(24,258,47),(24,258,89),(24,258,105),(23,259,1),(24,259,28),(24,259,48),(24,259,90),(24,259,106),(23,260,2),(24,260,91),(115,260,49),(23,261,3),(24,261,11),(24,261,32),(24,261,51),(24,261,94),(24,261,109),(23,262,4),(24,262,0),(24,262,17),(24,262,30),(24,262,49),(24,262,92),(24,262,107),(23,263,5),(24,263,1),(24,263,18),(23,264,7),(24,264,37),(24,264,44),(24,264,73),(24,264,87),(24,264,97),(24,264,112),(24,264,131),(23,265,8),(24,265,36),(24,265,43),(24,265,72),(24,265,75),(24,265,86),(24,265,96),(24,265,111),(24,265,130),(24,266,2),(24,267,3),(24,268,4),(24,269,5),(24,270,6),(24,271,7),(24,272,8),(24,273,12),(135,273,8),(136,273,0),(136,273,27),(136,273,38),(136,273,55),(136,273,73),(136,273,82),(136,273,95),(24,274,13),(24,275,14),(24,276,15),(24,277,16),(24,278,19),(24,279,20),(24,279,60),(45,279,41),(59,279,45),(66,279,38),(87,279,70),(94,279,48),(143,279,77),(164,279,31),(164,279,37),(164,279,46),(164,279,51),(24,280,21),(24,281,22),(24,282,23),(24,283,24),(24,283,33),(79,283,4),(80,283,6),(80,283,45),(80,283,58),(80,283,66),(80,283,81),(157,283,59),(157,283,61),(157,283,67),(24,284,25),(38,284,35),(38,284,82),(59,284,20),(24,285,29),(122,285,15),(24,286,31),(24,286,50),(24,286,93),(24,286,108),(24,287,34),(24,287,127),(24,288,35),(24,288,42),(24,288,85),(24,289,41),(24,289,84),(45,289,27),(59,289,65),(79,289,0),(129,289,89),(129,289,111),(136,289,111),(164,289,5),(24,290,46),(45,290,64),(66,290,60),(79,290,3),(157,290,55),(24,291,52),(24,292,54),(24,293,57),(24,294,58),(24,295,61),(24,295,63),(45,295,42),(59,295,46),(59,295,48),(66,295,39),(94,295,49),(101,295,41),(164,295,2),(24,296,64),(24,297,65),(24,298,66),(45,298,44),(52,298,8),(52,298,39),(59,298,41),(66,298,42),(101,298,36),(129,298,58),(136,298,65),(157,298,69),(164,298,69),(24,299,74),(24,299,76),(24,300,77),(24,301,78),(24,302,79),(24,303,80),(24,304,83),(38,304,62),(45,304,51),(45,304,65),(66,304,49),(94,304,68),(101,304,89),(129,304,61),(136,304,68),(24,305,100),(24,306,101),(24,307,102),(24,308,103),(52,308,67),(52,308,73),(52,308,93),(164,308,26),(24,309,113),(24,310,114),(24,310,124),(24,311,115),(24,312,118),(24,313,119),(24,313,126),(24,314,120),(24,315,122),(24,316,125),(164,316,17),(24,317,128),(8,318,2),(1,319,5),(1,319,15),(8,319,6),(8,319,15),(15,319,17),(22,319,5),(22,319,14),(29,319,5),(29,319,14),(36,319,5),(36,319,15),(36,319,24),(43,319,5),(43,319,15),(43,319,24),(57,319,5),(57,319,14),(57,319,23),(64,319,5),(64,319,15),(64,319,24),(92,319,5),(92,319,14),(92,319,23),(99,319,6),(99,319,16),(99,319,25),(127,319,6),(127,319,16),(127,319,25),(134,319,6),(134,319,15),(134,319,25),(169,319,5),(169,319,13),(169,319,20),(1,320,6),(1,320,16),(8,320,7),(8,320,16),(15,320,18),(22,320,6),(22,320,15),(29,320,6),(29,320,15),(36,320,6),(36,320,16),(36,320,25),(43,320,6),(43,320,16),(43,320,25),(57,320,6),(57,320,15),(57,320,24),(64,320,6),(64,320,16),(64,320,25),(92,320,6),(92,320,15),(92,320,24),(99,320,7),(99,320,17),(99,320,26),(127,320,7),(127,320,17),(127,320,26),(134,320,7),(134,320,16),(134,320,26),(169,320,6),(169,320,14),(169,320,21),(22,322,0),(22,323,1),(22,326,9),(43,326,19),(22,327,10),(43,327,20),(22,328,18),(22,328,19),(8,329,10),(29,329,0),(29,329,9),(36,329,19),(57,329,18),(99,329,20),(29,330,1),(8,331,11),(29,331,10),(36,331,20),(57,331,19),(99,331,21),(1,332,9),(36,332,9),(43,332,9),(64,332,9),(99,332,10),(127,332,10),(134,332,19),(1,333,10),(36,333,10),(43,333,10),(64,333,10),(99,333,11),(127,333,11),(134,333,20),(169,333,2),(1,334,11),(36,334,11),(43,334,11),(64,334,11),(99,334,12),(127,334,12),(134,334,21),(15,335,12),(15,335,13),(15,336,2),(15,337,3),(15,338,4),(15,339,5),(15,340,6),(15,341,7),(15,342,8),(15,343,9),(15,344,10),(36,345,0),(43,345,0),(36,346,1),(1,347,7),(1,347,17),(8,347,8),(8,347,17),(15,347,19),(22,347,7),(22,347,16),(29,347,7),(29,347,16),(36,347,7),(36,347,17),(36,347,26),(43,347,7),(43,347,17),(43,347,26),(57,347,7),(57,347,16),(57,347,25),(64,347,7),(64,347,17),(64,347,26),(92,347,7),(92,347,16),(92,347,25),(99,347,8),(99,347,18),(99,347,27),(127,347,8),(127,347,18),(127,347,27),(134,347,8),(134,347,17),(134,347,27),(169,347,7),(169,347,15),(169,347,22),(43,348,1),(50,349,0),(106,349,0),(141,349,52),(50,350,1),(106,350,1),(141,350,53),(50,351,2),(106,351,2),(141,351,54),(106,352,6),(106,352,11),(106,352,19),(106,352,24),(106,352,31),(106,352,36),(141,352,2),(141,352,11),(141,352,32),(106,353,7),(106,353,20),(106,353,32),(141,353,23),(141,353,58),(50,354,4),(79,354,2),(80,354,28),(106,354,8),(106,354,21),(106,354,33),(113,354,6),(113,354,17),(50,355,6),(52,355,74),(71,355,37),(78,355,10),(78,355,22),(78,355,34),(78,355,46),(85,355,5),(85,355,19),(85,355,30),(87,355,52),(106,355,10),(106,355,23),(106,355,35),(108,355,56),(113,355,7),(113,355,18),(120,355,7),(120,355,16),(120,355,25),(120,355,36),(120,355,45),(120,355,55),(120,355,64),(121,355,9),(122,355,40),(141,355,26),(141,355,48),(141,355,61),(155,355,9),(157,355,84),(157,355,108),(50,356,7),(71,356,2),(71,356,13),(71,356,23),(71,356,34),(71,356,43),(71,356,56),(71,356,66),(78,356,2),(78,356,14),(78,356,26),(78,356,38),(85,356,6),(85,356,20),(85,356,31),(85,356,38),(85,356,52),(85,356,63),(106,356,3),(106,356,16),(106,356,28),(113,356,9),(113,356,21),(155,356,2),(155,356,14),(155,356,24),(162,356,3),(162,356,18),(162,356,33),(50,357,8),(52,357,43),(85,357,7),(85,357,21),(85,357,32),(106,357,4),(106,357,17),(106,357,29),(141,357,62),(50,358,9),(80,358,9),(80,358,16),(80,358,25),(80,358,32),(106,358,5),(106,358,18),(106,358,30),(141,358,63),(143,358,20),(57,359,0),(57,360,1),(57,361,9),(57,362,10),(64,363,0),(64,364,1),(64,365,19),(92,365,9),(127,365,20),(64,366,20),(92,366,10),(127,366,21),(58,367,0),(59,367,27),(65,367,0),(65,368,1),(66,368,0),(66,368,28),(66,368,74),(66,368,78),(65,369,2),(66,369,1),(65,370,3),(66,370,2),(65,371,4),(66,371,29),(66,371,75),(66,371,79),(135,371,0),(136,371,24),(136,371,46),(136,371,88),(59,372,29),(59,372,54),(59,372,64),(65,372,5),(66,372,30),(66,372,76),(66,372,80),(128,372,1),(129,372,34),(129,372,91),(129,372,101),(135,372,1),(136,372,25),(136,372,47),(136,372,89),(136,372,102),(163,372,13),(164,372,8),(164,372,45),(164,372,65),(164,372,84),(66,373,3),(66,374,7),(94,374,18),(129,374,14),(45,375,9),(45,375,13),(66,375,8),(94,375,19),(66,376,9),(129,376,17),(45,377,10),(66,377,10),(94,377,20),(129,377,18),(66,378,11),(45,379,11),(66,379,12),(129,379,19),(66,380,13),(66,381,14),(94,381,21),(129,381,22),(45,382,14),(66,382,15),(94,382,22),(94,382,32),(129,382,23),(129,382,31),(129,382,52),(38,383,11),(38,383,19),(38,383,22),(38,383,36),(38,383,39),(38,383,69),(38,383,72),(38,383,78),(38,383,81),(45,383,15),(45,383,32),(45,383,35),(45,383,78),(45,383,81),(59,383,21),(59,383,35),(59,383,38),(59,383,56),(59,383,59),(59,383,67),(59,383,70),(66,383,16),(66,383,31),(73,383,41),(73,383,50),(73,383,74),(87,383,28),(87,383,30),(87,383,31),(87,383,33),(87,383,60),(87,383,62),(87,383,63),(87,383,65),(87,383,87),(87,383,89),(87,383,90),(87,383,92),(87,383,96),(87,383,100),(87,383,102),(87,383,103),(87,383,105),(94,383,2),(94,383,14),(94,383,17),(94,383,34),(94,383,37),(94,383,41),(94,383,52),(94,383,55),(94,383,71),(94,383,74),(94,383,76),(94,383,79),(94,383,89),(94,383,92),(94,383,95),(94,383,98),(122,383,76),(157,383,63),(164,383,20),(164,383,81),(164,383,103),(45,384,21),(45,384,24),(45,384,46),(45,384,54),(66,384,22),(66,384,25),(66,384,44),(66,384,53),(129,384,62),(129,384,70),(136,384,69),(136,384,77),(45,385,22),(45,385,47),(66,385,23),(66,385,45),(94,385,100),(129,385,63),(136,385,70),(45,386,23),(45,386,26),(45,386,31),(45,386,48),(45,386,56),(45,386,62),(45,386,76),(66,386,24),(66,386,27),(66,386,46),(66,386,55),(94,386,39),(94,386,102),(101,386,93),(129,386,64),(129,386,72),(136,386,45),(136,386,71),(136,386,79),(164,386,108),(45,387,25),(45,387,55),(66,387,26),(66,387,54),(129,387,71),(136,387,78),(66,388,32),(45,389,37),(59,389,42),(66,389,35),(94,389,45),(101,389,38),(45,390,39),(59,390,43),(66,390,36),(94,390,46),(66,391,40),(45,392,43),(66,392,41),(129,392,57),(136,392,64),(45,393,49),(66,393,47),(66,393,73),(129,393,65),(136,393,72),(45,394,52),(66,394,50),(45,395,53),(59,395,60),(66,395,51),(94,395,82),(101,395,34),(101,395,61),(101,395,79),(129,395,59),(136,395,66),(45,396,57),(66,396,56),(66,396,77),(129,396,73),(136,396,80),(45,397,61),(66,397,59),(101,397,82),(101,397,84),(101,397,85),(101,397,86),(101,397,87),(101,397,91),(66,398,61),(66,398,63),(66,398,65),(66,398,67),(66,399,62),(66,399,64),(66,399,66),(66,399,68),(45,400,71),(66,400,72),(129,400,88),(136,400,86),(58,401,1),(59,401,0),(59,401,8),(59,401,16),(59,401,28),(59,401,52),(59,401,63),(58,402,2),(59,402,2),(59,402,30),(58,403,3),(59,403,31),(58,404,4),(59,404,4),(59,404,32),(58,405,5),(58,406,6),(59,406,22),(59,406,36),(59,406,57),(59,406,68),(128,406,8),(129,406,9),(129,406,26),(129,406,38),(129,406,49),(129,406,68),(129,406,77),(129,406,86),(129,406,96),(58,407,7),(59,407,23),(59,407,37),(59,407,58),(59,407,69),(128,407,9),(129,407,10),(129,407,27),(129,407,39),(129,407,50),(129,407,69),(129,407,78),(129,407,87),(129,407,97),(44,408,9),(45,408,36),(45,408,82),(58,408,8),(59,408,39),(59,409,1),(59,409,53),(59,410,3),(59,411,5),(59,412,7),(94,412,12),(94,412,65),(59,413,10),(45,414,3),(59,414,11),(94,414,6),(164,414,15),(59,415,12),(59,416,13),(94,416,33),(129,416,53),(136,416,60),(45,417,8),(59,417,14),(59,418,17),(59,419,18),(59,419,55),(101,419,15),(135,419,7),(59,420,33),(94,420,26),(59,421,51),(38,422,74),(52,422,109),(59,422,61),(101,422,73),(59,423,71),(50,424,3),(50,425,10),(71,425,9),(71,425,20),(71,425,30),(71,425,39),(71,425,52),(71,425,63),(71,425,73),(78,425,11),(78,425,23),(78,425,35),(78,425,47),(85,425,10),(85,425,24),(85,425,35),(106,425,12),(106,425,25),(106,425,37),(113,425,10),(113,425,22),(141,425,8),(141,425,17),(141,425,29),(141,425,38),(141,425,51),(141,425,65),(155,425,11),(155,425,21),(155,425,31),(51,426,0),(52,426,2),(52,426,22),(52,426,28),(52,426,91),(51,427,2),(51,428,3),(51,429,4),(52,429,23),(52,430,0),(52,430,5),(52,431,1),(52,432,3),(52,432,70),(52,432,106),(80,432,62),(52,433,4),(52,433,99),(52,434,7),(52,434,21),(52,434,38),(52,434,62),(52,434,86),(52,434,96),(52,434,102),(52,434,112),(52,435,9),(122,435,97),(122,435,116),(52,436,10),(101,436,90),(52,437,11),(52,437,58),(52,438,13),(162,438,7),(162,438,22),(52,439,14),(52,439,52),(52,439,69),(108,439,12),(143,439,111),(52,440,15),(52,441,18),(73,441,21),(52,442,19),(52,443,25),(52,444,26),(122,444,81),(52,445,27),(52,446,29),(52,447,30),(122,447,59),(52,448,33),(52,448,56),(52,449,36),(52,450,40),(52,451,41),(52,451,121),(78,451,3),(78,451,15),(78,451,27),(78,451,39),(80,451,15),(80,451,46),(80,451,59),(52,452,42),(107,452,1),(52,453,44),(52,454,45),(115,454,43),(52,455,46),(52,456,48),(52,457,49),(52,458,50),(52,459,53),(143,459,19),(52,460,54),(73,460,65),(52,461,55),(52,462,57),(52,463,59),(52,464,64),(52,465,68),(52,466,71),(52,467,72),(52,468,75),(108,468,57),(157,468,85),(52,469,79),(52,470,80),(52,471,81),(52,471,94),(73,471,53),(108,471,68),(52,472,82),(52,473,83),(52,474,87),(52,475,88),(52,476,89),(52,477,90),(52,477,98),(108,477,58),(164,477,60),(52,478,92),(52,479,97),(52,479,103),(52,480,104),(52,481,108),(52,482,113),(52,483,114),(52,484,115),(80,484,13),(52,485,116),(52,486,117),(52,487,118),(52,488,119),(52,489,120),(94,489,51),(37,490,1),(38,490,12),(38,490,20),(38,490,37),(38,490,70),(38,490,79),(37,491,2),(38,491,13),(38,491,21),(38,491,38),(38,491,71),(38,491,80),(37,492,3),(38,492,26),(38,492,50),(37,493,4),(38,493,51),(85,493,45),(85,493,56),(85,493,70),(155,493,18),(155,493,28),(37,494,5),(38,495,1),(38,495,24),(38,495,65),(38,496,2),(38,497,4),(157,497,104),(38,498,5),(38,499,8),(38,499,10),(38,500,17),(164,500,54),(38,501,18),(38,502,23),(38,503,27),(38,504,30),(38,505,31),(79,505,5),(80,505,5),(80,505,14),(80,505,47),(80,505,60),(80,505,63),(80,505,67),(80,505,82),(80,505,89),(157,505,46),(157,505,58),(157,505,60),(157,505,66),(38,506,33),(115,506,40),(122,506,112),(129,506,3),(38,507,34),(38,508,47),(38,509,53),(38,510,55),(38,511,56),(38,512,58),(38,513,60),(80,513,39),(157,513,40),(38,514,64),(38,515,66),(38,516,73),(44,517,0),(94,517,70),(136,517,19),(136,517,87),(44,518,1),(44,519,2),(45,519,0),(45,519,28),(45,519,73),(44,520,3),(45,520,1),(44,521,4),(45,521,2),(44,522,5),(44,523,8),(45,523,17),(45,523,34),(45,523,80),(45,524,4),(129,524,44),(129,524,104),(136,524,35),(136,524,104),(45,525,5),(85,525,46),(85,525,57),(85,525,71),(113,525,20),(129,525,105),(136,525,105),(141,525,5),(141,525,14),(141,525,35),(155,525,19),(155,525,29),(164,525,18),(164,525,120),(45,526,6),(45,527,7),(45,528,12),(129,528,20),(45,529,29),(45,529,74),(45,530,40),(45,531,63),(45,531,66),(101,531,63),(45,532,72),(71,533,0),(71,534,1),(71,535,10),(71,536,11),(71,537,12),(71,538,21),(71,539,22),(71,540,31),(71,541,32),(71,542,33),(71,543,40),(71,544,41),(71,545,42),(71,546,53),(141,546,19),(71,547,54),(71,548,55),(71,549,64),(71,550,65),(78,551,0),(78,552,1),(71,553,19),(71,553,29),(71,553,38),(71,553,51),(71,553,62),(71,553,72),(78,553,7),(78,553,19),(78,553,31),(78,553,43),(78,554,8),(78,554,20),(78,554,32),(78,554,44),(141,554,24),(141,554,46),(141,554,59),(78,555,12),(78,556,13),(78,557,24),(78,558,25),(78,559,36),(78,560,37),(72,561,0),(72,562,1),(73,562,22),(73,562,47),(73,562,71),(73,562,96),(87,562,27),(87,562,106),(142,562,3),(72,563,2),(73,563,0),(73,563,24),(73,563,33),(73,563,77),(73,563,97),(72,564,3),(73,564,2),(73,564,34),(73,564,78),(73,564,85),(73,564,98),(72,565,4),(72,566,5),(72,567,6),(73,568,1),(73,569,3),(73,570,4),(73,571,5),(73,572,6),(115,572,74),(164,572,39),(73,573,7),(73,574,8),(73,575,9),(73,576,10),(73,577,11),(73,578,12),(73,579,13),(73,580,14),(73,581,15),(73,581,86),(73,582,16),(101,582,65),(73,583,17),(73,584,18),(73,585,19),(73,586,23),(73,586,46),(73,586,58),(73,586,59),(73,587,26),(87,587,36),(73,588,27),(87,588,54),(73,589,28),(73,589,31),(73,589,37),(143,589,37),(73,590,29),(73,591,30),(73,592,32),(73,593,35),(73,594,36),(73,595,38),(73,596,39),(73,597,40),(73,597,42),(73,597,49),(73,597,51),(73,598,44),(73,598,67),(73,599,45),(73,600,52),(114,600,6),(115,600,59),(115,600,66),(143,600,80),(73,601,54),(143,601,108),(73,602,55),(73,603,56),(79,603,1),(80,603,27),(80,603,53),(80,603,71),(87,603,74),(108,603,54),(143,603,76),(143,603,88),(143,603,110),(73,604,57),(115,604,36),(115,604,64),(115,604,70),(164,604,30),(73,605,60),(108,605,21),(73,606,62),(73,607,63),(73,608,64),(80,608,36),(73,609,66),(73,610,68),(73,611,69),(73,612,70),(73,612,73),(73,613,72),(73,614,75),(87,614,44),(108,614,9),(122,614,73),(73,615,76),(73,616,79),(73,617,80),(73,618,81),(108,618,55),(143,618,87),(143,618,109),(73,619,83),(73,620,84),(87,620,112),(73,621,87),(73,622,88),(73,623,89),(73,624,90),(73,625,91),(73,626,92),(73,627,93),(73,628,95),(87,628,107),(73,629,100),(115,629,79),(73,630,102),(73,631,103),(101,631,10),(73,632,104),(79,633,6),(80,633,2),(80,633,10),(80,633,19),(80,633,42),(80,633,44),(80,633,57),(80,633,65),(80,633,78),(80,633,90),(79,634,7),(80,635,1),(80,636,3),(1,637,2),(1,637,12),(8,637,3),(8,637,12),(15,637,14),(22,637,2),(22,637,11),(29,637,2),(29,637,11),(36,637,2),(36,637,12),(36,637,21),(43,637,2),(43,637,12),(43,637,21),(57,637,2),(57,637,11),(57,637,20),(64,637,2),(64,637,12),(64,637,21),(71,637,6),(71,637,17),(71,637,27),(71,637,49),(71,637,60),(71,637,70),(80,637,4),(92,637,2),(92,637,11),(92,637,20),(99,637,3),(99,637,13),(99,637,22),(127,637,3),(127,637,13),(127,637,22),(134,637,3),(134,637,12),(134,637,22),(162,637,8),(162,637,23),(162,637,37),(80,638,8),(80,639,11),(80,639,20),(80,639,79),(80,639,92),(80,640,12),(80,640,21),(80,640,80),(80,640,93),(100,640,3),(101,640,30),(80,641,18),(80,642,22),(80,643,24),(80,644,26),(80,645,29),(80,646,30),(87,646,69),(87,646,109),(108,646,69),(157,646,43),(80,647,31),(80,647,77),(87,647,59),(141,647,28),(141,647,50),(141,647,64),(80,648,33),(80,649,34),(80,650,35),(80,651,38),(80,652,40),(80,653,41),(157,653,42),(80,654,43),(80,654,50),(80,654,64),(80,654,73),(80,655,48),(80,655,68),(80,656,52),(80,656,70),(80,657,55),(80,657,74),(80,658,61),(108,658,85),(143,658,63),(80,659,85),(80,660,86),(80,661,87),(80,662,88),(80,663,91),(85,664,0),(85,665,1),(85,666,2),(85,666,9),(85,666,16),(85,666,23),(85,666,27),(85,666,34),(85,667,3),(85,667,17),(85,667,28),(71,668,5),(71,668,16),(71,668,26),(71,668,47),(71,668,59),(71,668,69),(78,668,4),(78,668,16),(78,668,28),(78,668,40),(85,668,4),(85,668,18),(85,668,29),(85,668,43),(85,668,55),(85,668,68),(120,668,5),(120,668,14),(120,668,22),(120,668,34),(120,668,43),(120,668,53),(120,668,62),(121,668,7),(122,668,38),(141,668,3),(141,668,12),(141,668,20),(141,668,33),(141,668,42),(141,668,55),(155,668,17),(155,668,27),(162,668,12),(162,668,27),(162,668,39),(85,669,8),(85,669,22),(85,669,33),(85,670,11),(85,671,12),(85,671,14),(85,672,13),(85,672,15),(85,673,25),(85,674,26),(85,675,36),(85,676,37),(85,677,50),(85,678,51),(85,679,61),(85,680,62),(86,681,0),(87,681,11),(87,681,29),(87,681,61),(87,681,88),(87,681,101),(86,682,1),(87,682,12),(87,682,32),(87,682,64),(87,682,91),(87,682,104),(86,683,2),(87,683,13),(87,683,94),(86,684,3),(86,685,4),(87,685,0),(86,686,5),(87,686,1),(86,687,6),(87,687,2),(86,688,7),(87,688,3),(87,689,4),(87,689,35),(87,689,40),(87,689,48),(87,689,99),(87,690,5),(157,690,57),(87,691,6),(115,691,16),(87,692,7),(108,692,32),(115,692,15),(87,693,8),(87,694,9),(87,695,10),(87,696,14),(87,697,15),(87,698,16),(87,699,17),(87,700,18),(87,701,19),(87,702,20),(87,702,23),(122,702,104),(87,703,21),(87,704,24),(87,705,25),(87,706,26),(87,707,34),(87,707,39),(87,708,37),(87,708,66),(87,709,38),(87,710,42),(87,710,83),(87,711,43),(87,711,84),(87,712,45),(122,712,60),(1,713,3),(1,713,13),(8,713,4),(8,713,13),(15,713,15),(22,713,3),(22,713,12),(29,713,3),(29,713,12),(36,713,3),(36,713,13),(36,713,22),(43,713,3),(43,713,13),(43,713,22),(57,713,3),(57,713,12),(57,713,21),(64,713,3),(64,713,13),(64,713,22),(87,713,46),(92,713,3),(92,713,12),(92,713,21),(99,713,4),(99,713,14),(99,713,23),(127,713,4),(127,713,14),(127,713,23),(134,713,4),(134,713,13),(134,713,23),(87,714,51),(87,715,53),(87,716,56),(108,716,46),(122,716,103),(87,717,58),(87,718,67),(87,718,85),(115,718,27),(87,719,71),(143,719,14),(87,720,72),(108,720,37),(108,720,52),(87,721,73),(108,721,36),(108,721,51),(164,721,115),(87,722,76),(87,723,77),(87,724,78),(87,725,79),(87,726,81),(87,727,86),(87,727,111),(87,728,93),(87,729,98),(143,729,4),(143,729,62),(87,730,108),(87,731,110),(92,732,0),(92,733,1),(92,734,18),(92,734,19),(134,734,10),(134,734,11),(99,735,0),(99,736,1),(99,737,2),(71,738,3),(71,738,14),(71,738,24),(71,738,44),(71,738,57),(141,738,7),(141,738,16),(162,738,5),(162,738,20),(162,738,35),(71,739,4),(71,740,7),(71,740,18),(71,740,28),(71,740,50),(71,740,61),(71,740,71),(141,740,4),(141,740,13),(141,740,34),(162,740,6),(162,740,21),(71,741,8),(71,742,15),(71,742,25),(71,742,58),(71,742,68),(71,743,35),(71,743,67),(141,743,27),(141,743,37),(71,744,36),(71,745,45),(71,746,46),(71,747,48),(78,748,6),(78,748,18),(78,748,30),(78,748,42),(85,749,39),(85,749,64),(162,749,4),(162,749,19),(162,749,34),(85,750,40),(85,750,65),(85,751,41),(85,751,47),(85,751,66),(85,751,72),(85,752,42),(85,752,67),(85,753,44),(85,753,69),(85,754,48),(85,754,73),(85,755,49),(85,755,60),(85,755,74),(85,756,53),(85,757,54),(85,757,58),(85,758,59),(1,759,4),(1,759,14),(8,759,5),(8,759,14),(15,759,16),(22,759,4),(22,759,13),(29,759,4),(29,759,13),(36,759,4),(36,759,14),(36,759,23),(43,759,4),(43,759,14),(43,759,23),(57,759,4),(57,759,13),(57,759,22),(64,759,4),(64,759,14),(64,759,23),(92,759,4),(92,759,13),(92,759,22),(99,759,5),(99,759,15),(99,759,24),(127,759,5),(127,759,15),(127,759,24),(134,759,5),(134,759,14),(134,759,24),(162,759,13),(162,759,28),(100,760,1),(101,760,0),(101,760,17),(101,760,24),(101,760,58),(101,760,75),(100,761,2),(101,761,1),(101,761,18),(101,761,25),(101,761,59),(101,761,76),(100,762,5),(101,762,19),(101,762,32),(101,762,45),(101,762,48),(100,763,6),(100,764,7),(100,765,8),(163,765,11),(100,766,9),(101,766,33),(129,766,35),(129,766,92),(129,766,102),(101,767,2),(101,768,3),(101,769,4),(101,770,6),(101,771,7),(101,772,8),(143,772,71),(143,772,98),(164,772,53),(101,773,12),(101,774,13),(101,774,46),(101,775,14),(101,776,26),(101,776,77),(101,777,27),(101,778,28),(101,779,29),(101,780,35),(164,780,55),(101,781,39),(94,782,50),(101,782,43),(101,783,44),(135,783,5),(136,783,23),(136,783,51),(136,783,93),(163,783,7),(164,783,10),(164,783,106),(101,784,49),(101,785,50),(101,786,52),(101,787,53),(101,788,60),(101,789,62),(101,790,64),(101,791,66),(101,792,67),(101,793,68),(101,794,69),(101,795,71),(101,796,72),(101,797,83),(93,798,0),(94,798,0),(94,798,4),(94,798,15),(94,798,35),(94,798,53),(94,798,72),(94,798,90),(93,799,1),(94,799,1),(94,799,16),(94,799,36),(94,799,54),(94,799,73),(94,799,91),(93,800,2),(94,800,38),(94,800,75),(94,800,88),(93,801,3),(128,801,5),(94,802,3),(94,803,5),(94,804,7),(94,805,8),(108,805,75),(94,806,9),(94,807,11),(94,807,64),(94,808,23),(94,809,24),(94,810,25),(108,810,25),(94,811,27),(129,811,106),(136,811,106),(94,812,56),(94,813,57),(94,814,58),(94,815,60),(94,816,61),(94,817,62),(94,818,63),(94,819,69),(94,819,101),(94,820,81),(94,821,83),(94,822,84),(94,823,85),(94,824,86),(94,825,87),(94,826,93),(106,827,13),(106,828,14),(155,828,23),(106,829,15),(106,830,26),(106,831,27),(107,832,0),(107,833,2),(107,834,5),(108,834,0),(108,834,30),(108,834,44),(108,834,88),(107,835,6),(108,835,1),(108,835,39),(108,835,45),(108,835,81),(108,835,89),(108,836,2),(115,836,11),(115,836,84),(108,837,5),(108,837,43),(108,838,8),(108,839,10),(108,840,13),(157,840,76),(108,841,14),(108,842,15),(108,843,16),(108,844,17),(108,845,19),(108,846,20),(108,846,33),(108,846,59),(108,846,86),(108,847,23),(115,847,17),(143,847,2),(157,847,11),(108,848,24),(122,848,24),(157,848,12),(108,849,26),(108,849,41),(108,849,82),(108,850,27),(108,851,28),(164,851,112),(108,852,29),(108,853,34),(164,853,21),(108,854,38),(108,855,40),(108,855,80),(108,856,42),(108,857,48),(157,857,90),(108,858,49),(122,858,86),(108,859,53),(108,860,61),(108,861,62),(108,862,64),(108,863,65),(108,863,66),(108,864,67),(164,864,97),(108,865,71),(108,865,73),(108,866,72),(129,866,0),(156,866,4),(157,866,106),(108,867,74),(108,868,77),(108,869,78),(108,870,79),(108,871,83),(108,872,87),(108,872,91),(113,873,0),(113,874,1),(113,875,2),(113,875,13),(113,876,3),(113,876,14),(113,877,4),(113,877,15),(113,878,8),(113,879,11),(113,880,12),(113,881,19),(114,882,0),(115,882,1),(115,882,19),(115,882,52),(115,882,61),(115,882,67),(115,882,83),(115,882,91),(114,883,1),(115,883,2),(115,883,20),(115,883,53),(115,883,62),(115,883,78),(115,883,92),(114,884,2),(115,884,13),(115,884,32),(115,884,85),(115,884,94),(114,885,4),(115,885,8),(115,885,24),(115,885,37),(115,885,88),(114,886,5),(115,886,9),(115,886,25),(115,886,89),(115,887,0),(115,887,82),(115,888,3),(115,889,5),(115,890,7),(115,890,22),(115,890,81),(115,891,10),(115,891,41),(115,891,73),(115,891,76),(115,892,18),(143,892,3),(115,893,26),(157,893,15),(115,894,29),(115,894,50),(115,895,30),(115,896,35),(115,897,38),(115,898,42),(115,899,45),(115,900,46),(115,901,47),(115,902,48),(115,903,51),(115,904,55),(115,905,56),(115,906,58),(115,906,65),(143,906,61),(143,906,79),(115,907,60),(115,908,63),(115,908,69),(115,908,71),(122,908,85),(115,909,68),(115,910,77),(115,911,90),(120,912,0),(120,913,1),(120,914,2),(120,915,3),(120,915,8),(120,915,12),(120,915,17),(120,915,28),(120,915,32),(120,915,37),(120,915,41),(120,915,46),(120,915,51),(120,915,56),(120,915,60),(120,915,65),(121,915,5),(121,915,11),(122,915,36),(122,915,42),(120,916,4),(120,916,13),(120,916,33),(120,916,42),(120,916,52),(120,916,61),(121,916,6),(122,916,37),(120,917,6),(120,917,15),(120,917,24),(120,917,35),(120,917,44),(120,917,54),(120,917,63),(121,917,8),(122,917,39),(120,918,9),(120,918,18),(120,918,23),(120,918,38),(120,918,47),(120,918,57),(120,918,66),(121,918,12),(122,918,43),(162,918,14),(162,918,29),(162,918,41),(120,919,10),(120,920,11),(120,921,39),(120,922,40),(120,923,29),(120,924,30),(120,925,31),(120,926,19),(120,927,20),(120,928,21),(120,929,26),(120,930,27),(120,931,48),(162,931,17),(120,932,49),(120,933,50),(120,934,58),(120,935,59),(121,936,0),(122,936,0),(122,936,16),(122,936,27),(121,937,1),(122,937,12),(121,938,2),(122,938,33),(121,939,3),(121,940,4),(122,940,58),(122,940,83),(121,941,10),(122,941,41),(122,942,2),(122,943,3),(122,944,4),(122,945,5),(122,946,6),(122,947,8),(122,948,10),(122,949,11),(122,950,13),(122,951,14),(122,952,18),(122,952,26),(122,952,118),(122,953,19),(122,953,29),(122,953,122),(122,954,20),(122,954,30),(122,954,50),(122,954,78),(122,954,124),(122,955,21),(155,955,7),(122,956,23),(122,957,25),(122,958,32),(122,959,34),(122,959,69),(122,960,35),(122,960,70),(122,961,44),(157,961,35),(122,962,45),(122,963,47),(122,964,48),(122,965,49),(122,966,52),(122,967,53),(164,967,38),(122,968,54),(122,969,55),(122,970,57),(122,971,61),(122,972,64),(122,972,80),(122,972,100),(122,972,114),(122,972,119),(122,973,66),(122,973,75),(122,973,101),(122,974,68),(122,975,71),(122,976,74),(122,977,77),(122,978,82),(122,979,84),(122,980,87),(122,981,88),(122,982,90),(143,982,43),(143,982,47),(122,983,91),(164,983,86),(122,984,92),(122,984,96),(122,985,93),(122,986,94),(164,986,85),(122,987,95),(122,988,98),(122,988,117),(164,988,82),(122,989,105),(122,990,106),(122,991,107),(122,992,108),(122,993,109),(122,994,111),(122,995,113),(122,996,115),(122,997,121),(122,998,123),(122,999,126),(122,1000,127),(127,1001,0),(127,1002,1),(127,1003,2),(134,1004,0),(134,1005,1),(134,1006,2),(141,1007,22),(141,1007,57),(162,1007,9),(162,1007,24),(162,1007,38),(141,1008,0),(141,1009,1),(141,1010,6),(141,1010,15),(141,1010,36),(141,1011,9),(141,1012,10),(141,1013,18),(141,1014,30),(141,1015,31),(141,1016,39),(141,1017,40),(141,1018,41),(141,1019,43),(141,1020,44),(141,1021,45),(141,1022,49),(148,1023,0),(148,1024,1),(148,1025,2),(148,1026,3),(148,1026,14),(148,1027,4),(148,1027,15),(148,1028,5),(148,1028,16),(148,1029,6),(148,1029,17),(148,1030,7),(148,1030,18),(148,1031,8),(148,1031,19),(148,1032,9),(148,1032,20),(148,1033,10),(148,1033,21),(148,1034,11),(148,1035,12),(148,1036,13),(142,1037,0),(142,1038,1),(143,1038,27),(142,1039,2),(142,1039,7),(142,1040,4),(143,1040,10),(143,1040,40),(143,1040,84),(143,1040,93),(143,1040,104),(142,1041,5),(143,1041,11),(143,1041,85),(143,1041,105),(142,1042,6),(143,1042,6),(143,1042,8),(143,1042,32),(143,1042,38),(143,1042,64),(143,1042,67),(143,1042,82),(143,1042,91),(143,1042,94),(143,1043,0),(143,1043,12),(143,1043,89),(143,1044,5),(143,1044,34),(143,1044,65),(143,1044,69),(143,1044,96),(143,1045,7),(143,1045,9),(143,1045,33),(143,1045,39),(143,1045,68),(143,1045,83),(143,1045,92),(143,1045,95),(143,1046,16),(143,1047,17),(143,1048,18),(143,1048,36),(143,1049,21),(143,1050,23),(143,1051,25),(143,1052,26),(143,1053,28),(143,1054,29),(143,1055,30),(143,1056,31),(143,1057,35),(143,1058,44),(143,1058,49),(143,1058,52),(143,1058,55),(143,1058,58),(143,1059,45),(143,1060,60),(143,1060,70),(143,1060,78),(143,1061,72),(143,1061,99),(143,1062,74),(143,1062,102),(164,1062,22),(143,1063,81),(143,1064,86),(143,1065,101),(143,1066,107),(143,1067,112),(143,1068,113),(143,1069,114),(128,1070,0),(129,1070,11),(129,1070,33),(129,1070,90),(129,1070,98),(128,1071,2),(129,1071,12),(129,1071,99),(128,1072,3),(129,1072,13),(129,1072,100),(128,1073,4),(135,1073,6),(128,1074,10),(135,1074,12),(128,1075,11),(129,1075,54),(129,1075,83),(135,1075,13),(136,1075,61),(129,1076,4),(129,1077,5),(129,1078,6),(136,1078,11),(157,1078,41),(129,1079,15),(129,1080,16),(129,1081,21),(129,1082,32),(129,1083,42),(136,1083,33),(129,1084,43),(136,1084,34),(129,1085,45),(136,1085,36),(129,1086,46),(136,1086,37),(129,1087,80),(129,1088,81),(129,1089,82),(129,1090,103),(136,1090,103),(129,1091,108),(136,1091,108),(129,1092,112),(136,1092,112),(135,1093,2),(136,1093,6),(136,1093,20),(136,1093,48),(136,1093,90),(136,1093,99),(135,1094,3),(136,1094,7),(136,1094,21),(136,1094,49),(136,1094,91),(136,1094,100),(135,1095,4),(136,1095,8),(136,1095,22),(136,1095,50),(136,1095,92),(136,1095,101),(135,1096,9),(136,1096,1),(136,1096,28),(136,1096,39),(136,1096,56),(136,1096,74),(136,1096,83),(136,1096,96),(135,1097,10),(136,1097,2),(136,1097,29),(136,1097,40),(136,1097,57),(136,1097,75),(136,1097,84),(136,1097,97),(135,1098,11),(136,1098,3),(136,1098,30),(136,1098,41),(136,1098,58),(136,1098,76),(136,1098,85),(136,1098,98),(136,1099,4),(136,1100,9),(136,1101,10),(136,1102,12),(136,1103,14),(136,1103,59),(136,1104,15),(136,1105,43),(136,1106,44),(136,1106,53),(136,1107,52),(155,1108,0),(155,1109,1),(155,1110,3),(155,1111,4),(155,1112,5),(155,1112,10),(155,1113,6),(155,1114,12),(155,1115,13),(155,1116,15),(155,1116,25),(155,1117,16),(155,1117,26),(155,1118,20),(155,1118,30),(155,1119,22),(156,1120,0),(157,1120,13),(156,1121,1),(157,1121,6),(157,1121,17),(157,1121,26),(157,1121,95),(156,1122,2),(157,1122,27),(157,1122,96),(156,1123,3),(157,1123,93),(157,1123,99),(157,1124,0),(157,1124,18),(157,1124,105),(157,1125,1),(157,1125,19),(157,1126,2),(157,1127,3),(157,1128,4),(157,1129,5),(157,1130,8),(157,1131,9),(157,1132,14),(157,1132,50),(157,1133,16),(157,1134,20),(157,1135,21),(157,1136,22),(157,1137,23),(157,1138,24),(157,1138,47),(157,1138,54),(157,1138,100),(157,1139,25),(157,1140,28),(157,1141,29),(157,1142,31),(157,1142,68),(157,1142,79),(157,1143,32),(157,1144,33),(157,1145,36),(157,1146,39),(157,1147,44),(157,1148,45),(157,1148,89),(157,1149,48),(157,1150,49),(157,1151,52),(157,1151,81),(157,1152,53),(157,1153,56),(157,1154,64),(157,1155,71),(157,1156,72),(157,1157,73),(157,1158,75),(157,1158,82),(157,1159,78),(157,1160,83),(157,1161,87),(157,1162,88),(157,1163,91),(157,1163,112),(157,1164,94),(157,1165,97),(157,1166,98),(157,1167,101),(157,1168,103),(157,1169,107),(157,1170,109),(157,1171,110),(157,1172,111),(157,1173,113),(157,1174,114),(157,1175,115),(162,1176,0),(162,1177,1),(162,1178,2),(162,1179,10),(162,1179,25),(162,1180,11),(162,1180,26),(162,1181,15),(162,1182,16),(162,1183,30),(162,1184,31),(162,1185,32),(162,1186,36),(162,1187,40),(163,1188,1),(164,1188,89),(163,1189,2),(163,1190,3),(164,1190,12),(163,1191,4),(163,1192,5),(163,1193,6),(164,1193,109),(163,1194,8),(164,1194,9),(164,1194,43),(164,1194,105),(163,1195,9),(163,1196,10),(163,1197,12),(164,1197,7),(164,1198,0),(164,1199,3),(164,1200,4),(164,1201,6),(164,1202,11),(164,1203,14),(164,1204,16),(164,1205,19),(164,1206,23),(164,1207,24),(164,1208,25),(164,1208,71),(164,1209,27),(164,1209,41),(164,1210,28),(164,1210,42),(164,1211,29),(164,1212,32),(164,1213,34),(164,1213,48),(164,1214,35),(164,1215,40),(164,1215,50),(164,1216,44),(164,1217,47),(164,1218,49),(164,1219,52),(164,1220,56),(164,1221,57),(164,1222,58),(164,1223,59),(164,1224,61),(164,1225,62),(164,1226,63),(164,1227,64),(164,1228,67),(164,1229,68),(164,1230,70),(164,1231,72),(164,1232,73),(164,1233,75),(164,1234,76),(164,1235,77),(164,1236,78),(164,1237,79),(164,1238,83),(164,1239,87),(164,1240,90),(164,1241,91),(164,1242,92),(164,1243,93),(164,1244,94),(164,1245,95),(164,1246,96),(164,1247,98),(164,1248,100),(164,1249,101),(164,1250,104),(164,1251,107),(164,1252,110),(164,1253,111),(164,1254,113),(164,1255,114),(164,1256,116),(164,1257,117),(164,1258,118),(164,1259,119),(169,1260,0),(169,1261,1),(169,1262,3),(169,1262,11),(169,1262,18),(169,1263,4),(169,1263,12),(169,1263,19),(169,1264,9),(169,1265,10),(169,1266,16),(169,1267,17);

--
-- Table structure for table `submission_search_objects`
--

CREATE TABLE `submission_search_objects` (
  `object_id` bigint(20) NOT NULL AUTO_INCREMENT,
  `submission_id` bigint(20) NOT NULL,
  `type` int(11) NOT NULL,
  `assoc_id` bigint(20) DEFAULT NULL,
  PRIMARY KEY (`object_id`),
  KEY `submission_search_object_submission` (`submission_id`)
) ENGINE=InnoDB AUTO_INCREMENT=176 DEFAULT CHARSET=utf8;

--
-- Dumping data for table `submission_search_objects`
--

INSERT INTO `submission_search_objects` VALUES (1,2,1,0),(2,2,2,0),(3,2,4,0),(4,2,8,0),(5,2,16,0),(6,2,32,0),(7,2,64,0),(8,1,1,0),(9,1,2,0),(10,1,4,0),(11,1,8,0),(12,1,16,0),(13,1,32,0),(14,1,64,0),(15,5,1,0),(16,5,2,0),(17,5,4,0),(18,5,8,0),(19,5,16,0),(20,5,32,0),(21,5,64,0),(22,4,1,0),(23,4,2,0),(24,4,4,0),(25,4,8,0),(26,4,16,0),(27,4,32,0),(28,4,64,0),(29,3,1,0),(30,3,2,0),(31,3,4,0),(32,3,8,0),(33,3,16,0),(34,3,32,0),(35,3,64,0),(36,10,1,0),(37,10,2,0),(38,10,4,0),(39,10,8,0),(40,10,16,0),(41,10,32,0),(42,10,64,0),(43,7,1,0),(44,7,2,0),(45,7,4,0),(46,7,8,0),(47,7,16,0),(48,7,32,0),(49,7,64,0),(50,9,1,0),(51,9,2,0),(52,9,4,0),(53,9,8,0),(54,9,16,0),(55,9,32,0),(56,9,64,0),(57,8,1,0),(58,8,2,0),(59,8,4,0),(60,8,8,0),(61,8,16,0),(62,8,32,0),(63,8,64,0),(64,6,1,0),(65,6,2,0),(66,6,4,0),(67,6,8,0),(68,6,16,0),(69,6,32,0),(70,6,64,0),(71,13,1,0),(72,13,2,0),(73,13,4,0),(74,13,8,0),(75,13,16,0),(76,13,32,0),(77,13,64,0),(78,15,1,0),(79,15,2,0),(80,15,4,0),(81,15,8,0),(82,15,16,0),(83,15,32,0),(84,15,64,0),(85,14,1,0),(86,14,2,0),(87,14,4,0),(88,14,8,0),(89,14,16,0),(90,14,32,0),(91,14,64,0),(92,17,1,0),(93,17,2,0),(94,17,4,0),(95,17,8,0),(96,17,16,0),(97,17,32,0),(98,17,64,0),(99,16,1,0),(100,16,2,0),(101,16,4,0),(102,16,8,0),(103,16,16,0),(104,16,32,0),(105,16,64,0),(106,11,1,0),(107,11,2,0),(108,11,4,0),(109,11,8,0),(110,11,16,0),(111,11,32,0),(112,11,64,0),(113,19,1,0),(114,19,2,0),(115,19,4,0),(116,19,8,0),(117,19,16,0),(118,19,32,0),(119,19,64,0),(120,20,1,0),(121,20,2,0),(122,20,4,0),(123,20,8,0),(124,20,16,0),(125,20,32,0),(126,20,64,0),(127,22,1,0),(128,22,2,0),(129,22,4,0),(130,22,8,0),(131,22,16,0),(132,22,32,0),(133,22,64,0),(134,23,1,0),(135,23,2,0),(136,23,4,0),(137,23,8,0),(138,23,16,0),(139,23,32,0),(140,23,64,0),(141,18,1,0),(142,18,2,0),(143,18,4,0),(144,18,8,0),(145,18,16,0),(146,18,32,0),(147,18,64,0),(148,24,1,0),(149,24,2,0),(150,24,4,0),(151,24,8,0),(152,24,16,0),(153,24,32,0),(154,24,64,0),(155,28,1,0),(156,28,2,0),(157,28,4,0),(158,28,8,0),(159,28,16,0),(160,28,32,0),(161,28,64,0),(162,29,1,0),(163,29,2,0),(164,29,4,0),(165,29,8,0),(166,29,16,0),(167,29,32,0),(168,29,64,0),(169,33,1,0),(170,33,2,0),(171,33,4,0),(172,33,8,0),(173,33,16,0),(174,33,32,0),(175,33,64,0);

--
-- Table structure for table `submission_settings`
--

CREATE TABLE `submission_settings` (
  `submission_id` bigint(20) NOT NULL,
  `locale` varchar(14) NOT NULL DEFAULT '',
  `setting_name` varchar(255) NOT NULL,
  `setting_value` text DEFAULT NULL,
  UNIQUE KEY `submission_settings_pkey` (`submission_id`,`locale`,`setting_name`),
  KEY `submission_settings_submission_id` (`submission_id`)
) ENGINE=InnoDB DEFAULT CHARSET=utf8;

--
-- Dumping data for table `submission_settings`
--

INSERT INTO `submission_settings` VALUES (1,'','projectID',''),(2,'','projectID',''),(3,'','projectID',''),(4,'','projectID',''),(5,'','projectID',''),(6,'','projectID',''),(7,'','projectID',''),(8,'','projectID',''),(9,'','projectID',''),(10,'','projectID',''),(11,'','projectID',''),(13,'','projectID',''),(14,'','projectID',''),(15,'','projectID',''),(16,'','projectID',''),(17,'','projectID',''),(18,'','projectID',''),(19,'','projectID',''),(20,'','projectID',''),(21,'','projectID',''),(22,'','projectID',''),(23,'','projectID',''),(24,'','projectID',''),(25,'','projectID',''),(26,'','projectID',''),(28,'','projectID',''),(29,'','projectID',''),(30,'','projectID',''),(32,'','projectID',''),(33,'','projectID',''),(36,'','projectID',''),(38,'','projectID',''),(40,'','projectID','');

--
-- Table structure for table `submission_supplementary_files`
--

CREATE TABLE `submission_supplementary_files` (
  `file_id` bigint(20) NOT NULL,
  `revision` bigint(20) NOT NULL,
  PRIMARY KEY (`file_id`,`revision`)
) ENGINE=InnoDB DEFAULT CHARSET=utf8;

--
-- Dumping data for table `submission_supplementary_files`
--

INSERT INTO `submission_supplementary_files` VALUES (67,1),(68,1),(73,1),(74,1),(78,1),(79,1),(80,1),(81,1),(89,1),(90,1),(91,1),(92,1),(152,1),(163,1),(183,1),(186,1),(197,1),(198,1),(200,1);

--
-- Table structure for table `submission_tombstones`
--

CREATE TABLE `submission_tombstones` (
  `tombstone_id` bigint(20) NOT NULL AUTO_INCREMENT,
  `submission_id` bigint(20) NOT NULL,
  `date_deleted` datetime NOT NULL,
  `journal_id` bigint(20) NOT NULL,
  `section_id` bigint(20) NOT NULL,
  `set_spec` varchar(255) NOT NULL,
  `set_name` varchar(255) NOT NULL,
  `oai_identifier` varchar(255) NOT NULL,
  PRIMARY KEY (`tombstone_id`),
  KEY `submission_tombstones_journal_id` (`journal_id`),
  KEY `submission_tombstones_submission_id` (`submission_id`)
) ENGINE=InnoDB DEFAULT CHARSET=utf8;

--
-- Dumping data for table `submission_tombstones`
--


--
-- Table structure for table `submissions`
--

CREATE TABLE `submissions` (
  `submission_id` bigint(20) NOT NULL AUTO_INCREMENT,
  `context_id` bigint(20) NOT NULL,
  `date_submitted` datetime DEFAULT NULL,
  `last_modified` datetime DEFAULT NULL,
  `status` tinyint(4) NOT NULL DEFAULT 1,
  `submission_progress` tinyint(4) NOT NULL DEFAULT 1,
  `stage_id` bigint(20) NOT NULL DEFAULT 1,
  `current_publication_id` bigint(20) DEFAULT NULL,
  `date_last_activity` datetime DEFAULT NULL,
  `work_type` tinyint(4) DEFAULT 0,
  `locale` varchar(14) DEFAULT NULL,
  PRIMARY KEY (`submission_id`),
  KEY `submissions_context_id` (`context_id`),
  KEY `submissions_publication_id` (`submission_id`)
) ENGINE=InnoDB AUTO_INCREMENT=41 DEFAULT CHARSET=utf8;

--
-- Dumping data for table `submissions`
--

INSERT INTO `submissions` VALUES (1,1,'2019-03-28 12:38:10','2021-02-22 20:49:43',3,0,5,1,'2019-04-01 10:48:21',0,'en_US'),(2,1,'2019-03-29 07:30:42','2021-02-22 20:49:42',3,0,5,2,'2019-04-01 10:41:36',0,'en_US'),(3,1,'2019-03-31 14:36:09','2021-02-22 20:49:41',3,0,5,3,'2019-04-01 10:39:09',0,'en_US'),(4,1,'2019-03-31 14:38:18','2021-02-22 20:49:40',3,0,5,4,'2019-04-01 10:47:34',0,'en_US'),(5,1,'2019-03-31 14:41:16','2021-02-22 20:49:39',3,0,5,5,'2019-04-01 10:29:02',0,'en_US'),(6,1,'2019-08-24 10:29:04','2021-02-22 20:49:35',3,0,5,6,'2019-08-31 14:21:56',0,'en_US'),(7,1,'2019-08-25 13:53:35','2021-02-22 20:49:38',3,0,5,7,'2019-08-31 14:22:01',0,'en_US'),(8,1,'2019-08-25 14:48:51','2021-02-22 20:49:36',3,0,5,8,'2019-08-31 14:21:57',0,'en_US'),(9,1,'2019-08-29 08:26:50','2021-02-22 20:49:37',3,0,5,9,'2019-08-31 14:21:58',0,'en_US'),(10,1,'2019-08-31 08:32:41','2021-02-22 20:49:39',3,0,5,10,'2019-08-31 14:22:00',0,'en_US'),(11,1,'2019-09-20 19:43:28','2021-02-22 20:49:30',3,0,5,11,'2020-03-27 11:13:18',0,'en_US'),(13,1,'2020-01-30 19:42:44','2021-02-22 20:49:34',3,0,5,12,'2020-03-27 10:54:34',0,'en_US'),(14,1,'2020-01-31 15:54:29','2021-02-22 20:49:32',3,0,5,13,'2020-03-27 11:03:08',0,'en_US'),(15,1,'2020-02-16 16:26:09','2021-02-22 20:49:34',3,0,5,14,'2020-03-27 11:00:14',0,'en_US'),(16,1,'2020-03-07 09:30:51','2021-02-22 20:49:31',3,0,5,15,'2020-03-27 11:09:06',0,'en_US'),(17,1,'2020-03-19 09:22:32','2021-02-22 20:49:30',3,0,5,16,'2020-03-27 11:11:33',0,'en_US'),(18,1,'2020-03-26 14:34:20','2021-02-22 20:49:23',3,0,5,17,'2020-08-26 14:17:51',0,'en_US'),(19,1,'2020-03-28 17:33:29','2021-02-22 20:49:28',3,0,5,18,'2020-08-26 14:25:47',0,'en_US'),(20,1,'2020-05-21 18:18:34','2021-02-22 20:49:26',3,0,5,19,'2020-08-26 14:26:44',0,'en_US'),(21,1,'2020-07-15 02:55:02','2020-11-14 13:42:10',1,0,4,20,'2020-11-14 13:42:10',0,'en_US'),(22,1,'2020-07-26 09:50:58','2021-02-22 20:49:25',3,0,5,21,'2020-08-26 14:05:59',0,'en_US'),(23,1,'2020-07-26 09:54:37','2021-02-22 20:49:24',3,0,5,22,'2020-08-26 14:09:53',0,'en_US'),(24,1,'2020-08-13 03:52:43','2021-02-22 20:49:22',3,0,5,23,'2020-08-26 14:22:03',0,'en_US'),(25,1,'2020-09-08 12:49:55','2020-09-28 06:23:29',4,0,3,24,'2020-09-28 06:23:29',0,'en_US'),(26,1,'2020-09-09 01:37:18','2020-10-07 11:26:24',1,0,3,25,'2020-10-07 11:26:24',0,'en_US'),(28,1,'2020-10-06 12:11:22','2021-02-22 20:49:21',3,0,5,26,'2020-11-18 10:10:52',0,'en_US'),(29,1,'2020-10-07 17:25:45','2021-02-22 20:49:21',3,0,5,27,'2021-01-02 06:12:52',0,'en_US'),(30,1,'2020-10-22 03:47:06','2020-11-07 15:49:40',1,0,3,28,'2020-11-07 15:49:40',0,'en_US'),(32,1,'2020-12-06 23:42:24','2021-02-20 10:17:09',1,0,4,29,'2021-02-20 10:17:09',0,'en_US'),(33,1,'2021-01-02 05:42:17','2021-02-22 20:49:20',3,0,5,30,'2021-02-19 13:34:24',0,'en_US'),(36,1,'2021-01-20 21:27:27','2021-01-20 21:27:27',1,0,1,31,'2021-01-20 21:27:27',0,'en_US'),(37,1,NULL,'2021-01-20 23:39:44',1,2,1,32,'2021-01-20 23:39:44',0,'en_US'),(38,1,'2021-01-23 23:52:30','2021-02-20 10:16:33',1,0,4,33,'2021-02-20 10:16:33',0,'en_US'),(39,1,NULL,'2021-01-28 09:22:25',1,2,1,34,'2021-01-28 09:22:25',0,'en_US'),(40,1,'2021-02-20 08:59:20','2021-02-20 08:59:20',1,0,1,35,'2021-02-20 08:59:20',0,'en_US');

--
-- Table structure for table `subscription_type_settings`
--

CREATE TABLE `subscription_type_settings` (
  `type_id` bigint(20) NOT NULL,
  `locale` varchar(14) NOT NULL DEFAULT '',
  `setting_name` varchar(255) NOT NULL,
  `setting_value` text DEFAULT NULL,
  `setting_type` varchar(6) NOT NULL,
  UNIQUE KEY `subscription_type_settings_pkey` (`type_id`,`locale`,`setting_name`),
  KEY `subscription_type_settings_type_id` (`type_id`)
) ENGINE=InnoDB DEFAULT CHARSET=utf8;

--
-- Dumping data for table `subscription_type_settings`
--


--
-- Table structure for table `subscription_types`
--

CREATE TABLE `subscription_types` (
  `type_id` bigint(20) NOT NULL AUTO_INCREMENT,
  `journal_id` bigint(20) NOT NULL,
  `cost` double NOT NULL,
  `currency_code_alpha` varchar(3) NOT NULL,
  `non_expiring` tinyint(4) NOT NULL DEFAULT 0,
  `duration` smallint(6) DEFAULT NULL,
  `format` smallint(6) NOT NULL,
  `institutional` tinyint(4) NOT NULL DEFAULT 0,
  `membership` tinyint(4) NOT NULL DEFAULT 0,
  `disable_public_display` tinyint(4) NOT NULL,
  `seq` double NOT NULL,
  PRIMARY KEY (`type_id`)
) ENGINE=InnoDB DEFAULT CHARSET=utf8;

--
-- Dumping data for table `subscription_types`
--


--
-- Table structure for table `subscriptions`
--

CREATE TABLE `subscriptions` (
  `subscription_id` bigint(20) NOT NULL AUTO_INCREMENT,
  `journal_id` bigint(20) NOT NULL,
  `user_id` bigint(20) NOT NULL,
  `type_id` bigint(20) NOT NULL,
  `date_start` date DEFAULT NULL,
  `date_end` datetime DEFAULT NULL,
  `status` tinyint(4) NOT NULL DEFAULT 1,
  `membership` varchar(40) DEFAULT NULL,
  `reference_number` varchar(40) DEFAULT NULL,
  `notes` text DEFAULT NULL,
  PRIMARY KEY (`subscription_id`)
) ENGINE=InnoDB DEFAULT CHARSET=utf8;

--
-- Dumping data for table `subscriptions`
--


--
-- Table structure for table `temporary_files`
--

CREATE TABLE `temporary_files` (
  `file_id` bigint(20) NOT NULL AUTO_INCREMENT,
  `user_id` bigint(20) NOT NULL,
  `file_name` varchar(90) NOT NULL,
  `file_type` varchar(255) DEFAULT NULL,
  `file_size` bigint(20) NOT NULL,
  `original_file_name` varchar(127) DEFAULT NULL,
  `date_uploaded` datetime NOT NULL,
  PRIMARY KEY (`file_id`),
  KEY `temporary_files_user_id` (`user_id`)
) ENGINE=InnoDB AUTO_INCREMENT=42 DEFAULT CHARSET=utf8;

--
-- Dumping data for table `temporary_files`
--

INSERT INTO `temporary_files` VALUES (9,1,'tar.gzfNQ1N2','application/x-gzip',194418,'healthSciences-1.0.4.tar.gz','2019-03-23 09:54:21'),(10,1,'tar.gz8035cu','application/x-gzip',194418,'healthSciences.tar.gz','2019-03-23 09:54:58'),(11,1,'tar.gzy1VXAm','application/x-gzip',194418,'healthSciences.tar.gz','2019-03-23 10:36:52'),(12,1,'tar.gztIDPHB','application/x-gzip',194418,'healthSciences.tar.gz','2019-03-23 10:40:42'),(13,1,'gzHIJayO','application/x-gzip',194418,'healthSciences.gz','2019-03-23 10:41:18'),(16,1,'pngSGqOQ0','image/png',429165,'0001-1742398467.png','2019-04-14 21:27:41'),(17,1,'png6FPSQO','image/png',362852,'Tropical Health and Medical Research (1).png','2019-04-18 07:44:46'),(18,1,'pnghoOn7V','image/png',362852,'Tropical Health and Medical Research (1).png','2019-04-18 07:47:52'),(19,1,'pngyNAxmI','image/png',307482,'Tropical Health and Medical Research (2).png','2019-04-24 10:44:04'),(20,1,'png9CV5to','image/png',307482,'Tropical Health and Medical Research (2).png','2019-04-24 10:48:50'),(21,1,'pngAY9ppg','image/png',362852,'Tropical Health and Medical Research (1).png','2019-04-24 10:51:33'),(22,1,'pngSmuaMV','image/png',307482,'Tropical Health and Medical Research (2).png','2019-04-24 10:51:59'),(23,1,'pngUn6M8c','image/png',362852,'Tropical Health and Medical Research (1).png','2019-04-24 10:52:12'),(24,1,'pngzGvOXv','image/png',307482,'Tropical Health and Medical Research (2).png','2019-04-24 10:54:12'),(25,1,'zipgLnbzu','application/zip',9208,'ojs_copernicus_export_plugin-ojs3.zip','2020-05-11 10:32:10'),(26,1,'tar.gz9g1Zri','application/x-gzip',5404,'ojs_copernicus_export_plugin-ojs3.tar.gz','2020-05-12 19:22:41'),(27,1,'zipVHkfNb','application/zip',9208,'ojs_copernicus_export_plugin-ojs3.zip','2020-05-12 19:23:49'),(28,1,'tar.gzTaE4zr','application/x-gzip',13100,'copernicus.tar.gz','2020-05-12 19:25:37'),(29,1,'zipwaUim6','application/zip',8900,'ojs_copernicus_export_plugin-ojs3.zip','2020-05-12 19:33:42'),(30,1,'zipr0Llj3','application/zip',8900,'CopernicusExportPlugin.zip','2020-05-12 19:34:17'),(31,1,'zip2ajvMd','application/zip',8900,'CopernicusExportPlugin.zip','2020-05-12 19:34:38'),(32,1,'zipx6XHzE','application/zip',8648,'CopernicusExportPlugin.zip','2020-05-12 19:39:58'),(33,1,'tar.gzS9ETht','application/x-gzip',17849,'quickSubmit-ojs-3_1_1-0.tar.gz','2020-05-14 12:17:51'),(34,1,'png4matWh','image/png',307482,'cover thmr.png','2020-08-31 13:24:54'),(35,1,'pngEQzvSk','image/png',307482,'cover thmr.png','2020-08-31 13:26:45'),(36,1,'pngc4jd0C','image/png',307482,'cover thmr.png','2020-08-31 13:27:14');

--
-- Table structure for table `usage_stats_temporary_records`
--

CREATE TABLE `usage_stats_temporary_records` (
  `assoc_id` bigint(20) NOT NULL,
  `assoc_type` bigint(20) NOT NULL,
  `day` bigint(20) NOT NULL,
  `entry_time` bigint(20) NOT NULL,
  `metric` bigint(20) NOT NULL DEFAULT 1,
  `country_id` varchar(2) DEFAULT NULL,
  `region` varchar(2) DEFAULT NULL,
  `city` varchar(255) DEFAULT NULL,
  `load_id` varchar(255) NOT NULL,
  `file_type` tinyint(4) DEFAULT NULL
) ENGINE=InnoDB DEFAULT CHARSET=utf8;

--
-- Dumping data for table `usage_stats_temporary_records`
--

INSERT INTO `usage_stats_temporary_records` VALUES (1,256,20210116,1610736181,1,NULL,NULL,NULL,'usage_events_20210116.log',0),(1,256,20210116,1610739027,1,NULL,NULL,NULL,'usage_events_20210116.log',0),(1,256,20210116,1610751389,1,NULL,NULL,NULL,'usage_events_20210116.log',0),(1,256,20210116,1610759965,1,NULL,NULL,NULL,'usage_events_20210116.log',0),(28,1048585,20210116,1610762795,1,NULL,NULL,NULL,'usage_events_20210116.log',0),(120,515,20210116,1610771748,1,NULL,NULL,NULL,'usage_events_20210116.log',2),(33,515,20210116,1610774327,1,NULL,NULL,NULL,'usage_events_20210116.log',2);

--
-- Table structure for table `user_group_settings`
--

CREATE TABLE `user_group_settings` (
  `user_group_id` bigint(20) NOT NULL,
  `locale` varchar(14) NOT NULL DEFAULT '',
  `setting_name` varchar(255) NOT NULL,
  `setting_value` text DEFAULT NULL,
  `setting_type` varchar(6) NOT NULL,
  UNIQUE KEY `user_group_settings_pkey` (`user_group_id`,`locale`,`setting_name`)
) ENGINE=InnoDB DEFAULT CHARSET=utf8;

--
-- Dumping data for table `user_group_settings`
--

INSERT INTO `user_group_settings` VALUES (1,'en_US','name','Site Admin','string'),(2,'','abbrevLocaleKey','default.groups.abbrev.manager','string'),(2,'','nameLocaleKey','default.groups.name.manager','string'),(2,'','recommendOnly','0','bool'),(2,'en_US','abbrev','JM','string'),(2,'en_US','name','Journal manager','string'),(3,'','abbrevLocaleKey','default.groups.abbrev.editor','string'),(3,'','nameLocaleKey','default.groups.name.editor','string'),(3,'','recommendOnly','0','bool'),(3,'en_US','abbrev','JE','string'),(3,'en_US','name','Journal editor','string'),(4,'','abbrevLocaleKey','default.groups.abbrev.productionEditor','string'),(4,'','nameLocaleKey','default.groups.name.productionEditor','string'),(4,'en_US','abbrev','ProdE','string'),(4,'en_US','name','Production editor','string'),(5,'','abbrevLocaleKey','default.groups.abbrev.sectionEditor','string'),(5,'','nameLocaleKey','default.groups.name.sectionEditor','string'),(5,'','recommendOnly','0','bool'),(5,'en_US','abbrev','SecE','string'),(5,'en_US','name','Section editor','string'),(6,'','abbrevLocaleKey','default.groups.abbrev.guestEditor','string'),(6,'','nameLocaleKey','default.groups.name.guestEditor','string'),(6,'','recommendOnly','0','bool'),(6,'en_US','abbrev','GE','string'),(6,'en_US','name','Guest editor','string'),(7,'','abbrevLocaleKey','default.groups.abbrev.copyeditor','string'),(7,'','nameLocaleKey','default.groups.name.copyeditor','string'),(7,'en_US','abbrev','CE','string'),(7,'en_US','name','Copyeditor','string'),(8,'','abbrevLocaleKey','default.groups.abbrev.designer','string'),(8,'','nameLocaleKey','default.groups.name.designer','string'),(8,'en_US','abbrev','Design','string'),(8,'en_US','name','Designer','string'),(9,'','abbrevLocaleKey','default.groups.abbrev.funding','string'),(9,'','nameLocaleKey','default.groups.name.funding','string'),(9,'en_US','abbrev','FC','string'),(9,'en_US','name','Funding coordinator','string'),(10,'','abbrevLocaleKey','default.groups.abbrev.indexer','string'),(10,'','nameLocaleKey','default.groups.name.indexer','string'),(10,'en_US','abbrev','IND','string'),(10,'en_US','name','Indexer','string'),(11,'','abbrevLocaleKey','default.groups.abbrev.layoutEditor','string'),(11,'','nameLocaleKey','default.groups.name.layoutEditor','string'),(11,'en_US','abbrev','LE','string'),(11,'en_US','name','Layout Editor','string'),(12,'','abbrevLocaleKey','default.groups.abbrev.marketing','string'),(12,'','nameLocaleKey','default.groups.name.marketing','string'),(12,'en_US','abbrev','MS','string'),(12,'en_US','name','Marketing and sales coordinator','string'),(13,'','abbrevLocaleKey','default.groups.abbrev.proofreader','string'),(13,'','nameLocaleKey','default.groups.name.proofreader','string'),(13,'en_US','abbrev','PR','string'),(13,'en_US','name','Proofreader','string'),(14,'','abbrevLocaleKey','default.groups.abbrev.author','string'),(14,'','nameLocaleKey','default.groups.name.author','string'),(14,'','recommendOnly','0','bool'),(14,'en_US','abbrev','AU','string'),(14,'en_US','name','Author','string'),(15,'','abbrevLocaleKey','default.groups.abbrev.translator','string'),(15,'','nameLocaleKey','default.groups.name.translator','string'),(15,'en_US','abbrev','Trans','string'),(15,'en_US','name','Translator','string'),(16,'','abbrevLocaleKey','default.groups.abbrev.externalReviewer','string'),(16,'','nameLocaleKey','default.groups.name.externalReviewer','string'),(16,'en_US','abbrev','R','string'),(16,'en_US','name','Reviewer','string'),(17,'','abbrevLocaleKey','default.groups.abbrev.reader','string'),(17,'','nameLocaleKey','default.groups.name.reader','string'),(17,'en_US','abbrev','Read','string'),(17,'en_US','name','Reader','string'),(18,'','abbrevLocaleKey','default.groups.abbrev.subscriptionManager','string'),(18,'','nameLocaleKey','default.groups.name.subscriptionManager','string'),(18,'en_US','abbrev','SubM','string'),(18,'en_US','name','Subscription Manager','string');

--
-- Table structure for table `user_group_stage`
--

CREATE TABLE `user_group_stage` (
  `context_id` bigint(20) NOT NULL,
  `user_group_id` bigint(20) NOT NULL,
  `stage_id` bigint(20) NOT NULL,
  UNIQUE KEY `user_group_stage_pkey` (`context_id`,`user_group_id`,`stage_id`),
  KEY `user_group_stage_context_id` (`context_id`),
  KEY `user_group_stage_user_group_id` (`user_group_id`),
  KEY `user_group_stage_stage_id` (`stage_id`)
) ENGINE=InnoDB DEFAULT CHARSET=utf8;

--
-- Dumping data for table `user_group_stage`
--

INSERT INTO `user_group_stage` VALUES (1,2,1),(1,2,3),(1,2,4),(1,2,5),(1,3,1),(1,3,3),(1,3,4),(1,3,5),(1,4,4),(1,4,5),(1,5,4),(1,5,5),(1,6,4),(1,6,5),(1,7,1),(1,7,3),(1,7,4),(1,7,5),(1,8,5),(1,9,1),(1,9,3),(1,10,5),(1,11,5),(1,12,4),(1,13,5),(1,14,1),(1,14,3),(1,14,4),(1,14,5),(1,15,1),(1,15,3),(1,15,4),(1,15,5),(1,16,3);

--
-- Table structure for table `user_groups`
--

CREATE TABLE `user_groups` (
  `user_group_id` bigint(20) NOT NULL AUTO_INCREMENT,
  `context_id` bigint(20) NOT NULL,
  `role_id` bigint(20) NOT NULL,
  `is_default` tinyint(4) NOT NULL DEFAULT 0,
  `show_title` tinyint(4) NOT NULL DEFAULT 1,
  `permit_self_registration` tinyint(4) NOT NULL DEFAULT 0,
  `permit_metadata_edit` tinyint(4) NOT NULL DEFAULT 0,
  PRIMARY KEY (`user_group_id`),
  KEY `user_groups_user_group_id` (`user_group_id`),
  KEY `user_groups_context_id` (`context_id`),
  KEY `user_groups_role_id` (`role_id`)
) ENGINE=InnoDB AUTO_INCREMENT=19 DEFAULT CHARSET=utf8;

--
-- Dumping data for table `user_groups`
--

INSERT INTO `user_groups` VALUES (1,0,1,1,0,0,0),(2,1,16,1,0,0,1),(3,1,16,1,0,0,1),(4,1,16,1,0,0,1),(5,1,17,1,0,0,0),(6,1,17,1,0,0,0),(7,1,4097,1,0,0,0),(8,1,4097,1,0,0,0),(9,1,4097,1,0,0,0),(10,1,4097,1,0,0,0),(11,1,4097,1,0,0,0),(12,1,4097,1,0,0,0),(13,1,4097,1,0,0,0),(14,1,65536,1,0,1,0),(15,1,65536,1,0,0,0),(16,1,4096,1,0,1,0),(17,1,1048576,1,0,1,0),(18,1,2097152,1,0,0,0);

--
-- Table structure for table `user_interests`
--

CREATE TABLE `user_interests` (
  `user_id` bigint(20) NOT NULL,
  `controlled_vocab_entry_id` bigint(20) NOT NULL,
  UNIQUE KEY `u_e_pkey` (`user_id`,`controlled_vocab_entry_id`)
) ENGINE=InnoDB DEFAULT CHARSET=utf8;

--
-- Dumping data for table `user_interests`
--

INSERT INTO `user_interests` VALUES (25,54),(27,57),(28,58),(38,78),(43,89),(47,101),(57,110),(58,112),(58,113),(58,114),(58,115),(58,116),(67,128),(67,129),(70,130),(70,131);

--
-- Table structure for table `user_settings`
--

CREATE TABLE `user_settings` (
  `user_id` bigint(20) NOT NULL,
  `locale` varchar(14) NOT NULL DEFAULT '',
  `setting_name` varchar(255) NOT NULL,
  `assoc_type` bigint(20) DEFAULT 0,
  `assoc_id` bigint(20) DEFAULT 0,
  `setting_value` text DEFAULT NULL,
  `setting_type` varchar(6) NOT NULL,
  UNIQUE KEY `user_settings_pkey` (`user_id`,`locale`,`setting_name`,`assoc_type`,`assoc_id`),
  KEY `user_settings_user_id` (`user_id`),
  KEY `user_settings_locale_setting_name_index` (`setting_name`,`locale`)
) ENGINE=InnoDB DEFAULT CHARSET=utf8;

--
-- Dumping data for table `user_settings`
--

INSERT INTO `user_settings` VALUES (2,'en_US','affiliation',NULL,NULL,'analis','string'),(2,'','orcid',NULL,NULL,'','string'),(3,'en_US','affiliation',NULL,NULL,'poltekkes','string'),(3,'','orcid',NULL,NULL,'','string'),(4,'en_US','affiliation',NULL,NULL,'poltek','string'),(4,'','orcid',NULL,NULL,'','string'),(1,'en_US','biography',NULL,NULL,'','string'),(1,'en_US','signature',NULL,NULL,'','string'),(1,'en_US','affiliation',NULL,NULL,'','string'),(1,'','orcid',NULL,NULL,'','string'),(5,'en_US','biography',NULL,NULL,'','string'),(5,'en_US','signature',NULL,NULL,'','string'),(5,'en_US','affiliation',NULL,NULL,'','string'),(5,'','orcid',NULL,NULL,'','string'),(6,'en_US','biography',NULL,NULL,'','string'),(6,'en_US','signature',NULL,NULL,'','string'),(6,'en_US','affiliation',NULL,NULL,'','string'),(6,'','orcid',NULL,NULL,'','string'),(7,'en_US','affiliation',NULL,NULL,'analis','string'),(7,'','orcid',NULL,NULL,'','string'),(8,'en_US','biography',NULL,NULL,'','string'),(8,'en_US','signature',NULL,NULL,'','string'),(8,'en_US','affiliation',NULL,NULL,'','string'),(8,'','orcid',NULL,NULL,'','string'),(9,'en_US','affiliation',NULL,NULL,'poltekkes kemenkes banjarmasin','string'),(9,'','orcid',NULL,NULL,'','string'),(10,'en_US','affiliation',NULL,NULL,'poltekkes kemenkes banjarmasin','string'),(10,'','orcid',NULL,NULL,'','string'),(11,'en_US','biography',NULL,NULL,'','string'),(11,'en_US','signature',NULL,NULL,'','string'),(11,'en_US','affiliation',NULL,NULL,'','string'),(11,'','orcid',NULL,NULL,'','string'),(12,'en_US','biography',NULL,NULL,'','string'),(12,'en_US','signature',NULL,NULL,'','string'),(12,'en_US','affiliation',NULL,NULL,'','string'),(12,'','orcid',NULL,NULL,'','string'),(13,'en_US','biography',NULL,NULL,'','string'),(13,'en_US','signature',NULL,NULL,'','string'),(13,'en_US','affiliation',NULL,NULL,'','string'),(13,'','orcid',NULL,NULL,'','string'),(14,'en_US','biography',NULL,NULL,'','string'),(14,'en_US','signature',NULL,NULL,'','string'),(14,'en_US','affiliation',NULL,NULL,'','string'),(14,'','orcid',NULL,NULL,'','string'),(15,'en_US','biography',NULL,NULL,'','string'),(15,'en_US','signature',NULL,NULL,'','string'),(15,'en_US','affiliation',NULL,NULL,'','string'),(15,'','orcid',NULL,NULL,'','string'),(16,'en_US','biography',NULL,NULL,'','string'),(16,'en_US','signature',NULL,NULL,'','string'),(16,'en_US','affiliation',NULL,NULL,'','string'),(16,'','orcid',NULL,NULL,'','string'),(17,'en_US','biography',NULL,NULL,'','string'),(17,'en_US','signature',NULL,NULL,'','string'),(17,'en_US','affiliation',NULL,NULL,'','string'),(17,'','orcid',NULL,NULL,'','string'),(18,'en_US','biography',NULL,NULL,'','string'),(18,'en_US','signature',NULL,NULL,'','string'),(18,'en_US','affiliation',NULL,NULL,'','string'),(18,'','orcid',NULL,NULL,'','string'),(19,'en_US','affiliation',NULL,NULL,'poltekkes kemenkes banjarmasin','string'),(19,'','orcid',NULL,NULL,'','string'),(20,'en_US','affiliation',NULL,NULL,'Kocaeli Derince Education and Research Hospital Department of Pediatric Surgery','string'),(20,'','orcid',NULL,NULL,'','string'),(21,'en_US','affiliation',NULL,NULL,'poltekkes kemenkes banjarmasin','string'),(21,'','orcid',NULL,NULL,'','string'),(20,'en_US','biography',NULL,NULL,'','string'),(20,'en_US','signature',NULL,NULL,'','string'),(22,'en_US','affiliation',NULL,NULL,'POLITEKNIK UNGGULAN KALIMATAN','string'),(22,'','orcid',NULL,NULL,'','string'),(23,'en_US','affiliation',NULL,NULL,'Kocaeli Derince Education and Research Hospital','string'),(23,'','orcid',NULL,NULL,'','string'),(24,'en_US','affiliation',NULL,NULL,'Lampung University','string'),(24,'','orcid',NULL,NULL,'','string'),(25,'en_US','affiliation',NULL,NULL,'DR','string'),(25,'','orcid',NULL,NULL,'','string'),(26,'en_US','affiliation',NULL,NULL,'Eskisehir Osmangazi University Hospital, Department of Pediatric Neurology','string'),(26,'','orcid',NULL,NULL,'','string'),(27,'en_US','affiliation',NULL,NULL,'MD','string'),(27,'','orcid',NULL,NULL,'','string'),(28,'en_US','affiliation',NULL,NULL,'Konya Training and Research Hospital','string'),(28,'','orcid',NULL,NULL,'','string'),(25,'en_US','biography',NULL,NULL,'','string'),(25,'en_US','signature',NULL,NULL,'','string'),(29,'en_US','biography',NULL,NULL,'','string'),(29,'en_US','signature',NULL,NULL,'','string'),(29,'en_US','affiliation',NULL,NULL,'','string'),(29,'','orcid',NULL,NULL,'','string'),(30,'en_US','affiliation',NULL,NULL,'','string'),(31,'en_US','affiliation',NULL,NULL,'','string'),(32,'en_US','affiliation',NULL,NULL,'','string'),(33,'en_US','affiliation',NULL,NULL,'poltekkes kemenkes Banjarmasin','string'),(33,'','orcid',NULL,NULL,'','string'),(34,'en_US','affiliation',NULL,NULL,'poltekkes kemenkes Banjarmasin','string'),(34,'','orcid',NULL,NULL,'','string'),(35,'en_US','affiliation',NULL,NULL,'Türkan','string'),(35,'','orcid',NULL,NULL,'','string'),(36,'en_US','biography',NULL,NULL,'','string'),(36,'en_US','signature',NULL,NULL,'','string'),(36,'en_US','affiliation',NULL,NULL,'','string'),(36,'','orcid',NULL,NULL,'','string'),(37,'en_US','affiliation',NULL,NULL,'istanbul research and education hospital','string'),(37,'','orcid',NULL,NULL,'','string'),(38,'en_US','affiliation',NULL,NULL,'OKMEYDANI TRAINING AND RESEARCH HOSPITAL','string'),(38,'','orcid',NULL,NULL,'','string'),(39,'en_US','biography',NULL,NULL,'','string'),(39,'en_US','signature',NULL,NULL,'','string'),(39,'en_US','affiliation',NULL,NULL,'','string'),(39,'','orcid',NULL,NULL,'','string'),(40,'en_US','affiliation',NULL,NULL,'University of Nigeria Teaching Hospital, Ituku/Ozalla,Enugu','string'),(40,'','orcid',NULL,NULL,'','string'),(40,'en_US','biography',NULL,NULL,'','string'),(40,'en_US','signature',NULL,NULL,'','string'),(41,'en_US','biography',NULL,NULL,'','string'),(41,'en_US','signature',NULL,NULL,'','string'),(41,'en_US','affiliation',NULL,NULL,'','string'),(41,'','orcid',NULL,NULL,'','string'),(42,'en_US','affiliation',NULL,NULL,'poltekkes kemenkes banjarmasin','string'),(42,'','orcid',NULL,NULL,'','string'),(43,'en_US','affiliation',NULL,NULL,'Eos Infectologia','string'),(43,'','orcid',NULL,NULL,'','string'),(44,'en_US','affiliation',NULL,NULL,'NM','string'),(45,'en_US','biography',NULL,NULL,'','string'),(45,'en_US','signature',NULL,NULL,'','string'),(45,'en_US','affiliation',NULL,NULL,'','string'),(45,'','orcid',NULL,NULL,'','string'),(46,'en_US','affiliation',NULL,NULL,'mahasiswa','string'),(47,'en_US','affiliation',NULL,NULL,'INASGO','string'),(48,'en_US','biography',NULL,NULL,'','string'),(48,'en_US','signature',NULL,NULL,'','string'),(48,'en_US','affiliation',NULL,NULL,'','string'),(48,'','orcid',NULL,NULL,'','string'),(49,'en_US','biography',NULL,NULL,'','string'),(49,'en_US','signature',NULL,NULL,'','string'),(49,'en_US','affiliation',NULL,NULL,'','string'),(49,'','orcid',NULL,NULL,'','string'),(50,'en_US','biography',NULL,NULL,'','string'),(50,'en_US','signature',NULL,NULL,'','string'),(50,'en_US','affiliation',NULL,NULL,'','string'),(50,'','orcid',NULL,NULL,'','string'),(51,'en_US','affiliation',NULL,NULL,'Poltekkes Kemenkes Banjarmasin Indonesia','string'),(51,'','orcid',NULL,NULL,'','string'),(52,'en_US','affiliation',NULL,NULL,'drdeniz','string'),(52,'','orcid',NULL,NULL,'','string'),(53,'en_US','affiliation',NULL,NULL,'Carnegie Mellon','string'),(53,'','orcid',NULL,NULL,'','string'),(54,'en_US','affiliation',NULL,NULL,'AAO','string'),(54,'','orcid',NULL,NULL,'','string'),(55,'en_US','biography',NULL,NULL,'','string'),(55,'en_US','signature',NULL,NULL,'','string'),(55,'en_US','affiliation',NULL,NULL,'','string'),(55,'','orcid',NULL,NULL,'','string'),(56,'en_US','affiliation',NULL,NULL,'Sakarya University Training and Research Hospital','string'),(56,'','orcid',NULL,NULL,'','string'),(57,'en_US','affiliation',NULL,NULL,'Batman Maternity and Child Health Hospital','string'),(57,'','orcid',NULL,NULL,'','string'),(58,'en_US','affiliation',NULL,NULL,'Cross River University of Technology, Nigeria','string'),(58,'','orcid',NULL,NULL,'','string'),(59,'en_US','affiliation',NULL,NULL,'ministry  of health','string'),(59,'','orcid',NULL,NULL,'','string'),(60,'en_US','affiliation',NULL,NULL,'McMaster University','string'),(60,'','orcid',NULL,NULL,'','string'),(61,'en_US','affiliation',NULL,NULL,'azahfmhajz','string'),(61,'','orcid',NULL,NULL,'','string'),(62,'en_US','affiliation',NULL,NULL,'Duke University','string'),(62,'','orcid',NULL,NULL,'','string'),(63,'en_US','affiliation',NULL,NULL,'Universiti Sains Malaysia','string'),(63,'','orcid',NULL,NULL,'','string'),(64,'en_US','affiliation',NULL,NULL,'Granbury High School','string'),(64,'','orcid',NULL,NULL,'','string'),(65,'en_US','affiliation',NULL,NULL,'Poltekkes Kemenkes Banjarmasin Indonesia','string'),(65,'','orcid',NULL,NULL,'','string'),(56,'en_US','signature',NULL,NULL,'','string'),(66,'en_US','affiliation',NULL,NULL,'Istanbul Başakşehir Çam and Sakura City Hospital','string'),(66,'','orcid',NULL,NULL,'','string'),(67,'en_US','affiliation',NULL,NULL,'poltek bjm','string'),(67,'','orcid',NULL,NULL,'','string'),(68,'en_US','affiliation',NULL,NULL,'TSPR','string'),(68,'','orcid',NULL,NULL,'','string'),(69,'en_US','affiliation',NULL,NULL,'Lake Land College','string'),(69,'','orcid',NULL,NULL,'','string'),(1,'en_US','givenName',NULL,NULL,'admin','string'),(2,'en_US','givenName',NULL,NULL,'putri','string'),(4,'en_US','givenName',NULL,NULL,'tes2','string'),(5,'en_US','givenName',NULL,NULL,'Ratih Dewi','string'),(6,'en_US','givenName',NULL,NULL,'anny','string'),(7,'en_US','givenName',NULL,NULL,'yuli','string'),(8,'en_US','givenName',NULL,NULL,'Dinna','string'),(9,'en_US','givenName',NULL,NULL,'nurul','string'),(10,'en_US','givenName',NULL,NULL,'ayu','string'),(11,'en_US','givenName',NULL,NULL,'Maria','string'),(12,'en_US','givenName',NULL,NULL,'Fetus Abiose','string'),(13,'en_US','givenName',NULL,NULL,'M. Ibraar','string'),(14,'en_US','givenName',NULL,NULL,'Gita Indah','string'),(15,'en_US','givenName',NULL,NULL,'Emalia','string'),(16,'en_US','givenName',NULL,NULL,'Jihan Rahma','string'),(17,'en_US','givenName',NULL,NULL,'Nadiya Uswatun','string'),(18,'en_US','givenName',NULL,NULL,'Yulia Tri','string'),(19,'en_US','givenName',NULL,NULL,'siti','string'),(20,'en_US','givenName',NULL,NULL,'Yusuf Atakan','string'),(21,'en_US','givenName',NULL,NULL,'ayufahani','string'),(22,'en_US','givenName',NULL,NULL,'galih','string'),(23,'en_US','givenName',NULL,NULL,'YUSUF ATAKAN','string'),(24,'en_US','givenName',NULL,NULL,'Isnamurti','string'),(25,'en_US','givenName',NULL,NULL,'Gunes','string'),(26,'en_US','givenName',NULL,NULL,'ozan','string'),(27,'en_US','givenName',NULL,NULL,'kivanc','string'),(28,'en_US','givenName',NULL,NULL,'Yasin','string'),(29,'en_US','givenName',NULL,NULL,'Administrator','string'),(30,'en_US','givenName',NULL,NULL,'Mehmet','string'),(31,'en_US','givenName',NULL,NULL,'Sevgi','string'),(32,'en_US','givenName',NULL,NULL,'Sevgi','string'),(33,'en_US','givenName',NULL,NULL,'haris','string'),(34,'en_US','givenName',NULL,NULL,'novina','string'),(35,'en_US','givenName',NULL,NULL,'Türkan','string'),(36,'en_US','givenName',NULL,NULL,'Kemal','string'),(37,'en_US','givenName',NULL,NULL,'savas','string'),(38,'en_US','givenName',NULL,NULL,'HASAN','string'),(39,'en_US','givenName',NULL,NULL,'Tijen','string'),(40,'en_US','givenName',NULL,NULL,'Benedict Onyeka','string'),(41,'en_US','givenName',NULL,NULL,'Christian Chukwukere','string'),(42,'en_US','givenName',NULL,NULL,'Agnina Listya','string'),(43,'en_US','givenName',NULL,NULL,'Renato Ferneda de','string'),(44,'en_US','givenName',NULL,NULL,'Dolores','string'),(45,'en_US','givenName',NULL,NULL,'editor','string'),(46,'en_US','givenName',NULL,NULL,'jesslyn','string'),(47,'en_US','givenName',NULL,NULL,'Sarah','string'),(48,'en_US','givenName',NULL,NULL,'Nudia','string'),(49,'en_US','givenName',NULL,NULL,'Pebri Fitria','string'),(50,'en_US','givenName',NULL,NULL,'Dwi Intan Purnama','string'),(51,'en_US','givenName',NULL,NULL,'fadia','string'),(52,'en_US','givenName',NULL,NULL,'Deniz','string'),(53,'en_US','givenName',NULL,NULL,'tahjcbvsxestarma tahjcbvsxestarma','string'),(54,'en_US','givenName',NULL,NULL,'Titap','string'),(55,'en_US','givenName',NULL,NULL,'Zübeyir','string'),(56,'en_US','givenName',NULL,NULL,'Ensar','string'),(57,'en_US','givenName',NULL,NULL,'Erhan','string'),(58,'en_US','givenName',NULL,NULL,'Ubi Essien','string'),(59,'en_US','givenName',NULL,NULL,'sahar ali','string'),(60,'en_US','givenName',NULL,NULL,'mitunscut mitunscut','string'),(61,'en_US','givenName',NULL,NULL,'James Kay','string'),(62,'en_US','givenName',NULL,NULL,'woobub woobub','string'),(63,'en_US','givenName',NULL,NULL,'Muhammad Izzuddin','string'),(64,'en_US','givenName',NULL,NULL,'mamaligadoc mamaligadoc','string'),(65,'en_US','givenName',NULL,NULL,'Vonny Khresna','string'),(66,'en_US','givenName',NULL,NULL,'Gizem Berfin','string'),(67,'en_US','givenName',NULL,NULL,'tes123 tes','string'),(68,'en_US','givenName',NULL,NULL,'wazzchono wazzchono','string'),(69,'en_US','givenName',NULL,NULL,'spiderchono spiderchono','string'),(1,'en_US','familyName',NULL,NULL,'admin','string'),(2,'en_US','familyName',NULL,NULL,'mustika','string'),(4,'en_US','familyName',NULL,NULL,'tes3','string'),(5,'en_US','familyName',NULL,NULL,'Dwiyanti','string'),(6,'en_US','familyName',NULL,NULL,'Thuraidah','string'),(7,'en_US','familyName',NULL,NULL,'susanti','string'),(8,'en_US','familyName',NULL,NULL,'Rakhmina','string'),(9,'en_US','familyName',NULL,NULL,'huda','string'),(10,'en_US','familyName',NULL,NULL,'sutiany','string'),(11,'en_US','familyName',NULL,NULL,'Tuntun','string'),(12,'en_US','familyName',NULL,NULL,'Olajubu','string'),(13,'en_US','familyName',NULL,NULL,'Ayatullah','string'),(14,'en_US','familyName',NULL,NULL,'Febriani','string'),(15,'en_US','familyName',NULL,NULL,'Kubarti','string'),(16,'en_US','familyName',NULL,NULL,'Naily','string'),(17,'en_US','familyName',NULL,NULL,'Hasanah','string'),(18,'en_US','familyName',NULL,NULL,'Andini','string'),(19,'en_US','familyName',NULL,NULL,'mahmudah','string'),(20,'en_US','familyName',NULL,NULL,'Baltrak','string'),(21,'en_US','familyName',NULL,NULL,'ayufahani','string'),(22,'en_US','familyName',NULL,NULL,'persadha','string'),(23,'en_US','familyName',NULL,NULL,'BALTRAK','string'),(24,'en_US','familyName',NULL,NULL,'Ciptaningrum','string'),(25,'en_US','familyName',NULL,NULL,'Bolatli','string'),(26,'en_US','familyName',NULL,NULL,'koçak','string'),(27,'en_US','familyName',NULL,NULL,'atilgan','string'),(28,'en_US','familyName',NULL,NULL,'Tire','string'),(29,'en_US','familyName',NULL,NULL,'Administrator','string'),(30,'en_US','familyName',NULL,NULL,'Sargın','string'),(31,'en_US','familyName',NULL,NULL,'Gunes','string'),(32,'en_US','familyName',NULL,NULL,'Yimenicioglu','string'),(33,'en_US','familyName',NULL,NULL,'nurdin','string'),(34,'en_US','familyName',NULL,NULL,'kusumawardhani','string'),(35,'en_US','familyName',NULL,NULL,'GEÇER','string'),(36,'en_US','familyName',NULL,NULL,'Atasayan','string'),(37,'en_US','familyName',NULL,NULL,'karatas','string'),(38,'en_US','familyName',NULL,NULL,'DURSUN','string'),(39,'en_US','familyName',NULL,NULL,'Yesim','string'),(40,'en_US','familyName',NULL,NULL,'Edelu','string'),(41,'en_US','familyName',NULL,NULL,'Ogoke','string'),(42,'en_US','familyName',NULL,NULL,'Anggraini','string'),(43,'en_US','familyName',NULL,NULL,'Souza','string'),(44,'en_US','familyName',NULL,NULL,'Fitchett','string'),(45,'en_US','familyName',NULL,NULL,'editor','string'),(46,'en_US','familyName',NULL,NULL,'jelena','string'),(47,'en_US','familyName',NULL,NULL,'Dina','string'),(48,'en_US','familyName',NULL,NULL,'Kurniati','string'),(49,'en_US','familyName',NULL,NULL,'Lestari','string'),(50,'en_US','familyName',NULL,NULL,'Sari','string'),(51,'en_US','familyName',NULL,NULL,'fadia','string'),(52,'en_US','familyName',NULL,NULL,'İncaman','string'),(53,'en_US','familyName',NULL,NULL,'vbyeifestarmaJU','string'),(54,'en_US','familyName',NULL,NULL,'Yazicioglu','string'),(55,'en_US','familyName',NULL,NULL,'Cebeci','string'),(56,'en_US','familyName',NULL,NULL,'Durmuş','string'),(57,'en_US','familyName',NULL,NULL,'Okuyan','string'),(58,'en_US','familyName',NULL,NULL,'Isaac','string'),(59,'en_US','familyName',NULL,NULL,'sari','string'),(60,'en_US','familyName',NULL,NULL,'mitunscutQH','string'),(61,'en_US','familyName',NULL,NULL,'Smith','string'),(62,'en_US','familyName',NULL,NULL,'woobubQY','string'),(63,'en_US','familyName',NULL,NULL,'Hamzan','string'),(64,'en_US','familyName',NULL,NULL,'mamaligadocCG','string'),(65,'en_US','familyName',NULL,NULL,'Dewi','string'),(66,'en_US','familyName',NULL,NULL,'Uluutku','string'),(67,'en_US','familyName',NULL,NULL,'123','string'),(68,'en_US','familyName',NULL,NULL,'wazzchonoYP','string'),(69,'en_US','familyName',NULL,NULL,'spiderchonoJK','string'),(1,'en_US','biography',0,0,'','string'),(1,'en_US','signature',0,0,'','string'),(1,'en_US','affiliation',0,0,'','string'),(1,'en_US','givenName',0,0,'admin','string'),(1,'en_US','familyName',0,0,'admin','string'),(1,'','orcid',0,0,'','string'),(70,'en_US','affiliation',0,0,'Monmouth University','string'),(70,'en_US','givenName',0,0,'sellchono','string'),(70,'en_US','familyName',0,0,'sellchono','string'),(70,'','orcid',0,0,'','string');

--
-- Table structure for table `user_user_groups`
--

CREATE TABLE `user_user_groups` (
  `user_group_id` bigint(20) NOT NULL,
  `user_id` bigint(20) NOT NULL,
  UNIQUE KEY `user_user_groups_pkey` (`user_group_id`,`user_id`),
  KEY `user_user_groups_user_group_id` (`user_group_id`),
  KEY `user_user_groups_user_id` (`user_id`)
) ENGINE=InnoDB DEFAULT CHARSET=utf8;

--
-- Dumping data for table `user_user_groups`
--

INSERT INTO `user_user_groups` VALUES (1,1),(2,1),(2,5),(2,29),(3,1),(3,5),(3,11),(3,12),(3,13),(3,14),(3,15),(3,16),(3,20),(3,29),(3,45),(4,1),(4,5),(4,29),(5,1),(5,5),(5,8),(5,14),(5,15),(5,16),(5,20),(7,1),(7,5),(7,29),(7,48),(7,49),(7,50),(8,5),(14,1),(14,2),(14,5),(14,6),(14,7),(14,9),(14,10),(14,19),(14,20),(14,21),(14,23),(14,24),(14,25),(14,26),(14,28),(14,29),(14,33),(14,34),(14,35),(14,37),(14,38),(14,40),(14,42),(14,43),(14,51),(14,52),(14,56),(14,57),(14,58),(14,59),(14,63),(14,65),(14,66),(14,67),(16,1),(16,5),(16,6),(16,7),(16,9),(16,10),(16,12),(16,15),(16,16),(16,17),(16,18),(16,19),(16,20),(16,21),(16,23),(16,25),(16,27),(16,28),(16,29),(16,30),(16,31),(16,32),(16,33),(16,34),(16,35),(16,36),(16,37),(16,38),(16,39),(16,41),(16,42),(16,43),(16,51),(16,55),(16,57),(16,58),(16,59),(16,61),(16,65),(16,66),(16,67),(17,1),(17,2),(17,22),(17,24),(17,25),(17,26),(17,46),(17,47),(17,52),(17,53),(17,54),(17,56),(17,60),(17,62),(17,63),(17,64),(17,68),(17,69),(17,70),(18,5);

--
-- Table structure for table `users`
--

CREATE TABLE `users` (
  `user_id` bigint(20) NOT NULL AUTO_INCREMENT,
  `username` varchar(32) NOT NULL,
  `password` varchar(255) NOT NULL,
  `email` varchar(255) NOT NULL,
  `url` varchar(2047) DEFAULT NULL,
  `phone` varchar(32) DEFAULT NULL,
  `mailing_address` varchar(255) DEFAULT NULL,
  `billing_address` varchar(255) DEFAULT NULL,
  `country` varchar(90) DEFAULT NULL,
  `locales` varchar(255) DEFAULT NULL,
  `gossip` text DEFAULT NULL,
  `date_last_email` datetime DEFAULT NULL,
  `date_registered` datetime NOT NULL,
  `date_validated` datetime DEFAULT NULL,
  `date_last_login` datetime NOT NULL,
  `must_change_password` tinyint(4) DEFAULT NULL,
  `auth_id` bigint(20) DEFAULT NULL,
  `auth_str` varchar(255) DEFAULT NULL,
  `disabled` tinyint(4) NOT NULL DEFAULT 0,
  `disabled_reason` text DEFAULT NULL,
  `inline_help` tinyint(4) DEFAULT NULL,
  PRIMARY KEY (`user_id`),
  UNIQUE KEY `users_username` (`username`),
  UNIQUE KEY `users_email` (`email`)
) ENGINE=InnoDB AUTO_INCREMENT=71 DEFAULT CHARSET=utf8;

--
-- Dumping data for table `users`
--

INSERT INTO `users` VALUES (1,'admin','$2y$10$NmHvXa2BXMcjFb9KQ4YTWOmA54Rty.57F2luLtOdaJvAjOshX8K7G','admin@medlabtechnojournal.com','','','',NULL,'','',NULL,NULL,'2019-01-16 09:06:10',NULL,'2021-02-24 07:08:52',0,NULL,NULL,0,NULL,1),(2,'putri','$2y$10$GENzTtCYTwU2kqEbw7XROuPTT5D0HPiR4xEapdAEz1CLVCcQjORdS','putrim@gmail.com',NULL,NULL,NULL,NULL,'ID','',NULL,NULL,'2019-03-28 12:35:19',NULL,'2019-03-31 15:08:47',0,NULL,NULL,0,NULL,1),(4,'tes23','$2y$10$O0lEaGiufKNbWxRhCdltpeNjSVnMJeYmV4mWA6N0lXnlk/7txYIL.','login@gmail.com',NULL,NULL,NULL,NULL,'ID','',NULL,NULL,'2019-03-28 13:23:33',NULL,'2019-03-28 13:23:34',0,NULL,NULL,0,NULL,1),(5,'ratih001','$2y$10$b82ntRPoeqWpDVFGQZXyL.3o5HQ3/DrBKaBiQZI.uo93mAPEHHiHy','ratih@gmail.com','','','',NULL,'ID','',NULL,NULL,'2019-03-28 13:31:52',NULL,'2019-08-06 09:43:39',0,NULL,NULL,0,NULL,1),(6,'thuraidah','$2y$10$IdNqzEmK2JfSwOEJWni2lOQPxPmKQcBtJsDmVX.uz9pZhiXPLmVwG','thuraidah@gmail.com','','','',NULL,'ID','','',NULL,'2019-03-29 07:18:46',NULL,'2020-02-04 13:15:14',0,NULL,NULL,0,NULL,1),(7,'yuli','$2y$10$dwCh8m/033Jte3JrkNlc0e59cP/koCnw4vqDb8hKz1ZOTftce8JUS','yulisusanti@gmail.com',NULL,NULL,NULL,NULL,'ID','',NULL,NULL,'2019-03-29 07:25:49',NULL,'2019-03-31 15:06:44',0,NULL,NULL,0,NULL,1),(8,'dinna','$2y$10$ZCoqKSqsnPcUYGQgb61NV.g0K/KHLkoZdDR167CWDi7Ps/hefuiEO','dinnarah@gmail.com','','','',NULL,'ID','',NULL,NULL,'2019-04-08 11:57:05',NULL,'2019-04-08 11:57:05',1,NULL,NULL,0,NULL,1),(9,'nurulhuda','$2y$10$FHfE5Vu4XqRPa0rGn/vWhOeIBrrM/6uh1pVJT5aWQO2JX/kuZtIvK','nurulhuda@gmail.com',NULL,NULL,NULL,NULL,'ID','',NULL,NULL,'2019-08-24 10:23:07',NULL,'2019-08-30 12:25:23',0,NULL,NULL,0,NULL,1),(10,'ayusutiany','$2y$10$g.jR6hs4qTR/so0b7imP7OxA1eM/ywTSrd2JAshS9ykQBb3NM9igO','ayusutiany@gmail.com',NULL,NULL,NULL,NULL,'ID','',NULL,NULL,'2019-08-25 13:39:34',NULL,'2019-08-30 12:27:14',0,NULL,NULL,0,NULL,1),(11,'mariatuntun','$2y$10$iyEPgkhBEsSC757.EYLbUuuADINdN.PiWM9ww/nf774RRCgk9IzKC','mariatuntun@gmail.com','','','',NULL,'ID','',NULL,NULL,'2019-08-25 14:02:41',NULL,'2019-08-25 14:02:41',1,NULL,NULL,0,NULL,1),(12,'fetus','$2y$10$v8UT0h6hUr30WWfe3SQXQeT.4lxPuLypPRXGuGlxEac5MuilQfefe','fetusola@gmail.com','','','',NULL,'NG','',NULL,NULL,'2019-08-25 14:06:12',NULL,'2019-08-31 13:09:58',0,NULL,NULL,0,NULL,1),(13,'ibraarayatullah','$2y$10$pkccGi.MPZnyrn01f29ofeAV2O9qplcGt/Abo51y3uaPNPo5z/ADm','ibraaraya@gmail.com','','','',NULL,'ID','',NULL,NULL,'2019-08-25 14:07:52',NULL,'2019-08-25 14:07:52',1,NULL,NULL,0,NULL,1),(14,'gitaindah','$2y$10$ZCE75T6ymCY1zP9xC14Ck.rd87OPOV6XxzWtnOUE8szF9crp2Dxa2','gitaindah@gmail.com','','','',NULL,'ID','',NULL,NULL,'2019-08-25 14:09:11',NULL,'2019-08-25 14:09:11',1,NULL,NULL,0,NULL,1),(15,'emaliakubarti','$2y$10$eIZdGCO3cwLv/j.Ge/nh1ufh53T7xWmxE7AK4SEWytHTzUi0KmZb.','amaliakubarti@gmail.com','','','',NULL,'ID','',NULL,NULL,'2019-08-25 14:10:47',NULL,'2019-08-25 14:10:47',0,NULL,NULL,0,NULL,1),(16,'jihanrahma','$2y$10$1sCOpYlhvPMU2YLyo7V2CeXt20.yZmUBjUrxDKIOuWxcXGgHpvZGW','jihanrahma@gmail.com','','','',NULL,'ID','',NULL,NULL,'2019-08-25 14:12:16',NULL,'2019-08-25 14:12:16',0,NULL,NULL,0,NULL,1),(17,'nadiyauswatun','$2y$10$cG6TbqoDPTxZ2bd1USrchuaK6LI1/SX/1ivcK3GU6Abi3e2VDAGCG','nadiyauswatun@gmail.com','','','',NULL,'ID','',NULL,NULL,'2019-08-25 14:16:05',NULL,'2020-02-17 13:32:57',0,NULL,NULL,0,NULL,1),(18,'yuliatri','$2y$10$nhQCbJmF1yHKMZ4K6grGfO5Tdl4QYIrLN2jY02GcX6EnRqW9vPJU6','yuliatri@gmail.com','','','',NULL,'ID','',NULL,NULL,'2019-08-25 14:17:24',NULL,'2020-02-19 07:20:04',0,NULL,NULL,0,NULL,1),(19,'sitimahmudah','$2y$10$/yHKrGpb.QdzcsjfZaIpsOEM8hL.YotyLEL5VWXgWCqetXuwt8VVC','mahmudahst@gmail.com',NULL,NULL,NULL,NULL,'ID','',NULL,NULL,'2019-08-25 14:44:29',NULL,'2019-08-30 12:23:34',0,NULL,NULL,0,NULL,1),(20,'yusufatakan','$2y$10$.0260tJG1AMszP/YGKk5O.bDJf2MnHacp6oJn/Twin6uPhSd47Yz2','yusufbaltrak@gmail.com','','','',NULL,'TR','','',NULL,'2019-08-29 08:20:10',NULL,'2019-08-30 12:21:40',0,NULL,NULL,0,NULL,1),(21,'ayufahani','$2y$10$Hgp8tW3M3uwpQcUSqWrciuEvCdp5kwz00PZ7Z0BkoNemw3Tr7SS4y','ayufahani@gmail.com',NULL,NULL,NULL,NULL,'ID','',NULL,NULL,'2019-08-31 08:30:06',NULL,'2019-08-31 08:40:18',0,NULL,NULL,0,NULL,1),(22,'galih','$2y$10$smR00vOg9lpyVuPpLW599ep0eJYNvVJsJmEVEjszuMiIZSLkkC02a','tes@gmail.com',NULL,NULL,NULL,NULL,'ID','',NULL,NULL,'2019-09-12 20:07:34',NULL,'2019-09-12 20:07:34',0,NULL,NULL,0,NULL,1),(23,'dryab2747','$2y$10$HoSxgR6Nez5o0f06vAFLduDYefkhcQHvZg7zunCI4MsK5t/u9Jska','dratakanbaltrak@gmail.com',NULL,NULL,NULL,NULL,'TR','',NULL,NULL,'2019-09-20 19:38:26',NULL,'2021-02-07 23:57:09',0,NULL,NULL,0,NULL,1),(24,'isnamurti19','$2y$10$OFPyq/E6s7ReIntjJjSK7eIFxpfWSjs6.lb.JgJdRDfrLnk90L/Yq','murtiisna@gmail.com',NULL,NULL,NULL,NULL,'ID','',NULL,NULL,'2019-11-10 03:02:12',NULL,'2019-11-29 09:12:31',0,NULL,NULL,0,NULL,1),(25,'gunesbolatli','$2y$10$YkhTKjZIxYPCiuW9ncXcYOLepFtXwzEqKKpRn4xAou30oG.Rteoae','gunesbolatli83@gmail.com','','','',NULL,'TR','','',NULL,'2020-01-30 19:31:49',NULL,'2020-02-19 08:59:52',0,NULL,NULL,0,NULL,1),(26,'ozankocak','$2y$10$TlE0u7jsI6U.jVHYA.BfV.c6pSuBFaZmUjPqFsbFvhvbbgRWnlgvS','ozankocak79@gmail.com',NULL,NULL,NULL,NULL,'TR','',NULL,NULL,'2020-01-31 15:19:33',NULL,'2020-09-08 19:43:47',0,NULL,NULL,0,NULL,1),(27,'kivancatilgan','$2y$10$sORZS4dCoyYXpfrB.Zom1OwMfoJqGoP9VJdWEqqJnjaqYPfHCKBt6','kivancatilgan@gmail.com',NULL,NULL,NULL,NULL,'TR','',NULL,NULL,'2020-02-04 16:38:01',NULL,'2020-02-04 16:38:02',0,NULL,NULL,0,NULL,1),(28,'dryasintire','$2y$10$y7tk9KZRLax4WQc/XABuiuOJt/qE2Tz0.adc1ly6TH3Qah34tT.h6','dryasintire@hotmail.com',NULL,NULL,NULL,NULL,'TR','',NULL,NULL,'2020-02-16 16:09:43',NULL,'2020-02-16 16:09:43',0,NULL,NULL,0,NULL,1),(29,'administrator','$2y$10$WbvynPLT24KS.rMtjWjR7uRkf/H2LNVoty1zaLlyp2ATaKOkBpbZS','Apinaga53@gmail.com','','','',NULL,'ID','',NULL,NULL,'2020-02-19 09:05:36',NULL,'2020-11-07 20:02:16',0,NULL,NULL,0,NULL,1),(30,'mehmet','$2y$10$VPEeKeDNyGD0r44oir1ZGeMVrO8oaYk0U0H5GzjtimjYYTQOA0rAm','mehmet21sargin@yahoo.com',NULL,NULL,NULL,NULL,NULL,'',NULL,NULL,'2020-02-27 09:15:08',NULL,'2020-02-27 09:15:08',1,NULL,NULL,0,NULL,1),(31,'sevgi','$2y$10$7SYK2IltRVN07Km4dCY0.ubd0aoi0MTWXHUuCJQT4wcaawL7FjSuu','sevgi.gunes@siirt.edu.tr',NULL,NULL,NULL,NULL,NULL,'',NULL,NULL,'2020-02-27 09:23:53',NULL,'2020-02-27 09:23:53',1,NULL,NULL,0,NULL,1),(32,'123yimenicioglu','$2y$10$SlKWUmkIOd0PuJy7JYfujeSid5RkuYL7vvLPhaDybv1Iac28ct7Cy','Yimenicioglu@gmail.com',NULL,NULL,NULL,NULL,NULL,'',NULL,NULL,'2020-02-28 07:52:14',NULL,'2020-02-28 07:52:14',1,NULL,NULL,0,NULL,1),(33,'haris','$2y$10$S.aSmqwwnEyLdkiqVYRjou3KIPi9y0KeshpofAeyzmXJHp2Xj9cdK','harisn@gmail.com',NULL,NULL,NULL,NULL,'ID','',NULL,NULL,'2020-03-07 09:20:44',NULL,'2020-03-07 09:20:44',0,NULL,NULL,0,NULL,1),(34,'novina','$2y$10$6O9Ucu8au9Kb9IOjZYwf7uiG24sFqm8oZz/RJZadDW2ZdbTScaEXe','novina@gmail.com',NULL,NULL,NULL,NULL,'ID','',NULL,NULL,'2020-03-19 09:18:51',NULL,'2020-03-19 09:18:52',0,NULL,NULL,0,NULL,1),(35,'makale18','$2y$10$hOhADmrhsK.CVsZ8GI.Hnea8Y9gUy85Gvfj9K9Z1jIHEB1HdwjeiC','turkan-gecer@hotmail.com',NULL,NULL,NULL,NULL,'TR','',NULL,NULL,'2020-03-28 01:36:58',NULL,'2020-05-01 06:04:37',0,NULL,NULL,0,NULL,1),(36,'kemal','$2y$10$lgWXl8N2bRM7b46kyih99OGdCesSxro2.LIgPRkrYqXrZdFKDFyWe','kemal.atasayan@maltepe.edu.tr','','','',NULL,'TR','',NULL,NULL,'2020-03-28 09:07:37',NULL,'2020-03-28 09:07:37',1,NULL,NULL,0,NULL,1),(37,'savas','$2y$10$A6DlucpP5HgUr9GFigV8/e29mlxCArmg/maWQWgHghfk2Pk9ZsE9K','drsavaskaratas@yahoo.com',NULL,NULL,NULL,NULL,'TR','',NULL,NULL,'2020-03-28 16:53:13',NULL,'2020-05-01 14:22:27',0,NULL,NULL,0,NULL,1),(38,'dursunhs','$2y$10$hflkgedd5H.oVDyuvCPMguaR6A3itFUB./8IdqtYnpgISyeNgkKhq','dursunhs@yahoo.com',NULL,NULL,NULL,NULL,'TR','',NULL,NULL,'2020-04-20 15:46:16',NULL,'2020-04-21 12:58:18',0,NULL,NULL,0,NULL,1),(39,'tijen','$2y$10$szwwW34rva63cH7bWk9Rt.wx/MnCyM/JxAnfHdk8yTK.gJpEDo.VG','doc.dr.tijen.yesim@gmail.com','','','',NULL,'TR','',NULL,NULL,'2020-05-12 09:11:49',NULL,'2020-05-12 09:11:49',1,NULL,NULL,0,NULL,1),(40,'benedelu','$2y$10$uREonH/JGoftQWJ4qZNPaenVVSBeAwsZzYCUktT7zDPQiXh0bdaYa','onyedelu@yahoo.com','','','',NULL,'NG','','',NULL,'2020-05-21 05:29:49',NULL,'2020-10-07 17:36:19',0,NULL,NULL,0,NULL,1),(41,'christian','$2y$10$/uxoWvNhwfp8mw.zBTnrm.9GOBaT7g7MhctNiICH0qfXSv/qNT2T2','chrischikere@yahoo.com','','','',NULL,'NG','',NULL,NULL,'2020-06-17 10:26:45',NULL,'2020-06-17 10:26:45',1,NULL,NULL,0,NULL,1),(42,'agnina','$2y$10$04twbpXcJNNXhqdm/I15perdq85UddDcNOctaue/udC2d2/3zR/dG','agninalistya@gmail.com',NULL,NULL,NULL,NULL,'ID','',NULL,NULL,'2020-07-26 09:44:34',NULL,'2020-07-26 09:44:34',0,NULL,NULL,0,NULL,1),(43,'refsouza','$2y$10$PmaPpfJmeKDwadfEZ55Ig.Z8d5iMcWpWGthKctN0RPXCxGC6YbMMe','refsouza@uol.com.br',NULL,NULL,NULL,NULL,'BR','',NULL,NULL,'2020-08-13 02:35:26',NULL,'2020-09-02 05:31:57',0,NULL,NULL,0,NULL,1),(44,'doloresfit','$2y$10$N7TbtUD69wm3NWl8NWq9Qud8PLNE2wagWOcFVYCH4XFG9NTGIa/RW','doloresfitchett@gmail.com',NULL,NULL,NULL,NULL,'DE','',NULL,NULL,'2020-08-14 07:45:39',NULL,'2020-08-14 07:45:40',0,NULL,NULL,0,NULL,1),(45,'editor','$2y$10$4y2L6SOAjGDerMu77L92mO5oB5lBieYyBmG8SMUNFC0u7DVWBZQam','editor@gmail.com','','','',NULL,'ID','',NULL,NULL,'2020-08-28 15:50:13',NULL,'2020-08-28 15:50:13',0,NULL,NULL,0,NULL,1),(46,'jesslynjelena','$2y$10$34ed123K8ogqjJMx61ow1.YCQm1GU2jjBf0KmPxDJPyVIyMAFNHhW','tomotansul66@gmail.com',NULL,NULL,NULL,NULL,'ID','',NULL,NULL,'2020-09-01 13:51:23',NULL,'2020-09-01 13:51:23',0,NULL,NULL,0,NULL,1),(47,'sarahdina_kh','$2y$10$fV9TkIfAmm36/yoPpE2C7eQEOs8Q3zEm4RlGW.Tdw8N9ERWZgL/xW','sarahdina_kh@yahoo.com',NULL,NULL,NULL,NULL,'ID','',NULL,NULL,'2020-09-05 20:35:00',NULL,'2020-09-05 20:35:01',0,NULL,NULL,0,NULL,1),(48,'nudia','$2y$10$HNGDq2M2FaPQzHeefpovxuDtSuqzbKAd8eYQDwDGwcuteua8Ovu0G','nudiakurniati@gmail.com','','','',NULL,'ID','',NULL,NULL,'2020-09-08 12:38:07',NULL,'2020-09-08 12:38:07',1,NULL,NULL,0,NULL,1),(49,'pebri','$2y$10$csHEUhbBtpYpkVbu1PshCefp3GZ0b.P2Y9eoThQDtYddUKaGjlYsu','pebrifitria@gmail.com','','','',NULL,'ID','',NULL,NULL,'2020-09-08 12:40:07',NULL,'2020-09-08 12:40:07',1,NULL,NULL,0,NULL,1),(50,'dwiintan','$2y$10$kqHVqjSzrol3iuMwvDKgDufDTOl7iSDmvEpiPVv2Biz3J.uiDLhLu','dwiintan@gmail.com','','','',NULL,'ID','',NULL,NULL,'2020-09-08 12:41:27',NULL,'2020-09-08 12:41:27',1,NULL,NULL,0,NULL,1),(51,'fadia','$2y$10$RPjELd5CTeiCCvX9956/deQ7V5p8jWEGmasElLBqvldW81rhgbe6O','fadiafadia@gmail.com',NULL,NULL,NULL,NULL,'ID','',NULL,NULL,'2020-09-08 12:44:29',NULL,'2020-09-08 12:44:39',0,NULL,NULL,0,NULL,1),(52,'drdeniz','$2y$10$/j0w.b9UCB98QP15Ntr74eq7EsG1Cs4eZSrEu0SubyBLYuE3Kehme','denizimgs@windowslive.com',NULL,NULL,NULL,NULL,'TR','',NULL,NULL,'2020-09-09 01:31:29',NULL,'2020-10-12 19:44:28',0,NULL,NULL,0,NULL,1),(53,'tahjcbvsxestarma','$2y$10$C/fc3Nc2.WUyyUQUcV588uBUaGPjTKdH/OeQs3vOoTQOvVWKdyC1u','iliashevavdei1994@gmail.com',NULL,NULL,NULL,NULL,'DM','',NULL,NULL,'2020-09-15 20:39:35',NULL,'2020-09-15 20:39:35',0,NULL,NULL,0,NULL,1),(54,'ttpyz','$2y$10$T16e5BEHYyw9NMRkdj0QRe2DFN/KomM.xr9xGXFtyfj/iO3.ndYem','t_yazicioglu@hotmail.com',NULL,NULL,NULL,NULL,'TR','',NULL,NULL,'2020-09-16 19:47:53',NULL,'2020-09-16 19:47:54',0,NULL,NULL,0,NULL,1),(55,'zcebeci','$2y$10$vQydbKFRZTcu8jW44/4UpuDpAhic1Ithcy2KldAMLMYs9gQ48VzSO','cebeci@gmail.com','','','',NULL,'TR','',NULL,NULL,'2020-09-20 13:06:09',NULL,'2020-09-20 13:06:09',1,NULL,NULL,0,NULL,1),(56,'muhalefet','$2y$10$HRhsBLZju8Jx.UafDiy7je825RqWoL9N2ro/UDTkjKir7eWcBh4PK','muhalefet@hotmail.com',NULL,'','',NULL,'TR','en_US',NULL,NULL,'2020-09-21 11:53:44',NULL,'2021-01-29 15:20:46',0,NULL,NULL,0,NULL,1),(57,'erhanokuyan','$2y$10$VLFs5n3/TWZW/T713XlRFuLtSM91qDclXq3DMeSwhUVmUdA5WLCpC','dreo06@hotmail.com',NULL,NULL,NULL,NULL,'TR','',NULL,NULL,'2020-10-06 11:40:25',NULL,'2020-11-18 17:24:23',0,NULL,NULL,0,NULL,1),(58,'ubi-isaac9','$2y$10$XzJWOHqkdhF/12FsqndlVedu3DtCNizFt3jweNFY8aS5F7rL6hJoe','isaacubi@crutech.edu.ng',NULL,NULL,NULL,NULL,'NG','',NULL,NULL,'2020-10-07 16:57:23',NULL,'2021-01-06 19:37:23',0,NULL,NULL,0,NULL,1),(59,'sari','$2y$10$tDAZV6vI6UPgTWyNmAgQR.mynR8Vki5Hj9XAWY8lU855uLNiDHjU.','dr.sari.s@hotmail.com',NULL,NULL,NULL,NULL,'SA','',NULL,NULL,'2020-10-22 02:45:52',NULL,'2020-11-10 18:43:10',0,NULL,NULL,0,NULL,1),(60,'mitunscut','$2y$10$j5vJHDzXgG4alz3aWxNRZeFG7a1boxmmW2bS8fbW5S5T5z9CsA0Wq','idellokastello@gmail.com',NULL,NULL,NULL,NULL,'EG','',NULL,NULL,'2020-11-03 21:56:16',NULL,'2020-11-03 21:56:16',0,NULL,NULL,0,NULL,1),(61,'uoibfrgief','$2y$10$Ym1Yhbt8O/ZV0aFCTjYqRu7R.DZN0aXtzN68ZuiJ.ZVQaAbpjdAZm','ea426e299b0f32acd1e5fbc3ff01e7cfprx@ssemarketing.net',NULL,NULL,NULL,NULL,'PL','',NULL,NULL,'2020-11-08 14:49:42',NULL,'2020-11-08 14:49:43',0,NULL,NULL,0,NULL,1),(62,'woobub','$2y$10$eEZtl86f0ucUiD5faN49VO/WrsQFTxLbDiyG2QVm46E8qdNPsEBcG','timgrubelson@gmail.com',NULL,NULL,NULL,NULL,'SE','',NULL,NULL,'2020-11-21 04:09:24',NULL,'2021-01-27 11:57:03',0,NULL,NULL,0,NULL,1),(63,'drmizzud','$2y$10$ik567SFBwCih6g9rJdTK8ebXpRUYDk7BMA/4QOmdDRHRBsDUaZZjq','drmizzud@gmail.com',NULL,NULL,NULL,NULL,'MY','',NULL,NULL,'2020-12-06 23:01:29',NULL,'2021-02-17 21:01:38',0,NULL,NULL,0,NULL,1),(64,'mamaligadoc','$2y$10$mKmwscakKQctIQ0Sb2nAe.oH3e38czmPXrtZW8OLZTj/ByJAAjPES','mamaligadoc-01@outlook.com',NULL,NULL,NULL,NULL,'DZ','',NULL,NULL,'2020-12-24 12:21:03',NULL,'2021-01-20 07:36:57',0,NULL,NULL,0,NULL,1),(65,'vonny','$2y$10$uk3/50zXWvAm0rBJghyOt.mOHMZrfTJ35rZp/xGcA1wxEjzp5Xhpq','vonnykhresna@gmail.com',NULL,NULL,NULL,NULL,'ID','',NULL,NULL,'2021-01-02 05:40:02',NULL,'2021-01-02 05:40:02',0,NULL,NULL,0,NULL,1),(66,'gizemberfin','$2y$10$NAeHqFIwHd9ZY7Mkm6nD1ugV1GzWTB5Bz6DOaZC7RjCarDvRn3ux6','berfinuluutku@yahoo.com',NULL,NULL,NULL,NULL,'TR','',NULL,NULL,'2021-01-23 22:58:20',NULL,'2021-02-22 23:24:56',0,NULL,NULL,0,NULL,1),(67,'tes123','$2y$10$C4j330aPxfvKUZiWZugXvOQ5XlyqGcwM9.NxRSlzvECnRtwd8Ba0W','apinaga53@ymail.com',NULL,NULL,NULL,NULL,'ID','',NULL,NULL,'2021-01-28 09:21:39',NULL,'2021-01-28 09:21:39',0,NULL,NULL,0,NULL,1),(68,'wazzchono','$2y$10$33w9RAsIxFMRmxa0c7uE9eMUf1xGBFmrCcIISr.QpsAtD5Q3kPa/6','kingofsimswarrior@gmail.com',NULL,NULL,NULL,NULL,'BZ','',NULL,NULL,'2021-02-06 06:48:27',NULL,'2021-02-11 14:18:13',0,NULL,NULL,0,NULL,1),(69,'spiderchono','$2y$10$jTCnDupcTy0oAewlYcIwNu2rev8OgjV0A0LHBoBmC.Lhcgl6cZVIS','andykoviguanta@gmail.com',NULL,NULL,NULL,NULL,'AR','',NULL,NULL,'2021-02-16 06:31:20',NULL,'2021-02-18 23:12:36',0,NULL,NULL,0,NULL,1),(70,'sellchono','$2y$10$7Wgnvald2G5gMbYF2G6idueZT15sicH48vku.X7etZUBg.r74WufK','marekadinewelos@gmail.com',NULL,NULL,NULL,NULL,'CU','',NULL,NULL,'2021-02-26 11:18:27',NULL,'2021-02-26 11:18:27',0,NULL,NULL,0,NULL,1);

--
-- Table structure for table `versions`
--

CREATE TABLE `versions` (
  `major` int(11) NOT NULL DEFAULT 0,
  `minor` int(11) NOT NULL DEFAULT 0,
  `revision` int(11) NOT NULL DEFAULT 0,
  `build` int(11) NOT NULL DEFAULT 0,
  `date_installed` datetime NOT NULL,
  `current` tinyint(4) NOT NULL DEFAULT 0,
  `product_type` varchar(30) DEFAULT NULL,
  `product` varchar(30) DEFAULT NULL,
  `product_class_name` varchar(80) DEFAULT NULL,
  `lazy_load` tinyint(4) NOT NULL DEFAULT 0,
  `sitewide` tinyint(4) NOT NULL DEFAULT 0,
  UNIQUE KEY `versions_pkey` (`product_type`,`product`,`major`,`minor`,`revision`,`build`)
) ENGINE=InnoDB DEFAULT CHARSET=utf8;

--
-- Dumping data for table `versions`
--

INSERT INTO `versions` VALUES (1,0,0,0,'2019-01-16 09:06:10',1,'plugins.metadata','dc11','',0,0),(1,0,0,0,'2019-01-16 09:06:10',1,'plugins.metadata','openurl10','',0,0),(1,0,0,0,'2019-01-16 09:06:10',1,'plugins.metadata','mods34','',0,0),(1,0,0,0,'2019-01-16 09:06:10',1,'plugins.blocks','makeSubmission','MakeSubmissionBlockPlugin',1,0),(1,0,0,0,'2019-01-16 09:06:10',1,'plugins.blocks','information','InformationBlockPlugin',1,0),(1,1,0,0,'2019-01-16 09:06:10',1,'plugins.blocks','subscription','SubscriptionBlockPlugin',1,0),(1,0,0,0,'2019-01-16 09:06:10',1,'plugins.blocks','developedBy','DevelopedByBlockPlugin',1,0),(1,0,0,0,'2019-01-16 09:06:10',1,'plugins.blocks','languageToggle','LanguageToggleBlockPlugin',1,0),(1,0,0,0,'2019-01-16 09:06:10',1,'plugins.gateways','resolver','',0,0),(1,0,0,0,'2019-01-16 09:06:10',1,'plugins.generic','usageEvent','',0,0),(1,2,0,0,'2019-01-16 09:06:10',1,'plugins.generic','acron','AcronPlugin',1,1),(1,2,0,0,'2019-01-16 09:06:10',1,'plugins.generic','customBlockManager','CustomBlockManagerPlugin',1,0),(0,1,0,0,'2019-01-16 09:06:10',1,'plugins.generic','citationStyleLanguage','CitationStyleLanguagePlugin',1,0),(1,0,0,0,'2019-01-16 09:06:10',1,'plugins.generic','webFeed','WebFeedPlugin',1,0),(1,0,0,0,'2019-01-16 09:06:10',1,'plugins.generic','recommendByAuthor','RecommendByAuthorPlugin',1,1),(1,2,0,0,'2019-01-16 09:06:10',1,'plugins.generic','staticPages','StaticPagesPlugin',1,0),(1,2,0,0,'2019-01-16 09:06:10',1,'plugins.generic','openAIRE','OpenAIREPlugin',1,0),(1,0,0,0,'2019-01-16 09:06:10',1,'plugins.generic','googleAnalytics','GoogleAnalyticsPlugin',1,0),(1,0,0,0,'2019-01-16 09:06:10',1,'plugins.generic','usageStats','UsageStatsPlugin',0,1),(1,0,0,0,'2019-01-16 09:06:10',1,'plugins.generic','tinymce','TinyMCEPlugin',1,0),(1,0,0,0,'2019-01-16 09:06:10',0,'plugins.generic','googleScholar','GoogleScholarPlugin',1,0),(1,0,0,0,'2019-01-16 09:06:10',0,'plugins.generic','pdfJsViewer','PdfJsViewerPlugin',1,0),(1,0,0,0,'2019-01-16 09:06:10',1,'plugins.generic','driver','DRIVERPlugin',1,0),(1,0,0,0,'2019-01-16 09:06:10',0,'plugins.generic','lensGalley','LensGalleyPlugin',1,0),(1,0,0,0,'2019-01-16 09:06:10',1,'plugins.generic','htmlArticleGalley','HtmlArticleGalleyPlugin',1,0),(1,0,0,0,'2019-01-16 09:06:10',0,'plugins.generic','orcidProfile','OrcidProfilePlugin',1,0),(1,0,0,0,'2019-01-16 09:06:10',1,'plugins.generic','dublinCoreMeta','DublinCoreMetaPlugin',1,0),(2,0,0,0,'2019-01-16 09:06:10',1,'plugins.importexport','datacite','',0,0),(1,1,0,0,'2019-01-16 09:06:10',1,'plugins.importexport','doaj','',0,0),(1,0,0,0,'2019-01-16 09:06:10',1,'plugins.importexport','native','',0,0),(2,0,0,0,'2019-01-16 09:06:10',1,'plugins.importexport','medra','',0,0),(1,0,0,0,'2019-01-16 09:06:10',1,'plugins.importexport','users','',0,0),(2,1,0,0,'2019-01-16 09:06:10',1,'plugins.importexport','crossref','',0,0),(1,0,0,0,'2019-01-16 09:06:10',1,'plugins.importexport','pubmed','',0,0),(1,0,0,0,'2019-01-16 09:06:10',1,'plugins.oaiMetadataFormats','marc','',0,0),(1,0,0,0,'2019-01-16 09:06:10',1,'plugins.oaiMetadataFormats','marcxml','',0,0),(1,0,0,0,'2019-01-16 09:06:10',1,'plugins.oaiMetadataFormats','dc','',0,0),(1,0,0,0,'2019-01-16 09:06:10',1,'plugins.oaiMetadataFormats','rfc1807','',0,0),(1,0,0,0,'2019-01-16 09:06:10',1,'plugins.paymethod','manual','',0,0),(1,0,0,0,'2019-01-16 09:06:10',1,'plugins.paymethod','paypal','',0,0),(1,0,0,0,'2019-01-16 09:06:10',1,'plugins.pubIds','doi','DOIPubIdPlugin',1,0),(1,0,0,0,'2019-01-16 09:06:10',1,'plugins.pubIds','urn','URNPubIdPlugin',1,0),(1,0,0,0,'2019-01-16 09:06:10',1,'plugins.reports','articles','',0,0),(1,0,0,0,'2019-01-16 09:06:10',1,'plugins.reports','views','',0,0),(2,0,0,0,'2019-01-16 09:06:10',1,'plugins.reports','reviewReport','',0,0),(1,1,0,0,'2019-01-16 09:06:10',1,'plugins.reports','counterReport','',0,0),(1,0,0,0,'2019-01-16 09:06:10',1,'plugins.themes','default','DefaultThemePlugin',1,0),(3,1,1,4,'2019-01-16 09:06:10',0,'core','ojs2','',0,1),(1,0,4,0,'2019-03-23 14:53:40',1,'plugins.themes','healthSciences','HealthSciencesThemePlugin',1,0),(1,0,4,0,'2019-03-23 15:02:07',1,'plugins.importexport','quickSubmit','',0,0),(0,0,3,0,'2020-05-13 10:54:03',1,'plugins.importexport','copernicus','',0,0),(1,0,1,0,'2021-02-23 19:49:43',1,'plugins.blocks','browse','BrowseBlockPlugin',1,0),(1,1,2,8,'2021-02-23 19:49:43',1,'plugins.generic','orcidProfile','OrcidProfilePlugin',1,0),(1,0,1,0,'2021-02-23 19:49:43',1,'plugins.generic','pdfJsViewer','PdfJsViewerPlugin',1,0),(1,1,0,0,'2021-02-23 19:49:43',1,'plugins.generic','googleScholar','GoogleScholarPlugin',1,0),(1,0,1,0,'2021-02-23 19:49:43',1,'plugins.generic','lensGalley','LensGalleyPlugin',1,0),(1,0,0,0,'2021-02-23 19:49:43',1,'plugins.generic','recommendBySimilarity','RecommendBySimilarityPlugin',1,1),(1,0,0,0,'2021-02-23 19:49:43',1,'plugins.generic','announcementFeed','AnnouncementFeedPlugin',1,0),(1,0,0,0,'2021-02-23 19:49:43',1,'plugins.reports','subscriptions','',0,0),(3,3,0,3,'2021-02-23 19:49:39',1,'core','ojs2','',0,1);


