--
-- Host: localhost    Database: medg8798_ojs281
-- ------------------------------------------------------


--
-- Table structure for table `access_keys`
--

CREATE TABLE `access_keys` (
  `access_key_id` bigint(20) NOT NULL AUTO_INCREMENT,
  `context` varchar(40) NOT NULL,
  `key_hash` varchar(40) NOT NULL,
  `user_id` bigint(20) NOT NULL,
  `assoc_id` bigint(20) DEFAULT NULL,
  `expiry_date` datetime NOT NULL,
  PRIMARY KEY (`access_key_id`),
  KEY `access_keys_hash` (`key_hash`,`user_id`,`context`)
) ENGINE=InnoDB DEFAULT CHARSET=utf8;

--
-- Dumping data for table `access_keys`
--


--
-- Table structure for table `announcement_settings`
--

CREATE TABLE `announcement_settings` (
  `announcement_id` bigint(20) NOT NULL,
  `locale` varchar(14) NOT NULL DEFAULT '',
  `setting_name` varchar(255) NOT NULL,
  `setting_value` text DEFAULT NULL,
  `setting_type` varchar(6) NOT NULL,
  UNIQUE KEY `announcement_settings_pkey` (`announcement_id`,`locale`,`setting_name`),
  KEY `announcement_settings_announcement_id` (`announcement_id`)
) ENGINE=InnoDB DEFAULT CHARSET=utf8;

--
-- Dumping data for table `announcement_settings`
--


--
-- Table structure for table `announcement_type_settings`
--

CREATE TABLE `announcement_type_settings` (
  `type_id` bigint(20) NOT NULL,
  `locale` varchar(14) NOT NULL DEFAULT '',
  `setting_name` varchar(255) NOT NULL,
  `setting_value` text DEFAULT NULL,
  `setting_type` varchar(6) NOT NULL,
  UNIQUE KEY `announcement_type_settings_pkey` (`type_id`,`locale`,`setting_name`),
  KEY `announcement_type_settings_type_id` (`type_id`)
) ENGINE=InnoDB DEFAULT CHARSET=utf8;

--
-- Dumping data for table `announcement_type_settings`
--


--
-- Table structure for table `announcement_types`
--

CREATE TABLE `announcement_types` (
  `type_id` bigint(20) NOT NULL AUTO_INCREMENT,
  `assoc_type` bigint(20) NOT NULL,
  `assoc_id` bigint(20) NOT NULL,
  PRIMARY KEY (`type_id`),
  KEY `announcement_types_assoc` (`assoc_type`,`assoc_id`)
) ENGINE=InnoDB DEFAULT CHARSET=utf8;

--
-- Dumping data for table `announcement_types`
--


--
-- Table structure for table `announcements`
--

CREATE TABLE `announcements` (
  `announcement_id` bigint(20) NOT NULL AUTO_INCREMENT,
  `assoc_type` smallint(6) DEFAULT NULL,
  `assoc_id` bigint(20) NOT NULL,
  `type_id` bigint(20) DEFAULT NULL,
  `date_expire` date DEFAULT NULL,
  `date_posted` datetime NOT NULL,
  PRIMARY KEY (`announcement_id`),
  KEY `announcements_assoc` (`assoc_type`,`assoc_id`)
) ENGINE=InnoDB DEFAULT CHARSET=utf8;

--
-- Dumping data for table `announcements`
--


--
-- Table structure for table `auth_sources`
--

CREATE TABLE `auth_sources` (
  `auth_id` bigint(20) NOT NULL AUTO_INCREMENT,
  `title` varchar(60) NOT NULL,
  `plugin` varchar(32) NOT NULL,
  `auth_default` tinyint(4) NOT NULL DEFAULT 0,
  `settings` text DEFAULT NULL,
  PRIMARY KEY (`auth_id`)
) ENGINE=InnoDB DEFAULT CHARSET=utf8;

--
-- Dumping data for table `auth_sources`
--


--
-- Table structure for table `author_settings`
--

CREATE TABLE `author_settings` (
  `author_id` bigint(20) NOT NULL,
  `locale` varchar(14) NOT NULL DEFAULT '',
  `setting_name` varchar(255) NOT NULL,
  `setting_value` text DEFAULT NULL,
  UNIQUE KEY `author_settings_pkey` (`author_id`,`locale`,`setting_name`),
  KEY `author_settings_author_id` (`author_id`)
) ENGINE=InnoDB DEFAULT CHARSET=utf8;

--
-- Dumping data for table `author_settings`
--

INSERT INTO `author_settings` VALUES (1,'','country','ID'),(1,'','orcid',''),(1,'','url',''),(1,'en_US','affiliation','Medical Laboratory Technology Poltekkes Kemenkes Banjarmasin Indonesia'),(1,'en_US','biography',''),(1,'en_US','familyName','Sari'),(1,'en_US','givenName','Putri Mustika'),(2,'','country','ID'),(2,'','orcid',''),(2,'','url',''),(2,'en_US','affiliation','Medical Laboratory Technology Poltekkes Kemenkes Banjarmasin Indonesia'),(2,'en_US','biography',''),(2,'en_US','familyName','Susanti'),(2,'en_US','givenName','Yuli'),(6,'','country','ID'),(6,'','orcid',''),(6,'','url',''),(6,'en_US','affiliation','Balai Besar Tehnik Kesehatan Lingkungan dan Pengendalian Penyakit (BBTKLPP) Banjarbaru'),(6,'en_US','biography',''),(6,'en_US','familyName','Triyanti'),(6,'en_US','givenName','Arista'),(8,'','country','ID'),(8,'','orcid',''),(8,'','url',''),(8,'en_US','affiliation','Medical Laboratory Technology Poltekkes Kemenkes Banjarmasin Indonesia'),(8,'en_US','biography',''),(8,'en_US','familyName','Rifqoh'),(8,'en_US','givenName','Rifqoh'),(10,'','country','ID'),(10,'','orcid',''),(10,'','url',''),(10,'en_US','affiliation','Medical Laboratory Technology Poltekkes Kemenkes Banjarmasin Indonesia'),(10,'en_US','biography',''),(10,'en_US','familyName','Muhlisin'),(10,'en_US','givenName','Ahmad'),(11,'','country','ID'),(11,'','orcid',''),(11,'','url',''),(11,'en_US','affiliation','Medical Laboratory Technology Poltekkes Kemenkes Banjarmasin Indonesia'),(11,'en_US','biography',''),(11,'en_US','familyName','Widyati'),(11,'en_US','givenName','Ruri'),(13,'','country','ID'),(13,'','orcid',''),(13,'','url',''),(13,'en_US','affiliation','Medical Laboratory Technology Poltekkes Kemenkes Banjarmasin Indonesia'),(13,'en_US','biography',''),(13,'en_US','familyName','Oktiyani'),(13,'en_US','givenName','Neni'),(14,'','country','ID'),(14,'','orcid',''),(14,'','url',''),(14,'en_US','affiliation','Medical Laboratory Technology Poltekkes Kemenkes Banjarmasin Indonesia'),(14,'en_US','biography',''),(14,'en_US','familyName','Haitami'),(14,'en_US','givenName','Haitami'),(15,'','country','ID'),(15,'','orcid',''),(15,'','url',''),(15,'en_US','affiliation','Medical Laboratory Technology Poltekkes Kemenkes Banjarmasin Indonesia'),(15,'en_US','biography',''),(15,'en_US','familyName','Rifa\'i'),(15,'en_US','givenName','Ahmad'),(16,'','country','ID'),(16,'','orcid',''),(16,'','url',''),(16,'en_US','affiliation','Medical Laboratory Technology Poltekkes Kemenkes Banjarmasin Indonesia'),(16,'en_US','biography',''),(16,'en_US','familyName','Muhlisin'),(16,'en_US','givenName','Ahmad'),(19,'','country','ID'),(19,'','orcid',''),(19,'','url',''),(19,'en_US','affiliation','Medical Laboratory Technology Poltekkes Kemenkes Banjarmasin Indonesia'),(19,'en_US','biography',''),(19,'en_US','familyName','Dwiyanti'),(19,'en_US','givenName','Ratih Dewi'),(20,'','country','ID'),(20,'','orcid',''),(20,'','url',''),(20,'en_US','affiliation','Medical Laboratory Technology Poltekkes Kemenkes Banjarmasin Indonesia'),(20,'en_US','biography',''),(20,'en_US','familyName','Huda'),(20,'en_US','givenName','Nurul'),(21,'','country','ID'),(21,'','orcid',''),(21,'','url',''),(21,'en_US','affiliation','Medical Laboratory Technology Poltekkes Kemenkes Banjarmasin Indonesia'),(21,'en_US','biography',''),(21,'en_US','familyName','Dwiyanti'),(21,'en_US','givenName','Ratih Dewi'),(22,'','country','ID'),(22,'','orcid',''),(22,'','url',''),(22,'en_US','affiliation','Medical Laboratory Technology Poltekkes Kemenkes Banjarmasin Indonesia'),(22,'en_US','biography',''),(22,'en_US','familyName','Thuraidah'),(22,'en_US','givenName','Anny'),(23,'','country','ID'),(23,'','orcid',''),(23,'','url',''),(23,'en_US','affiliation','Medical Laboratory Technology Poltekkes Kemenkes Banjarmasin Indonesia'),(23,'en_US','biography',''),(23,'en_US','familyName','Sutiany'),(23,'en_US','givenName','Ayu'),(24,'','country','ID'),(24,'','orcid',''),(24,'','url',''),(24,'en_US','affiliation','Medical Laboratory Technology Poltekkes Kemenkes Banjarmasin Indonesia'),(24,'en_US','biography',''),(24,'en_US','familyName','Dwiyanti'),(24,'en_US','givenName','Ratih Dewi'),(25,'','country','ID'),(25,'','orcid',''),(25,'','url',''),(25,'en_US','affiliation','Medical Laboratory Technology Poltekkes Kemenkes Banjarmasin Indonesia'),(25,'en_US','biography',''),(25,'en_US','familyName','Oktiyani'),(25,'en_US','givenName','Neni'),(26,'','country','ID'),(26,'','orcid',''),(26,'','url',''),(26,'en_US','affiliation','Medical Laboratory Technology Poltekkes Kemenkes Banjarmasin Indonesia'),(26,'en_US','biography',''),(26,'en_US','familyName','Mahmudah'),(26,'en_US','givenName','Siti'),(27,'','country','ID'),(27,'','orcid',''),(27,'','url',''),(27,'en_US','affiliation','Medical Laboratory Technology Poltekkes Kemenkes Banjarmasin Indonesia'),(27,'en_US','biography',''),(27,'en_US','familyName','Muntaha'),(27,'en_US','givenName','Akhmad'),(28,'','country','ID'),(28,'','orcid',''),(28,'','url',''),(28,'en_US','affiliation','Medical Laboratory Technology Poltekkes Kemenkes Banjarmasin Indonesia'),(28,'en_US','biography',''),(28,'en_US','familyName','Muhlisin'),(28,'en_US','givenName','Ahmad'),(29,'','country','TR'),(29,'','orcid',''),(29,'','url',''),(29,'en_US','affiliation','KocaeliDerince Education and Research Hospital Department of Pediatric Surgery. Turkey'),(29,'en_US','biography',''),(29,'en_US','familyName','Baltrak'),(29,'en_US','givenName','Yusuf Atakan'),(30,'','country','ID'),(30,'','orcid',''),(30,'','url',''),(30,'en_US','affiliation','Medical Laboratory Technology Poltekkes Kemenkes Banjarmasin Indonesia'),(30,'en_US','biography',''),(30,'en_US','familyName','fahani'),(30,'en_US','givenName','Ayu'),(31,'','country','ID'),(31,'','orcid',''),(31,'','url',''),(31,'en_US','affiliation','Medical Laboratory Technology Poltekkes Kemenkes Banjarmasin Indonesia'),(31,'en_US','biography',''),(31,'en_US','familyName','Dwiyanti'),(31,'en_US','givenName','Ratih Dewi'),(32,'','country','ID'),(32,'','orcid',''),(32,'','url',''),(32,'en_US','affiliation','Medical Laboratory Technology Poltekkes Kemenkes Banjarmasin Indonesia'),(32,'en_US','biography',''),(32,'en_US','familyName','Muhlisin'),(32,'en_US','givenName','Ahmad'),(33,'','country','TR'),(33,'','orcid',''),(33,'','url',''),(33,'en_US','affiliation','Department of Pediatric Surgery, Kocaeli Derince Education and Research Hospital Kocaeli,Turkey'),(33,'en_US','biography',''),(33,'en_US','familyName','Baltrak'),(33,'en_US','givenName','Yusuf Atakan'),(35,'','country','TR'),(35,'','orcid',''),(35,'','url',''),(35,'en_US','affiliation','Department of Anatomy, Siirt University, Medical Faculty, İstanbul, Turkey'),(35,'en_US','biography',''),(35,'en_US','familyName','Bolatli'),(35,'en_US','givenName','Gunes'),(36,'','country','TR'),(36,'','orcid',''),(36,'','url',''),(36,'en_US','affiliation','Eskisehir Osmangazi University Hospital, Department of Pediatric Neurology Eskisehir, Turkey'),(36,'en_US','biography',''),(36,'en_US','familyName','Koçak'),(36,'en_US','givenName','Ozan'),(37,'','country','TR'),(37,'','orcid',''),(37,'','url',''),(37,'en_US','affiliation','Department of Anesthesia, University of Health Science, Konya Training and Research Hospital. Turkey'),(37,'en_US','biography',''),(37,'en_US','familyName','Tire'),(37,'en_US','givenName','Yasin'),(38,'','country','TR'),(38,'','orcid',''),(38,'','url',''),(38,'en_US','affiliation','Department of Anatomy, Selcuk University, Medical Faculty, Konya, Turkey'),(38,'en_US','biography',''),(38,'en_US','familyName','Dogan'),(38,'en_US','givenName','Nadire Unver'),(39,'','country','TR'),(39,'','orcid',''),(39,'','url',''),(39,'en_US','affiliation','Department of Anatomy, Selcuk University, Medical Faculty, Konya, Turkey'),(39,'en_US','biography',''),(39,'en_US','familyName','Fazliogullari'),(39,'en_US','givenName','Zeliha'),(40,'','country','TR'),(40,'','orcid',''),(40,'','url',''),(40,'en_US','affiliation','Department of Radiology, Medova Hospital, Konya, Turkey'),(40,'en_US','biography',''),(40,'en_US','familyName','Kivrak'),(40,'en_US','givenName','Ali Sami'),(41,'','country','TR'),(41,'','orcid',''),(41,'','url',''),(41,'en_US','affiliation','Department of Anatomy, Necmettin Erbakan University, Meram Medical Faculty, Konya, Turkey'),(41,'en_US','biography',''),(41,'en_US','familyName','Uysal'),(41,'en_US','givenName','Ismihan Ilknur'),(42,'','country','TR'),(42,'','orcid',''),(42,'','url',''),(42,'en_US','affiliation','Department of Anatomy, Selcuk University, Medical Faculty, Konya, Turkey'),(42,'en_US','biography',''),(42,'en_US','familyName','Karabulut'),(42,'en_US','givenName','Ahmet Kagan'),(43,'','country','TR'),(43,'','orcid',''),(43,'','url',''),(43,'en_US','affiliation','Department of Radiology, Selcuk University, Medical Faculty, Konya, Turkey'),(43,'en_US','biography',''),(43,'en_US','familyName','Paksoy'),(43,'en_US','givenName','Yahya'),(44,'','country','TR'),(44,'','orcid',''),(44,'','url',''),(44,'en_US','affiliation','Department of Anesthesia, University of Health Science, Konya Training and Research Hospital. Turkey'),(44,'en_US','biography',''),(44,'en_US','familyName','Aydoğan'),(44,'en_US','givenName','Eyüp'),(45,'','country','TR'),(45,'','orcid',''),(45,'','url',''),(45,'en_US','affiliation','Department of Anesthesia, University of Health Science, Konya Training and Research Hospital. Turkey'),(45,'en_US','biography',''),(45,'en_US','familyName','Celep'),(45,'en_US','givenName','Abdullah'),(46,'','country','TR'),(46,'','orcid',''),(46,'','url',''),(46,'en_US','affiliation','Department of Anesthesia, University of Health Science, Konya Training and Research Hospital. Turkey'),(46,'en_US','biography',''),(46,'en_US','familyName','Mermer'),(46,'en_US','givenName','Aydın'),(47,'','country','TR'),(47,'','orcid',''),(47,'','url',''),(47,'en_US','affiliation','Eskisehir Osmangazi University Hospital, Department of Pediatric Neurology, Eskisehir, Turkey'),(47,'en_US','biography',''),(47,'en_US','familyName','Carman'),(47,'en_US','givenName','Kursat Bora Carman Bora'),(48,'','country','TR'),(48,'','orcid',''),(48,'','url',''),(48,'en_US','affiliation','Eskisehir Osmangazi University Hospital, Department of Pediatric Neurology, Eskisehir, Turkey'),(48,'en_US','biography',''),(48,'en_US','familyName','Yarar'),(48,'en_US','givenName','Coskun'),(49,'','country','JP'),(49,'','orcid',''),(49,'','url',''),(49,'en_US','affiliation','Department of Human Genetics, Yokohama City University Graduate School of Medicine, Yokohama 236-0004, Japan'),(49,'en_US','biography',''),(49,'en_US','familyName','Kodera'),(49,'en_US','givenName','Hirofumi'),(50,'','country','JP'),(50,'','orcid',''),(50,'','url',''),(50,'en_US','affiliation','Department of Biochemistry, Hamamatsu University School of Medicine, Hamamatsu  431-3192, Japan'),(50,'en_US','biography',''),(50,'en_US','familyName','Saitsu'),(50,'en_US','givenName','Hirotomo'),(51,'','country','JP'),(51,'','orcid',''),(51,'','url',''),(51,'en_US','affiliation','Department of Human Genetics, Yokohama City University Graduate School of Medicine, Yokohama 236-0004, Japan'),(51,'en_US','biography',''),(51,'en_US','familyName','Matsumoto'),(51,'en_US','givenName','Naomichi'),(52,'','country','ID'),(52,'','orcid',''),(52,'','url',''),(52,'en_US','affiliation','Medical Laboratory Technology Poltekkes Kemenkes Banjarmasin Indonesia'),(52,'en_US','biography',''),(52,'en_US','familyName','Pratama'),(52,'en_US','givenName','Haris Nurdin'),(53,'','country','ID'),(53,'','orcid',''),(53,'','url',''),(53,'en_US','affiliation','Medical Laboratory Technology Poltekkes Kemenkes Banjarmasin Indonesia'),(53,'en_US','biography',''),(53,'en_US','familyName','Kusumawardhani'),(53,'en_US','givenName','Novina'),(54,'','country','ID'),(54,'','orcid',''),(54,'','url',''),(54,'en_US','affiliation','Medical Laboratory Technology Poltekkes Kemenkes Banjarmasin Indonesia'),(54,'en_US','biography',''),(54,'en_US','familyName','Thuraidah'),(54,'en_US','givenName','Anny'),(55,'','country','ID'),(55,'','orcid',''),(55,'','url',''),(55,'en_US','affiliation','Medical Laboratory Technology Poltekkes Kemenkes Banjarmasin Indonesia'),(55,'en_US','biography',''),(55,'en_US','familyName','Nurlailah'),(55,'en_US','givenName','Nurlailah'),(56,'','country','ID'),(56,'','orcid',''),(56,'','url',''),(56,'en_US','affiliation','Medical Laboratory Technology Poltekkes Kemenkes Banjarmasin Indonesia'),(56,'en_US','biography',''),(56,'en_US','familyName','Dwiyanti'),(56,'en_US','givenName','Ratih Dewi'),(57,'','country','TR'),(57,'','orcid',''),(57,'','url',''),(57,'en_US','affiliation','University of Health Sciences, Derince Training and Research Hospital, Pediatric Surgery Clinic, Turkey'),(57,'en_US','biography',''),(57,'en_US','familyName','Baltrak'),(57,'en_US','givenName','Yusuf Atakan'),(58,'','country','TR'),(58,'','orcid',''),(58,'','url',''),(58,'en_US','affiliation','Kocaeli University, Faculty of Medicine, Departments of Anatomy, Turkey'),(58,'en_US','biography',''),(58,'en_US','familyName','Medişoğlu'),(58,'en_US','givenName','M. Sabri'),(59,'','country','TR'),(59,'','orcid',''),(59,'','url',''),(59,'en_US','affiliation','Department of Pediatric Surgery, Kocaeli Derince Education and Research Hospital Kocaeli,Turkey'),(59,'en_US','biography',''),(59,'en_US','familyName','Sogut'),(59,'en_US','givenName','Seniha Esin'),(60,'','country','TR'),(60,'','orcid',''),(60,'','url',''),(60,'en_US','affiliation','Department of Pediatric Surgery, Kocaeli Derince Education and Research Hospital Kocaeli,Turkey'),(60,'en_US','biography',''),(60,'en_US','familyName','Varlikli'),(60,'en_US','givenName','Onursal'),(61,'','country','ID'),(61,'','orcid',''),(61,'','url',''),(61,'en_US','affiliation','Medical Laboratory Technology Poltekkes Kemenkes Banjarmasin Indonesia'),(61,'en_US','biography',''),(61,'en_US','familyName','Muhlisin'),(61,'en_US','givenName','Ahmad'),(62,'','country','TR'),(62,'','orcid',''),(62,'','url',''),(62,'en_US','affiliation','Prof. Dr. Ilhan Varank Research and Education Hospital, Endocrinology Department, Turkey'),(62,'en_US','biography',''),(62,'en_US','familyName','Karatas'),(62,'en_US','givenName','Savas'),(63,'','country','TR'),(63,'','orcid',''),(63,'','url',''),(63,'en_US','affiliation','Prof. Dr. Ilhan Varank Research and Education Hospital, Internal Medicine Department, Turkey'),(63,'en_US','biography',''),(63,'en_US','familyName','Işıklar'),(63,'en_US','givenName','Aysun'),(64,'','country','NG'),(64,'','orcid',''),(64,'en_US','affiliation','University of Nigeria Teaching Hospital, Ituku/Ozalla,Enugu'),(64,'en_US','familyName','Edelu'),(64,'en_US','givenName','Benedict Onyeka'),(65,'','country','NG'),(65,'','orcid',''),(65,'','url',''),(65,'en_US','affiliation','Enugu State University Teaching Hospital, Enugu Nigeria'),(65,'en_US','biography',''),(65,'en_US','familyName','Ndu'),(65,'en_US','givenName','Ikenna Kingsley'),(66,'','country','NG'),(66,'','orcid',''),(66,'','url',''),(66,'en_US','affiliation','Enugu State University Teaching Hospital, Enugu Nigeria'),(66,'en_US','biography',''),(66,'en_US','familyName','Asimadu'),(66,'en_US','givenName','Ifeoma N'),(67,'','country','NG'),(67,'','orcid',''),(67,'','url',''),(67,'en_US','affiliation','Enugu State University Teaching Hospital, Enugu Nigeria'),(67,'en_US','biography',''),(67,'en_US','familyName','Amadi'),(67,'en_US','givenName','Ogechukwu F'),(68,'','country','NG'),(68,'','orcid',''),(68,'','url',''),(68,'en_US','affiliation','Enugu State University Teaching Hospital, Enugu Nigeria'),(68,'en_US','biography',''),(68,'en_US','familyName','Nduagubam'),(68,'en_US','givenName','Obinna Chukwuebuka'),(69,'','country','NG'),(69,'','orcid',''),(69,'','url',''),(69,'en_US','affiliation','Enugu State University Teaching Hospital, Enugu Nigeria'),(69,'en_US','biography',''),(69,'en_US','familyName','Asinobi'),(69,'en_US','givenName','Isaac Nwabueze'),(70,'','country','NG'),(70,'','orcid',''),(70,'','url',''),(70,'en_US','affiliation','Enugu State University Teaching Hospital, Enugu Nigeria'),(70,'en_US','biography',''),(70,'en_US','familyName','Ekwochi'),(70,'en_US','givenName','Uchenna'),(71,'','country','NG'),(71,'','orcid',''),(71,'','url',''),(71,'en_US','affiliation','University of Nigeria Teaching Hospital, Ituku/Ozalla,Enugu'),(71,'en_US','biography',''),(71,'en_US','familyName','Edelu'),(71,'en_US','givenName','Benedict Onyeka'),(72,'','country','NG'),(72,'','orcid',''),(72,'','url',''),(72,'en_US','affiliation','Enugu State University Teaching Hospital, Enugu Nigeria'),(72,'en_US','biography',''),(72,'en_US','familyName','Ndu'),(72,'en_US','givenName','Ikenna Kingsley'),(73,'','country','NG'),(73,'','orcid',''),(73,'','url',''),(73,'en_US','affiliation','Enugu State University Teaching Hospital, Enugu Nigeria'),(73,'en_US','biography',''),(73,'en_US','familyName','Ndu'),(73,'en_US','givenName','Ikenna Kingsley'),(74,'','country','NG'),(74,'','orcid',''),(74,'','url',''),(74,'en_US','affiliation','University of Nigeria Teaching Hospital, Ituku/Ozalla,Enugu'),(74,'en_US','biography',''),(74,'en_US','familyName','Chikani'),(74,'en_US','givenName','Ugo Nnenna'),(75,'','country','NG'),(75,'','orcid',''),(75,'','url',''),(75,'en_US','affiliation','Enugu State University Teaching Hospital, Enugu Nigeria'),(75,'en_US','biography',''),(75,'en_US','familyName','Nduagubam'),(75,'en_US','givenName','Obinna Chukwuebuka'),(76,'','country','NG'),(76,'','orcid',''),(76,'','url',''),(76,'en_US','affiliation','University of Nigeria Teaching Hospital, Ituku/Ozalla,Enugu'),(76,'en_US','biography',''),(76,'en_US','familyName','Bisi-Onyemaechi'),(76,'en_US','givenName','Adaobi Ijeoma'),(77,'','country','NG'),(77,'','orcid',''),(77,'','url',''),(77,'en_US','affiliation','Enugu State University Teaching Hospital, Enugu Nigeria'),(77,'en_US','biography',''),(77,'en_US','familyName','Asinobi'),(77,'en_US','givenName','Isaac Nwabueze'),(78,'','country','NG'),(78,'','orcid',''),(78,'','url',''),(78,'en_US','affiliation','Enugu State University Teaching Hospital, Enugu Nigeria'),(78,'en_US','biography',''),(78,'en_US','familyName','Ekwochi'),(78,'en_US','givenName','Uchenna'),(79,'','country','NG'),(79,'','orcid',''),(79,'','url',''),(79,'en_US','affiliation','Enugu State University Teaching Hospital, Enugu Nigeria'),(79,'en_US','biography',''),(79,'en_US','familyName','Ekwochi'),(79,'en_US','givenName','Uchenna'),(80,'','country','ID'),(80,'','orcid',''),(80,'','url',''),(80,'en_US','affiliation','Medical Laboratory Technology Poltekkes Kemenkes Banjarmasin Indonesia'),(80,'en_US','biography',''),(80,'en_US','familyName','Anggraini'),(80,'en_US','givenName','Agnina Listya'),(83,'','country','BR'),(83,'','orcid',''),(83,'','url',''),(83,'en_US','affiliation','Faculdade de Medicina de São José do Rio Preto (FAMERP) Brasil'),(83,'en_US','biography',''),(83,'en_US','familyName','Souza'),(83,'en_US','givenName','Renato Ferneda de'),(84,'','country','BR'),(84,'','orcid',''),(84,'','url',''),(84,'en_US','affiliation','Faculdade de Medicina de São José do Rio Preto (FAMERP) Brasil'),(84,'en_US','biography',''),(84,'en_US','familyName','Rubio'),(84,'en_US','givenName','Fernando Gongora'),(85,'','country','TR'),(85,'','orcid',''),(85,'','url',''),(85,'en_US','affiliation','Kocaeli University, Faculty of Medicine, Departments of Anatomy, Turkey'),(85,'en_US','biography',''),(85,'en_US','familyName','Tuncay'),(85,'en_US','givenName','Çolak'),(86,'','country','TR'),(86,'','orcid',''),(86,'','url',''),(86,'en_US','affiliation','University of Health Sciences, Derince Training and Research Hospital, Radiology Clinic, Turkey'),(86,'en_US','biography',''),(86,'en_US','familyName','Ahmet'),(86,'en_US','givenName','Yalnız'),(87,'','country','TR'),(87,'','orcid',''),(87,'','url',''),(87,'en_US','affiliation','Kocaeli University, Faculty of Medicine, Departments of  Radiology, Turkey'),(87,'en_US','biography',''),(87,'en_US','familyName','İsa'),(87,'en_US','givenName','Çam'),(88,'','country','TR'),(88,'','orcid',''),(88,'','url',''),(88,'en_US','affiliation','Hitit University, Çorum Erol OLÇOK Training and Research Hospital, Gastroenterology Clinic, Turkey'),(88,'en_US','biography',''),(88,'en_US','familyName','Mesut'),(88,'en_US','givenName','Sezikli'),(89,'','country','ID'),(89,'','orcid',''),(89,'','url',''),(89,'en_US','affiliation','Medical Laboratory Technology Poltekkes Kemenkes Banjarmasin Indonesia'),(89,'en_US','biography',''),(89,'en_US','familyName','Dwiyanti'),(89,'en_US','givenName','Ratih Dewi'),(91,'','country','ID'),(91,'','orcid',''),(91,'','url',''),(91,'en_US','affiliation','Medical Laboratory Technology Poltekkes Kemenkes Banjarmasin Indonesia'),(91,'en_US','biography',''),(91,'en_US','familyName','Azmi'),(91,'en_US','givenName','Dini Aulia'),(92,'','country','ID'),(92,'','orcid',''),(92,'','url',''),(92,'en_US','affiliation','Medical Laboratory Technology Poltekkes Kemenkes Banjarmasin Indonesia'),(92,'en_US','biography',''),(92,'en_US','familyName','Nurlailah'),(92,'en_US','givenName','Nurlailah'),(93,'','country','ID'),(93,'','orcid',''),(93,'','url',''),(93,'en_US','affiliation','Medical Laboratory Technology Poltekkes Kemenkes Banjarmasin Indonesia'),(93,'en_US','biography',''),(93,'en_US','familyName','Dwiyanti'),(93,'en_US','givenName','Ratih Dewi'),(94,'','country','ID'),(94,'','orcid',''),(94,'','url',''),(94,'en_US','affiliation','Medical Laboratory Technology Poltekkes Kemenkes Banjarmasin Indonesia'),(94,'en_US','biography',''),(94,'en_US','familyName','Thuraidah'),(94,'en_US','givenName','Anny'),(95,'','country','ID'),(95,'','orcid',''),(95,'en_US','affiliation','Poltekkes Kemenkes Banjarmasin Indonesia'),(95,'en_US','familyName','fadia'),(95,'en_US','givenName','fadia'),(96,'','country','TR'),(96,'','orcid',''),(96,'en_US','affiliation','drdeniz'),(96,'en_US','familyName','İncaman'),(96,'en_US','givenName','Deniz'),(98,'','country','TR'),(98,'','orcid',''),(98,'','url',''),(98,'en_US','affiliation','Department of Obstetrics and Gynecology, Batman Maternity and Child Health Hospital, Batman, Turkey.'),(98,'en_US','biography',''),(98,'en_US','familyName','Okuyan'),(98,'en_US','givenName','Erhan'),(99,'','country','TR'),(99,'','orcid',''),(99,'','url',''),(99,'en_US','affiliation','Department of Perinatology, Baskent University School of Medicine, Ankara, Turkey.'),(99,'en_US','biography',''),(99,'en_US','familyName','Gunakan'),(99,'en_US','givenName','Emre'),(100,'','country','TR'),(100,'','orcid',''),(100,'','url',''),(100,'en_US','affiliation','Department of Perinatology, Baskent University  School of Medicine, Ankara, Turkey'),(100,'en_US','biography',''),(100,'en_US','familyName','Esin'),(100,'en_US','givenName','Sertaç'),(101,'','country','NG'),(101,'','orcid',''),(101,'','url',''),(101,'en_US','affiliation','Department of Human Anatomy, Faculty of Basic Medical Sciences, Cross River University of Technology, Nigeria.'),(101,'en_US','biography',''),(101,'en_US','familyName','Isaac'),(101,'en_US','givenName','Ubi Essien'),(102,'','country','SA'),(102,'','orcid',''),(102,'en_US','affiliation','ministry  of health'),(102,'en_US','familyName','sari'),(102,'en_US','givenName','sahar ali'),(103,'','country','SA'),(103,'','orcid',''),(103,'','url',''),(103,'en_US','affiliation',''),(103,'en_US','biography',''),(103,'en_US','familyName','Al-Khaldi'),(103,'en_US','givenName','Yahia'),(105,'','country','MY'),(105,'','orcid',''),(105,'en_US','affiliation','Universiti Sains Malaysia'),(105,'en_US','familyName','Hamzan'),(105,'en_US','givenName','Muhammad Izzuddin'),(106,'','country','ID'),(106,'','orcid',''),(106,'','url',''),(106,'en_US','affiliation','Majoring in Midwifery Poltekkes Kemenkes Banjarmasin Indonesia'),(106,'en_US','biography',''),(106,'en_US','familyName','Dewi'),(106,'en_US','givenName','Vonny Khresna'),(107,'','country','NG'),(107,'','orcid',''),(107,'','url',''),(107,'en_US','affiliation','Department of Human Anatomy, Faculty of Basic Medical Sciences, Cross River University of Technology, Nigeria.'),(107,'en_US','biography',''),(107,'en_US','familyName','Etim'),(107,'en_US','givenName','Kom-Abasi Daniel'),(108,'','country','NG'),(108,'','orcid',''),(108,'','url',''),(108,'en_US','affiliation','Department of Human Anatomy, College of Medical Sciences, University of Calabar, Nigeria.'),(108,'en_US','biography',''),(108,'en_US','familyName','Igiri'),(108,'en_US','givenName','Anozeng Oyono'),(111,'','country','TR'),(111,'','orcid',''),(111,'en_US','affiliation','Sakarya University Training and Research Hospital'),(111,'en_US','familyName','Durmuş'),(111,'en_US','givenName','Ensar'),(112,'','country','TR'),(112,'','orcid',''),(112,'en_US','affiliation','Sakarya University Training and Research Hospital'),(112,'en_US','familyName','Durmuş'),(112,'en_US','givenName','Ensar'),(113,'','country','TR'),(113,'','orcid',''),(113,'','url',''),(113,'en_US','affiliation','Istanbul Başakşehir Çam and Sakura City Hospital'),(113,'en_US','biography',''),(113,'en_US','familyName','Uluutku'),(113,'en_US','givenName','Gizem Berfin'),(114,'','country','TR'),(114,'','orcid',''),(114,'','url',''),(114,'en_US','affiliation',''),(114,'en_US','biography',''),(114,'en_US','familyName','Ergin'),(114,'en_US','givenName','Basak'),(115,'','country','TR'),(115,'','orcid',''),(115,'','url',''),(115,'en_US','affiliation',''),(115,'en_US','biography',''),(115,'en_US','familyName','Kale'),(115,'en_US','givenName','İbrahim'),(116,'','country','TR'),(116,'','orcid',''),(116,'','url',''),(116,'en_US','affiliation',''),(116,'en_US','biography',''),(116,'en_US','familyName','Bayık'),(116,'en_US','givenName','Rahime Nida'),(117,'','country','ID'),(117,'','orcid',''),(117,'en_US','affiliation','poltek bjm'),(117,'en_US','familyName','123'),(117,'en_US','givenName','tes123 tes'),(118,'','country','ID'),(118,'','orcid',''),(118,'','url',''),(118,'en_US','affiliation','Majoring in Midwifery Poltekkes Kemenkes Banjarmasin, Indonesia'),(118,'en_US','biography',''),(118,'en_US','familyName','Kirana'),(118,'en_US','givenName','Rita'),(119,'','country','ID'),(119,'','orcid',''),(119,'','url',''),(119,'en_US','affiliation','Majoring in Midwifery Poltekkes Kemenkes Banjarmasin Indonesia'),(119,'en_US','biography',''),(119,'en_US','familyName','Mukhtar'),(119,'en_US','givenName','Muhammad'),(120,'','country','ID'),(120,'','orcid',''),(120,'en_US','affiliation','Poltekkes Kemenkes Banjarmasin Indonesia'),(120,'en_US','familyName','fadia'),(120,'en_US','givenName','fadia');

--
-- Table structure for table `authors`
--

CREATE TABLE `authors` (
  `author_id` bigint(20) NOT NULL AUTO_INCREMENT,
  `seq` double NOT NULL DEFAULT 0,
  `email` varchar(90) NOT NULL,
  `user_group_id` bigint(20) DEFAULT NULL,
  `include_in_browse` tinyint(4) NOT NULL DEFAULT 1,
  `publication_id` bigint(20) NOT NULL,
  PRIMARY KEY (`author_id`),
  KEY `authors_publication_id` (`publication_id`)
) ENGINE=InnoDB AUTO_INCREMENT=121 DEFAULT CHARSET=utf8;

--
-- Dumping data for table `authors`
--

INSERT INTO `authors` VALUES (1,1,'putrim@gmail.com',14,1,1),(2,1,'yulisusanti@gmail.com',14,1,2),(6,1,'arista333@gmail.com',14,1,5),(8,2,'rifqohmayasin@gmail.com',14,1,5),(10,2,'muhlisin@gmail.com',14,1,1),(11,1,'ruriwidyati@gmail.com',14,1,4),(13,2,'neni78@gmail.com',14,1,4),(14,3,'haitami4@gmail.com',14,1,4),(15,1,'ahmadrifai@gmail.com',14,1,3),(16,2,'muhlisin@gmail.com',14,1,3),(19,2,'ratihdewi@gmail.com',14,1,2),(20,1,'nurulhuda@gmail.com',14,1,6),(21,2,'ratihdewi@gmail.com',14,1,6),(22,3,'annythura@gmail.com',14,1,6),(23,1,'ayusutiany@gmail.com',14,1,7),(24,2,'ratihdewi@gmail.com',14,1,7),(25,3,'nenioktiyani@gmail.com',14,1,7),(26,1,'mahmudahst@gmail.com',14,1,8),(27,2,'muntaha@gmail.com',14,1,8),(28,3,'muhlisin@gmail.com',14,1,8),(29,1,'yusufbaltrak@gmail.com',14,1,9),(30,1,'ayufahani@gmail.com',14,1,10),(31,2,'ratihdewi@gmail.com',14,1,10),(32,3,'muhlisin@gmail.com',14,1,10),(33,1,'dratakanbaltrak@gmail.com',14,1,11),(35,1,'gunesbolatli83@gmail.com',14,1,12),(36,1,'ozankocak79@gmail.com',14,1,13),(37,1,'dryasintire@hotmail.com',14,1,14),(38,2,'nadire@gmail.com',14,1,12),(39,3,'zeliha@gmail.com',14,1,12),(40,4,'alisami@gmail.com',14,1,12),(41,5,'ismilhan@gmail.com',14,1,12),(42,6,'kagan@gmail.com',14,1,12),(43,7,'yahyap@gmail.com',14,1,12),(44,2,'eyup@gmail.com',14,1,14),(45,3,'abdullahcelep@gmail.com',14,1,14),(46,4,'aydinm@gmail.com',14,1,14),(47,2,'kursan@gmail.com',14,1,13),(48,3,'coskun@gmail.com',14,1,13),(49,4,'hirofumi@gmail.com',14,1,13),(50,5,'hirotomo@gmail.com',14,1,13),(51,6,'naomichi@gmail.com',14,1,13),(52,1,'harisnurdin@gmail.com',14,1,15),(53,1,'novinakusuma@gmail.com',14,1,16),(54,2,'annythura@gmail.com',14,1,16),(55,3,'nurlailah@gmail.com',14,1,16),(56,2,'ratihdd@gmail.com',14,1,15),(57,6,'dratakanbaltrak@gmail.com',14,1,17),(58,1,'dratakanbaltrak@gmail.com',14,1,17),(59,2,'seniha@gmail.com',14,1,11),(60,3,'onursal@gmail.com',14,1,11),(61,3,'muhlisin@gmail.com',14,1,15),(62,1,'drsavaskaratas@yahoo.com',14,1,18),(63,2,'aysunisiklar@gmail.com',14,1,18),(64,3,'onyedelu@yahoo.com',14,1,19),(65,1,'ikennandu@gmail.com',14,1,19),(66,2,'ifeomaikojo@gmail.com',14,1,19),(67,5,'ogefranamadi@gmail.com',14,1,19),(68,4,'obinopunchus@yahoo.com',14,1,19),(69,6,'isaacasinobi@gmail.com',14,1,19),(70,7,'uekwochi@yahoo.co.uk',14,1,19),(71,7,'onyedelu@yahoo.com',14,1,20),(72,1,'ikennandu@gmail.com',14,1,20),(73,2,'ikennandu@gmail.com',14,1,20),(74,4,'ugochikani@yahoo.com',14,1,20),(75,5,'obinopunchus@yahoo.com',14,1,20),(76,6,'adaobi.bisi-onyemaechi@unn.edu.ng',14,1,20),(77,8,'isaacasinobi@gmail.com',14,1,20),(78,9,'uekwochi@gmail.com',14,1,20),(79,3,'uekwochi@gmail.com',14,1,20),(80,1,'agninalistya@gmail.com',14,1,21),(83,1,'refsouza@uol.com.br',14,1,23),(84,2,'fegorubio@gmail.com',14,1,23),(85,2,'colak@gmail.com',14,1,17),(86,3,'yalniz@gmail.com',14,1,17),(87,4,'camisa@gmail.com',14,1,17),(88,5,'sezikli@gmail.com',14,1,17),(89,3,'yanti@gmail.com',14,1,22),(91,1,'diniaulia@gmail.com',14,1,22),(92,2,'nurlailah28@gmail.com',14,1,22),(93,2,'yanti@gmail.com',14,1,21),(94,3,'annythura2014@gmail.com',14,1,21),(95,1,'fadiafadia@gmail.com',14,1,24),(96,1,'denizimgs@windowslive.com',14,1,25),(98,1,'dreo06@hotmail.com',14,1,26),(99,2,'emregunakan@gmail.com',14,1,26),(100,3,'rhnkyn@hotmail.com',14,1,26),(101,2,'isaacubi@crutech.edu.ng',14,1,27),(102,1,'dr.sari.s@hotmail.com',14,1,28),(103,2,'yahiammh@hotmail.com',14,1,28),(105,1,'drmizzud@gmail.com',14,1,29),(106,1,'vonnykhresna@gmail.com',14,1,30),(107,1,'komabasi@gmail.com',14,1,27),(108,3,'anozeng@gmail.com',14,1,27),(111,1,'muhalefet@hotmail.com',14,1,31),(112,1,'muhalefet@hotmail.com',14,1,32),(113,1,'berfinuluutku@yahoo.com',14,1,33),(114,2,'jenn1039@hotmail.com',14,1,33),(115,3,'dribakale@hotmail.com',14,1,33),(116,4,'drnidaergin@gmail.com',14,1,33),(117,1,'apinaga53@ymail.com',14,1,34),(118,2,'ritakirana@gmail.com',14,1,30),(119,3,'mmukhtar@gmail.com',14,1,30),(120,1,'fadiafadia@gmail.com',14,1,35);

--
-- Table structure for table `categories`
--

CREATE TABLE `categories` (
  `category_id` bigint(20) NOT NULL AUTO_INCREMENT,
  `context_id` bigint(20) NOT NULL,
  `parent_id` bigint(20) NOT NULL,
  `seq` bigint(20) DEFAULT NULL,
  `path` varchar(255) NOT NULL,
  `image` text DEFAULT NULL,
  PRIMARY KEY (`category_id`),
  UNIQUE KEY `category_path` (`context_id`,`path`),
  KEY `category_context_id` (`context_id`,`parent_id`)
) ENGINE=InnoDB DEFAULT CHARSET=latin1;

--
-- Dumping data for table `categories`
--


--
-- Table structure for table `category_settings`
--

CREATE TABLE `category_settings` (
  `category_id` bigint(20) NOT NULL,
  `locale` varchar(14) NOT NULL DEFAULT '',
  `setting_name` varchar(255) NOT NULL,
  `setting_value` text DEFAULT NULL,
  `setting_type` varchar(6) NOT NULL,
  UNIQUE KEY `category_settings_pkey` (`category_id`,`locale`,`setting_name`)
) ENGINE=InnoDB DEFAULT CHARSET=latin1;

--
-- Dumping data for table `category_settings`
--


--
-- Table structure for table `citation_settings`
--

CREATE TABLE `citation_settings` (
  `citation_id` bigint(20) NOT NULL,
  `locale` varchar(14) NOT NULL DEFAULT '',
  `setting_name` varchar(255) NOT NULL,
  `setting_value` text DEFAULT NULL,
  `setting_type` varchar(6) NOT NULL,
  UNIQUE KEY `citation_settings_pkey` (`citation_id`,`locale`,`setting_name`),
  KEY `citation_settings_citation_id` (`citation_id`)
) ENGINE=InnoDB DEFAULT CHARSET=utf8;

--
-- Dumping data for table `citation_settings`
--


--
-- Table structure for table `citations`
--

CREATE TABLE `citations` (
  `citation_id` bigint(20) NOT NULL AUTO_INCREMENT,
  `publication_id` bigint(20) NOT NULL DEFAULT 0,
  `raw_citation` text DEFAULT NULL,
  `seq` bigint(20) NOT NULL DEFAULT 0,
  PRIMARY KEY (`citation_id`),
  UNIQUE KEY `citations_publication_seq` (`publication_id`,`seq`),
  KEY `citations_publication` (`publication_id`)
) ENGINE=InnoDB DEFAULT CHARSET=utf8;

--
-- Dumping data for table `citations`
--


--
-- Table structure for table `completed_payments`
--

CREATE TABLE `completed_payments` (
  `completed_payment_id` bigint(20) NOT NULL AUTO_INCREMENT,
  `timestamp` datetime NOT NULL,
  `payment_type` bigint(20) NOT NULL,
  `context_id` bigint(20) NOT NULL,
  `user_id` bigint(20) DEFAULT NULL,
  `assoc_id` bigint(20) DEFAULT NULL,
  `amount` double NOT NULL,
  `currency_code_alpha` varchar(3) DEFAULT NULL,
  `payment_method_plugin_name` varchar(80) DEFAULT NULL,
  PRIMARY KEY (`completed_payment_id`)
) ENGINE=InnoDB DEFAULT CHARSET=utf8;

--
-- Dumping data for table `completed_payments`
--


--
-- Table structure for table `controlled_vocab_entries`
--

CREATE TABLE `controlled_vocab_entries` (
  `controlled_vocab_entry_id` bigint(20) NOT NULL AUTO_INCREMENT,
  `controlled_vocab_id` bigint(20) NOT NULL,
  `seq` double DEFAULT NULL,
  PRIMARY KEY (`controlled_vocab_entry_id`),
  KEY `controlled_vocab_entries_cv_id` (`controlled_vocab_id`,`seq`)
) ENGINE=InnoDB AUTO_INCREMENT=132 DEFAULT CHARSET=utf8;

--
-- Dumping data for table `controlled_vocab_entries`
--

INSERT INTO `controlled_vocab_entries` VALUES (1,1,1),(2,1,2),(3,1,3),(4,1,4),(5,1,5),(6,1,6),(7,1,7),(8,2,1),(9,2,2),(10,2,3),(11,2,4),(12,2,5),(13,2,6),(14,2,7),(15,3,1),(16,3,2),(17,3,3),(18,4,1),(19,4,2),(20,4,3),(21,4,4),(22,4,5),(23,4,6),(24,4,7),(25,5,1),(26,5,2),(27,5,3),(28,6,1),(29,6,2),(30,6,3),(31,6,4),(32,6,5),(33,6,6),(34,6,7),(35,6,8),(36,6,9),(37,6,10),(38,6,11),(39,6,12),(40,7,1),(41,7,2),(54,8,0),(57,8,0),(58,8,0),(78,8,0),(89,8,0),(101,8,0),(110,8,0),(112,8,0),(113,8,0),(114,8,0),(115,8,0),(116,8,0),(128,8,0),(129,8,0),(130,8,0),(131,8,0),(104,207,1),(107,295,1),(105,314,1),(49,368,1),(106,461,1),(75,831,1),(69,2974,1),(71,3018,1),(70,3906,1),(76,3960,1),(73,4577,1),(103,4961,1),(81,6447,1),(82,6701,1),(83,6701,2),(84,6701,3),(85,6701,4),(86,6701,5),(108,7276,1),(109,7289,1),(99,7404,1),(102,10377,1),(119,14097,1),(123,14422,1),(120,23318,1),(124,30832,1),(125,30832,2),(126,30832,3),(127,31287,1);

--
-- Table structure for table `controlled_vocab_entry_settings`
--

CREATE TABLE `controlled_vocab_entry_settings` (
  `controlled_vocab_entry_id` bigint(20) NOT NULL,
  `locale` varchar(14) NOT NULL DEFAULT '',
  `setting_name` varchar(255) NOT NULL,
  `setting_value` text DEFAULT NULL,
  `setting_type` varchar(6) NOT NULL,
  UNIQUE KEY `c_v_e_s_pkey` (`controlled_vocab_entry_id`,`locale`,`setting_name`),
  KEY `c_v_e_s_entry_id` (`controlled_vocab_entry_id`)
) ENGINE=InnoDB DEFAULT CHARSET=utf8;

--
-- Dumping data for table `controlled_vocab_entry_settings`
--

INSERT INTO `controlled_vocab_entry_settings` VALUES (1,'','name','journal','string'),(2,'','name','issue','string'),(3,'','name','article','string'),(4,'','name','proceeding','string'),(5,'','name','conference','string'),(6,'','name','preprint','string'),(7,'','name','unknown','string'),(8,'','name','book','string'),(9,'','name','bookitem','string'),(10,'','name','proceeding','string'),(11,'','name','conference','string'),(12,'','name','report','string'),(13,'','name','document','string'),(14,'','name','unknown','string'),(15,'','name','personal','string'),(16,'','name','corporate','string'),(17,'','name','conference','string'),(18,'','description','Author','string'),(18,'','name','aut','string'),(19,'','description','Contributor','string'),(19,'','name','ctb','string'),(20,'','description','Editor','string'),(20,'','name','edt','string'),(21,'','description','Illustrator','string'),(21,'','name','ill','string'),(22,'','description','Photographer','string'),(22,'','name','pht','string'),(23,'','description','Sponsor','string'),(23,'','name','spn','string'),(24,'','description','Translator','string'),(24,'','name','trl','string'),(25,'','name','multimedia','string'),(26,'','name','still image','string'),(27,'','name','text','string'),(28,'','name','article','string'),(29,'','name','book','string'),(30,'','name','conference publication','string'),(31,'','name','issue','string'),(32,'','name','journal','string'),(33,'','name','newspaper','string'),(34,'','name','picture','string'),(35,'','name','review','string'),(36,'','name','periodical','string'),(37,'','name','series','string'),(38,'','name','thesis','string'),(39,'','name','web site','string'),(40,'','name','electronic','string'),(41,'','name','print','string'),(49,'en_US','submissionKeyword','circumcision; newborn; plastic clamp','string'),(54,'','interest','Anatomy','string'),(57,'','interest','cardiac surgery','string'),(58,'','interest','Regional anesthesia','string'),(69,'en_US','submissionKeyword','hyoid; multi detector computed tomography; ossification; variation','string'),(70,'en_US','submissionKeyword','age; education; internet use; source of surgery information; source of anesthesia information','string'),(71,'en_US','submissionKeyword','COL4A1; COL4A2; perinatal stroke; congenital hemiplegia; cerebral palsy','string'),(73,'en_US','submissionKeyword','Citrus hystrix D.C; antibacterial; Staphylococcus aureus','string'),(75,'en_US','submissionKeyword','pilonidal sinus; sacrococcygeal region; Z-plasty; seroma','string'),(76,'en_US','submissionKeyword','basil powder; Malassezia furfur','string'),(78,'','interest','PEDIATRIC NEPHROLOGY','string'),(81,'en_US','submissionKeyword','ophthalmological; non-traumatic; coma, paediatric; Nigeria','string'),(82,'en_US','submissionKeyword','Diabetic Ketoacidosis','string'),(83,'en_US','submissionKeyword','Children','string'),(84,'en_US','submissionKeyword','Nigeria','string'),(85,'en_US','submissionKeyword','Prevalence','string'),(86,'en_US','submissionKeyword','Pattern','string'),(89,'','interest','Infectious Diseases','string'),(99,'en_US','submissionKeyword','Renal Tubular Dysfunction; Tenofovir; Antiretroviral Therapy; HIV','string'),(101,'','interest','Gynecologic Oncology','string'),(102,'en_US','submissionKeyword','Chromolaena odorata L.; Salmonella typhi; Staphylococcus aureus','string'),(103,'en_US','submissionKeyword','Biliary tract variations; choledochal diameter; choledochal stone','string'),(104,'en_US','submissionKeyword','cinnamon (Cinnamomum burmannii); Staphyloccocus aureus','string'),(105,'en_US','submissionKeyword','Escherichia coli; Dayak Onions (Eleutherine palmifolia (L.) Merr)','string'),(106,'en_US','submissionKeyword','snack food; Bacillus cereus','string'),(107,'en_US','submissionKeyword','rosella (Hibiscus sabdariffa L.); Salmonella typhi','string'),(108,'en_US','submissionKeyword','Garlic (Allium sativum L.); Staphylococcus aureus; Escherichia coli','string'),(109,'en_US','submissionKeyword','Centella asiatica (L.) Urban; Streptococcus pyogenes; Pseudomonas aeruginosa','string'),(110,'','interest','editorial board squad','string'),(112,'','interest','Gross and microscopic anatomy','string'),(113,'','interest','Neurobiology','string'),(114,'','interest','Histopathology','string'),(115,'','interest','Developmental and reproductive biology','string'),(116,'','interest','Biological/medical anthropology','string'),(119,'en_US','submissionKeyword','Coronavirus; Covid-19; pregnancy','string'),(120,'en_US','submissionKeyword','dynamic facial reanimation, free gracilis muscle transfer, facial nerve palsy, FGMT','string'),(123,'en_US','submissionKeyword','Psidium guajava; alteration; morphology; testis; folk medicine','string'),(124,'en_US','submissionKeyword','covid-19','string'),(125,'en_US','submissionKeyword','recurrence','string'),(126,'en_US','submissionKeyword','pandemic','string'),(127,'en_US','submissionKeyword','Key words: TSH,  insemination, infertility,','string'),(128,'','interest','health','string'),(129,'','interest','bacteriology','string'),(130,'','interest','Coffee and conversation','string'),(131,'','interest','sport','string');

--
-- Table structure for table `controlled_vocabs`
--

CREATE TABLE `controlled_vocabs` (
  `controlled_vocab_id` bigint(20) NOT NULL AUTO_INCREMENT,
  `symbolic` varchar(64) NOT NULL,
  `assoc_type` bigint(20) NOT NULL DEFAULT 0,
  `assoc_id` bigint(20) NOT NULL DEFAULT 0,
  PRIMARY KEY (`controlled_vocab_id`),
  UNIQUE KEY `controlled_vocab_symbolic` (`symbolic`,`assoc_type`,`assoc_id`)
) ENGINE=InnoDB AUTO_INCREMENT=36403 DEFAULT CHARSET=utf8;

--
-- Dumping data for table `controlled_vocabs`
--

INSERT INTO `controlled_vocabs` VALUES (8,'interest',0,0),(6,'mods34-genre-marcgt',0,0),(4,'mods34-name-role-roleTerms-marcrelator',0,0),(3,'mods34-name-types',0,0),(7,'mods34-physicalDescription-form-marcform',0,0),(5,'mods34-typeOfResource',0,0),(2,'openurl10-book-genres',0,0),(1,'openurl10-journal-genres',0,0),(17,'submissionAgency',1048588,1),(45,'submissionAgency',1048588,2),(76,'submissionAgency',1048588,3),(86,'submissionAgency',1048588,4),(96,'submissionAgency',1048588,5),(209,'submissionAgency',1048588,6),(297,'submissionAgency',1048588,7),(316,'submissionAgency',1048588,8),(370,'submissionAgency',1048588,9),(463,'submissionAgency',1048588,10),(833,'submissionAgency',1048588,11),(2976,'submissionAgency',1048588,12),(3020,'submissionAgency',1048588,13),(3908,'submissionAgency',1048588,14),(3962,'submissionAgency',1048588,15),(4579,'submissionAgency',1048588,16),(4963,'submissionAgency',1048588,17),(5245,'submissionAgency',1048588,18),(6449,'submissionAgency',1048588,19),(6703,'submissionAgency',1048588,20),(7278,'submissionAgency',1048588,21),(7291,'submissionAgency',1048588,22),(7406,'submissionAgency',1048588,23),(10379,'submissionAgency',1048588,24),(10405,'submissionAgency',1048588,25),(14099,'submissionAgency',1048588,26),(14424,'submissionAgency',1048588,27),(16961,'submissionAgency',1048588,28),(23320,'submissionAgency',1048588,29),(26789,'submissionAgency',1048588,30),(30834,'submissionAgency',1048588,31),(36397,'submissionAgency',1048588,32),(31289,'submissionAgency',1048588,33),(36402,'submissionAgency',1048588,34),(35998,'submissionAgency',1048588,35),(16,'submissionDiscipline',1048588,1),(44,'submissionDiscipline',1048588,2),(75,'submissionDiscipline',1048588,3),(85,'submissionDiscipline',1048588,4),(95,'submissionDiscipline',1048588,5),(208,'submissionDiscipline',1048588,6),(296,'submissionDiscipline',1048588,7),(315,'submissionDiscipline',1048588,8),(369,'submissionDiscipline',1048588,9),(462,'submissionDiscipline',1048588,10),(832,'submissionDiscipline',1048588,11),(2975,'submissionDiscipline',1048588,12),(3019,'submissionDiscipline',1048588,13),(3907,'submissionDiscipline',1048588,14),(3961,'submissionDiscipline',1048588,15),(4578,'submissionDiscipline',1048588,16),(4962,'submissionDiscipline',1048588,17),(5244,'submissionDiscipline',1048588,18),(6448,'submissionDiscipline',1048588,19),(6702,'submissionDiscipline',1048588,20),(7277,'submissionDiscipline',1048588,21),(7290,'submissionDiscipline',1048588,22),(7405,'submissionDiscipline',1048588,23),(10378,'submissionDiscipline',1048588,24),(10404,'submissionDiscipline',1048588,25),(14098,'submissionDiscipline',1048588,26),(14423,'submissionDiscipline',1048588,27),(16960,'submissionDiscipline',1048588,28),(23319,'submissionDiscipline',1048588,29),(26788,'submissionDiscipline',1048588,30),(30833,'submissionDiscipline',1048588,31),(36395,'submissionDiscipline',1048588,32),(31288,'submissionDiscipline',1048588,33),(36400,'submissionDiscipline',1048588,34),(35997,'submissionDiscipline',1048588,35),(15,'submissionKeyword',1048588,1),(43,'submissionKeyword',1048588,2),(74,'submissionKeyword',1048588,3),(84,'submissionKeyword',1048588,4),(94,'submissionKeyword',1048588,5),(207,'submissionKeyword',1048588,6),(295,'submissionKeyword',1048588,7),(314,'submissionKeyword',1048588,8),(368,'submissionKeyword',1048588,9),(461,'submissionKeyword',1048588,10),(831,'submissionKeyword',1048588,11),(2974,'submissionKeyword',1048588,12),(3018,'submissionKeyword',1048588,13),(3906,'submissionKeyword',1048588,14),(3960,'submissionKeyword',1048588,15),(4577,'submissionKeyword',1048588,16),(4961,'submissionKeyword',1048588,17),(5243,'submissionKeyword',1048588,18),(6447,'submissionKeyword',1048588,19),(6701,'submissionKeyword',1048588,20),(7276,'submissionKeyword',1048588,21),(7289,'submissionKeyword',1048588,22),(7404,'submissionKeyword',1048588,23),(10377,'submissionKeyword',1048588,24),(10403,'submissionKeyword',1048588,25),(14097,'submissionKeyword',1048588,26),(14422,'submissionKeyword',1048588,27),(16959,'submissionKeyword',1048588,28),(23318,'submissionKeyword',1048588,29),(26787,'submissionKeyword',1048588,30),(30832,'submissionKeyword',1048588,31),(36393,'submissionKeyword',1048588,32),(31287,'submissionKeyword',1048588,33),(36398,'submissionKeyword',1048588,34),(35996,'submissionKeyword',1048588,35),(18,'submissionLanguage',1048588,1),(46,'submissionLanguage',1048588,2),(77,'submissionLanguage',1048588,3),(87,'submissionLanguage',1048588,4),(97,'submissionLanguage',1048588,5),(210,'submissionLanguage',1048588,6),(298,'submissionLanguage',1048588,7),(317,'submissionLanguage',1048588,8),(371,'submissionLanguage',1048588,9),(464,'submissionLanguage',1048588,10),(834,'submissionLanguage',1048588,11),(2977,'submissionLanguage',1048588,12),(3021,'submissionLanguage',1048588,13),(3909,'submissionLanguage',1048588,14),(3963,'submissionLanguage',1048588,15),(4580,'submissionLanguage',1048588,16),(4964,'submissionLanguage',1048588,17),(5246,'submissionLanguage',1048588,18),(6450,'submissionLanguage',1048588,19),(6704,'submissionLanguage',1048588,20),(7279,'submissionLanguage',1048588,21),(7292,'submissionLanguage',1048588,22),(7407,'submissionLanguage',1048588,23),(10380,'submissionLanguage',1048588,24),(10406,'submissionLanguage',1048588,25),(14100,'submissionLanguage',1048588,26),(14425,'submissionLanguage',1048588,27),(16962,'submissionLanguage',1048588,28),(23321,'submissionLanguage',1048588,29),(26790,'submissionLanguage',1048588,30),(30835,'submissionLanguage',1048588,31),(36396,'submissionLanguage',1048588,32),(31290,'submissionLanguage',1048588,33),(36401,'submissionLanguage',1048588,34),(35999,'submissionLanguage',1048588,35),(14,'submissionSubject',1048588,1),(42,'submissionSubject',1048588,2),(73,'submissionSubject',1048588,3),(83,'submissionSubject',1048588,4),(93,'submissionSubject',1048588,5),(206,'submissionSubject',1048588,6),(294,'submissionSubject',1048588,7),(313,'submissionSubject',1048588,8),(367,'submissionSubject',1048588,9),(460,'submissionSubject',1048588,10),(830,'submissionSubject',1048588,11),(2973,'submissionSubject',1048588,12),(3017,'submissionSubject',1048588,13),(3905,'submissionSubject',1048588,14),(3959,'submissionSubject',1048588,15),(4576,'submissionSubject',1048588,16),(4960,'submissionSubject',1048588,17),(5242,'submissionSubject',1048588,18),(6446,'submissionSubject',1048588,19),(6700,'submissionSubject',1048588,20),(7275,'submissionSubject',1048588,21),(7288,'submissionSubject',1048588,22),(7403,'submissionSubject',1048588,23),(10376,'submissionSubject',1048588,24),(10402,'submissionSubject',1048588,25),(14096,'submissionSubject',1048588,26),(14421,'submissionSubject',1048588,27),(16958,'submissionSubject',1048588,28),(23317,'submissionSubject',1048588,29),(26786,'submissionSubject',1048588,30),(30831,'submissionSubject',1048588,31),(36394,'submissionSubject',1048588,32),(31286,'submissionSubject',1048588,33),(36399,'submissionSubject',1048588,34),(35995,'submissionSubject',1048588,35);

--
-- Table structure for table `custom_issue_orders`
--

CREATE TABLE `custom_issue_orders` (
  `issue_id` bigint(20) NOT NULL,
  `journal_id` bigint(20) NOT NULL,
  `seq` double NOT NULL DEFAULT 0,
  UNIQUE KEY `custom_issue_orders_pkey` (`issue_id`)
) ENGINE=InnoDB DEFAULT CHARSET=utf8;

--
-- Dumping data for table `custom_issue_orders`
--


--
-- Table structure for table `custom_section_orders`
--

CREATE TABLE `custom_section_orders` (
  `issue_id` bigint(20) NOT NULL,
  `section_id` bigint(20) NOT NULL,
  `seq` double NOT NULL DEFAULT 0,
  UNIQUE KEY `custom_section_orders_pkey` (`issue_id`,`section_id`)
) ENGINE=InnoDB DEFAULT CHARSET=utf8;

--
-- Dumping data for table `custom_section_orders`
--


--
-- Table structure for table `data_object_tombstone_oai_set_objects`
--

CREATE TABLE `data_object_tombstone_oai_set_objects` (
  `object_id` bigint(20) NOT NULL AUTO_INCREMENT,
  `tombstone_id` bigint(20) NOT NULL,
  `assoc_type` bigint(20) NOT NULL,
  `assoc_id` bigint(20) NOT NULL,
  PRIMARY KEY (`object_id`),
  KEY `data_object_tombstone_oai_set_objects_tombstone_id` (`tombstone_id`)
) ENGINE=InnoDB DEFAULT CHARSET=utf8;

--
-- Dumping data for table `data_object_tombstone_oai_set_objects`
--


--
-- Table structure for table `data_object_tombstone_settings`
--

CREATE TABLE `data_object_tombstone_settings` (
  `tombstone_id` bigint(20) NOT NULL,
  `locale` varchar(14) NOT NULL DEFAULT '',
  `setting_name` varchar(255) NOT NULL,
  `setting_value` text DEFAULT NULL,
  `setting_type` varchar(6) NOT NULL,
  UNIQUE KEY `data_object_tombstone_settings_pkey` (`tombstone_id`,`locale`,`setting_name`),
  KEY `data_object_tombstone_settings_tombstone_id` (`tombstone_id`)
) ENGINE=InnoDB DEFAULT CHARSET=utf8;

--
-- Dumping data for table `data_object_tombstone_settings`
--


--
-- Table structure for table `data_object_tombstones`
--

CREATE TABLE `data_object_tombstones` (
  `tombstone_id` bigint(20) NOT NULL AUTO_INCREMENT,
  `data_object_id` bigint(20) NOT NULL,
  `date_deleted` datetime NOT NULL,
  `set_spec` varchar(255) NOT NULL,
  `set_name` varchar(255) NOT NULL,
  `oai_identifier` varchar(255) NOT NULL,
  PRIMARY KEY (`tombstone_id`),
  KEY `data_object_tombstones_data_object_id` (`data_object_id`)
) ENGINE=InnoDB DEFAULT CHARSET=utf8;

--
-- Dumping data for table `data_object_tombstones`
--


--
-- Table structure for table `edit_decisions`
--

CREATE TABLE `edit_decisions` (
  `edit_decision_id` bigint(20) NOT NULL AUTO_INCREMENT,
  `submission_id` bigint(20) NOT NULL,
  `review_round_id` bigint(20) DEFAULT NULL,
  `stage_id` bigint(20) DEFAULT NULL,
  `round` tinyint(4) NOT NULL,
  `editor_id` bigint(20) NOT NULL,
  `decision` tinyint(4) NOT NULL,
  `date_decided` datetime NOT NULL,
  PRIMARY KEY (`edit_decision_id`),
  KEY `edit_decisions_submission_id` (`submission_id`),
  KEY `edit_decisions_editor_id` (`editor_id`)
) ENGINE=InnoDB AUTO_INCREMENT=143 DEFAULT CHARSET=utf8;

--
-- Dumping data for table `edit_decisions`
--

INSERT INTO `edit_decisions` VALUES (1,1,0,1,0,1,1,'2019-03-28 13:33:37'),(2,1,0,4,0,1,7,'2019-03-28 13:34:11'),(3,2,0,1,0,1,8,'2019-03-29 07:33:39'),(4,2,1,3,1,1,2,'2019-03-29 07:47:35'),(5,2,1,3,1,1,1,'2019-03-29 07:56:47'),(6,2,0,4,0,1,7,'2019-03-29 07:59:02'),(7,1,0,5,0,1,8,'2019-03-31 14:22:40'),(8,1,2,3,1,1,2,'2019-03-31 14:26:18'),(9,1,2,3,1,1,2,'2019-03-31 14:31:07'),(10,5,0,1,0,1,8,'2019-03-31 14:55:17'),(11,4,0,1,0,1,8,'2019-03-31 14:57:35'),(12,3,0,1,0,1,8,'2019-03-31 14:58:55'),(13,5,3,3,1,1,2,'2019-03-31 15:04:24'),(14,4,4,3,1,1,2,'2019-03-31 15:04:54'),(15,3,5,3,1,1,2,'2019-03-31 15:06:26'),(16,1,0,3,0,1,7,'2019-03-31 15:40:56'),(17,5,3,3,1,1,2,'2019-03-31 15:43:36'),(18,5,0,3,0,1,7,'2019-03-31 15:45:15'),(19,4,0,3,0,1,7,'2019-03-31 15:51:10'),(20,3,0,3,0,1,7,'2019-03-31 16:00:31'),(21,6,0,1,0,1,8,'2019-08-24 10:50:15'),(22,8,0,1,0,1,8,'2019-08-28 03:48:09'),(23,7,0,1,0,1,8,'2019-08-28 03:50:40'),(24,9,0,1,0,1,8,'2019-08-30 04:06:53'),(25,8,7,3,1,1,2,'2019-08-30 04:15:39'),(26,9,9,3,1,1,2,'2019-08-30 08:02:05'),(27,7,8,3,1,1,2,'2019-08-30 08:02:44'),(28,6,6,3,1,1,2,'2019-08-30 08:03:14'),(29,9,9,3,1,1,2,'2019-08-30 12:11:53'),(30,8,7,3,1,1,2,'2019-08-30 12:12:31'),(31,7,8,3,1,1,2,'2019-08-30 12:13:14'),(32,6,6,3,1,1,2,'2019-08-30 12:13:46'),(33,9,9,3,1,1,12,'2019-08-30 12:17:19'),(34,8,7,3,1,1,11,'2019-08-30 12:29:52'),(35,8,7,3,1,1,1,'2019-08-30 12:31:43'),(36,7,8,3,1,12,11,'2019-08-30 12:37:22'),(37,6,6,3,1,1,1,'2019-08-30 12:39:15'),(38,9,9,3,1,1,1,'2019-08-30 12:43:35'),(39,7,8,3,1,1,1,'2019-08-30 12:44:41'),(40,10,0,1,0,12,8,'2019-08-31 08:35:02'),(41,10,10,3,1,1,12,'2019-08-31 08:39:23'),(42,10,10,3,1,1,2,'2019-08-31 08:39:46'),(43,10,10,3,1,1,11,'2019-08-31 08:42:18'),(44,10,10,3,1,1,1,'2019-08-31 08:42:33'),(45,10,0,4,0,12,7,'2019-08-31 13:10:41'),(46,7,0,4,0,12,7,'2019-08-31 13:22:03'),(47,9,0,4,0,1,7,'2019-08-31 13:30:49'),(48,8,0,4,0,1,7,'2019-08-31 13:35:54'),(49,6,0,4,0,1,7,'2019-08-31 13:40:22'),(50,14,0,1,0,1,8,'2020-02-04 11:15:08'),(51,13,0,1,0,1,8,'2020-02-04 11:17:42'),(52,14,11,3,1,1,12,'2020-02-04 13:20:12'),(53,13,12,3,1,1,12,'2020-02-04 13:20:54'),(54,14,11,3,1,1,12,'2020-02-12 07:50:07'),(55,13,12,3,1,1,12,'2020-02-12 07:51:20'),(56,13,12,3,1,1,11,'2020-02-17 13:37:17'),(57,13,12,3,1,1,12,'2020-02-18 22:56:35'),(58,11,0,1,0,1,8,'2020-02-19 07:14:39'),(59,15,0,1,0,1,8,'2020-02-19 07:18:04'),(60,15,14,3,1,1,12,'2020-02-19 07:24:47'),(61,13,12,3,1,5,2,'2020-02-19 08:56:55'),(62,14,11,3,1,29,2,'2020-02-19 09:12:24'),(63,15,14,3,1,5,2,'2020-02-19 09:45:34'),(64,15,14,3,1,5,2,'2020-02-19 09:46:07'),(65,11,13,3,1,5,2,'2020-02-19 09:48:20'),(66,14,11,3,1,5,2,'2020-02-19 09:51:33'),(67,11,13,3,1,1,12,'2020-02-24 10:49:53'),(68,15,14,3,1,1,11,'2020-02-27 10:01:49'),(69,15,0,3,0,1,7,'2020-02-27 10:02:37'),(70,13,12,3,1,1,11,'2020-02-27 10:06:30'),(71,13,0,3,0,1,7,'2020-02-27 10:07:02'),(72,14,11,3,1,1,11,'2020-02-28 07:55:54'),(73,14,0,3,0,1,7,'2020-02-28 07:56:30'),(74,16,0,1,0,1,8,'2020-03-07 09:32:17'),(75,17,0,1,0,1,8,'2020-03-19 09:23:58'),(76,17,16,3,1,1,2,'2020-03-19 10:38:09'),(77,16,15,3,1,15,2,'2020-03-19 13:49:18'),(78,16,15,3,1,1,1,'2020-03-19 14:42:10'),(79,17,16,3,1,1,1,'2020-03-25 07:39:48'),(80,17,0,4,0,1,7,'2020-03-25 09:21:51'),(81,16,0,4,0,1,7,'2020-03-25 09:24:31'),(82,11,13,3,1,1,11,'2020-03-27 07:16:08'),(83,11,13,3,1,5,1,'2020-03-27 07:17:39'),(84,11,0,4,0,1,7,'2020-03-27 10:33:16'),(86,19,0,1,0,1,8,'2020-04-06 05:49:39'),(89,19,18,3,1,1,2,'2020-04-25 10:00:37'),(91,19,18,3,1,1,2,'2020-04-25 11:12:33'),(92,19,18,3,1,1,1,'2020-05-03 07:33:04'),(93,19,0,4,0,1,7,'2020-05-03 07:33:38'),(94,20,0,1,0,1,8,'2020-05-26 14:00:51'),(95,20,19,3,1,1,2,'2020-05-27 09:37:06'),(96,20,19,3,1,1,2,'2020-05-27 10:07:25'),(97,20,19,3,1,1,1,'2020-06-10 15:45:43'),(98,20,0,4,0,1,7,'2020-06-10 15:47:35'),(99,18,0,1,0,1,8,'2020-07-13 09:35:48'),(100,18,20,3,1,16,2,'2020-07-13 09:48:14'),(101,18,20,3,1,1,2,'2020-07-13 16:30:30'),(102,21,0,1,0,1,8,'2020-07-15 08:41:53'),(103,21,21,3,1,1,2,'2020-07-21 20:48:27'),(104,23,0,1,0,1,8,'2020-07-26 09:56:47'),(105,22,0,1,0,1,8,'2020-07-26 09:59:27'),(106,23,22,3,1,1,2,'2020-07-28 07:27:42'),(107,22,23,3,1,1,2,'2020-07-28 07:28:31'),(108,18,20,3,1,1,1,'2020-07-28 07:29:51'),(109,18,0,4,0,1,7,'2020-07-28 07:30:12'),(110,23,22,3,1,1,1,'2020-07-29 07:27:23'),(111,22,23,3,1,1,1,'2020-07-29 07:28:08'),(112,24,0,1,0,1,8,'2020-08-13 10:43:37'),(113,24,24,3,1,1,2,'2020-08-15 09:39:43'),(114,24,24,3,1,1,1,'2020-08-20 13:54:30'),(115,24,0,4,0,1,7,'2020-08-20 13:55:01'),(116,22,0,4,0,1,7,'2020-08-24 15:52:28'),(117,23,0,4,0,1,7,'2020-08-24 15:54:17'),(118,25,0,1,0,1,8,'2020-09-11 05:01:26'),(119,26,0,1,0,1,8,'2020-09-28 06:07:08'),(120,25,0,1,0,1,9,'2020-09-28 06:23:29'),(121,26,26,3,1,1,2,'2020-10-07 11:26:24'),(122,28,0,1,0,1,8,'2020-10-09 07:46:37'),(123,29,0,1,0,1,8,'2020-10-09 07:48:53'),(124,28,27,3,1,1,2,'2020-10-15 10:26:04'),(125,29,28,3,1,1,2,'2020-10-17 07:46:58'),(126,30,0,1,0,1,8,'2020-10-29 08:28:55'),(127,30,29,3,1,1,2,'2020-11-07 15:49:40'),(128,21,21,3,1,1,1,'2020-11-14 13:42:10'),(129,28,27,3,1,1,1,'2020-11-14 13:43:15'),(130,28,0,4,0,1,7,'2020-11-14 13:44:05'),(131,29,28,3,1,1,1,'2020-11-14 13:45:18'),(132,33,0,1,0,1,8,'2021-01-02 05:44:33'),(133,32,0,1,0,1,8,'2021-01-02 05:49:28'),(134,29,0,4,0,1,7,'2021-01-02 06:11:22'),(135,33,30,3,1,1,2,'2021-01-03 17:26:18'),(136,32,31,3,1,1,2,'2021-01-04 17:09:15'),(137,38,0,1,0,1,8,'2021-02-06 11:34:28'),(138,38,32,3,1,1,2,'2021-02-10 14:37:00'),(139,33,30,3,1,1,1,'2021-02-19 11:41:29'),(140,33,0,4,0,1,7,'2021-02-19 11:42:40'),(141,38,32,3,1,1,1,'2021-02-20 10:16:33'),(142,32,31,3,1,1,1,'2021-02-20 10:17:09');

--
-- Table structure for table `email_log`
--

CREATE TABLE `email_log` (
  `log_id` bigint(20) NOT NULL AUTO_INCREMENT,
  `assoc_type` bigint(20) NOT NULL,
  `assoc_id` bigint(20) NOT NULL,
  `sender_id` bigint(20) NOT NULL,
  `date_sent` datetime NOT NULL,
  `event_type` bigint(20) DEFAULT NULL,
  `from_address` varchar(255) DEFAULT NULL,
  `recipients` text DEFAULT NULL,
  `cc_recipients` text DEFAULT NULL,
  `bcc_recipients` text DEFAULT NULL,
  `subject` varchar(255) DEFAULT NULL,
  `body` text DEFAULT NULL,
  PRIMARY KEY (`log_id`),
  KEY `email_log_assoc` (`assoc_type`,`assoc_id`)
) ENGINE=InnoDB DEFAULT CHARSET=utf8;

--
-- Dumping data for table `email_log`
--


--
-- Table structure for table `email_log_users`
--

CREATE TABLE `email_log_users` (
  `email_log_id` bigint(20) NOT NULL,
  `user_id` bigint(20) NOT NULL,
  UNIQUE KEY `email_log_user_id` (`email_log_id`,`user_id`)
) ENGINE=InnoDB DEFAULT CHARSET=utf8;

--
-- Dumping data for table `email_log_users`
--


--
-- Table structure for table `email_templates`
--

CREATE TABLE `email_templates` (
  `email_id` bigint(20) NOT NULL AUTO_INCREMENT,
  `email_key` varchar(64) NOT NULL,
  `enabled` tinyint(4) NOT NULL DEFAULT 1,
  `context_id` bigint(20) NOT NULL DEFAULT 0,
  PRIMARY KEY (`email_id`),
  UNIQUE KEY `email_templates_email_key` (`email_key`,`context_id`)
) ENGINE=InnoDB DEFAULT CHARSET=utf8;

--
-- Dumping data for table `email_templates`
--


--
-- Table structure for table `email_templates_default`
--

CREATE TABLE `email_templates_default` (
  `email_id` bigint(20) NOT NULL AUTO_INCREMENT,
  `email_key` varchar(64) NOT NULL,
  `can_disable` tinyint(4) NOT NULL DEFAULT 1,
  `can_edit` tinyint(4) NOT NULL DEFAULT 1,
  `from_role_id` bigint(20) DEFAULT NULL,
  `to_role_id` bigint(20) DEFAULT NULL,
  `stage_id` bigint(20) DEFAULT NULL,
  PRIMARY KEY (`email_id`),
  KEY `email_templates_default_email_key` (`email_key`)
) ENGINE=InnoDB AUTO_INCREMENT=60 DEFAULT CHARSET=utf8;

--
-- Dumping data for table `email_templates_default`
--

INSERT INTO `email_templates_default` VALUES (1,'NOTIFICATION',0,1,NULL,NULL,NULL),(2,'NOTIFICATION_CENTER_DEFAULT',0,1,NULL,NULL,NULL),(3,'PASSWORD_RESET_CONFIRM',0,1,NULL,NULL,NULL),(4,'PASSWORD_RESET',0,1,NULL,NULL,NULL),(5,'USER_REGISTER',0,1,NULL,NULL,NULL),(6,'USER_VALIDATE',0,1,NULL,NULL,NULL),(7,'REVIEWER_REGISTER',0,1,NULL,NULL,NULL),(8,'PUBLISH_NOTIFY',0,1,NULL,NULL,NULL),(9,'LOCKSS_EXISTING_ARCHIVE',0,1,NULL,NULL,NULL),(10,'LOCKSS_NEW_ARCHIVE',0,1,NULL,NULL,NULL),(11,'SUBMISSION_ACK',1,1,NULL,65536,1),(12,'SUBMISSION_ACK_NOT_USER',1,1,NULL,65536,1),(13,'EDITOR_ASSIGN',1,1,16,16,1),(14,'REVIEW_CANCEL',1,1,16,4096,3),(15,'REVIEW_REQUEST',1,1,16,4096,3),(16,'REVIEW_REQUEST_SUBSEQUENT',1,1,16,4096,3),(17,'REVIEW_REQUEST_ONECLICK',1,1,16,4096,3),(18,'REVIEW_REQUEST_ONECLICK_SUBSEQUENT',1,1,16,4096,3),(19,'REVIEW_REQUEST_ATTACHED',0,1,16,4096,3),(20,'REVIEW_REQUEST_ATTACHED_SUBSEQUENT',0,1,16,4096,3),(21,'REVIEW_REQUEST_REMIND_AUTO',0,1,NULL,4096,3),(22,'REVIEW_REQUEST_REMIND_AUTO_ONECLICK',0,1,NULL,4096,3),(23,'REVIEW_CONFIRM',1,1,4096,16,3),(24,'REVIEW_DECLINE',1,1,4096,16,3),(25,'REVIEW_ACK',1,1,16,4096,3),(26,'REVIEW_REMIND',0,1,16,4096,3),(27,'REVIEW_REMIND_AUTO',0,1,NULL,4096,3),(28,'REVIEW_REMIND_ONECLICK',0,1,16,4096,3),(29,'REVIEW_REMIND_AUTO_ONECLICK',0,1,NULL,4096,3),(30,'EDITOR_DECISION_ACCEPT',0,1,16,65536,3),(31,'EDITOR_DECISION_SEND_TO_EXTERNAL',0,1,16,65536,3),(32,'EDITOR_DECISION_SEND_TO_PRODUCTION',0,1,16,65536,5),(33,'EDITOR_DECISION_REVISIONS',0,1,16,65536,3),(34,'EDITOR_DECISION_RESUBMIT',0,1,16,65536,3),(35,'EDITOR_DECISION_DECLINE',0,1,16,65536,3),(36,'EDITOR_DECISION_INITIAL_DECLINE',0,1,16,65536,1),(37,'EDITOR_RECOMMENDATION',0,1,16,16,3),(38,'COPYEDIT_REQUEST',1,1,16,4097,4),(39,'LAYOUT_REQUEST',1,1,16,4097,5),(40,'LAYOUT_COMPLETE',1,1,4097,16,5),(41,'EMAIL_LINK',0,1,1048576,NULL,NULL),(42,'SUBSCRIPTION_NOTIFY',0,1,NULL,1048576,NULL),(43,'OPEN_ACCESS_NOTIFY',0,1,NULL,1048576,NULL),(44,'SUBSCRIPTION_BEFORE_EXPIRY',0,1,NULL,1048576,NULL),(45,'SUBSCRIPTION_AFTER_EXPIRY',0,1,NULL,1048576,NULL),(46,'SUBSCRIPTION_AFTER_EXPIRY_LAST',0,1,NULL,1048576,NULL),(47,'SUBSCRIPTION_PURCHASE_INDL',0,1,NULL,2097152,NULL),(48,'SUBSCRIPTION_PURCHASE_INSTL',0,1,NULL,2097152,NULL),(49,'SUBSCRIPTION_RENEW_INDL',0,1,NULL,2097152,NULL),(50,'SUBSCRIPTION_RENEW_INSTL',0,1,NULL,2097152,NULL),(51,'CITATION_EDITOR_AUTHOR_QUERY',0,1,NULL,NULL,4),(52,'REVISED_VERSION_NOTIFY',0,1,NULL,16,3),(53,'ORCID_COLLECT_AUTHOR_ID',0,1,NULL,NULL,NULL),(54,'MANUAL_PAYMENT_NOTIFICATION',0,1,NULL,NULL,NULL),(55,'PAYPAL_INVESTIGATE_PAYMENT',0,1,NULL,NULL,NULL),(56,'REVIEW_REINSTATE',1,1,16,4096,3),(57,'STATISTICS_REPORT_NOTIFICATION',1,1,16,17,NULL),(58,'ANNOUNCEMENT',0,1,16,1048576,NULL),(59,'ORCID_REQUEST_AUTHOR_AUTHORIZATION',0,1,NULL,NULL,NULL);

--
-- Table structure for table `email_templates_default_data`
--

CREATE TABLE `email_templates_default_data` (
  `email_key` varchar(64) NOT NULL,
  `locale` varchar(14) NOT NULL DEFAULT 'en_US',
  `subject` varchar(120) NOT NULL,
  `body` text DEFAULT NULL,
  `description` text DEFAULT NULL,
  UNIQUE KEY `email_templates_default_data_pkey` (`email_key`,`locale`)
) ENGINE=InnoDB DEFAULT CHARSET=utf8;

--
-- Dumping data for table `email_templates_default_data`
--

INSERT INTO `email_templates_default_data` VALUES ('ANNOUNCEMENT','ar_IQ','{$title}','<b>{$title}</b><br />\n<br />\n{$summary}<br />\n<br />\nقم بزيارة موقعنا للاطلاع على <a href=\"{$url}\">الإعلان بشكله الكامل</a>.','هذه الرسالة تُرسل إلى المشتركين في الموقع عند إنشاء إعلان جديد.'),('ANNOUNCEMENT','ca_ES','{$title}','<b>{$title}</b><br />\n<br />\n{$summary}<br />\n<br />\nVisiteu el nostre lloc web per llegir <a href=\"{$url}\">l\'avís complet</a>.','Aquest correu electrònic s\'envia quan es crea un avís nou.'),('ANNOUNCEMENT','cs_CZ','{$title}','<b>{$title}</b><br />\n<br />\n{$summary}<br />\n<br />\nNavštivte naši webovou stránku, pokud si chcete přečíst <a href=\"{$url}\">plný text</a>.','Tento email je posílán, pokud je vytvořeno nové oznámení.'),('ANNOUNCEMENT','da_DK','{$title}','<b>{$title}</b><br />\n<br />\n{$summary}<br />\n<br />\nBesøg vores websted  <a href=\"{$url}\">for at læse hele meddelelsen</a>.','Denne e-mail sendes, når der oprettes en ny meddelelse.'),('ANNOUNCEMENT','en_US','{$title}','<b>{$title}</b><br />\n<br />\n{$summary}<br />\n<br />\nVisit our website to read the <a href=\"{$url}\">full announcement</a>.','This email is sent when a new announcement is created.'),('ANNOUNCEMENT','es_ES','{$title}','<b>{$title}</b><br />\n<br />\n{$summary}<br />\n<br />\nVisite nuestro site para leer el <a href=\"{$url}\">anuncio completo</a>.','Se mandará este email tras la creación de un nuevo anuncio.'),('ANNOUNCEMENT','fr_CA','{$title}','<b>{$title}</b><br />\n<br />\n{$summary}<br />\n<br />\nVisiter notre site Web pour consulter <a href=\"{$url}\">l\'annonce complète</a>.','Ce courriel est envoyé lorsqu\'une nouvelle annonce est créée.'),('ANNOUNCEMENT','id_ID','{$title}','<b>{$title}</b><br />\n<br />\n{$summary}<br />\n<br />\nKunjungi website kami untuk melihat <a href=\"{$url}\">pengumuman selengkapnya</a>.','Surel ini dikirim ketika terdapat pengumuman baru.'),('ANNOUNCEMENT','it_IT','{$titolo}','<b>{$title}</b><br />\n<br />\n{$summary}<br />\n<br />\nVisita il nostro sito per leggere la  <a href=\"{$url}\">news completa</a>.','Questo messaggio è inviato quando viene creata una nuova news.'),('ANNOUNCEMENT','pt_BR','{$title}','<b>{$title}</b><br />\n<br />\n{$summary}<br />\n<br />\nVisite nosso site para ler o <a href=\"{$url}\"> comunicado completo </a>.','Este email é enviado quando um novo comunicado é criado.'),('ANNOUNCEMENT','pt_PT','{$title}','<b>{$title}</b><br />\n<br />\n{$summary}<br />\n<br />\nVisite o nosso site para ler a <a href=\"{$url}\">notícia completa</a>.','Este email é enviado quando uma nova notícia é criada.'),('ANNOUNCEMENT','ru_RU','{$title}','<b>{$title}</b><br />\n<br />\n{$summary}<br />\n<br />\nПосетите наш веб-сайт, чтобы прочитать <a href=\"{$url}\">объявление полностью</a>.','Это письмо отправляется при создании нового объявления.'),('ANNOUNCEMENT','sl_SI','{$title}','<b>{$title}</b><br />\n<br />\n{$summary}<br />\n<br />\nObiščite našo spletno stran, da vidite <a href=\"{$url}\">celotno obvestilo</a>.','Email je poslan, ko je objavljeno novo obvestilo.'),('ANNOUNCEMENT','sv_SE','{$title}','<b>{$title}</b><br />\n<br />\n{$summary}<br />\n<br />\nBesök vår webbsida för att läsa <a href=\"{$url}\">hela meddelandet</a>.','Detta e-post-meddelande skickas när ett nytt publicerat meddelande skapas.'),('ANNOUNCEMENT','tr_TR','{$title}','<b>{$title}</b><br />\n<br />\n{$summary}<br />\n<br />\nWeb sitesini ziyaret et ve <a href=\"{$url}\">tüm duyuruyu</a> oku.','Bu e-posta, yeni bir duyuru oluşturulduğunda gönderilir.'),('ANNOUNCEMENT','vi_VN','{$title}','<b>{$title}</b><br />\n<br />\n{$summary}<br />\n<br />\nGhé thăm trang web của chúng tôi để đọc <a href=\"{$url}\">thông báo đầy đủ</a>.','Email này được gửi khi một thông báo mới được tạo.'),('ANNOUNCEMENT','zh_CN','{$title}','<b>{$title}</b><br />\n<br />\n{$summary}<br />\n<br />\n访问我们的网站查看<a href=\"{$url}\">公告全文</a>。.','此邮件当公告发布时将会自动发送。'),('CITATION_EDITOR_AUTHOR_QUERY','en_US','Citation Editing','{$authorFirstName},<br />\n<br />\nCould you please verify or provide us with the proper citation for the following reference from your article, {$submissionTitle}:<br />\n<br />\n{$rawCitation}<br />\n<br />\nThanks!<br />\n<br />\n{$userFirstName}<br />\nCopy-Editor, {$contextName}<br />\n','This email allows copyeditors to request additional information about references from authors.'),('CITATION_EDITOR_AUTHOR_QUERY','id_ID','Penyuntingan Sitiran','{$authorFirstName},<br />\n<br />\nMohon verifikasi atau berikan sitasi yang benar untuk rujukan berikut dari artikel Anda, {$submissionTitle}:<br />\n<br />\n{$rawCitation}<br />\n<br />\nTerimakasih!<br />\n<br />\n{$userFirstName}<br />\nCopy-Editor, {$contextName}<br />\n','Email ini memungkinkan copyeditor untuk meminta informasi tambahan tentang rujukan dari penulis.'),('COPYEDIT_REQUEST','en_US','Copyediting Request','{$participantName}:<br />\n<br />\nI would ask that you undertake the copyediting of &quot;{$submissionTitle}&quot; for {$contextName} by following these steps.<br />\n1. Click on the Submission URL below.<br />\n2. Open any files available under Draft Files and do your copyediting, while adding any Copyediting Discussions as needed.<br />\n3. Save copyedited file(s), and upload to Copyedited panel.<br />\n4. Notify the Editor that all files have been prepared, and that the Production process may begin.<br />\n<br />\n{$contextName} URL: {$contextUrl}<br />\nSubmission URL: {$submissionUrl}<br />\nUsername: {$participantUsername}<br />\n<br />\n','This email is sent by a Section Editor to a submission\'s Copyeditor to request that they begin the copyediting process. It provides information about the submission and how to access it.'),('COPYEDIT_REQUEST','id_ID','Permohonan Copyediting','{$participantName}:<br />\n<br />\nKami meminta Anda melakukan copyediting terhadap &quot;{$submissionTitle}&quot; untuk {$contextName} mengikuti langkah-langkah berikut.<br />\n1. Klik URL Naskah di bawah.<br />\n2. Buka semua file yang ada di file Draft dan lakukan copyediting, tambahkan Diskusi Copyediting sesuai kebutuhan.<br />\n3. Simpan file yang telah di-copyedit, dan unggah ke panel Sudah Copyedit.<br />\n4. Beritahu Editor bahwa semua file telah siap, dan bahwa proses Produksi dapat dimulai.<br />\n<br />\n{$contextName} URL: {$contextUrl}<br />\nURL Naskah: {$submissionUrl}<br />\nNama pengguna: {$participantUsername}<br />\n<br />\n','Email ini dari Editor Bagian ke Copyeditor naskah agar memulai proses copyediting.  Email ini memuat informasi terkait penyerahan naskah dan bagaimana mengaksesnya.'),('EDITOR_ASSIGN','en_US','Editorial Assignment','{$editorialContactName}:<br />\n<br />\nThe submission, &quot;{$submissionTitle},&quot; to {$contextName} has been assigned to you to see through the editorial process in your role as Section Editor.<br />\n<br />\nSubmission URL: {$submissionUrl}<br />\nUsername: {$editorUsername}<br />\n<br />\nThank you,<br />\n','This email notifies a Section Editor that the Editor has assigned them the task of overseeing a submission through the editing process. It provides information about the submission and how to access the journal site.'),('EDITOR_ASSIGN','id_ID','Penugasan Editorial','{$editorialContactName}:<br />\n<br />\nNaskah, &quot;{$submissionTitle},&quot; di {$contextName} telah ditugaskan kepada Anda sebagai Editor Bagian untuk memastikan selesainya seluruh proses editorial.<br />\n<br />\nURL Naskah: {$submissionUrl}<br />\nNama pengguna: {$editorUsername}<br />\n<br />\nTerimakasih,<br />\n','Email ini memberitahu Editor Bagian bahwa Editor telah memberikan tugas untuk mengawasi suatu naskah dalam menyelesaikan proses editorial. Email ini memberikan informasi mengenai naskah dan cara mengaksesnya di website jurnal.'),('EDITOR_DECISION_ACCEPT','en_US','Editor Decision','{$authorName}:<br />\n<br />\nWe have reached a decision regarding your submission to {$contextName}, &quot;{$submissionTitle}&quot;.<br />\n<br />\nOur decision is to: Accept Submission<br />\n<br />\n<br />\n','This email from the Editor or Section Editor to an Author notifies them of a final \"accept submission\" decision regarding their submission.'),('EDITOR_DECISION_ACCEPT','id_ID','Keputusan Editor','{$authorName}:<br />\n<br />\nKami telah membuat keputusan terkait naskah yang Anda kirimkan ke {$contextName}, &quot;{$submissionTitle}&quot;.<br />\n<br />\nKeputusan kami adalah: Naskah Diterima<br />\n<br />\n<br />\n','Email ini dari Editor atau Editor Bagian kepada Penulis memberitahukan keputusan final \"Naskah Diterima\".'),('EDITOR_DECISION_DECLINE','en_US','Editor Decision','{$authorName}:<br />\n<br />\nWe have reached a decision regarding your submission to {$contextName}, &quot;{$submissionTitle}&quot;.<br />\n<br />\nOur decision is to: Decline Submission<br />\n<br />\n<br />\n','This email from the Editor or Section Editor to an Author notifies them of a final \"decline\" decision regarding their submission.'),('EDITOR_DECISION_DECLINE','id_ID','Keputusan Editor','{$authorName}:<br />\n<br />\nKami telah membuat keputusan terkait naskah yang Anda kirimkan ke {$contextName}, &quot;{$submissionTitle}&quot;.<br />\n<br />\nKeputusan kami adalah: Naskah Ditolak<br />\n<br />\n<br />\n','Email ini dari Editor atau Editor Bagian kepada Penulis memberitahukan keputusan final \"Naskah Ditolak\".'),('EDITOR_DECISION_INITIAL_DECLINE','en_US','Editor Decision','\n			{$authorName}:<br />\n<br />\nWe have reached a decision regarding your submission to {$contextName}, &quot;{$submissionTitle}&quot;.<br />\n<br />\nOur decision is to: Decline Submission<br />\n<br />\n<br />','This email is send to the author if the editor declines his submission initially, before the review stage'),('EDITOR_DECISION_RESUBMIT','en_US','Editor Decision','{$authorName}:<br />\n<br />\nWe have reached a decision regarding your submission to {$contextName}, &quot;{$submissionTitle}&quot;.<br />\n<br />\nOur decision is to: Resubmit for Review<br />\n<br />\n<br />\n','This email from the Editor or Section Editor to an Author notifies them of a final \"resubmit\" decision regarding their submission.'),('EDITOR_DECISION_RESUBMIT','id_ID','Keputusan Editor','{$authorName}:<br />\n<br />\nKami telah membuat keputusan terkait naskah yang Anda kirimkan ke {$contextName}, &quot;{$submissionTitle}&quot;.<br />\n<br />\nKeputusan kami adalah: Kirim Ulang untuk Review<br />\n<br />\n<br />\n','Email ini dari Editor atau Editor Bagian kepada Penulis memberitahukan bahwa Penulis perlu mengirim ulang naskahnya.'),('EDITOR_DECISION_REVISIONS','en_US','Editor Decision','{$authorName}:<br />\n<br />\nWe have reached a decision regarding your submission to {$contextName}, &quot;{$submissionTitle}&quot;.<br />\n<br />\nOur decision is: Revisions Required<br />\n<br />\n<br />\n','This email from the Editor or Section Editor to an Author notifies them of a final \"revisions required\" decision regarding their submission.'),('EDITOR_DECISION_REVISIONS','id_ID','Keputusan Editor','{$authorName}:<br />\n<br />\nKami telah membuat keputusan terkait naskah yang Anda kirimkan ke {$contextName}, &quot;{$submissionTitle}&quot;.<br />\n<br />\nKeputusan kami adalah: Perlu Revisi<br />\n<br />\n<br />\n','Email ini dari Editor atau Editor Bagian kepada Penulis memberitahukan keputusan final \"Perlu Revisi\".'),('EDITOR_DECISION_SEND_TO_EXTERNAL','en_US','Editor Decision','{$authorName}:<br />\n<br />\nWe have reached a decision regarding your submission to {$contextName}, &quot;{$submissionTitle}&quot;.<br />\n<br />\nOur decision is to: Send to Review<br />\n<br />\nSubmission URL: {$submissionUrl}<br />\n<br />\n<br />\n','This email from the Editor or Section Editor to an Author notifies them that their submission is being sent to an external review.'),('EDITOR_DECISION_SEND_TO_EXTERNAL','id_ID','Keputusan Editor','{$authorName}:<br />\n<br />\nKami telah membuat keputusan terkait naskah yang Anda kirimkan ke {$contextName}, &quot;{$submissionTitle}&quot;.<br />\n<br />\nKeputusan kami adalah: Dikirimkan ke Reviewer Eksternal<br />\n<br />\nURL Naskah: {$submissionUrl}<br />\n<br />\n<br />\n','Email ini dari Editor atau Editor Bagian kepada Penulis memberitahukan bahwa naskah dikirimkan ke reviewer eksternal.'),('EDITOR_DECISION_SEND_TO_PRODUCTION','en_US','Editor Decision','{$authorName}:<br />\n<br />\nThe editing of your submission, &quot;{$submissionTitle},&quot; is complete.  We are now sending it to production.<br />\n<br />\nSubmission URL: {$submissionUrl}<br />\n<br />\n<br />\n','This email from the Editor or Section Editor to an Author notifies them that their submission is being sent to production.'),('EDITOR_DECISION_SEND_TO_PRODUCTION','id_ID','Keputusan Editor','{$authorName}:<br />\n<br />\nProses editing naskah Anda, &quot;{$submissionTitle},&quot; telah selesai.  Kami sekarang mengirimkannya ke produksi.<br />\n<br />\nURL Naskah: {$submissionUrl}<br />\n<br />\n<br />\n','Email ini dari Editor atau Editor Bagian kepada Penulis memberitahukan bahwa naskah dikirim ke produksi.'),('EDITOR_RECOMMENDATION','en_US','Editor Recommendation','{$editors}:<br />\n<br />\nThe recommendation regarding the submission to {$contextName}, &quot;{$submissionTitle}&quot; is: {$recommendation}<br />\n<br />\n<br />\n','This email from the recommending Editor or Section Editor to the decision making Editors or Section Editors notifies them of a final recommendation regarding the submission.'),('EMAIL_LINK','en_US','Article of Possible Interest','Thought you might be interested in seeing &quot;{$submissionTitle}&quot; by {$authorName} published in Vol {$volume}, No {$number} ({$year}) of {$contextName} at &quot;{$articleUrl}&quot;.','This email template provides a registered reader with the opportunity to send information about an article to somebody who may be interested. It is available via the Reading Tools and must be enabled by the Journal Manager in the Reading Tools Administration page.'),('EMAIL_LINK','id_ID','Artikel Menarik','Anda mungkin tertarik dengan &quot;{$submissionTitle}&quot; oleh {$authorName} diterbitkan di Vol {$volume}, No {$number} ({$year}) {$contextName} yang tersedia di &quot;{$articleUrl}&quot;.','Template email ini memungkinkan pembaca terdaftar mengirimkan informasi tentang suatu artikel kepada seseorang yang mungkin akan tertarik. Email ini tersedia di Alat Baca dan harus diaktifkan oleh Manajer Jurnal di halaman Administrasi Alat Baca.'),('LAYOUT_COMPLETE','en_US','Galleys Complete','{$editorialContactName}:<br />\n<br />\nGalleys have now been prepared for the manuscript, &quot;{$submissionTitle},&quot; for {$contextName} and are ready for proofreading.<br />\n<br />\nIf you have any questions, please contact me.<br />\n<br />\n{$participantName}','This email from the Layout Editor to the Section Editor notifies them that the layout process has been completed.'),('LAYOUT_COMPLETE','id_ID','Galley Selesai','{$editorialContactName}:<br />\n<br />\nGalley telah dipersiapkan bagi naskah, &quot;{$submissionTitle},&quot; di {$contextName} dan siap untuk proofreading.<br />\n<br />\nJika ada pertanyaan, silakan hubungi kami.<br />\n<br />\n{$participantName}','Email from the Layout Editor kepada Editor Bagian memberitahukan bahwa proses layout telah selesai.'),('LAYOUT_REQUEST','en_US','Request Galleys','{$participantName}:<br />\n<br />\nThe submission &quot;{$submissionTitle}&quot; to {$contextName} now needs galleys laid out by following these steps.<br />\n1. Click on the Submission URL below.<br />\n2. Log into the journal and use the Production Ready files to create the galleys according to the journal\'s standards.<br />\n3. Upload the galleys to the Galley Files section.<br />\n4. Notify the Editor using Production Discussions that the galleys are uploaded and ready.<br />\n<br />\n{$contextName} URL: {$contextUrl}<br />\nSubmission URL: {$submissionUrl}<br />\nUsername: {$participantUsername}<br />\n<br />\nIf you are unable to undertake this work at this time or have any questions, please contact me. Thank you for your contribution to this journal.<br />\n<br />\n','This email from the Section Editor to the Layout Editor notifies them that they have been assigned the task of performing layout editing on a submission. It provides information about the submission and how to access it.'),('LAYOUT_REQUEST','id_ID','Permohonan Galley','{$participantName}:<br />\n<br />\nNaskah &quot;{$submissionTitle}&quot; di {$contextName} memerlukan pembuatan galley dengan mengikuti langkah-langkah berikut.<br />\n1. Klik URL Naskah di bawah.<br />\n2. Login ke jurnal dan gunakan file Siap Produksi untuk membuat galley sesuai standar jurnal.<br />\n3. Unggah galley ke bagian File Galley.<br />\n4. Beritahu Editor menggunakan Diskusi Produksi bahwa galley telah diunggah dan siap digunakan.<br />\n<br />\n{$contextName} URL: {$contextUrl}<br />\nURL Naskah: {$submissionUrl}<br />\nNama pengguna: {$participantUsername}<br />\n<br />\nJika Anda tidak dapat melakukan tugas ini saat ini atau mempunyai pertanyaan, silakan hubungi kami.  Terimakasih atas kontribusi Anda ke jurnal ini.<br />\n<br />\n','Email dari Editor Bagian kepada Layout Editor memberitahukan bahwa mereka telah ditugaskan untuk melakukan layout editing terhadap suatu naskah.  Email ini memuat informasi terkait penyerahan naskah dan bagaimana mengaksesnya.'),('LOCKSS_EXISTING_ARCHIVE','en_US','Archiving Request for {$contextName}','Dear [University Librarian]<br />\n<br />\n{$contextName} &amp;lt;{$contextUrl}&amp;gt;, is a journal for which a member of your faculty, [name of member], serves as a [title of position]. The journal is seeking to establish a LOCKSS (Lots of Copies Keep Stuff Safe) compliant archive with this and other university libraries.<br />\n<br />\n[Brief description of journal]<br />\n<br />\nThe URL to the LOCKSS Publisher Manifest for our journal is: {$contextUrl}/gateway/lockss<br />\n<br />\nWe understand that you are already participating in LOCKSS. If we can provide any additional metadata for purposes of registering our journal with your version of LOCKSS, we would be happy to provide it.<br />\n<br />\nThank you,<br />\n{$principalContactSignature}','This email requests the keeper of a LOCKSS archive to consider including this journal in their archive. It provides the URL to the journal\'s LOCKSS Publisher Manifest.'),('LOCKSS_EXISTING_ARCHIVE','id_ID','Permohonan Pengarsipan untuk {$contextName}','Yang terhormat [Pustakawan Universitas]<br />\n<br />\n{$contextName} &amp;lt;{$contextUrl}&amp;gt;, merupakan jurnal yang salah satu anggota fakultas Anda, [name of member], menjadi [title of position]. Jurnal ini hendak membuat arsip sesuai LOCKSS (Lots of Copies Keep Stuff Safe) di perpustakaan Anda dan perpustakaan universitas lainnya.<br />\n<br />\n[Deskripsi singkat jurnal]<br />\n<br />\nURL Publisher Manifest LOCKSS jurnal kami adalah: {$contextUrl}/gateway/lockss<br />\n<br />\nKami memahami bahwa Anda telah bergabung dengan LOCKSS. Jika kami perlu memberikan metadata tambahan untuk mendaftarkan jurnal kami di versi LOCKSS Anda, dengan senang hati kami akan memberikannya.<br />\n<br />\nTerimakasih,<br />\n{$principalContactSignature}','Email ini meminta penjaga arsip LOCKSS untuk mempertimbangkan memasukkan jurnal ini ke dalam arsip mereka. Email ini memberikan URL Publisher Manifest LOCKSS jurnal.'),('LOCKSS_NEW_ARCHIVE','en_US','Archiving Request for {$contextName}','Dear [University Librarian]<br />\n<br />\n{$contextName} &amp;lt;{$contextUrl}&amp;gt;, is a journal for which a member of your faculty, [name of member] serves as a [title of position]. The journal is seeking to establish a LOCKSS (Lots of Copies Keep Stuff Safe) compliant archive with this and other university libraries.<br />\n<br />\n[Brief description of journal]<br />\n<br />\nThe LOCKSS Program &amp;lt;http://lockss.org/&amp;gt;, an international library/publisher initiative, is a working example of a distributed preservation and archiving repository, additional details are below. The software, which runs on an ordinary personal computer is free; the system is easily brought on-line; very little ongoing maintenance is required.<br />\n<br />\nTo assist in the archiving of our journal, we invite you to become a member of the LOCKSS community, to help collect and preserve titles produced by your faculty and by other scholars worldwide. To do so, please have someone on your staff visit the LOCKSS site for information on how this system operates. I look forward to hearing from you on the feasibility of providing this archiving support for this journal.<br />\n<br />\nThank you,<br />\n{$principalContactSignature}','This email encourages the recipient to participate in the LOCKSS initiative and include this journal in the archive. It provides information about the LOCKSS initiative and ways to become involved.'),('LOCKSS_NEW_ARCHIVE','id_ID','Permohonan Pengarsipan untuk {$contextName}','Yang terhormat [University Librarian]<br />\n<br />\n{$contextName} &amp;lt;{$contextUrl}&amp;gt;, merupakan jurnal yang salah satu anggota fakultas Anda, [name of member], menjadi [title of position]. Jurnal ini hendak membuat arsip sesuai LOCKSS (Lots of Copies Keep Stuff Safe) di perpustakaan Anda dan perpustakaan universitas lainnya.<br />\n<br />\n[Deskripsi singkat jurnal]<br />\n<br />\nProgram LOCKSS &amp;lt;http://lockss.org/&amp;gt;, suatu gerakan perpustakaan/penerbit internasional, merupakan contoh nyata penyimpanan dan pengarsipan terdistribusi, detail tambahan dapat dilihat di bawah. Piranti lunak ini, yang berjalan di komputer biasa, merupakan piranti lunak yang gratis; sistemnya mudah di-online-kan; tidak membutuhkan banyak perawatan.<br />\n<br />\nUntuk membantu mengarsipkan jurnal kami, kami mengundang Anda untuk menjadi anggota komunitas LOCKSS, guna membantu mengumpulkan dan menyimpan judul-judul karya anggota fakultas Anda dan ilmuwan lainnya di seluruh dunia. Jika berkenan, silakan mengunjungi website LOCKSS untuk informasi mengenai bagaimana cara kerja sistem ini. Kami berharap Anda berkenan mendukung pengarsipan jurnal ini.<br />\n<br />\nTerimakasih,<br />\n{$principalContactSignature}','Email ini mendorong penerima untuk berpartisipasi di gerakan LOCKSS dan memasukkan jurnal ini dalam arsip. Email ini memberikan informasi tentang gerakan LOCKSS dan cara untuk bergabung.'),('MANUAL_PAYMENT_NOTIFICATION','en_US','Manual Payment Notification','A manual payment needs to be processed for the journal {$contextName} and the user {$userFullName} (username &quot;{$userName}&quot;).<br />\n<br />\nThe item being paid for is &quot;{$itemName}&quot;.<br />\nThe cost is {$itemCost} ({$itemCurrencyCode}).<br />\n<br />\nThis email was generated by Open Journal Systems\' Manual Payment plugin.','This email template is used to notify a journal manager contact that a manual payment was requested.'),('MANUAL_PAYMENT_NOTIFICATION','id_ID',' Pemberitahuan Pembayaran Manual ',' Pembayaran manual harus diproses untuk jurnal dan {$contextName} pengguna {$userFullName} (nama pengguna &quot;{$userName}&quot;).<br />\nThe item being paid for &quot;{$itemName}&quot;. <br />\nBiaya adalah {$itemCost} ({$itemCurrencyCode}). <br />\nSurat elektronik ini dibuat oleh plugin pembayaran manual IOJS.',' Email ini digunakan untuk memberitahukan kontak manajer jurnal bahwa pembayaran manual dibutuhkan.'),('NOTIFICATION','en_US','New notification from {$siteTitle}','You have a new notification from {$siteTitle}:<br />\n<br />\n{$notificationContents}<br />\n<br />\nLink: {$url}<br />\n<br />\n{$principalContactSignature}','The email is sent to registered users that have selected to have this type of notification emailed to them.'),('NOTIFICATION','id_ID','Notifikasi baru dari {$siteTitle}','Anda memperoleh satu notifikasi baru dari {$siteTitle}:<br />\n<br />\n{$notificationContents}<br />\n<br />\nTautan: {$url}<br />\n<br />\n{$principalContactSignature}','Email ini dikirimkan ke pengguna terdaftar yang memilih untuk memperoleh jenis notifikasi ini dikirimkan melalui email.'),('NOTIFICATION_CENTER_DEFAULT','en_US','A message regarding {$contextName}','Please enter your message.','The default (blank) message used in the Notification Center Message Listbuilder.'),('NOTIFICATION_CENTER_DEFAULT','id_ID','Pesan terkait {$contextName}','Silakan tuliskan pesan Anda.','Pesan default (kosong) yang digunakan di Pengelola Pesan Pusat Notifikasi.'),('OPEN_ACCESS_NOTIFY','en_US','Issue Now Open Access','Readers:<br />\n<br />\n{$contextName} has just made available in an open access format the following issue. We invite you to review the Table of Contents here and then visit our web site ({$contextUrl}) to review articles and items of interest.<br />\n<br />\nThanks for the continuing interest in our work,<br />\n{$editorialContactSignature}','This email is sent to registered readers who have requested to receive a notification email when an issue becomes open access.'),('OPEN_ACCESS_NOTIFY','id_ID','Terbitan Sudah Open Access','Readers:<br />\n<br />\n{$contextName} telah menjadikan terbitan berikut Open Access. Kami mengundang Anda untuk menelaah Daftar Isi berikut dan mengunjungi website kami ({$contextUrl}) untuk membaca artikel dan item yang Anda minati.<br />\n<br />\nTerimakasih atas perhatiannya,<br />\n{$editorialContactSignature}','Email ini dikirimkan ke pembaca terdaftar yang meminta untuk dikirimkan email pemberitahuan saat suatu terbitan menjadi Open Access.'),('ORCID_COLLECT_AUTHOR_ID','en_US','Submission ORCID','Dear {$authorName},\n\nYou have been listed as a co-author on the manuscript submission \"{$articleTitle}\" to {$journalName}. \n\nTo confirm your authorship, please add your ORCID id to this submission by visiting the link provided below.\n\n{$authorOrcidUrl}\n\nIf you have any questions, please contact me.\n\n{$editorialContactSignature}\n\n\n','This email template is used to collect the ORCID id\'s from co-authors.'),('ORCID_REQUEST_AUTHOR_AUTHORIZATION','ar_IQ','إلتماس الوصو إلى حساب ORCID','عزيزنا {$authorName}،<br>\n<br>\nلقد تم إدراجك بمثابة مؤلف مشارك في العمل الموسوم \"{$submissionTitle}\" والمقدم إلى {$contextName}.\n<br>\n<br>\nنلتمس منح الموافقة على إضافة رمزك في ORCID إلى طلب التقديم هذا وكذلك إضافة هذا الطلب إلى ملفك الشخصي في ORCID عند النشر.<br>\nقم بزيارة الرابط الرسمي لموقع ORCID، وسجل دخولك فيه ثم أجرِ ما يلزم لتفويضنا عبر اتباع التعليمات الآتية:<br>\n<a href=\"{$authorOrcidUrl}\"><img id=\"orcid-id-logo\" src=\"https://orcid.org/sites/default/files/images/orcid_16x16.png\" width=\'16\' height=\'16\' alt=\"إيقونة رمز ORCID\" style=\"display: block; margin: 0 .5em 0 0; padding: 0; float: left;\"/>إفتح حساباً أو ضع رمزك في ORCID</a><br/>\n<br>\n<br>\n<a href=\"{$orcidAboutUrl}\">المزيد مع المعلومات عن ORCID في {$contextName}</a><br/>\n<br>\nإذا كانت لديك أي استفسارات، رجاءً، لا تتردد في مراسلتي.<br>\n<br>\n{$principalContactSignature}<br>\n','قالب الرسالة هذا يستعمل لمطالبة المؤلفين المشاركين بالسماح لنا في الوصول إلى رموزهم التعريفية في ORCID.'),('ORCID_REQUEST_AUTHOR_AUTHORIZATION','ca_ES','Sol·licitant accés de registre ORCID','Benvolgut/da {$authorName},<br>\n<br>\nUs han afegit com a autor/a de l\'article \"{$submissionTitle}\" per a {$contextName}.\n<br>\n<br>\nUs demanem que ens permeteu afegir el vostre iD ORCID a aquesta tramesa i també afegir l\'esmentada tramesa al vostre perfil ORCID en la publicació.<br>\nVisiteu l\'enllaç del lloc web oficial d\'ORCID, inicieu la sessió amb el vostre perfil i autoritzeu l\'accés seguint les instruccions següents.<br>\n<a href=\"{$authorOrcidUrl}\"><img id=\"orcid-id-logo\" src=\"https://orcid.org/sites/default/files/images/orcid_16x16.png\" width=\'16\' height=\'16\' alt=\"ORCID iD icon\" style=\"display: block; margin: 0 .5em 0 0; padding: 0; float: left;\"/>Registrar o connectar el vostre iD ORCID</a><br/>\n<br>\n<br>\n<a href=\"{$orcidAboutUrl}\">Mes informació sobre ORCID a {$contextName}</a><br/>\n<br>\nSi teniu qualsevol pregunta no dubteu a contactar-me.<br>\n<br>\n{$principalContactSignature}<br>\n','Aquesta plantilla de correu electrònic s\'utilitza per demanar accés de registre ORCID als autors/es.'),('ORCID_REQUEST_AUTHOR_AUTHORIZATION','cs_CZ','Požadavek na přístup k záznamu ORCID','Vážený(á) {$authorName},<br>\n<br>\nByl(a) jste uveden(a) jako autor manuskriptu příspěvku \"{$submissionTitle}\" to {$contextName}.\n<br>\n<br>\nDovolte nám, prosím, přidat vaše ORCID ID k tomuto příspěvku a také přidat tento příspěvek do vašeho ORCID publikačnímu profilu.<br>\nNavštivte, prosím, odkaz na oficiální webovou stránku ORCID, přihlaste se a a povolte přístup našeho časopisu dle následujících pokynů.<br>\n<a href=\"{$authorOrcidUrl}\"><img id=\"orcid-id-logo\" src=\"https://orcid.org/sites/default/files/images/orcid_16x16.png\" width=\'16\' height=\'16\' alt=\"ORCID iD icon\" style=\"display: block; margin: 0 .5em 0 0; padding: 0; float: left;\"/>Registrujte se či připojte své ORCID ID</a><br/>\n<br>\n<br>\n<a href=\"{$orcidAboutUrl}\">Více informací o  ORCID najdete na {$contextName}</a><br/>\n<br>\nPokud máte jakékoliv dotazy, kontaktujte nás, prosím.<br>\n<br>\n{$principalContactSignature}<br>\n','Tato šablona emailů je používána, pokud od autorů chceme umožnění přístupu k záznamům ORCID.'),('ORCID_REQUEST_AUTHOR_AUTHORIZATION','da_DK','Anmoder om adgang til ORCID-post','Kære {$authorName}<br>\n<br>\nDu er blevet opført som forfatter på manuskriptindsendelsen\"{$submissionTitle}\" til {$contextName}.\n<br>\n<br>\nTillad os at tilføje dit ORCID-id til denne indsendelse og også at tilføje indsendelsen til din ORCID-profil i forbindelse med publicering.<br>\nBesøg linket til det officielle ORCID-websted, log ind med din profil og tillad adgangen ved at følge instruktionerne.<br>\n<a href=\"{$authorOrcidUrl}\"><img id=\"orcid-id-logo\" src=\"https://orcid.org/sites/default/files/images/orcid_16x16.png\" width=\'16\' height=\'16\' alt=\"ORCID iD icon\" style=\"display: block; margin: 0 .5em 0 0; padding: 0; float: left;\"/>Register or Connect your ORCID iD</a><br/>\n<br>\n<br>\n<a href=\"{$orcidAboutUrl}\">More about ORCID at {$contextName}</a><br/>\n<br>\nHvis du har spørgsmål, så kontakt mig.<br>\n<br>\n{$principalContactSignature}<br>\n','Denne e-mail-skabelon bruges til at anmode om ORCID-adgang fra forfattere.'),('ORCID_REQUEST_AUTHOR_AUTHORIZATION','de_DE','ORCID Zugriff erbeten','Liebe/r {$authorName},<br>\n<br>\nSie sind als Autor/in des eingereichten Beitrags \"{$submissionTitle}\" bei der Zeitschrift {$contextName} benannt worden.<br>\n<br>\nBitte gestatten Sie uns Ihre ORCID-ID, falls vorhanden, zu diesem Beitrag hinzuzufügen, sowie ihr ORCID Profil bei Veröffentlichung des Beitrags zu aktualisieren.<br>\nDazu folgen Sie dem unten stehenden Link zur offiziellen ORCID-Seite, melden sich mit ihren Daten an und authorisieren Sie den Zugriff, indem\nSie den Anweisungen auf der Seite folgen.<br>\n<a href=\"{$authorOrcidUrl}\"><img id=\"orcid-id-logo\" src=\"https://orcid.org/sites/default/files/images/orcid_16x16.png\" width=\'16\' height=\'16\' alt=\"ORCID iD icon\" style=\"display: block; margin: 0 .5em 0 0; padding: 0; float: left;\"/>ORCID iD registrieren oder ihre verbinden</a><br/>\n<br/>\n<br>\n<a href=\"{$orcidAboutUrl}\">Mehr Informationen zu ORCID bei {$contextName}</a>.\n<br>\nWenn Sie Fragen dazu haben, melden Sie sich bitte.<br>\n<br>\n{$principalContactSignature}<br>\n','Diese E-Mail-Vorlage wird verwendet, um die Authorisierung für ORCID Profil Zugriff von Autor/innen einzuholen.'),('ORCID_REQUEST_AUTHOR_AUTHORIZATION','el_GR','Αίτημα πρόσβασης στο ORCID σας','Αγαπητέ/η {$authorName},<br>\n<br>\nΈχετε καταχωρηθεί ως συγγραφέας στην υποβολή \"{$submissionTitle}\" στο \"{$contextName}\".\n<br>\n<br>\nΠαρακαλούμε επιτρέψτε μας να προσθέσουμε το ORCID id σας στην υποβολή, καθώς και να καταχωρήσουμε την υποβολή στο ORCID προφίλ σας κατά τη δημοσίευσή της.<br>\nΕπιλέξτε τον σύνδεσμο προς τον ιστότοπο του ORCID, εισέλθετε στον λογαριασμό σας και ενεργοποιήστε τη δυνατότητα πρόσβασης ακολουθώντας τις σχετικές οδηγίες.<br>\n<a href=\"{$authorOrcidUrl}\"><img id=\"orcid-id-logo\" src=\"https://orcid.org/sites/default/files/images/orcid_16x16.png\" width=\'16\' height=\'16\' alt=\"ORCID iD icon\" style=\"display: block; margin: 0 .5em 0 0; padding: 0; float: left;\"/>Register or Connect your ORCID iD</a><br/>\n<br>\n<br>\n<a href=\"{$orcidAboutUrl}\">Περισσότερες πληροφορίες για το ORCID στο {$contextName}</a><br/>\n<br>\nΠαρακαλώ επικοινωνήστε μαζί μας εάν χρειάζεστε πρόσθετες διευκρινίσεις.<br>\n<br>\n{$principalContactSignature}<br>\n','Αυτό το μήνυμα χρησιμοποιείται ως αίτημα πρόσβασης στο μητρώο ORCID των συγγραφέων.'),('ORCID_REQUEST_AUTHOR_AUTHORIZATION','en_US','Requesting ORCID record access','Dear {$authorName},<br>\n<br>\nYou have been listed as an author on the manuscript submission \"{$submissionTitle}\" to {$contextName}.\n<br>\n<br>\nPlease allow us to add your ORCID id to this submission and also to add the submission to your ORCID profile on publication.<br>\nVisit the link to the official ORCID website, login with your profile and authorize the access by following the instructions.<br>\n<a href=\"{$authorOrcidUrl}\"><img id=\"orcid-id-logo\" src=\"https://orcid.org/sites/default/files/images/orcid_16x16.png\" width=\'16\' height=\'16\' alt=\"ORCID iD icon\" style=\"display: block; margin: 0 .5em 0 0; padding: 0; float: left;\"/>Register or Connect your ORCID iD</a><br/>\n<br>\n<br>\n<a href=\"{$orcidAboutUrl}\">More about ORCID at {$contextName}</a><br/>\n<br>\nIf you have any questions, please contact me.<br>\n<br>\n{$principalContactSignature}<br>\n','This email template is used to request ORCID record access from authors.'),('ORCID_REQUEST_AUTHOR_AUTHORIZATION','es_ES','Solicitando acceso de registro ORCID','Estimado/a {$authorName},<br>\n<br>\nUsted ha sido incluido como autor en la presentación del manuscrito \"{$submissionTitle}\" a {$contextName}.\n<br>\n<br>\nPermítanos agregar su identificación ORCID a este envío y también agregar el mismo a su perfil ORCID en la publicación.<br>\nVisite el enlace al sitio web oficial de ORCID, inicie sesión con su perfil y autorice el acceso siguiendo las instrucciones.<br>\n<a href=\"{$authorOrcidUrl}\"><img id=\"orcid-id-logo\" src=\"https://orcid.org/sites/default/files/images/orcid_16x16.png\" width=\'16\' height=\'16\' alt=\"ORCID iD icon\" style=\"display: block; margin: 0 .5em 0 0; padding: 0; float: left;\"/>Registre o conecte su ORCID iD</a><br/>\n<br>\n<br>\n<a href=\"{$orcidAboutUrl}\">Más acerca de ORCID en{$contextName}</a><br/>\n<br>\nSi tiene alguna pregunta, por favor póngase en contacto conmigo.<br>\n<br>\n{$principalContactSignature}<br>\n','Esta plantilla de correo electrónico se utiliza para solicitar acceso de registro ORCID a los autores/as.'),('ORCID_REQUEST_AUTHOR_AUTHORIZATION','fi_FI','ORCID-pääsyn pyyntö','Dear {$authorName},<br>\n<br/>\nTeidät mainitaan yhtenä kirjoittajana käsikirjoituksessa \"{$submissionTitle}\", joka on lähetetty julkaisuun {$contextName}.<br/>\n<br/>\nVarmistaaksesi tekijyytesi, ole hyvä ja lisää ORCID-tunnisteesi käsikirjoitukseen vierailemalla alla olevassa linkissä ja seuraamalla ohjeita. Artikkelin julkaisun jälkeen sitä koskevat tiedot voidaan liittää ORCID-tiliisi, jos olet antanut siihen luvan.<br/>\n<br/>\n<a href=\"{$authorOrcidUrl}\"><img id=\"orcid-id-logo\" src=\"https://orcid.org/sites/default/files/images/orcid_16x16.png\" width=\'16\' height=\'16\' alt=\"ORCID iD icon\" style=\"display: block; margin: 0 .5em 0 0; padding: 0; float: left;\"/>Rekisteröi tai yhdistä ORCID</a><br/>\n<br/>\n<br/>\n<a href=\"{$orcidAboutUrl}\">Lisätietoja ORCID-tunnisteista julkaisussa {$contextName}</a><br/>\n<br/>\nMikäli teillä on jotain kysymyksiä, olkaa yhteydessä.<br/>\n<br/>\n{$principalContactSignature}<br/>\n','Tätä sähköpostipohjaa käytetään ORCID-pääsyn pyytämiseen muilta kirjoittajilta.'),('ORCID_REQUEST_AUTHOR_AUTHORIZATION','fr_CA','Demande d\'accès au dossier ORCID','{$authorName},<br/>\n<br/>\nVous avez été inscrit ou inscrite en tant qu\'auteur ou auteure pour le manuscrit « {$submissionTitle} » soumis à {$contextName}.\n<br/>\n<br/>\nVeuillez nous autoriser à ajouter votre identifiant ORCID à cette soumission et à ajouter également la soumission à votre dossier ORCID suite à sa publication.\n<br/>\nSuivre le lien vers le site officiel ORCID, vous connecter avec votre profil et autoriser l\'accès en suivant les instructions.<br/>\n<a href=\"{$authorOrcidUrl}\"><img id=\"orcid-id-logo\" src=\"https://orcid.org/sites/default/files/images/orcid_16x16.png\" width=\'16\' height=\'16\' alt=\"icône identifiant ORCID\" style=\"display: block; margin: 0 .5em 0 0; padding: 0; float: left;\"/>Se connecter avec votre identifiant ORCID ou s\'inscrire</a><br/>\n<br/>\n<br/>\n<a href=\"{$orcidAboutUrl}\">Plus de renseignements sur votre identifiant ORCID dans {$contextName}</a><br/>\n<br/>\nSi vous avez des questions, veuillez communiquer avec nous.<br/>\n<br/>\n{$principalContactSignature}<br/>\n','Ce modèle de courriel est utilisé pour demander aux auteurs-es l\'accès à leur dossier ORCID.'),('ORCID_REQUEST_AUTHOR_AUTHORIZATION','fr_FR','Demande d\'accès au dossier ORCID','{$authorName},<br/>\n<br/>\nVous avez été inscrit ou inscrite en tant qu\'auteur ou autrice pour le manuscrit « {$submissionTitle} » soumis à {$contextName}.\n<br/>\n<br/>\nVeuillez nous autoriser à ajouter votre identifiant ORCID à cette soumission et à ajouter également la soumission à votre dossier ORCID suite à sa publication.\n<br/>\nSuivez le lien vers le site officiel d\'ORCID, connectez-vous avec votre profil et autorisez l\'accès en suivant les instructions.<br/>\n<a href=\"{$authorOrcidUrl}\"><img id=\"orcid-id-logo\" src=\"https://orcid.org/sites/default/files/images/orcid_16x16.png\" width=\'16\' height=\'16\' alt=\"icône identifiant ORCID\" style=\"display: block; margin: 0 .5em 0 0; padding: 0; float: left;\"/>Créez ou connectez-vous avec votre identifiant ORCID</a><br/>\n<br/>\n<br/>\n<a href=\"{$orcidAboutUrl}\">Plus de renseignements sur votre identifiant ORCID dans {$contextName}</a><br/>\n<br/>\nSi vous avez des questions,N\'hésitez pas à nous contacter.<br/>\n<br/>\n{$principalContactSignature}<br/>\n','Ce modèle de courriel est utilisé pour demander l\'accès au dossier ORCID des auteurs et autrices.'),('ORCID_REQUEST_AUTHOR_AUTHORIZATION','hu_HU','Hozzáférési kérés ORCID rekordhoz','Tisztelt {$authorName}!<br>\n<br>\nÖnt a(z) {$contextName} folyóirathoz beküldött \"{$submissionTitle}\" című kézirat szerzőjeként jelölték meg.\n<br>\n<br>\nKérjük közreműködését, hogy a kézirathoz hozzárendelhessük ORCID azonosítóját, illetve beküldését hozzáadjuk ORCID pofiljának publikációs listájához.<br>\nEhhez keresse fel a lenti link segítségével az ORCID hivatalos weboldalát, lépjen be és hagyja jóvá a kérést.<br>\n<a href=\"{$authorOrcidUrl}\"><img id=\"orcid-id-logo\" src=\"https://orcid.org/sites/default/files/images/orcid_16x16.png\" width=\'16\' height=\'16\' alt=\"ORCID iD icon\" style=\"display: block; margin: 0 .5em 0 0; padding: 0; float: left;\"/>Regisztrálás vagy ORCID iD csatlakoztatása</a><br/>\n<br>\n<br>\n<a href=\"{$orcidAboutUrl}\">További információk az ORCID-ról a(z) {$contextName} folyóiratnál</a><br/>\n<br>\nHa kérdése merül fel, kérem vegye fel a kapcsolatot szerkesztőségünkkel.<br>\n<br>\nÜdvözlettel,<br>\n{$principalContactSignature}<br>\n','Ezt az email sablont arra használjuk, hogy Szerzőktől kérjünk ORCID rekord hozzáférést.'),('ORCID_REQUEST_AUTHOR_AUTHORIZATION','id_ID','Meminta akses rekaman ORCID','Yang Kami Hormati {$authorName},<br>\n<br>\nAnda telah terdaftar sebagai penulis naskah \"{$submissionTitle}\" pada {$contextName}.\n<br>\n<br>\nIjinkanlah kami menambahkan id ORCID Anda pada naskah ini serta menambahkan naskah pada profil ORCID Anda pada terbitan.<br>\nBuka tautan web ORCID, login dan beri akses sesuai petunjuk berikut.<br>\n<a href=\"{$authorOrcidUrl}\"><img id=\"orcid-id-logo\" src=\"https://orcid.org/sites/default/files/images/orcid_16x16.png\" width=\'16\' height=\'16\' alt=\"ORCID iD icon\" style=\"display: block; margin: 0 .5em 0 0; padding: 0; float: left;\"/>Register atau hubungkan iD ORCID Anda</a><br/>\n<br>\n<br>\n<a href=\"{$orcidAboutUrl}\">nformasi selengkapnya tentang ORCID pada {$contextName}</a><br/>\n<br>\nBila ada pertanyaan, silakan hubungi kami.<br>\n<br>\n{$principalContactSignature}<br/>\n','Template surel ini digunakan untuk meminta akses rekaman ORCID penulis.'),('ORCID_REQUEST_AUTHOR_AUTHORIZATION','it_IT','Richiesta di accesso al record ORCID','Gentile {$authorName},<br>\n<br>\nIl suo nominativo è stato aggiunto come autore nel manoscritto \"{$submissionTitle}\" sottoposto per la pubblicazione a {$contextName}.\n<br>\n<br>\nLe chiediamo il permesso di aggiungere il suo ORCID a questa sottomissione e di poter aggiungere questa sottomissione al suo profilo ORCID<br>\nLe chiediamo di andare al suo profilo ufficiale ORCID e di autorizzare l\'accesso seguendo le  indicazioni che verranno fornite. <br>\n<a href=\"{$authorOrcidUrl}\"><img id=\"orcid-id-logo\" src=\"https://orcid.org/sites/default/files/images/orcid_16x16.png\" width=\'16\' height=\'16\' alt=\"ORCID iD icon\" style=\"display: block; margin: 0 .5em 0 0; padding: 0; float: left;\"/>Collega il tuo ORCID iD o registrati adesso </a><br/>\n<br>\n<br>\n<a href=\"{$orcidAboutUrl}\">Maggiori informazioni su ORCID sono disponibili a questo indirizzo: {$contextName}</a><br/>\n<br>\nSe ha qualsiasi domanda o dubbio, la prego di contattarmi.<br>\n<br>\n{$principalContactSignature}<br>\n','Questa mail è utilizzata per richiedere agli autori accesso al proprio ORCID iD.'),('ORCID_REQUEST_AUTHOR_AUTHORIZATION','ku_IQ','داواکردنی تۆماری ORCID','بەڕێز {$authorName},<br>\n<br>\nتۆ وەک نوسەری ئەم توێژینەوەیە دیاری کراویت \"{$submissionTitle}\" to {$contextName}.\n<br>\n<br>\nتکایە ڕێگەمان پێ بدە بە زیادکردنی هەژماری ORCIDیەکەت. <br>\nسەردانی وێبسایتی فەرمیی ORCID بکە و داخل ببە و ڕێپێدان بە گوێرەی ڕێنماییەکان بدە.<br>\n<a href=\"{$authorOrcidUrl}\"><img id=\"orcid-id-logo\" src=\"https://orcid.org/sites/default/files/images/orcid_16x16.png\" width=\'16\' height=\'16\' alt=\"ORCID iD icon\" style=\"display: block; margin: 0 .5em 0 0; padding: 0; float: left;\"/>هەژمارێکی ORCID دروست بکە، یان ئەگەر هەتە هەژمارەکەت بکەوە.</a><br/>\n<br>\n<br>\n<a href=\"{$orcidAboutUrl}\">زانیاریی زیاتر دەربارەی ORCID  لە {$contextName}</a><br/>\n<br>\nبۆ هەر پرسیارێک، تکایە پەیوەندیم پێوە بکە.<br>\n<br>\n{$principalContactSignature}<br>\n','قاڵبی ئەم ئیمەیڵە بۆ ڕێگەپێدانی گرێدانی ORCID بەکار دێت لە لایەن توێژەرانەوە.'),('ORCID_REQUEST_AUTHOR_AUTHORIZATION','mk_MK','Барање пристап до запис ORCID','Почитуван {$ authorName}, <br>\n<br>\nВие сте наведени како автор на поднесувањето на ракописот „{$submissionTitle}“ до {$contextName}.\n<br>\n<br>\nВе молиме, дозволете ни да го додадеме вашиот ID на ORCID на овој поднесок и да го додадеме поднесувањето на вашиот ORCID профил на објавувањето. <br>\nПосетете ја врската до официјалната веб-страница на ORCID, најавете се со вашиот профил и овластете го пристапот следејќи ги упатствата. <br>\n<a href=\"{$authorOrcidUrl}\"> <img id = \"orcid-id-logo\" src = \"https://orcid.org/sites/default/files/images/orcid_16x16.png\" width = \'16 \' height = \'16 \'alt = \"ORCID iD icon\" style = \"display: block; margin: 0 .5em 0 0; padding: 0; float: left;\" /> Регистрирај се или Поврзи го ORCID iD </a> <br />\n<br>\n<br>\n<a href=\"{$orcidAboutUrl}\"> Повеќе за ORCID на {$textName} </a> <br/>\n<br>\nАко имате какви било прашања, контактирајте ме. <br>\n<br>\n{$principalContactSignature} <br>\n','Овој образец за е-пошта се користи за да се побара пристап до записот ORCID од авторите.'),('ORCID_REQUEST_AUTHOR_AUTHORIZATION','nb_NO','Forespørsel om tilgang til ORCID','Kjære {$authorName}, <br />\n<br />\nDu er oppført som forfatter på manusinnleveringen \"{$submissionTitle}\" til {$contextName}. <br />\nFor å bekrefte forfatterskapet ditt, vennligst legg til ORCID-ID-en din i denne innleveringen ved å gå til lenken nedenfor. <br />\n<br />\n<a href=\"{$authorOrcidUrl}\"> <img id = \"orcid-id-logo\" src = \"https://orcid.org/sites/default/files/images/orcid_16x16.png\" width = \'16 \' height = \'16 \'alt = \"ORCID iD icon\" style = \"display: block; margin: 0 .5em 0 0; padding: 0; float: left;\" /> Registrer eller koble ORCID iD </a> <br />\n<br />\n<br />\n<a href=\"{$orcidAboutUrl}\"> Mer informasjon om ORCID på {$contextName} </a> <br />\n<br />\nTa gjerne kontakt hvis du har spørsmål. <br />\n<br />\n{$principalContactSignature} <br />\n','Denne e-postmalen brukes til å spørre om ORCID-tilgang fra forfattere.'),('ORCID_REQUEST_AUTHOR_AUTHORIZATION','nl_NL','Toegangsverzoek tot uw ORCID profiel','Beste {$authorName},<br/>\n<br/>\nU bent auteur van het manuscript \"{$submissionTitle}\" dat werd ingediend voor {$contextName}.\n<br/>\n<br/>\nWilt u uw toestemming geven om uw ORCID ID toe te voegen aan deze inzending en de inzending toe te voegen aan uw ORCID profiel bij publicatie?<br/>\nKlik op de link naar de officiële ORCID website, meld u aan met uw gebruikersprofiel en authoriseer de toegang door de instructies te volgen.<br/>\n<a href=\"{$authorOrcidUrl}\"><img id=\"orcid-id-logo\" src=\"https://orcid.org/sites/default/files/images/orcid_16x16.png\" width=\'16\' height=\'16\' alt=\"ORCID iD icon\" style=\"display: block; margin: 0 .5em 0 0; padding: 0; float: left;\"/>Registreer of koppel uw ORCID ID</a><br/>\n<br/>\n<br/>\n<a href=\"{$orcidAboutUrl}\">Meer informatie over ORCID op {$contextName}</a><br/>\n<br>\nNeemt u alstublieft contact op als u vragen heeft.<br/>\n<br/>\n{$principalContactSignature}<br/>\n','Deze e-mail wordt verstuurd om toegang te vragen aan auteurs tot hun ORCID profiel.'),('ORCID_REQUEST_AUTHOR_AUTHORIZATION','pl_PL','Prośba do autora o dostęp do profilu ORCID','Drogi/a {$authorName},<br>\n<br>\nZostałeś/aś oznaczona/y jako autor/współautor tekstu naukowego \"{$articleTitle}\" w {$contextName}.\n<br>\n<br>\nJako redakcja czasopsima zwracamy się w związku z tym prośbą o dopisanie Twojego ORCID ID do tego artykułu i jednocześnie chcemy dodać go do Twojej listy opublikowanych prac w ORCID.<br>\nZaloguj się proszę w czasopiśmie używając swoich danych ORCID co sprawi, że autoryzacja pracy bedzie możliwa. Odwiedź strone projektu ORCID aby zapoznać się ze szczegółową instrukcją na ten temat.<br>\n<a href=\"{$authorOrcidUrl}\"><img id=\"orcid-id-logo\" src=\"https://orcid.org/sites/default/files/images/orcid_16x16.png\" width=\'16\' height=\'16\' alt=\"ORCID iD icon\" style=\"display: block; margin: 0 .5em 0 0; padding: 0; float: left;\"/>Zarejestruj sie w ORCID lub autoryzuj swój tekst</a><br/>\n<br>\n<br>\n<a href=\"{$orcidAboutUrl}\">Więcej o ORCID w {$contextName}</a><br/>\n<br>\nW razie dalszych pytań prosimy o kontakt.<br>\n<br>\n{$principalContactSignature}\n','Mail jest wykorzystywany w przypadku prośby o dostęp czasopisma do profilu ORCID autora.'),('ORCID_REQUEST_AUTHOR_AUTHORIZATION','pt_BR','Solicitando acesso ao registro ORCID','Prezado(a) {$authorName}, <br>\n<br>\nVocê foi listado como autor na submissão do manuscrito \"{$submissionTitle}\" to {$contextName}.\n<br>\n<br>\nPermita-nos adicionar seu ID do ORCID a essa submissão e também adicioná-lo ao seu perfil do ORCID na publicação. <br>\nVisite o link para o site oficial do ORCID, faça o login com seu perfil e autorize o acesso seguindo as instruções. <br>\n<a href=\"{$authorOrcidUrl}\"> <img id =\"orcid-id-logo\" src = \"https://orcid.org/sites/default/files/images/orcid_16x16.png\" width = \'16 \' height = \'16 \' alt = \"Ícone ORCID iD\" style = \"display: block; margin: 0 .5em 0 0; padding: 0; float: left;\" /> Registre ou conecte seu ORCID ID </a> <br/>\n<br>\n<br>\n<a href=\"{$orcidAboutUrl}\"> Mais sobre o ORCID em {$contextName} </a> <br/>\n<br>\nSe você tiver alguma dúvida, entre em contato comigo. <br>\n<br>\n{$principalContactSignature} <br>\n','Este modelo de e-mail é usado para solicitar o acesso ao registro ORCID dos autores.'),('ORCID_REQUEST_AUTHOR_AUTHORIZATION','pt_PT','Pedido de Associação de Identificador ORCID','Caro(a) {$authorName},<br>\n<br>\nFoi adicionado como autor do manuscrito da submissão \"{$submissionTitle}\" feita a {$contextName}.\n<br>\n<br>\nPor favor, conceda-nos permissão para adicionar o seu ORCID a esta submissão e também para adicionar a submissão ao seu perfil do ORCID como publicação. <br>\nConsulte o site oficial do ORCID, entre na sua conta e autorize o acesso seguindo as instruções que lhe fornecemos.<br>\n<a href=\"{$authorOrcidUrl}\"><img id=\"orcid-id-logo\" src=\"https://orcid.org/sites/default/files/images/orcid_16x16.png\" width=\'16\' height=\'16\' alt=\"ORCID iD icon\" style=\"display: block; margin: 0 .5em 0 0; padding: 0; float: left;\"/>Registar ou Entrar no seu ORCID iD</a><br/>\n<br>\n<br>\n<a href=\"{$orcidAboutUrl}\">Saiba mais sobre o ORCID em {$contextName}</a><br/>\n<br>\nSe tiver alguma questão adicional, entre em contacto connosco.<br>\n<br>\n{$principalContactSignature}<br>\n','Este template de email é utilizado para solicitar o acesso ao ORCID dos autores.'),('ORCID_REQUEST_AUTHOR_AUTHORIZATION','ru_RU','Запрос доступа к записи ORCID','{$authorName}!<br>\n<br>\nВы были указаны как автор материала «{$submissionTitle}», отправленного в «{$contextName}».\n<br>\n<br>\nПожалуйста, дайте нам возможность добавить ваш ORCID id к этому материалу, а также добавить материал в ваш профиль ORCID после публикации.<br>\nПерейдите по ссылке на официальном вебсайте ORCID, войдите в систему с вашей учетной записью и авторизуйте доступ, следуя инструкциям.<br>\n<a href=\"{$authorOrcidUrl}\"><img id=\"orcid-id-logo\" src=\"https://orcid.org/sites/default/files/images/orcid_16x16.png\" width=\'16\' height=\'16\' alt=\"ORCID iD icon\" style=\"display: block; margin: 0 .5em 0 0; padding: 0; float: left;\"/>Создать или подключить ваш ORCID iD</a><br/>\n<br>\n<br>\n<a href=\"{$orcidAboutUrl}\">Подробнее об ORCID в «{$contextName}»</a><br/>\n<br>\nЕсли у Вас есть какие-либо вопросы, пожалуйста, свяжитесь со мной.<br>\n<br>\n{$principalContactSignature}<br>\n','Этот шаблон письма используется для запроса доступа к записи ORCID у авторов.'),('ORCID_REQUEST_AUTHOR_AUTHORIZATION','sl_SI','Prošnja za dostop do ORCID zapisa','Spoštovani {$authorName},<br>\n<br>\nNašteti ste bili kot (so)avtor rokopisa prispevka \"{$submissionTitle}\" pri reviji {$contextName}.\n<br>\n<br>\nProsimo vas za dovoljenje, da dodamo vaš ORCID iD k temu prispevku in hkrati dodamo ta prispevek k vašem ORCID profilu pri reviji.<br>\nKliknite na povezavo na uradno ORCID stran, prijavite se z vašim profilom in avtorizirajte dostop po navodilih.<br>\n<a href=\"{$authorOrcidUrl}\"><img id=\"orcid-id-logo\" src=\"https://orcid.org/sites/default/files/images/orcid_16x16.png\" width=\'16\' height=\'16\' alt=\"ORCID iD icon\" style=\"display: block; margin: 0 .5em 0 0; padding: 0; float: left;\"/>Registriraj ali poveži vaš ORCID iD</a><br/>\n<br>\n<br>\n<a href=\"{$orcidAboutUrl}\">Več o ORCID pri reviji {$contextName}</a><br/>\n<br>\nČe imate kakršnakoli vprašanje, me prosim kontaktirajte.<br/>\n<br>\n{$principalContactSignature}<br>\n','Email vsebuje prošnjo za dostop do ORCID zapisov avtorjev.'),('ORCID_REQUEST_AUTHOR_AUTHORIZATION','tr_TR','ORCID kayıt erişimi','Sayın {$authorName},<br>\n<br>\n{$contextName} için gönderilen \"{$submissionTitle}\" başlıklı makalenin yazar listesinde yer alıyorsunuz.\n<br>\n<br>\nLütfen ORCID\'nizi kullanmamıza izin veriniz.<br>\nORCID sayfasını ziyaret ederek giriş yapınız ve profil kısmından izin veren talimatları takip ediniz.<br>\n<a href=\"{$authorOrcidUrl}\"><img id=\"orcid-id-logo\" src=\"https://orcid.org/sites/default/files/images/orcid_16x16.png\" width=\'16\' height=\'16\' alt=\"ORCID iD icon\" style=\"display: block; margin: 0 .5em 0 0; padding: 0; float: left;\"/>ORCID iD için kayıt ol veya bağlan</a><br/>\n<br>\n<br>\n<a href=\"{$orcidAboutUrl}\">ORCID hakkında daha fazla {$contextName}</a><br/>\n<br>\nHerhangi bir sorun yaşarsanız, benimle iletişim kurabilirsiniz.<br>\n<br>\n{$principalContactSignature}<br>\n','Bu e-posta şablonu yazarlardan ORCID kaydı erişimi istemek için kullanılır.'),('ORCID_REQUEST_AUTHOR_AUTHORIZATION','uk_UA','Запит доступу до запису ORCID','Шановний|Шановна {$authorName},<br>\n<br>\nВи були зазначені як автор подання \"{$submissionTitle}\" до журналу {$contextName}.\n<br>\n<br>\nБудь-ласка, дозвольте нам додати ваш ORCID до цього подання а також додати подання до вашого профілю ORCID  після публікації.<br>\nВідвідайте офіційний сайт ORCID, авторизуйтеся з вашим профілем і надайте дозвіл за наступною інструкцією.<br>\n<a href=\"{$authorOrcidUrl}\"><img id=\"orcid-id-logo\" src=\"https://orcid.org/sites/default/files/images/orcid_16x16.png\" width=\'16\' height=\'16\' alt=\"ORCID iD icon\" style=\"display: block; margin: 0 .5em 0 0; padding: 0; float: left;\"/>Зареєструватися або авторизуватися з ORCID iD</a><br/>\n<br>\n<br>\n<a href=\"{$orcidAboutUrl}\">Більше про ORCID за посиланням {$contextName}</a><br/>\n<br>\nЯкщо у вас виникнуть запитання, напишіть мені.<br>\n<br>\n{$principalContactSignature}<br>\n','Цей шаблон листа використовується для запита доступу у авторів до запису ORCID.'),('ORCID_REQUEST_AUTHOR_AUTHORIZATION','vi_VN','Yêu cầu truy cập bản ghi ORCID','Kính gửi {$authorName},<br>\n<br>\nBạn đã được liệt kê như là một tác giả của bản thảo \"{$submissionTitle}\" to {$contextName}.\n<br>\n<br>\nVui lòng cho phép chúng tôi thêm id ORCID của bạn vào bài đăng này và cũng để thêm bài đăng vào hồ sơ ORCID của bạn trên xuất bản.<br>\nTruy cập liên kết đến trang web ORCID chính thức, đăng nhập với hồ sơ của bạn và cho phép truy cập bằng cách làm theo các hướng dẫn.<br>\n<a href=\"{$authorOrcidUrl}\"><img id=\"orcid-id-logo\" src=\"https://orcid.org/sites/default/files/images/orcid_16x16.png\" width=\'16\' height=\'16\' alt=\"ORCID iD icon\" style=\"display: block; margin: 0 .5em 0 0; padding: 0; float: left;\"/>Đăng ký hoặc kết nối ORCID iD của bạn</a><br/>\n<br>\n<br>\n<a href=\"{$orcidAboutUrl}\">Tìm hiểu thêm về ORCID tại {$contextName}</a><br/>\n<br>\nNếu bạn có bất kỳ câu hỏi, xin vui lòng liên hệ với tôi.<br>\n<br>\n{$principalContactSignature}<br>\n','Mẫu email này được sử dụng để yêu cầu quyền truy cập bản ghi ORCID từ các tác giả.'),('PASSWORD_RESET','en_US','Password Reset','Your password has been successfully reset for use with the {$siteTitle} web site. Please retain this username and password, as it is necessary for all work with the journal.<br />\n<br />\nYour username: {$username}<br />\nPassword: {$password}<br />\n<br />\n{$principalContactSignature}','This email is sent to a registered user when they have successfully reset their password following the process described in the PASSWORD_RESET_CONFIRM email.'),('PASSWORD_RESET','id_ID','Reset Sandi','Sandi akun Anda di website {$siteTitle} telah berhasil di-reset. Silakan simpan nama pengguna dan sandi ini karena akan dibutuhkan untuk semua kegiatan terkait jurnal di website ini.<br />\n<br />\nNama pengguna Anda: {$username}<br />\nSandi: {$password}<br />\n<br />\n{$principalContactSignature}','Email ini dikirimkan ke pengguna terdaftar saat proses reset password berhasil sesuai prosedur di email PASSWORD_RESET_CONFIRM.'),('PASSWORD_RESET_CONFIRM','en_US','Password Reset Confirmation','We have received a request to reset your password for the {$siteTitle} web site.<br />\n<br />\nIf you did not make this request, please ignore this email and your password will not be changed. If you wish to reset your password, click on the below URL.<br />\n<br />\nReset my password: {$url}<br />\n<br />\n{$principalContactSignature}','This email is sent to a registered user when they indicate that they have forgotten their password or are unable to login. It provides a URL they can follow to reset their password.'),('PASSWORD_RESET_CONFIRM','id_ID','Konfirmasi Reset Sandi','Kami menerima permintaan reset sandi untuk akun Anda di website {$siteTitle}.<br />\n<br />\nJika Anda tidak merasa mengajukan permintaan ini, abaikan pesan ini dan sandi Anda tidak akan diubah.  Jika Anda memang ingin melakukan reset sandi, klik tautan berikut ini.<br />\n<br />\nReset sandi saya: {$url}<br />\n<br />\n{$principalContactSignature}','Email ini dikirimkan ke pengguna terdaftar ketika lupa sandi atau tidak dapat login. Email ini memberikan URL untuk melakukan reset sandi.'),('PAYPAL_INVESTIGATE_PAYMENT','en_US','Unusual PayPal Activity','Open Journal Systems has encountered unusual activity relating to PayPal payment support for the journal {$contextName}. This activity may need further investigation or manual intervention.<br />\n                       <br />\nThis email was generated by Open Journal Systems\' PayPal plugin.<br />\n<br />\nFull post information for the request:<br />\n{$postInfo}<br />\n<br />\nAdditional information (if supplied):<br />\n{$additionalInfo}<br />\n<br />\nServer vars:<br />\n{$serverVars}<br />\n','This email template is used to notify a journal\'s primary contact that suspicious activity or activity requiring manual intervention was encountered by the PayPal plugin.'),('PAYPAL_INVESTIGATE_PAYMENT','id_ID',' Kegiatan pembayaran paypal yang tidak biasa ',' IOJS telah menemukan kegiatan yang tidak biasa yang berhubungan dengan bantuan pembayaran paypal untuk jurnal {$contextName}. Kegiatan ini mungkin dibutuhkan investigasi yang lebih lanjut atau intervensi manual. Emai ini diciptakan oleh OJS PayPal plugin.<br />\nInformasi posting penuh untuk permohonan:<br />\n{$postInfo}<br />\nInformasi tambahan (jika tersedia):<br />\n{$additionalInfo}<br />\nVariasi Server :<br />\n{$serverVars}<br />\n',' Email ini digunakan untuk memberitahukan jurnal kontak utama yang mempunyai kegiatan yang mencurigakan atau kegiatan yang membutuhkan intervensi manual yang ditemukan oleh plugin paypal.'),('PUBLISH_NOTIFY','en_US','New Issue Published','Readers:<br />\n<br />\n{$contextName} has just published its latest issue at {$contextUrl}. We invite you to review the Table of Contents here and then visit our web site to review articles and items of interest.<br />\n<br />\nThanks for the continuing interest in our work,<br />\n{$editorialContactSignature}','This email is sent to registered readers via the \"Notify Users\" link in the Editor\'s User Home. It notifies readers of a new issue and invites them to visit the journal at a supplied URL.'),('PUBLISH_NOTIFY','id_ID','Terbitan Baru','Readers:<br />\n<br />\n{$contextName} baru saja menerbitkan terbitan terbarunya di {$contextUrl}. Kami mengundang Anda untuk membaca Daftar Isi dan selanjutnya mengunjungi website kami untuk membaca artikel yang Anda minati.<br />\n<br />\nTerimakasih atas perhatian Anda,<br />\n{$editorialContactSignature}','Email ini dikirimkan ke pembaca terdaftar melalui tautan \"Beritahu Pengguna\" di Beranda Pengguna Editor. Email ini memberitahu pembaca tentang terbitan baru dan mengundang pembaca untuk mengunjungi jurnal melalui URL yang diberikan.'),('REVIEWER_REGISTER','en_US','Registration as Reviewer with {$contextName}','In light of your expertise, we have taken the liberty of registering your name in the reviewer database for {$contextName}. This does not entail any form of commitment on your part, but simply enables us to approach you with a submission to possibly review. On being invited to review, you will have an opportunity to see the title and abstract of the paper in question, and you\'ll always be in a position to accept or decline the invitation. You can also ask at any point to have your name removed from this reviewer list.<br />\n<br />\nWe are providing you with a username and password, which is used in all interactions with the journal through its website. You may wish, for example, to update your profile, including your reviewing interests.<br />\n<br />\nUsername: {$username}<br />\nPassword: {$password}<br />\n<br />\nThank you,<br />\n{$principalContactSignature}','This email is sent to a newly registered reviewer to welcome them to the system and provide them with a record of their username and password.'),('REVIEWER_REGISTER','id_ID','Registrasi sebagai Reviewer di {$contextName}','Dengan mempertimbangkan keahlian Anda, kami memasukkan nama Anda dalam database reviewer di {$contextName}. Hal ini tidak bersifat mengikat, hanya sekedar memudahkan kami untuk mengundang Anda untuk melakukan review terhadap suatu naskah. Ketika memperoleh undangan untuk melakukan review suatu naskah, Anda dapat melihat judul dan abstrak naskah tersebut, dan Anda berhak menentukan apakah akan menerima atau menolak undangan tersebut. Anda juga dapat meminta dihapus dari daftar reviewer kapan saja Anda menghendaki.<br />\n<br />\nKami menyertakan nama pengguna dan sandi Anda, yang digunakan dalam semua interaksi dengan jurnal melalui website. Anda dapat melakukan update profil, termasuk minat review Anda.<br />\n<br />\nNama pengguna: {$username}<br />\nSandi: {$password}<br />\n<br />\nTerimakasih,<br />\n{$principalContactSignature}','Email ini dikirimkan ke reviewer baru untuk menyambut dan memberikan informasi nama pengguna dan sandi.'),('REVIEW_ACK','en_US','Article Review Acknowledgement','{$reviewerName}:<br />\n<br />\nThank you for completing the review of the submission, &quot;{$submissionTitle},&quot; for {$contextName}. We appreciate your contribution to the quality of the work that we publish.<br />\n<br />\n','This email is sent by a Section Editor to confirm receipt of a completed review and thank the reviewer for their contributions.'),('REVIEW_ACK','id_ID','Ucapan Terimakasih atas Review Artikel','{$reviewerName}:<br />\n<br />\nTerimakasih telah menyelesaikan review terhadap naskah, &quot;{$submissionTitle},&quot; untuk {$contextName}. Kami sangat menghargai kontribusi Anda terhadap kualitas karya yang kami publikasikan.<br />\n<br />\n','Email ini dikirimkan Editor Bagian untuk mengkonfirmasi penerimaan review dan mengucapkan terimakasih atas kontribusinya.'),('REVIEW_CANCEL','en_US','Request for Review Cancelled','{$reviewerName}:<br />\n<br />\nWe have decided at this point to cancel our request for you to review the submission, &quot;{$submissionTitle},&quot; for {$contextName}. We apologize for any inconvenience this may cause you and hope that we will be able to call on you to assist with this journal\'s review process in the future.<br />\n<br />\nIf you have any questions, please contact me.<br />\n<br />\n','This email is sent by the Section Editor to a Reviewer who has a submission review in progress to notify them that the review has been cancelled.'),('REVIEW_CANCEL','id_ID','Permohonan Review Dibatalkan','{$reviewerName}:<br />\n<br />\nKami memutuskan untuk membatalkan permohonan review kami kepada Anda untuk naskah, &quot;{$submissionTitle},&quot; di {$contextName}. Kami mohon maaf sebesar-besarnya untuk ketidaknyamanan ini dan kami harap di masa mendatang Anda dapat membantu proses review di jurnal ini.<br />\n<br />\nJika ada pertanyaan, silakan hubungi kami.<br />\n<br />\n','Email ini dikirimkan Editor Bagian kepada Reviewer yang sedang melakukan review untuk memberitahukan pembatalan review.'),('REVIEW_CONFIRM','en_US','Able to Review','Editors:<br />\n<br />\nI am able and willing to review the submission, &quot;{$submissionTitle},&quot; for {$contextName}. Thank you for thinking of me, and I plan to have the review completed by its due date, {$reviewDueDate}, if not before.<br />\n<br />\n{$reviewerName}','This email is sent by a Reviewer to the Section Editor in response to a review request to notify the Section Editor that the review request has been accepted and will be completed by the specified date.'),('REVIEW_CONFIRM','id_ID','Dapat Melakukan Review','Editor:<br />\n<br />\nSaya dapat dan bersedia melakukan review terhadap naskah, &quot;{$submissionTitle},&quot; untuk {$contextName}. Terimakasih telah mempercayakan kepada saya, dan saya berencana untuk menyelesaikan review ini sesuai tenggat, {$reviewDueDate}, atau sebelumnya.<br />\n<br />\n{$reviewerName}','Email ini dikirimkan Reviewer kepada Editor Bagian sebagai respon terhadap permohonan review untuk memberitahu Editor Bagian bahwa permohonan review diterima dan akan diselesaikan pada tanggal yang ditetapkan.'),('REVIEW_DECLINE','en_US','Unable to Review','Editors:<br />\n<br />\nI am afraid that at this time I am unable to review the submission, &quot;{$submissionTitle},&quot; for {$contextName}. Thank you for thinking of me, and another time feel free to call on me.<br />\n<br />\n{$reviewerName}','This email is sent by a Reviewer to the Section Editor in response to a review request to notify the Section Editor that the review request has been declined.'),('REVIEW_DECLINE','id_ID','Tidak Dapat Melakukan Review','Editor:<br />\n<br />\nMohon maaf saat ini saya tidak dapat melakukan review terhadap naskah, &quot;{$submissionTitle},&quot; untuk {$contextName}. Terimakasih telah mempercayakann kepada saya, dan lain waktu silakan menghubungi saya lagi.<br />\n<br />\n{$reviewerName}','Email ini dikirimkan Reviewer kepada Editor Bagian sebagai respon terhadap permohonan review untuk memberitahu Editor Bagian bahwa permohonan review ditolak.'),('REVIEW_REINSTATE','en_US','Request for Review Reinstated','{$reviewerName}:<br />\n<br />\nWe would like to reinstate our request for you to review the submission, &quot;{$submissionTitle},&quot; for {$contextName}. We hope that you will be able to assist with this journal\'s review process.<br />\n<br />\nIf you have any questions, please contact me.','This email is sent by the Section Editor to a Reviewer who has a submission review in progress to notify them that a cancelled review has been reinstated.'),('REVIEW_REMIND','en_US','Submission Review Reminder','{$reviewerName}:<br />\n<br />\nJust a gentle reminder of our request for your review of the submission, &quot;{$submissionTitle},&quot; for {$contextName}. We were hoping to have this review by {$reviewDueDate}, and would be pleased to receive it as soon as you are able to prepare it.<br />\n<br />\nIf you do not have your username and password for the journal\'s web site, you can use this link to reset your password (which will then be emailed to you along with your username). {$passwordResetUrl}<br />\n<br />\nSubmission URL: {$submissionReviewUrl}<br />\n<br />\nPlease confirm your ability to complete this vital contribution to the work of the journal. I look forward to hearing from you.<br />\n<br />\n{$editorialContactSignature}','This email is sent by a Section Editor to remind a reviewer that their review is due.'),('REVIEW_REMIND','id_ID','Pengingat Review Naskah','{$reviewerName}:<br />\n<br />\nSekedar mengingatkan tentang permohonan kami untuk melakukan review terhadap naskah, &quot;{$submissionTitle},&quot; untuk {$contextName}. Kami mengharapkan telah menerima review ini pada {$reviewDueDate}, dan akan sangat berbahagia untuk dapat menerimanya segera setelah Anda menyelesaikannya.<br />\n<br />\nJika Anda tidak memiliki nama pengguna dan sandi untuk website jurnal ini, Anda dapat menggunakan tautan berikut untuk mereset sandi Anda (yang selanjutnya akan diemailkan kepada Anda bersama nama pengguna Anda). {$passwordResetUrl}<br />\n<br />\nURL Naskah: {$submissionReviewUrl}<br />\n<br />\nMohon konfirmasi kesanggupan Anda untuk menyelesaikan kontribusi penting ini.  Kami menunggu balasan Anda.<br />\n<br />\n{$editorialContactSignature}','Email ini dikirimkan Editor Bagian untuk mengingatkan reviewer bahwa review telah mencapai tenggat.'),('REVIEW_REMIND_AUTO','en_US','Automated Submission Review Reminder','{$reviewerName}:<br />\n<br />\nJust a gentle reminder of our request for your review of the submission, &quot;{$submissionTitle},&quot; for {$contextName}. We were hoping to have this review by {$reviewDueDate}, and this email has been automatically generated and sent with the passing of that date. We would still be pleased to receive it as soon as you are able to prepare it.<br />\n<br />\nIf you do not have your username and password for the journal\'s web site, you can use this link to reset your password (which will then be emailed to you along with your username). {$passwordResetUrl}<br />\n<br />\nSubmission URL: {$submissionReviewUrl}<br />\n<br />\nPlease confirm your ability to complete this vital contribution to the work of the journal. I look forward to hearing from you.<br />\n<br />\n{$editorialContactSignature}','This email is automatically sent when a reviewer\'s due date elapses (see Review Options under Settings > Workflow > Review) and one-click reviewer access is disabled. Scheduled tasks must be enabled and configured (see the site configuration file).'),('REVIEW_REMIND_AUTO','id_ID','Pengingat Otomatis Review Naskah','{$reviewerName}:<br />\n<br />\nSekedar mengingatkan tentang permohonan kami untuk melakukan review terhadap naskah, &quot;{$submissionTitle},&quot; untuk {$contextName}. Kami mengharapkan telah menerima review ini pada {$reviewDueDate}, dan email ini dikirim secara otomatis seiring terlewatinya tanggal tersebut. Kami masih tetap menanti review tersebut segera setelah Anda dapat menyelesaikannya.<br />\n<br />\nJika Anda tidak memiliki nama pengguna dan sandi untuk website jurnal ini, Anda dapat menggunakan tautan berikut untuk mereset sandi Anda (yang selanjutnya akan diemailkan kepada Anda bersama nama pengguna Anda). {$passwordResetUrl}<br />\n<br />\nURL Naskah: {$submissionReviewUrl}<br />\n<br />\nMohon konfirmasi kesanggupan Anda untuk menyelesaikan kontribusi penting ini.  Kami menunggu balasan Anda.<br />\n<br />\n{$editorialContactSignature}','Email ini dikirimkan otomatis saat tenggat waktu review terlewati (lihat Opsi Review di menu Pengaturan > Alur Kerja > Review) and one-click reviewer access is disabled. Scheduled tasks must be enabled and configured (see the site configuration file).'),('REVIEW_REMIND_AUTO_ONECLICK','en_US','Automated Submission Review Reminder','{$reviewerName}:<br />\n<br />\nJust a gentle reminder of our request for your review of the submission, &quot;{$submissionTitle},&quot; for {$contextName}. We were hoping to have this review by {$reviewDueDate}, and this email has been automatically generated and sent with the passing of that date. We would still be pleased to receive it as soon as you are able to prepare it.<br />\n<br />\nSubmission URL: {$submissionReviewUrl}<br />\n<br />\nPlease confirm your ability to complete this vital contribution to the work of the journal. I look forward to hearing from you.<br />\n<br />\n{$editorialContactSignature}','This email is automatically sent when a reviewer\'s due date elapses (see Review Options under Settings > Workflow > Review) and one-click reviewer access is enabled. Scheduled tasks must be enabled and configured (see the site configuration file).'),('REVIEW_REMIND_AUTO_ONECLICK','id_ID','Pengingat Review Naskah Otomatis','{$reviewerName}:<br />\n<br />\nSekedar mengingatkan tentang permohonan kami untuk melakukan review terhadap naskah, &quot;{$submissionTitle},&quot; untuk {$contextName}. We were hoping to have this review by {$reviewDueDate}, dan email ini dikirim secara otomatis seiring terlewatinya tanggal tersebut. We would still be pleased to receive it as soon as you are able to prepare it.<br />\n<br />\nURL Naskah: {$submissionReviewUrl}<br />\n<br />\nMohon konfirmasi kesanggupan Anda untuk menyelesaikan kontribusi penting ini.  Kami menunggu balasan Anda.<br />\n<br />\n{$editorialContactSignature}','Email ini dikirimkan otomatis saat tenggat waktu review terlewati (lihat Opsi Review di menu Pengaturan > Alur Kerja > Review) dan akses one-click reviewer diaktifkan. Tugas terjadwal harus diaktifkan dan diatur (lihat file konfigurasi website)'),('REVIEW_REMIND_ONECLICK','en_US','Submission Review Reminder','{$reviewerName}:<br />\n<br />\nJust a gentle reminder of our request for your review of the submission, &quot;{$submissionTitle},&quot; for {$contextName}. We were hoping to have this review by {$reviewDueDate}, and would be pleased to receive it as soon as you are able to prepare it.<br />\n<br />\nSubmission URL: {$submissionReviewUrl}<br />\n<br />\nPlease confirm your ability to complete this vital contribution to the work of the journal. I look forward to hearing from you.<br />\n<br />\n{$editorialContactSignature}','This email is sent by a Section Editor to remind a reviewer that their review is due.'),('REVIEW_REMIND_ONECLICK','id_ID','Pengingat Review Naskah','{$reviewerName}:<br />\n<br />\nSekedar mengingatkan tentang permohonan kami untuk melakukan review terhadap naskah, &quot;{$submissionTitle},&quot; untuk {$contextName}. Kami mengharapkan telah menerima review ini pada {$reviewDueDate}, dan akan sangat berbahagia untuk dapat menerimanya segera setelah Anda menyelesaikannya.<br />\n<br />\nURL Naskah: {$submissionReviewUrl}<br />\n<br />\nMohon konfirmasi kesanggupan Anda untuk menyelesaikan kontribusi penting ini.  Kami menunggu balasan Anda.<br />\n<br />\n{$editorialContactSignature}','Email ini dikirimkan Editor Bagian untuk mengingatkan reviewer bahwa review telah mencapai tenggat.'),('REVIEW_REQUEST','en_US','Article Review Request','{$reviewerName}:<br />\n<br />\nI believe that you would serve as an excellent reviewer of the manuscript, &quot;{$submissionTitle},&quot; which has been submitted to {$contextName}. The submission\'s abstract is inserted below, and I hope that you will consider undertaking this important task for us.<br />\n<br />\nPlease log into the journal web site by {$responseDueDate} to indicate whether you will undertake the review or not, as well as to access the submission and to record your review and recommendation. The web site is {$contextUrl}<br />\n<br />\nThe review itself is due {$reviewDueDate}.<br />\n<br />\nIf you do not have your username and password for the journal\'s web site, you can use this link to reset your password (which will then be emailed to you along with your username). {$passwordResetUrl}<br />\n<br />\nSubmission URL: {$submissionReviewUrl}<br />\n<br />\nThank you for considering this request.<br />\n<br />\n{$editorialContactSignature}<br />\n<br />\n&quot;{$submissionTitle}&quot;<br />\n<br />\n{$submissionAbstract}','This email from the Section Editor to a Reviewer requests that the reviewer accept or decline the task of reviewing a submission. It provides information about the submission such as the title and abstract, a review due date, and how to access the submission itself. This message is used when the Standard Review Process is selected in Management > Settings > Workflow > Review. (Otherwise see REVIEW_REQUEST_ATTACHED.)'),('REVIEW_REQUEST','id_ID','Permohonan Review Artikel','{$reviewerName}:<br />\n<br />\nKami memandang bahwa Anda merupakan reviewer yang tepat untuk naskah, &quot;{$submissionTitle},&quot; yang diserahkan ke {$contextName}. Abstrak naskah tersebut disertakan di bawah ini, dan kami berharap Anda berkenan melakukannya.<br />\n<br />\nSilakan login ke website jurnal sebelum {$responseDueDate} untuk memberitahukan apakah Anda bersedia melakukan review atau tidak, juga untuk mengakses naskah dan menyerahkan review beserta rekomendasi Anda. Website jurnal adalah {$contextUrl}<br />\n<br />\nTenggat review ini sendiri adalah {$reviewDueDate}.<br />\n<br />\nJika Anda tidak memiliki nama pengguna dan sandi untuk website jurnal ini, Anda dapat menggunakan tautan berikut untuk mereset sandi Anda (yang selanjutnya akan diemailkan kepada Anda bersama nama pengguna Anda). {$passwordResetUrl}<br />\n<br />\nURL Naskah: {$submissionReviewUrl}<br />\n<br />\nTerimakasih atas perhatiannya.<br />\n<br />\n{$editorialContactSignature}<br />\n<br />\n&quot;{$submissionTitle}&quot;<br />\n<br />\n{$submissionAbstract}','Email ini dari Editor Bagian kepada Reviewer untuk meminta reviewer memberitahukan apakah menerima atau menolak permohonan review. Email ini memberikan informasi tentang naskah meliputi judul dan abstrak, tenggat review, dan cara mengakses naskah. Pesan ini digunakan saat Proses Review Standar dipilih di Manajemen > Pengaturan > Alur Kerja > Review. (Selain itu lihat di REVIEW_REQUEST_ATTACHED.)'),('REVIEW_REQUEST_ATTACHED','en_US','Article Review Request','{$reviewerName}:<br />\n<br />\nI believe that you would serve as an excellent reviewer of the manuscript, &quot;{$submissionTitle},&quot; and I am asking that you consider undertaking this important task for us. The Review Guidelines for this journal are appended below, and the submission is attached to this email. Your review of the submission, along with your recommendation, should be emailed to me by {$reviewDueDate}.<br />\n<br />\nPlease indicate in a return email by {$responseDueDate} whether you are able and willing to do the review.<br />\n<br />\nThank you for considering this request.<br />\n<br />\n{$editorialContactSignature}<br />\n<br />\n<br />\nReview Guidelines<br />\n<br />\n{$reviewGuidelines}<br />\n','This email is sent by the Section Editor to a Reviewer to request that they accept or decline the task of reviewing a submission. It includes the submission as an attachment. This message is used when the Email-Attachment Review Process is selected in Management > Settings > Workflow > Review. (Otherwise see REVIEW_REQUEST.)'),('REVIEW_REQUEST_ATTACHED','id_ID','Permohonan Review Artikel','{$reviewerName}:<br />\n<br />\nKami memandang bahwa Anda merupakan reviewer yang tepat untuk naskah, &quot;{$submissionTitle},&quot; dan kami mengharapkan Anda berkenan melakukan review. Panduan Review untuk jurnal ini disertakan di bawah, dan naskah telah dilampirkan bersama email ini. Review beserta rekomendasi Anda, kami harap telah diemailkan sebelum tenggat review {$reviewDueDate}.<br />\n<br />\nMohon sampaikan dalam email balasan sebelum {$responseDueDate} tentang kesediaan Anda untuk melakukan review.<br />\n<br />\nTerimakasih atas perhatiannya.<br />\n<br />\n{$editorialContactSignature}<br />\n<br />\n<br />\nPanduan Review<br />\n<br />\n{$reviewGuidelines}<br />\n','Email ini dari Editor Bagian kepada Reviewer untuk meminta reviewer memberitahukan apakah menerima atau menolak permohonan review. Email disertai naskah terlampir bersama email. Pesan ini digunakan saat Proses Review Lampiran Email dipilih di Manajemen > Pengaturan > Alur Kerja > Review. (Selain itu lihat REVIEW_REQUEST.)'),('REVIEW_REQUEST_ATTACHED_SUBSEQUENT','en_US','Article Review Request','{$reviewerName}:<br />\n<br />\nThis regards the manuscript &quot;{$submissionTitle},&quot; which is under consideration by {$contextName}.<br />\n<br />\nFollowing the review of the previous version of the manuscript, the authors have now submitted a revised version of their paper. We would appreciate it if you could help evaluate it.<br />\n<br />\nThe Review Guidelines for this journal are appended below, and the submission is attached to this email. Your review of the submission, along with your recommendation, should be emailed to me by {$reviewDueDate}.<br />\n<br />\nPlease indicate in a return email by {$responseDueDate} whether you are able and willing to do the review.<br />\n<br />\nThank you for considering this request.<br />\n<br />\n{$editorialContactSignature}<br />\n<br />\n<br />\nReview Guidelines<br />\n<br />\n{$reviewGuidelines}<br />\n','This email is sent by the Section Editor to a Reviewer to request that they accept or decline the task of reviewing a submission for a second or greater round of review. It includes the submission as an attachment. This message is used when the Email-Attachment Review Process is selected in Management > Settings > Workflow > Review. (Otherwise see REVIEW_REQUEST_SUBSEQUENT.)'),('REVIEW_REQUEST_ATTACHED_SUBSEQUENT','id_ID','Permohonan Review Artikel','{$reviewerName}:<br />\n<br />\nEmail ini terkait naskah &quot;{$submissionTitle},&quot; yang sedang dalam pertimbangan di {$contextName}.<br />\n<br />\nSetelah review untuk versi naskah sebelumnya, penulis saat ini telah menyerahkan versi revisi naskahnya.  Kami berharap Anda dapat membantu mengevaluasinya.<br />\n<br />\nPanduan Review untuk jurnal ini disertakan di bawah, dan naskah dilampirkan bersama email ini. Review dan rekomendasi Anda, mohon dapat diemailkan ke kami pada {$reviewDueDate}.<br />\n<br />\nMohon sampaikan di email balasan sebelum {$responseDueDate} tentang kesediaan Anda untuk melakukan review.<br />\n<br />\nTerimakasih atas perhatiannya.<br />\n<br />\n{$editorialContactSignature}<br />\n<br />\n<br />\nPanduan Review<br />\n<br />\n{$reviewGuidelines}<br />\n','Email ini dari Editor Bagian kepada Reviewer untuk meminta reviewer memberitahukan apakah menerima atau menolak permohonan review untuk ronde kedua atau berikutnya.  Email disertai naskah terlampir bersama email. Pesan ini digunakan saat Proses Review Lampiran Email dipilih di Manajemen > Pengaturan > Alur Kerja > Review. (Selain itu lihat REVIEW_REQUEST_SUBSEQUENT.)'),('REVIEW_REQUEST_ONECLICK','en_US','Article Review Request','{$reviewerName}:<br />\n<br />\nI believe that you would serve as an excellent reviewer of the manuscript, &quot;{$submissionTitle},&quot; which has been submitted to {$contextName}. The submission\'s abstract is inserted below, and I hope that you will consider undertaking this important task for us.<br />\n<br />\nPlease log into the journal web site by {$responseDueDate} to indicate whether you will undertake the review or not, as well as to access the submission and to record your review and recommendation.<br />\n<br />\nThe review itself is due {$reviewDueDate}.<br />\n<br />\nSubmission URL: {$submissionReviewUrl}<br />\n<br />\nThank you for considering this request.<br />\n<br />\n{$editorialContactSignature}<br />\n<br />\n&quot;{$submissionTitle}&quot;<br />\n<br />\n{$submissionAbstract}','This email from the Section Editor to a Reviewer requests that the reviewer accept or decline the task of reviewing a submission. It provides information about the submission such as the title and abstract, a review due date, and how to access the submission itself. This message is used when the Standard Review Process is selected in Management > Settings > Workflow > Review, and one-click reviewer access is enabled.'),('REVIEW_REQUEST_ONECLICK','id_ID','Permohonan Review Artikel','{$reviewerName}:<br />\n<br />\nKami memandang bahwa Anda merupakan reviewer yang tepat untuk naskah, &quot;{$submissionTitle},&quot; yang diserahkan ke {$contextName}. Abstrak naskah tersebut disertakan di bawah ini, dan kami berharap Anda berkenan melakukannya.<br />\n<br />\nSilakan login ke website jurnal sebelum {$responseDueDate} untuk memberitahukan apakah Anda bersedia melakukan review atau tidak, juga untuk mengakses naskah dan menyerahkan review beserta rekomendasi Anda. Website jurnal adalah {$contextUrl}<br />\n<br />\nTenggat review ini sendiri adalah {$reviewDueDate}.<br />\n<br />\nURL Naskah: {$submissionReviewUrl}<br />\n<br />\nTerimakasih atas perhatiannya.<br />\n<br />\n{$editorialContactSignature}<br />\n<br />\n&quot;{$submissionTitle}&quot;<br />\n<br />\n{$submissionAbstract}','Email ini dari Editor Bagian kepada Reviewer  untuk meminta reviewer memberitahukan apakah menerima atau menolak permohonan review. Email ini memberikan informasi tentang naskah meliputi judul dan abstrak, tenggat review, dan cara mengakses naskah. Pesan ini digunakan saat Proses Review Standar dipilih di Manajemen > Pengaturan > Alur Kerja > Review, dan akses one-click reviewer diaktifkan.'),('REVIEW_REQUEST_ONECLICK_SUBSEQUENT','en_US','Article Review Request','{$reviewerName}:<br />\n<br />\nThis regards the manuscript &quot;{$submissionTitle},&quot; which is under consideration by {$contextName}.<br />\n<br />\nFollowing the review of the previous version of the manuscript, the authors have now submitted a revised version of their paper. We would appreciate it if you could help evaluate it.<br />\n<br />\nPlease log into the journal web site by {$responseDueDate} to indicate whether you will undertake the review or not, as well as to access the submission and to record your review and recommendation.<br />\n<br />\nThe review itself is due {$reviewDueDate}.<br />\n<br />\nSubmission URL: {$submissionReviewUrl}<br />\n<br />\nThank you for considering this request.<br />\n<br />\n{$editorialContactSignature}<br />\n<br />\n&quot;{$submissionTitle}&quot;<br />\n<br />\n{$submissionAbstract}','This email from the Section Editor to a Reviewer requests that the reviewer accept or decline the task of reviewing a submission for a second or greater round of review. It provides information about the submission such as the title and abstract, a review due date, and how to access the submission itself. This message is used when the Standard Review Process is selected in Management > Settings > Workflow > Review, and one-click reviewer access is enabled.'),('REVIEW_REQUEST_ONECLICK_SUBSEQUENT','id_ID','Permohonan Review Artikel','{$reviewerName}:<br />\n<br />\nEmail ini terkait naskah &quot;{$submissionTitle},&quot; yang sedang dalam pertimbangan di {$contextName}.<br />\n<br />\nSetelah review untuk versi naskah sebelumnya, penulis saat ini telah menyerahkan versi revisi naskahnya.  Kami berharap Anda dapat membantu mengevaluasinya.<br />\n<br />\nSilakan login ke website jurnal sebelum {$responseDueDate} untuk memberitahukan apakah Anda bersedia melakukan review atau tidak, juga untuk mengakses naskah dan menyerahkan review beserta rekomendasi Anda.<br />\n<br />\nTenggat review ini sendiri adalah {$reviewDueDate}.<br />\n<br />\nURL Naskah: {$submissionReviewUrl}<br />\n<br />\nTerimakasih atas perhatiannya.<br />\n<br />\n{$editorialContactSignature}<br />\n<br />\n&quot;{$submissionTitle}&quot;<br />\n<br />\n{$submissionAbstract}','Email ini dari Editor Bagian kepada Reviewer untuk meminta reviewer memberitahukan apakah menerima atau menolak permohonan review untuk ronde kedua atau berikutnya. Email ini memberikan informasi tentang naskah meliputi judul dan abstrak, tenggat review, dan cara mengakses naskah. Pesan ini digunakan saat Proses Review Standar dipilih di Manajemen > Pengaturan > Alur Kerja > Review, dan akses one-click reviewer diaktifkan.'),('REVIEW_REQUEST_REMIND_AUTO','en_US','Article Review Request','{$reviewerName}:<br />\nJust a gentle reminder of our request for your review of the submission, &quot;{$submissionTitle},&quot; for {$contextName}. We were hoping to have your response by {$responseDueDate}, and this email has been automatically generated and sent with the passing of that date.\n<br />\nI believe that you would serve as an excellent reviewer of the manuscript. The submission\'s abstract is inserted below, and I hope that you will consider undertaking this important task for us.<br />\n<br />\nPlease log into the journal web site to indicate whether you will undertake the review or not, as well as to access the submission and to record your review and recommendation. The web site is {$contextUrl}<br />\n<br />\nThe review itself is due {$reviewDueDate}.<br />\n<br />\nIf you do not have your username and password for the journal\'s web site, you can use this link to reset your password (which will then be emailed to you along with your username). {$passwordResetUrl}<br />\n<br />\nSubmission URL: {$submissionReviewUrl}<br />\n<br />\nThank you for considering this request.<br />\n<br />\n{$editorialContactSignature}<br />\n<br />\n&quot;{$submissionTitle}&quot;<br />\n<br />\n{$submissionAbstract}','This email is automatically sent when a reviewer\'s confirmation due date elapses (see Review Options under Settings > Workflow > Review) and one-click reviewer access is disabled. Scheduled tasks must be enabled and configured (see the site configuration file).'),('REVIEW_REQUEST_REMIND_AUTO','id_ID','Permohonan Review Artikel','{$reviewerName}:<br />\nSekedar mengingatkan tentang permohonan kami untuk melakukan review terhadap naskah, &quot;{$submissionTitle},&quot; untuk {$contextName}. Kami berharap telah menerima respon Anda pada {$responseDueDate}, dan email ini dikirim secara otomatis seiring terlewatinya tanggal tersebut.\n<br />\nKami memandang bahwa Anda merupakan reviewer yang tepat untuk naskah tersebut. Abstrak naskah tersebut disertakan di bawah ini, dan kami berharap Anda berkenan melakukannya.<br />\n<br />\nSilakan login ke website jurnal untuk memberitahukan apakah Anda bersedia melakukan review atau tidak, juga untuk mengakses naskah dan menyerahkan review beserta rekomendasi Anda. Website jurnal adalah {$contextUrl}<br />\n<br />\nTenggat review ini sendiri adalah {$reviewDueDate}.<br />\n<br />\nJika Anda tidak memiliki nama pengguna dan sandi untuk website jurnal ini, Anda dapat menggunakan tautan berikut untuk mereset sandi Anda (yang selanjutnya akan diemailkan kepada Anda bersama nama pengguna Anda). {$passwordResetUrl}<br />\n<br />\nURL Naskah: {$submissionReviewUrl}<br />\n<br />\nTerimakasih atas perhatiannya.<br />\n<br />\n{$editorialContactSignature}<br />\n<br />\n&quot;{$submissionTitle}&quot;<br />\n<br />\n{$submissionAbstract}','Email ini dikirim otomatis saat tenggat konfirmasi terlewati (lihat Opsi Review di menu Pengaturan > Alur Kerja > Review) dan akses one-click reviewer dinonaktifkan. Scheduled tasks must be enabled and configured (see the site configuration file).'),('REVIEW_REQUEST_REMIND_AUTO_ONECLICK','en_US','Article Review Request','{$reviewerName}:<br />\nJust a gentle reminder of our request for your review of the submission, &quot;{$submissionTitle},&quot; for {$contextName}. We were hoping to have your response by {$responseDueDate}, and this email has been automatically generated and sent with the passing of that date.\n<br />\nI believe that you would serve as an excellent reviewer of the manuscript. The submission\'s abstract is inserted below, and I hope that you will consider undertaking this important task for us.<br />\n<br />\nPlease log into the journal web site to indicate whether you will undertake the review or not, as well as to access the submission and to record your review and recommendation.<br />\n<br />\nThe review itself is due {$reviewDueDate}.<br />\n<br />\nSubmission URL: {$submissionReviewUrl}<br />\n<br />\nThank you for considering this request.<br />\n<br />\n{$editorialContactSignature}<br />\n<br />\n&quot;{$submissionTitle}&quot;<br />\n<br />\n{$submissionAbstract}','This email is automatically sent when a reviewer\'s confirmation due date elapses (see Review Options under Settings > Workflow > Review) and one-click reviewer access is enabled. Scheduled tasks must be enabled and configured (see the site configuration file).'),('REVIEW_REQUEST_REMIND_AUTO_ONECLICK','id_ID','Permohonan Review Artikel','{$reviewerName}:<br />\nSekedar mengingatkan tentang permohonan kami untuk melakukan review terhadap naskah, &quot;{$submissionTitle},&quot; untuk {$contextName}. Kami berharap telah menerima respon Anda pada {$responseDueDate}, dan email ini dikirim secara otomatis seiring terlewatinya tanggal tersebut.\n<br />\nKami memandang bahwa Anda merupakan reviewer yang tepat untuk naskah tersebut. Abstrak naskah tersebut disertakan di bawah ini, dan kami berharap Anda berkenan melakukannya.<br />\n<br />\nSilakan login ke website jurnal untuk memberitahukan apakah Anda bersedia melakukan review atau tidak, juga untuk mengakses naskah dan menyerahkan review beserta rekomendasi Anda. Website jurnal adalah {$contextUrl}<br />\n<br />\nTenggat review ini sendiri adalah {$reviewDueDate}.<br />\n<br />\nURL Naskah: {$submissionReviewUrl}<br />\n<br />\nTerimakasih atas perhatiannya.<br />\n<br />\n{$editorialContactSignature}<br />\n<br />\n&quot;{$submissionTitle}&quot;<br />\n<br />\n{$submissionAbstract}','Email ini dikirim otomatis saat tenggat konfirmasi reviewer terlewati (lihat Opsi Review di menu Pengaturan > Alur Kerja > Review) dan akses one-click reviewer diaktifkan. Tugas Terjadwal harus diaktifkan dan diatur (lihat file konfigurasi website).'),('REVIEW_REQUEST_SUBSEQUENT','en_US','Article Review Request','{$reviewerName}:<br />\n<br />\nThis regards the manuscript &quot;{$submissionTitle},&quot; which is under consideration by {$contextName}.<br />\n<br />\nFollowing the review of the previous version of the manuscript, the authors have now submitted a revised version of their paper. We would appreciate it if you could help evaluate it.<br />\n<br />\nPlease log into the journal web site by {$responseDueDate} to indicate whether you will undertake the review or not, as well as to access the submission and to record your review and recommendation. The web site is {$contextUrl}<br />\n<br />\nThe review itself is due {$reviewDueDate}.<br />\n<br />\nIf you do not have your username and password for the journal\'s web site, you can use this link to reset your password (which will then be emailed to you along with your username). {$passwordResetUrl}<br />\n<br />\nSubmission URL: {$submissionReviewUrl}<br />\n<br />\nThank you for considering this request.<br />\n<br />\n{$editorialContactSignature}<br />\n<br />\n&quot;{$submissionTitle}&quot;<br />\n<br />\n{$submissionAbstract}','This email from the Section Editor to a Reviewer requests that the reviewer accept or decline the task of reviewing a submission for a second or greater round of review. It provides information about the submission such as the title and abstract, a review due date, and how to access the submission itself. This message is used when the Standard Review Process is selected in Management > Settings > Workflow > Review. (Otherwise see REVIEW_REQUEST_ATTACHED_SUBSEQUENT.)'),('REVIEW_REQUEST_SUBSEQUENT','id_ID','Permohonan Review Artikel','{$reviewerName}:<br />\n<br />\nEmail ini terkait naskah &quot;{$submissionTitle},&quot; yang sedang dalam pertimbangan di {$contextName}.<br />\n<br />\nSetelah review untuk versi naskah sebelumnya, penulis saat ini telah menyerahkan versi revisi naskahnya.  Kami berharap Anda dapat membantu mengevaluasinya.<br />\n<br />\nSilakan login ke website jurnal sebelum {$responseDueDate} untuk memberitahukan apakah Anda bersedia melakukan review atau tidak, juga untuk mengakses naskah dan menyerahkan review beserta rekomendasi Anda. Website jurnal adalah {$contextUrl}<br />\n<br />\nTenggat review ini sendiri adalah {$reviewDueDate}.<br />\n<br />\nJika Anda tidak memiliki nama pengguna dan sandi untuk website jurnal ini, Anda dapat menggunakan tautan berikut untuk mereset sandi Anda (yang selanjutnya akan diemailkan kepada Anda bersama nama pengguna Anda). {$passwordResetUrl}<br />\n<br />\nURL Naskah: {$submissionReviewUrl}<br />\n<br />\nTerimakasih atas perhatiannya.<br />\n<br />\n{$editorialContactSignature}<br />\n<br />\n&quot;{$submissionTitle}&quot;<br />\n<br />\n{$submissionAbstract}','Email ini dari Editor Bagian kepada Reviewer untuk meminta reviewer memberitahukan apakah menerima atau menolak permohonan review untuk ronde kedua atau berikutnya. Email ini memberikan informasi tentang naskah meliputi judul dan abstrak, tenggat review, dan cara mengakses naskah. Pesan ini digunakan saat Proses Review Standar dipilih di Manajemen > Pengaturan > Alur Kerja > Review. (Selain itu lihat REVIEW_REQUEST_ATTACHED_SUBSEQUENT.)'),('REVISED_VERSION_NOTIFY','en_US','Revised Version Uploaded','Editors:<br />\n<br />\nA revised version of &quot;{$submissionTitle}&quot; has been uploaded by the author {$authorName}.<br />\n<br />\nSubmission URL: {$submissionUrl}<br />\n<br />\n{$editorialContactSignature}','This email is automatically sent to the assigned editor when author uploads a revised version of an article.'),('REVISED_VERSION_NOTIFY','id_ID','Versi Revisi telah Diunggah','Editor:<br />\n<br />\nVersi revisi dari &quot;{$submissionTitle}&quot; telah diunggah oleh penulis {$authorName}.<br />\n<br />\nURL naskah: {$submissionUrl}<br />\n<br />\n{$editorialContactSignature}','Email ini dikirim secara otomatis ke editor yang ditugaskan saat penulis mengunggah naskah versi revisi.'),('STATISTICS_REPORT_NOTIFICATION','ar_IQ','نشاط هيئة التحرير لشهر {$month}، {$year}','\n{$name}, <br />\n<br />\nتقرير حالة مجلتك لشهر {$month}، {$year} متوافر حالياً. الأمور المفصلية لهذا الشهر هي كما يأتي.<br />\n<ul>\n	<li>عدد طلبات التقديم الجديدة: {$newSubmissions}</li>\n	<li>طلبات التقديم المرفوضة: {$declinedSubmissions}</li>\n	<li>طلبات التقديم المقبولة: {$acceptedSubmissions}</li>\n	<li>إجمالي طلبات التقديم في النظام: {$totalSubmissions}</li>\n</ul>\nسجل دخولك إلى المجلة لمعاينة <a href=\"{$editorialStatsLink}\">ما يشغل هيئة التحرير</a> بشكل مفصل فضلاً عن <a href=\"{$publicationStatsLink}\">حالة المقالات المنشورة</a>. لديك نسخة مرفقة بهذه الرسالة تتضمن كل مشاغل هيئة التحرير لهذا الشهر.<br />\n<br />\nمع التقدير<br />\n{$principalContactSignature}','هذه الرسالة تُرسل شهرياً إلى مدراء التحرير ورؤسائه لتزويدهم بنظرة عامة على حالة النظام.'),('STATISTICS_REPORT_NOTIFICATION','ca_ES','Activitat editorial per {$month}, {$year}','\n{$name}, <br />\n<br />\nJa està disponible l\'informe de salut de la vostra revista per {$month}, {$year}. Les estadístiques clau d\'aquest mes son les següents.<br />\n<ul>\n	<li>Trameses noves aquest mes: {$newSubmissions}</li>\n	<li>Trameses rebutjades aquest mes: {$declinedSubmissions}</li>\n	<li>Trameses acceptades aquest mes: {$acceptedSubmissions}</li>\n	<li>Trameses totals en el sistema: {$totalSubmissions}</li>\n</ul>\nInicieu sessió a la revista per veure les <a href=\"{$editorialStatsLink}\">tendències editorials</a> i les <a href=\"{$publicationStatsLink}\">estadístiques d\'articles publicats</a> amb més detall. S\'adjunta una còpia completa de les tendències editorials d\'aquest mes.<br />\n<br />\nSalutacions cordials,<br />\n{$principalContactSignature}','Aquest correu electrònic s\'envia automàticament cada mes a editors/ores i administradors/ores de revistes per donar-los una visió general de la salut del sistema.'),('STATISTICS_REPORT_NOTIFICATION','cs_CZ','Aktivita redakce pro {$month}, {$year}','\n{$name}, <br />\n<br />\nVaše zpráva o stavu časopisu za {$month}, {$year} je nyní k dispozici. Vaše klíčové statistiky pro tento měsíc jsou níže. <br />\n<ul>\n <li>Nová podání tento měsíc: {$newSubmissions}</li>\n <li>Odmítnuté příspěvky tento měsíc: {$declinedSubmissions}</li>\n <li>Přijaté příspěvky tento měsíc: {$acceptedSubmissions}</li>\n <li>Celkový počet příspěvků v systému: {$totalSubmissions}</li>\n</ul>\nChcete-li zobrazit podrobnější <a href=\"{$editorialStatsLink}\">statistiky redakce</a> a <a href=\"{$publicationStatsLink}\">statistiky publikovaných článků</a>, přihlaste se do časopisu. Úplná kopie statistiky redakce tohoto měsíce je připojena. <br />\n<br />\nS pozdravem <br />\n{$principalContactSignature}','Tento e-mail je automaticky zasílán měsíčně měsíčně editorům a správcům časopisů, aby jim poskytl přehled o stavu systému.'),('STATISTICS_REPORT_NOTIFICATION','da_DK','Redaktionel aktivitet for {$month}, {$year}','\n{$name}, <br />\n<br />\nDit tidsskrifts tilstandsrapport for {$month}, {$year} er nu tilgængelig. De statistiske nøgletal ses nedenfor.<br />\n<ul>\n	<li>Nye indsendelser I denne måned: {$newSubmissions}</li>\n	<li>Afviste indsendelser I denne måned: {$declinedSubmissions}</li>\n	<li>Accepterede indsendelser i denne måned: {$acceptedSubmissions}</li>\n	<li>Systemets samlede antal indsendelser: {$totalSubmissions}</li>\n</ul>\nLog ind på tidsskriftet for at se flere oplysninger om <a href=\"{$editorialStatsLink}\">redaktionelle udviklingstendenser </a> og <a href=\"{$publicationStatsLink}\">offentliggjorte artikelstatistikker</a>. En komplet kopi af denne måneds redaktionelle udvikling er vedhæftet.<br />\n<br />\nMed venlig hilsen<br />\n{$principalContactSignature}','Denne e-mail sendes automatisk en gang om måneden til redaktører og tidsskriftschefer for at give dem et overblik over systemets tilstand.'),('STATISTICS_REPORT_NOTIFICATION','de_DE','Aktivität der Redaktion für {$month}, {$year}','\nSehr geehrte/r {$name}, <br />\n<br />\nDer Bericht zu Ihrem Journal für {$month}, {$year} ist nun verfügbar. Die Hauptstatistiken für diesen Monat finden Sie im folgenden.<br />\n<ul>\n	<li>Neue Einreichungen in diesem Monat: {$newSubmissions}</li>\n	<li>Abgelehnte Einreichungen in diesem Monat: {$declinedSubmissions}</li>\n	<li>Angenommene Einreichungen in diesem Monat: {$acceptedSubmissions}</li>\n	<li>Gesamtzahl der Einreichungen im System: {$totalSubmissions}</li>\n</ul>\nDetailliertere Daten finden Sie beim Journal unter <a href=\"{$editorialStatsLink}\">Redaktionelle Trends</a> und <a href=\"{$publicationStatsLink}\">Veröffentlichungsstatistik</a>.  Eine Kopie des Gesamtberichtes der redaktionellen Trends ist beigefügt.<br />\n<br />\nMit freundlichen Grüßen,<br />\n{$principalContactSignature}','Diese E-Mail wird monatlich an die Redakteure und Journal Manager gesendet und stellt Statistiken zum Journal zur Verfügung.'),('STATISTICS_REPORT_NOTIFICATION','en_US','Editorial activity for {$month}, {$year}','\n{$name}, <br />\n<br />\nYour journal health report for {$month}, {$year} is now available. Your key stats for this month are below.<br />\n<ul>\n	<li>New submissions this month: {$newSubmissions}</li>\n	<li>Declined submissions this month: {$declinedSubmissions}</li>\n	<li>Accepted submissions this month: {$acceptedSubmissions}</li>\n	<li>Total submissions in the system: {$totalSubmissions}</li>\n</ul>\nLogin to the journal to view more detailed <a href=\"{$editorialStatsLink}\">editorial trends</a> and <a href=\"{$publicationStatsLink}\">published article stats</a>. A full copy of this month\'s editorial trends is attached.<br />\n<br />\nSincerely,<br />\n{$principalContactSignature}','This email is automatically sent monthly to editors and journal managers to provide them a system health overview.'),('STATISTICS_REPORT_NOTIFICATION','es_ES','Actividad editorial por {$month}, {$year}','\n{$name}, <br />\n<br />\nEl informe de estado de su revista de {$month}, {$year} ya está disponible. Las estadísticas clave de este mes son las siguientes.<br />\n<ul>\n	<li>Nuevos envíos este mes: {$newSubmissions}</li>\n	<li>Envíos rechazados este mes: {$declinedSubmissions}</li>\n	<li>Envíos aceptados este mes: {$acceptedSubmissions}</li>\n	<li>Envíos totales en el sistema: {$totalSubmissions}</li>\n</ul>\nInicie sesión en la revista para obtener más detalles sobre las <a href=\"{$editorialStatsLink}\">tendencias editoriales</a> y las <a href=\"{$publicationStatsLink}\">estadísticas de artículos publicados</a>. Se adjunta una copia completa del informe correspondiente a este mes .<br />\n<br />\nSaludos cordiales,<br />\n{$principalContactSignature}','Este correo electrónico es enviado mensualmente y de manera automática a los editores y administradores de publicaciones para suministrarles una visión general de la publicación.'),('STATISTICS_REPORT_NOTIFICATION','fi_FI','Toimitustyötä koskeva raportti {$month}/{$year}','\n{$name}, <br />\n<br />\nToimitustyön raportti {$month}/{$year} on nyt valmis. Kuukautta koskevat keskeiset luvut ovat alla.<br />\n<ul>\n	<li>Uudet käsikirjoitukset: {$newSubmissions}</li>\n	<li>Hylätyt käsikirjoitukset: {$declinedSubmissions}</li>\n	<li>Hyväksytyt käsikirjoitukset: {$acceptedSubmissions}</li>\n	<li>Käsikirjoitusten kokonaismäärä: {$totalSubmissions}</li>\n</ul>\nKirjaudu julkaisuun nähdäksesi yksityiskohtaisemmat <a href=\"{$editorialStatsLink}\">toimitustyön tilastot</a> ja <a href=\"{$publicationStatsLink}\">julkaistujen artikkeleiden tilastot</a>. Kopio tämän kuun toimitustyön tilastoista on liitteenä.<br />\n<br />\nTerveisin,<br />\n{$principalContactSignature}','Tämä sähköposti lähetetään joka kuukausi automaattisesti toimittajille ja julkaisun hallinnoijille ja he näkevät siitä julkaisun toimitustyötä koskevan tilanteen.'),('STATISTICS_REPORT_NOTIFICATION','fr_CA','Activité éditoriale pour {$month} {$year}','\n{$name}, <br />\n<br />\nLe rapport d\'activité éditoriale de votre revue pour {$month} {$year} est maintenant disponible. Les principales statistiques pour ce mois sont affichées ci-dessous.<br />\n<ul>\n	<li> Nouvelles soumissions pour ce mois : {$newSubmissions} </li>\n	<li> Soumissions refusées pour ce mois : {$declinedSubmissions} </li>\n	<li> Soumissions acceptées pour ce mois : {$acceptedSubmissions} </li>\n	<li> Nombre total de soumissions dans la plateforme : {$totalSubmissions} </li>\n</ul>\nConnectez-vous au site de la revue pour voir davantage de <a href=\"{$editorialStatsLink}\">tendances dans l\'activité éditoriale</a> ainsi que des <a href=\"{$publicationStatsLink}\">statistiques relatives aux articles publiés</a>. Le rapport complet des tendances de l\'activité éditoriale de ce mois-ci est joint au présent envoi.<br />\n<br />\nCordialement,<br />\n{$principalContactSignature}','Ce courriel est envoyé automatiquement chaque mois aux rédacteurs et rédactrices en chef et aux directeurs et directrices de revues pour leur fournir un aperçu de l\'intégrité du système.'),('STATISTICS_REPORT_NOTIFICATION','hu_HU','Cikk és lektorálási riport','\nTisztelt {$name}! <br />\n<br />\nA folyóiratával kapcsolatos összesítő riport elérhető az <a href=\"{$editorialReportLink}\">OJS rendszerben</a>. A főbb mutatók {$year} {$month} hónapra az alábbiak:<br />\n<ul>\n	<li>Új beküldések ebben a hónapban: {$newSubmissions}</li>\n	<li>Elutasított beküldések ebben a hónapban: {$declinedSubmissions}</li>\n	<li>Elfogadott beküldések ebben a hónapban: {$acceptedSubmissions}</li>\n	<li>Összes belüldés a rendszerben: {$totalSubmissions}</li>\n</ul>\nAz alábbi összesítők tölthetők le áttekintésre:<br />\n<ul>\n	<li><a href=\"{$articlesReportLink}\">Cikkek riportja</a></li>\n	<li><a href=\"{$editorialReportLink}\">Lektorálási riport</a></li>\n</ul>\nÜdvözlettel,<br />\n{$principalContactSignature}','Ez az email automatikusan kerül kiküldésre a szerkesztőknek és folyóirat menedzsereknek a folyóiratukkal kapcsolatos tájékoztatásul.'),('STATISTICS_REPORT_NOTIFICATION','id_ID','Kagiatan redaksi selama {$month}, {$year}','\n{$name}, <br />\n<br />\nLaporan kondisi jurnal Anda untuk {$month}, {$year} sudah tersedia. Statistik utama Anda bulan ini tersaji sebagai berikut.<br />\n<ul>\n	<li>Naskah baru yang masuk bulan ini: {$newSubmissions}</li>\n	<li>Naskah ditolak bulan ini: {$declinedSubmissions}</li>\n	<li>Naskah yang diterima bulan ini: {$acceptedSubmissions}</li>\n	<li>Total naskah dalam sistem: {$totalSubmissions}</li>\n</ul>\nLogin untuk melihat lebih rinci <a href=\"{$editorialStatsLink}\">trend editorial</a> dan <a href=\"{$publicationStatsLink}\">statistik artikel yang dipublikasikan</a>. Salinan lengkap trend bulan ini terlampir.<br />\n<br />\nSalam Hormat,<br />\n{$principalContactSignature}','Email ini dikirim secara otomatis setiap bulan kepada editor dan manajer jurnal untuk menyediakan pratinjau kestabilan sistem.'),('STATISTICS_REPORT_NOTIFICATION','it_IT','Attività editorial e per {$month}, {$year}','\n{$name}, <br />\n<br />\nE\' disponibile il report per il mese di  {$month}, {$year} e di seguito sono indicate le statistiche principali<br />\n<ul>\n	<li>nuovi contributi ricevuti: {$newSubmissions}</li>\n	<li>manoscritti rigettati: {$declinedSubmissions}</li>\n	<li>manoscritti accettati: {$acceptedSubmissions}</li>\n	<li>manoscritti totali nel sistema: {$totalSubmissions}</li>\n</ul>\nAccedi al sito per consultare gli <a href=\"{$editorialStatsLink}\">editorial trends</a> e il  <a href=\"{$publicationStatsLink}\">report degli articoli pubblicati</a>. Il report completo dell\'attività editoriale del mese è allegata.<br />\n<br />\nDistinti saluti,<br />\n{$principalContactSignature}','Questo report sull\'attività del sistema è inviato via email  mensilmente in automatico agli editors.'),('STATISTICS_REPORT_NOTIFICATION','ku_IQ','چالاکی سەرنوسەر لە {$month}،{$year}','\n{$name}, <br />\n<br />\nتەندروستیی گۆڤارەکەت {$month}, {$year} ئێستا بەردەستە. زانیارییەکان بۆ ئەو مانگە لە خوارەوەیە.<br />\n<ul>\n	<li>توێژینەوەی پێشکەشکراوی نوێ لەم مانگەدا: {$newSubmissions}</li>\n	<li>توێژینەوەی ڕەتکراوە لەم مانگەدا: {$declinedSubmissions}</li>\n	<li>توێژینەوەی قبوڵکراو لەم مانگەدا: {$acceptedSubmissions}</li>\n	<li>کۆی گشتی توێژینەوە پێشکەشکراوەکان: {$totalSubmissions}</li>\n</ul>\nداخلی سیستەمەکە ببە بۆ بینینی زانیاریی زیاتر <a href=\"{$editorialStatsLink}\">باوەکان</a> and <a href=\"{$publicationStatsLink}\">توێژینەوە بڵاوکراوەکان</a>. نوسخەی تەواوی بابەتە باوەکانی سەرنوسەران هاوپێچ کراوە.<br />\n<br />\nلەگەڵ ڕێزدا،<br />\n{$principalContactSignature}','ئەم ئیمەیڵە بە شێوەی تۆماتیکی و مانگانە بۆ سەرنوسەر و بەڕێوەبەرانی گۆڤار دەنێردرێت بە مەبەستی پاراستنی تەندروستیی سیستەمەکە.'),('STATISTICS_REPORT_NOTIFICATION','pt_BR','Atividade editorial para {$month}, {$year}','\n{$name}, <br />\n<br />\nSeu relatório do estado atual do sistema do mês de {$month}, {$year} está disponível. Suas estatísticas-chave deste mês seguem abaixo.<br />\n<ul>\n	<li>Novas submissões este mês: {$newSubmissions}</li>\n	<li>Submissões rejeitadas este mês: {$declinedSubmissions}</li>\n	<li>Submissões aceitas este mês: {$acceptedSubmissions}</li>\n	<li>Total de submissões no sistema {$totalSubmissions}</li>\n</ul>\nEfetue login no site do periódico para obter uma visão mais detalhada das <a href=\"{$editorialStatsLink}\">tendências editoriais</a> e <a href=\"{$publicationStatsLink}\">estatísticas de artigos publicados</a>. Uma cópia completa do relatório de tendencias editoriais deste mês segue anexa.<br />\n<br />\nAtenciosamente,<br />\n{$principalContactSignature}','Este e-mail é automaticamente enviado todo mês aos editores e gerentes do sistema para dar-lhes uma visão geral do estado do sistema.'),('STATISTICS_REPORT_NOTIFICATION','pt_PT','Atividade Editorial para {$month}, {$year}','\n{$name}, <br />\n<br />\nO relatório da revista para {$month}, {$year} já se encontra disponível. Os principais indicadores para estes mês são: <br />\n<ul>\n	<li>Novas submissões feitas este mês: {$newSubmissions}</li>\n	<li>Submissões rejeitadas este mês: {$declinedSubmissions}</li>\n	<li>Submissões aceites este mês: {$acceptedSubmissions}</li>\n	<li>Total de submissões no sistema: {$totalSubmissions}</li>\n</ul>\nInicie sessão na revista para aceder a mais detalhes dos <a href=\"{$editorialStatsLink}\">indicadores editoriais</a> e <a href=\"{$publicationStatsLink}\">estatísticas de trabalhos publicados</a>. Segue em anexo uma cópia dos indicadores editoriais deste mês.<br />\n<br />\nCumprimentos,<br />\n{$principalContactSignature}','Este email é enviado automaticamente todos os meses aos editores e editores-gestores para os informar do estado da revista.'),('STATISTICS_REPORT_NOTIFICATION','ru_RU','Активность журнала за {$month} {$year} года','\nЗдравствуйте, {$name}! <br />\n<br />\nОтчёт об активности журнала за {$month} {$year} года уже доступен. Ключевые статистические параметры этого месяца приведены ниже.<br />\n<ul>\n	<li>Новых материалов за месяц: {$newSubmissions}</li>\n	<li>Отклонено материалов за месяц: {$declinedSubmissions}</li>\n	<li>Принято материалов за месяц: {$acceptedSubmissions}</li>\n	<li>Общее число материалов в системе: {$totalSubmissions}</li>\n</ul>\nВойдите в систему, чтобы посмотреть более подробные отчёты о <a href=\"{$editorialStatsLink}\">тенденциях редакции</a> и <a href=\"{$publicationStatsLink}\">статистике опубликованных статей</a>. Полная копия отчёта о тенденциях редакции за данный месяц прилагается к письму.<br />\n<br />\nС уважением,<br />\n{$principalContactSignature}','Это письмо каждый месяц автоматически отправляется редакторам и управляющим журнала, чтобы у них было представление о работе системы.'),('STATISTICS_REPORT_NOTIFICATION','sl_SI','Uredniške aktivnosti za {$month}, {$year}','\n{$name}, <br />\n<br />\nPoročilo o stanju vaše revije za mesec {$month}, {$year} je na voljo. Ključne statistike so spodaj.<br />\n<ul>\n	<li>Novi prispevki v tem mesecu: {$newSubmissions}</li>\n	<li>Zavrnjeni prispevki v tem mesecu: {$declinedSubmissions}</li>\n	<li>Sprejeti prispevki v tem mesecu: {$acceptedSubmissions}</li>\n	<li>Skupno število prispevkov v sistemu: {$totalSubmissions}</li>\n</ul>\nZa podrobnejše podatke se prijavite v sistem <a href=\"{$editorialStatsLink}\">uredniški trendi</a> in <a href=\"{$publicationStatsLink}\">statistike objavljenih člankov</a>. Kopija celotnega mesečnega poročila o uredniških aktivnostih je v priponki.<br />\n<br />\nLep pozdrav,<br />\n{$principalContactSignature}','Ta email je vsak mesec avtomatično poslan urednikom in glavnim urednikom, da vidijo stanje sistema.'),('STATISTICS_REPORT_NOTIFICATION','sv_SE','Redaktionella aktiviteter för {$month}, {$year}','\n{$name}, <br />\n<br />\nLägesrapport för tidskriften {$month}, {$year} är nu tillgänglig. Månadens statistiska nyckeltal finns nedan.<br />\n<ul>\n	<li>Nya bidrag: {$newSubmissions}</li>\n	<li>Refuserade bidrag: {$declinedSubmissions}</li>\n	<li>Accepterade bidrag: {$acceptedSubmissions}</li>\n	<li>Totalt antal bidrag i systemet: {$totalSubmissions}</li>\n</ul>\nLogga in i tidskriften för en mer detaljerad<a href=\"{$editorialStatsLink}\">redaktionell tendens</a> och<a href=\"{$publicationStatsLink}\">statistik för publicerade artiklar</a>. En komplett redogörelse bifogas.<br />\n<br />\nVänligen,<br />\n{$principalContactSignature}','E-postmeddelandet skickas ut månadsvis till redaktörer och tidskriftsansvariga för ge en lägesrapport.'),('STATISTICS_REPORT_NOTIFICATION','tr_TR','{$month} {$year} süreç işlemleri','\nSayın {$name}, <br />\n<br />\nDergimizin {$month} {$year} durum raporu hazırdır. Bu ayın öne çıkan istatistikleri aşağıda verilmiştir.<br />\n<ul>\n	<li>Bu ayki yeni gönderi: {$newSubmissions}</li>\n	<li>Bu ay reddedilen gönderi: {$declinedSubmissions}</li>\n	<li>Bu ay kabul edilen gönderi: {$acceptedSubmissions}</li>\n	<li>Sistemdeki toplam gönderi sayısı: {$totalSubmissions}</li>\n</ul>\nDaha detaylı <a href=\"{$editorialStatsLink}\">süreç istatistikleri</a> ve <a href=\"{$publicationStatsLink}\">yayınlanmış makale istatistikleri</a>ni görüntülemek için dergi sistemine giriş yapın. Bu ayın süreç istatistiklerinin tam bir kopyası ekte gönderilmiştir.<br />\n<br />\nSaygılarımızla,<br />\n{$principalContactSignature}','Bu e-posta editörler ve dergi yöneticilerine sistem durumu ve istatistikler hakkında genel bir bakış sağlamak için aylık olarak otomatik gönderilir.'),('STATISTICS_REPORT_NOTIFICATION','vi_VN','Hoạt động cho {$month}, {$year}','\n{$name}, <br />\n<br />\nBáo cáo tình trạng hoạt động của tạp chí vào {$month}, {$year} đã có. Số liệu thống kê quan trọng của tạp chí trong tháng này hiển thị ở dưới đây.<br />\n<ul>\n	<li>Bài gửi mới trong tháng này: {$newSubmissions}</li>\n	<li>Bài từ chối trong tháng này: {$declinedSubmissions}</li>\n	<li>Bài đồng ý đăng trong tháng này: {$acceptedSubmissions}</li>\n	<li>Tổng số bài trên hệ thống: {$totalSubmissions}</li>\n</ul>\nĐăng nhập vào tạp chí để xem chi tiết hơn <a href=\"{$editorialStatsLink}\">xu thế</a> và <a href=\"{$publicationStatsLink}\">số liệu thống kê bài báo</a>. Một bản sao đầy đủ của các xu thế trong tháng này được đính kèm.<br />\n<br />\nTrân trọng,<br />\n{$principalContactSignature}','Email này được tự động gửi hàng tháng cho các biên tập viên và người quản lý tạp chí để cung cấp cho họ tổng quan về tình trạng hoạt động hệ thống.'),('STATISTICS_REPORT_NOTIFICATION','zh_CN','编辑持续达 {$year} 年 {$month} 个月','\n{$name}, <br />\n<br />\n您的期刊长达 {$month}, {$year} 的运行报告已经生成。当月统计数据如下。<br />\n<ul>\n	<li>本月投稿： {$newSubmissions}</li>\n	<li>本月拒绝稿件： {$declinedSubmissions}</li>\n	<li>本月采纳稿件： {$acceptedSubmissions}</li>\n	<li>系统共接收稿件： {$totalSubmissions}</li>\n</ul>\n登录查看期刊更多信息： <a href=\"{$editorialStatsLink}\">编辑趋势</a> 和 <a href=\"{$publicationStatsLink}\">发表文章统计</a>。本月编辑趋势见附件。<br />\n<br />\n谨启<br />\n{$principalContactSignature}','此为系统自动为总编和期刊管理提供系统运行状况报告的邮件。'),('SUBMISSION_ACK','en_US','Submission Acknowledgement','{$authorName}:<br />\n<br />\nThank you for submitting the manuscript, &quot;{$submissionTitle}&quot; to {$contextName}. With the online journal management system that we are using, you will be able to track its progress through the editorial process by logging in to the journal web site:<br />\n<br />\nSubmission URL: {$submissionUrl}<br />\nUsername: {$authorUsername}<br />\n<br />\nIf you have any questions, please contact me. Thank you for considering this journal as a venue for your work.<br />\n<br />\n{$editorialContactSignature}','This email, when enabled, is automatically sent to an author when he or she completes the process of submitting a manuscript to the journal. It provides information about tracking the submission through the process and thanks the author for the submission.'),('SUBMISSION_ACK','id_ID','Ucapan Terimakasih atas Penyerahan Naskah','{$authorName}:<br />\n<br />\nTerimakasih telah menyerahkan naskah, &quot;{$submissionTitle}&quot; ke {$contextName}. Dengan sistem manajemenn jurnal online yang kami gunakan, Anda dapat memantau kemajuan proses editorial naskah Anda melalui:<br />\n<br />\nURL Naskah: {$submissionUrl}<br />\nNama pengguna: {$authorUsername}<br />\n<br />\nJika ada pertanyaan, silakan hubungi kami. Terimakasih telah mempercayakan publikasi karya Anda di jurnal kami.<br />\n<br />\n{$editorialContactSignature}','Email ini, jika diaktifkan, secara otomatis dikirimkan ke penulis saat menyelesaikan proses penyerahan naskah ke jurnal. Email ini memberikan informasi mengenai pemantauan kemajuan proses editorial dan mengucapkan terimakasih atas naskah yang dikirimkan.'),('SUBMISSION_ACK_NOT_USER','en_US','Submission Acknowledgement','Hello,<br />\n<br />\n{$submitterName} has submitted the manuscript, &quot;{$submissionTitle}&quot; to {$contextName}. <br />\n<br />\nIf you have any questions, please contact me. Thank you for considering this journal as a venue for your work.<br />\n<br />\n{$editorialContactSignature}','This email, when enabled, is automatically sent to the other authors who are not users within OJS specified during the submission process.'),('SUBMISSION_ACK_NOT_USER','id_ID','Pemberitahuan Penyerahan Naskah','Hello,<br />\n<br />\n{$submitterName} telah menyerahkan naskah, &quot;{$submissionTitle}&quot; ke {$contextName}. <br />\n<br />\nJika ada pertanyaan, silakan hubungi kami. Terimakasih telah mempercayakan publikasi karya Anda di jurnal kami.<br />\n<br />\n{$editorialContactSignature}','Email ini, jika diaktifkan, secara otomatis dikirimkan ke penulis saat menyelesaikan proses penyerahan naskah ke jurnal. Email ini memberikan informasi mengenai pemantauan kemajuan proses editorial dan mengucapkan terimakasih atas naskah yang dikirimkan.'),('SUBSCRIPTION_AFTER_EXPIRY','en_US','Subscription Expired','{$subscriberName}:<br />\n<br />\nYour {$contextName} subscription has expired.<br />\n<br />\n{$subscriptionType}<br />\nExpiry date: {$expiryDate}<br />\n<br />\nTo renew your subscription, please go to the journal website. You are able to log in to the system with your username, &quot;{$username}&quot;.<br />\n<br />\nIf you have any questions, please feel free to contact me.<br />\n<br />\n{$subscriptionContactSignature}','This email notifies a subscriber that their subscription has expired. It provides the journal\'s URL along with instructions for access.'),('SUBSCRIPTION_AFTER_EXPIRY','id_ID','Langganan Berakhir','{$subscriberName}:<br />\n<br />\nLangganan {$contextName} Anda telah berakhir.<br />\n<br />\n{$subscriptionType}<br />\nTanggal berakhir: {$expiryDate}<br />\n<br />\nUntuk memperbaharui langganan Anda, silakan kunjungi website jurnal.  Anda dapat login dengan menggunakan nama pengguna Anda, &quot;{$username}&quot;.<br />\n<br />\nJika ada pertanyaan, silakan hubungi kami.<br />\n<br />\n{$subscriptionContactSignature}','Email ini memberitahu seorang pelanggan bahwa langganannya telah berakhir.  Email ini memberikan URL jurnal beserta petunjuk aksesnya.'),('SUBSCRIPTION_AFTER_EXPIRY_LAST','en_US','Subscription Expired - Final Reminder','{$subscriberName}:<br />\n<br />\nYour {$contextName} subscription has expired.<br />\nPlease note that this is the final reminder that will be emailed to you.<br />\n<br />\n{$subscriptionType}<br />\nExpiry date: {$expiryDate}<br />\n<br />\nTo renew your subscription, please go to the journal website. You are able to log in to the system with your username, &quot;{$username}&quot;.<br />\n<br />\nIf you have any questions, please feel free to contact me.<br />\n<br />\n{$subscriptionContactSignature}','This email notifies a subscriber that their subscription has expired. It provides the journal\'s URL along with instructions for access.'),('SUBSCRIPTION_AFTER_EXPIRY_LAST','id_ID','Langganan Berakhir - Pengingat Terakhir','{$subscriberName}:<br />\n<br />\nLangganan {$contextName} Anda telah berakhir.<br />\nIni adalah pengingat terakhir yang diemailkan kepada Anda.<br />\n<br />\n{$subscriptionType}<br />\nTanggal berakhir: {$expiryDate}<br />\n<br />\nUntuk memperbaharui langganan Anda, silakan kunjungi website jurnal.  Anda dapat login dengan menggunakan nama pengguna Anda, &quot;{$username}&quot;.<br />\n<br />\nJika ada pertanyaan, silakan hubungi kami.<br />\n<br />\n{$subscriptionContactSignature}','Email ini memberitahu seorang pelanggan bahwa langganannya telah berakhir.  Email ini memberikan URL jurnal beserta petunjuk aksesnya.'),('SUBSCRIPTION_BEFORE_EXPIRY','en_US','Notice of Subscription Expiry','{$subscriberName}:<br />\n<br />\nYour {$contextName} subscription is about to expire.<br />\n<br />\n{$subscriptionType}<br />\nExpiry date: {$expiryDate}<br />\n<br />\nTo ensure the continuity of your access to this journal, please go to the journal website and renew your subscription. You are able to log in to the system with your username, &quot;{$username}&quot;.<br />\n<br />\nIf you have any questions, please feel free to contact me.<br />\n<br />\n{$subscriptionContactSignature}','This email notifies a subscriber that their subscription will soon expire. It provides the journal\'s URL along with instructions for access.'),('SUBSCRIPTION_BEFORE_EXPIRY','id_ID','Pemberitahuan Tanggal Berakhir Langganan','{$subscriberName}:<br />\n<br />\nLangganan {$contextName} Anda hampir berakhir.<br />\n<br />\n{$subscriptionType}<br />\nTanggal berakhir: {$expiryDate}<br />\n<br />\nUntuk terus memperoleh akses ke jurnal ini, silakan kunjungi website jurnal dan perbaharui langganan Anda. Anda dapat login menggunakan nama pengguna Anda, &quot;{$username}&quot;.<br />\n<br />\nJika ada pertanyaan, silakan hubungi kami.<br />\n<br />\n{$subscriptionContactSignature}','Email ini memberitahu seorang pelanggan bahwa langganannya hampir berakhir.  Email ini memberikan URL jurnal beserta petunjuk aksesnya.'),('SUBSCRIPTION_NOTIFY','en_US','Subscription Notification','{$subscriberName}:<br />\n<br />\nYou have now been registered as a subscriber in our online journal management system for {$contextName}, with the following subscription:<br />\n<br />\n{$subscriptionType}<br />\n<br />\nTo access content that is available only to subscribers, simply log in to the system with your username, &quot;{$username}&quot;.<br />\n<br />\nOnce you have logged in to the system you can change your profile details and password at any point.<br />\n<br />\nPlease note that if you have an institutional subscription, there is no need for users at your institution to log in, since requests for subscription content will be automatically authenticated by the system.<br />\n<br />\nIf you have any questions, please feel free to contact me.<br />\n<br />\n{$subscriptionContactSignature}','This email notifies a registered reader that the Manager has created a subscription for them. It provides the journal\'s URL along with instructions for access.'),('SUBSCRIPTION_NOTIFY','id_ID','Pemberitahuan Langganan','{$subscriberName}:<br />\n<br />\nAnda sekarang telah terdaftar sebagai pelanggan di sistem manajemen jurnal online kami, {$contextName}, dengan jenis langganan:<br />\n<br />\n{$subscriptionType}<br />\n<br />\nUntuk mengakses konten yang hanya tersedia bagi pelanggan, silakan login ke sistem dengan menggunakan nama pengguna Anda, &quot;{$username}&quot;.<br />\n<br />\nSetelah login, Anda dapat mengubah detail profil Anda dan sandi Anda kapanpun Anda kehendaki.<br />\n<br />\nJika Anda memiliki langganan institusi, pengguna di institusi Anda tidak perlu login karena semua akses secara otomatis diotentikasi oleh sistem.<br />\n<br />\nJika ada pertanyaan, silakan hubungi kami.<br />\n<br />\n{$subscriptionContactSignature}','Email ini memberitahu pembaca terdaftar bahwa Manajer telah membuat akses langganan untuk mereka.  Email ini memberikan URL jurnal beserta petunjuk aksesnya.'),('SUBSCRIPTION_PURCHASE_INDL','en_US','Subscription Purchase: Individual','An individual subscription has been purchased online for {$contextName} with the following details.<br />\n<br />\nSubscription Type:<br />\n{$subscriptionType}<br />\n<br />\nUser:<br />\n{$userDetails}<br />\n<br />\nMembership Information (if provided):<br />\n{$membership}<br />\n<br />\nTo view or edit this subscription, please use the following URL.<br />\n<br />\nSubscription URL: {$subscriptionUrl}<br />\n','This email notifies the Subscription Manager that an individual subscription has been purchased online. It provides summary information about the subscription and a quick access link to the purchased subscription.'),('SUBSCRIPTION_PURCHASE_INDL','id_ID','Pembelian Langganan: Individu','Sebuah langganan individu telah dibeli online untuk {$contextName} dengan rincian berikut.<br />\n<br />\nJenis Langganan:<br />\n{$subscriptionType}<br />\n<br />\nPengguna:<br />\n{$userDetails}<br />\n<br />\nInformasi Keanggotaan (jika ada):<br />\n{$membership}<br />\n<br />\nUntuk melihat atau mengubah langganan ini, silakan gunakan URL berikut ini.<br />\n<br />\nURL Langganan: {$subscriptionUrl}<br />\n','Email ini memberitahu Manajer Langganan bahwa sebuah langganan individu telah dibeli online.  Email ini memberikan ringkasan informasi tentang langganan tersebut beserta tautan untuk mengakses langganan yang dibeli.'),('SUBSCRIPTION_PURCHASE_INSTL','en_US','Subscription Purchase: Institutional','An institutional subscription has been purchased online for {$contextName} with the following details. To activate this subscription, please use the provided Subscription URL and set the subscription status to \'Active\'.<br />\n<br />\nSubscription Type:<br />\n{$subscriptionType}<br />\n<br />\nInstitution:<br />\n{$institutionName}<br />\n{$institutionMailingAddress}<br />\n<br />\nDomain (if provided):<br />\n{$domain}<br />\n<br />\nIP Ranges (if provided):<br />\n{$ipRanges}<br />\n<br />\nContact Person:<br />\n{$userDetails}<br />\n<br />\nMembership Information (if provided):<br />\n{$membership}<br />\n<br />\nTo view or edit this subscription, please use the following URL.<br />\n<br />\nSubscription URL: {$subscriptionUrl}<br />\n','This email notifies the Subscription Manager that an institutional subscription has been purchased online. It provides summary information about the subscription and a quick access link to the purchased subscription.'),('SUBSCRIPTION_PURCHASE_INSTL','id_ID','Pembelian Langganan: Institusi','Sebuah langganan institusi telah dibeli online untuk {$contextName} dengan rincian berikut. Untuk mengaktifkan langganan ini, silakan gunakan URL Langganan dan jadikan status langganan ke \'Aktif\'.<br />\n<br />\nJenis Langganan:<br />\n{$subscriptionType}<br />\n<br />\nInstitusi:<br />\n{$institutionName}<br />\n{$institutionMailingAddress}<br />\n<br />\nDomain (jika ada):<br />\n{$domain}<br />\n<br />\nIP Ranges (jika ada):<br />\n{$ipRanges}<br />\n<br />\nContact Person:<br />\n{$userDetails}<br />\n<br />\nInformasi Keanggotaan (jika ada):<br />\n{$membership}<br />\n<br />\nUntuk melihat atau mengubah langganan ini, silakan gunakan URL berikut ini.<br />\n<br />\nURL Langganan: {$subscriptionUrl}<br />\n','Email ini memberitahu Manajer Langganan bahwa sebuah langganan institusi telah dibeli online.  Email ini memberikan ringkasan informasi tentang langganan tersebut beserta tautan untuk mengakses langganan yang dibeli.'),('SUBSCRIPTION_RENEW_INDL','en_US','Subscription Renewal: Individual','An individual subscription has been renewed online for {$contextName} with the following details.<br />\n<br />\nSubscription Type:<br />\n{$subscriptionType}<br />\n<br />\nUser:<br />\n{$userDetails}<br />\n<br />\nMembership Information (if provided):<br />\n{$membership}<br />\n<br />\nTo view or edit this subscription, please use the following URL.<br />\n<br />\nSubscription URL: {$subscriptionUrl}<br />\n','This email notifies the Subscription Manager that an individual subscription has been renewed online. It provides summary information about the subscription and a quick access link to the renewed subscription.'),('SUBSCRIPTION_RENEW_INDL','id_ID','Pembaharuan Langganan: Individu','Sebuah langganan individu telah diperbaharui online untuk {$contextName} dengan rincian berikut.<br />\n<br />\nJenis Langganan:<br />\n{$subscriptionType}<br />\n<br />\nPengguna:<br />\n{$userDetails}<br />\n<br />\nInformasi Keanggotaan (jika ada):<br />\n{$membership}<br />\n<br />\nUntuk melihat atau mengubah langganan ini, silakan gunakan URL berikut ini.<br />\n<br />\nURL Langganan: {$subscriptionUrl}<br />\n','Email ini memberitahu Manajer Langganan bahwa sebuah langganan individu telah diperbaharui online.  Email ini memberikan ringkasan informasi tentang langganan tersebut beserta tautan untuk mengakses langganan yang diperbaharui.'),('SUBSCRIPTION_RENEW_INSTL','en_US','Subscription Renewal: Institutional','An institutional subscription has been renewed online for {$contextName} with the following details.<br />\n<br />\nSubscription Type:<br />\n{$subscriptionType}<br />\n<br />\nInstitution:<br />\n{$institutionName}<br />\n{$institutionMailingAddress}<br />\n<br />\nDomain (if provided):<br />\n{$domain}<br />\n<br />\nIP Ranges (if provided):<br />\n{$ipRanges}<br />\n<br />\nContact Person:<br />\n{$userDetails}<br />\n<br />\nMembership Information (if provided):<br />\n{$membership}<br />\n<br />\nTo view or edit this subscription, please use the following URL.<br />\n<br />\nSubscription URL: {$subscriptionUrl}<br />\n','This email notifies the Subscription Manager that an institutional subscription has been renewed online. It provides summary information about the subscription and a quick access link to the renewed subscription.'),('SUBSCRIPTION_RENEW_INSTL','id_ID','Pembaharuan Langganan: Institusi','Sebuah langganan institusi telah diperbaharui online untuk {$contextName} dengan rincian berikut.<br />\n<br />\nJenis Langganan:<br />\n{$subscriptionType}<br />\n<br />\nInstitusi:<br />\n{$institutionName}<br />\n{$institutionMailingAddress}<br />\n<br />\nDomain (jika ada):<br />\n{$domain}<br />\n<br />\nIP Ranges (jika ada):<br />\n{$ipRanges}<br />\n<br />\nContact Person:<br />\n{$userDetails}<br />\n<br />\nInformasi Keanggotaan (jika ada):<br />\n{$membership}<br />\n<br />\nUntuk melihat atau mengubah langganan ini, silakan gunakan URL berikut ini.<br />\n<br />\nURL Langganan: {$subscriptionUrl}<br />\n','Email ini memberitahu Manajer Langganan bahwa sebuah langganan institusi telah diperbaharui online.  Email ini memberikan ringkasan informasi tentang langganan tersebut beserta tautan untuk mengakses langganan yang diperbaharui.'),('USER_REGISTER','en_US','Journal Registration','{$userFullName}<br />\n<br />\nYou have now been registered as a user with {$contextName}. We have included your username and password in this email, which are needed for all work with this journal through its website. At any point, you can ask to be removed from the journal\'s list of users by contacting me.<br />\n<br />\nUsername: {$username}<br />\nPassword: {$password}<br />\n<br />\nThank you,<br />\n{$principalContactSignature}','This email is sent to a newly registered user to welcome them to the system and provide them with a record of their username and password.'),('USER_REGISTER','id_ID','Registrasi Jurnal','{$userFullName}<br />\n<br />\nAnda sekarang telah terdaftar sebagai pengguna di {$contextName}.  Kami sertakan nama pengguna dan sandi Anda di email ini, keduanya diperlukan untuk semua kegiatan melalui website jurnal ini. Anda dapat keluar dari daftar pengguna jurnal kapan saja dengan menghubungi kami.<br />\n<br />\nNama pengguna: {$username}<br />\nSandi: {$password}<br />\n<br />\nTerimakasih,<br />\n{$principalContactSignature}','Email ini dikirimkan ke pengguna baru untuk menyambut dan memberikan informasi nama pengguna dan sandi.'),('USER_VALIDATE','en_US','Validate Your Account','{$userFullName}<br />\n<br />\nYou have created an account with {$contextName}, but before you can start using it, you need to validate your email account. To do this, simply follow the link below:<br />\n<br />\n{$activateUrl}<br />\n<br />\nThank you,<br />\n{$principalContactSignature}','This email is sent to a newly registered user to validate their email account.'),('USER_VALIDATE','id_ID','Validasi Akun Anda','{$userFullName}<br />\n<br />\nAnda telah membuat akun di {$contextName}.  Sebelum dapat menggunakannya, Anda perlu melakukan validasi akun email. Untuk melakukannya, klik tautan berikut ini:<br />\n<br />\n{$activateUrl}<br />\n<br />\nTerimakasih,<br />\n{$principalContactSignature}','Email ini dikirim ke pengguna baru agar melakukan validasi email yang mereka gunakan untuk registrasi.');

--
-- Table structure for table `email_templates_settings`
--

CREATE TABLE `email_templates_settings` (
  `email_id` bigint(20) NOT NULL,
  `locale` varchar(14) NOT NULL DEFAULT '',
  `setting_name` varchar(255) NOT NULL,
  `setting_value` text DEFAULT NULL,
  UNIQUE KEY `email_settings_pkey` (`email_id`,`locale`,`setting_name`),
  KEY `email_settings_email_id` (`email_id`)
) ENGINE=InnoDB DEFAULT CHARSET=latin1;

--
-- Dumping data for table `email_templates_settings`
--


--
-- Table structure for table `event_log`
--

CREATE TABLE `event_log` (
  `log_id` bigint(20) NOT NULL AUTO_INCREMENT,
  `assoc_type` bigint(20) NOT NULL,
  `assoc_id` bigint(20) NOT NULL,
  `user_id` bigint(20) NOT NULL,
  `date_logged` datetime NOT NULL,
  `event_type` bigint(20) DEFAULT NULL,
  `message` text DEFAULT NULL,
  `is_translated` tinyint(4) DEFAULT NULL,
  PRIMARY KEY (`log_id`),
  KEY `event_log_assoc` (`assoc_type`,`assoc_id`)
) ENGINE=InnoDB AUTO_INCREMENT=818 DEFAULT CHARSET=utf8;

--
-- Dumping data for table `event_log`
--

INSERT INTO `event_log` VALUES (1,515,1,2,'2019-03-28 12:36:50',1342177281,'submission.event.fileUploaded',0),(2,1048585,1,2,'2019-03-28 12:36:58',1342177281,'submission.event.fileUploaded',0),(3,1048585,1,2,'2019-03-28 12:38:10',268435457,'submission.event.submissionSubmitted',0),(4,1048585,1,1,'2019-03-28 12:47:58',268435459,'submission.event.participantAdded',0),(5,1048585,1,1,'2019-03-28 13:33:00',268435459,'submission.event.participantAdded',0),(6,1048585,1,1,'2019-03-28 13:33:38',805306371,'log.editor.decision',0),(7,1048585,1,1,'2019-03-28 13:34:11',805306371,'log.editor.decision',0),(8,515,4,7,'2019-03-29 07:26:56',1342177281,'submission.event.fileUploaded',0),(9,1048585,2,7,'2019-03-29 07:27:03',1342177281,'submission.event.fileUploaded',0),(10,1048585,2,7,'2019-03-29 07:30:45',268435457,'submission.event.submissionSubmitted',0),(11,1048585,2,1,'2019-03-29 07:31:55',268435459,'submission.event.participantAdded',0),(12,1048585,2,1,'2019-03-29 07:33:39',805306371,'log.editor.decision',0),(13,1048585,2,1,'2019-03-29 07:35:22',1073741825,'log.review.reviewerAssigned',0),(14,1048585,2,6,'2019-03-29 07:38:08',1073741830,'log.review.reviewAccepted',0),(15,515,6,6,'2019-03-29 07:39:18',1342177281,'submission.event.fileUploaded',0),(16,1048585,2,6,'2019-03-29 07:39:24',1342177281,'submission.event.fileUploaded',0),(17,1048585,2,1,'2019-03-29 07:47:35',805306371,'log.editor.decision',0),(18,515,7,7,'2019-03-29 07:50:22',1342177281,'submission.event.fileUploaded',0),(19,1048585,2,7,'2019-03-29 07:50:30',1342177281,'submission.event.fileUploaded',0),(20,1048585,2,1,'2019-03-29 07:56:47',805306371,'log.editor.decision',0),(21,1048585,2,1,'2019-03-29 07:59:02',805306371,'log.editor.decision',0),(22,515,11,1,'2019-03-29 08:00:41',1342177281,'submission.event.fileUploaded',0),(23,1048585,2,1,'2019-03-29 08:00:47',1342177281,'submission.event.fileUploaded',0),(24,1048585,2,1,'2019-03-29 08:02:40',268435464,'submission.event.issueMetadataUpdated',0),(25,1048585,2,1,'2019-03-29 08:03:24',268435464,'submission.event.issueMetadataUpdated',0),(26,1048585,2,1,'2019-03-29 08:05:32',268435464,'submission.event.issueMetadataUpdated',0),(27,515,12,1,'2019-03-31 14:18:29',1342177281,'submission.event.fileUploaded',0),(28,1048585,2,1,'2019-03-31 14:18:38',1342177281,'submission.event.fileUploaded',0),(29,1048585,2,1,'2019-03-31 14:20:30',268435464,'submission.event.issueMetadataUpdated',0),(30,1048585,2,1,'2019-03-31 14:21:12',268435458,'submission.event.general.metadataUpdated',0),(31,1048585,1,1,'2019-03-31 14:22:40',805306371,'log.editor.decision',0),(32,1048585,1,1,'2019-03-31 14:23:28',1073741825,'log.review.reviewerAssigned',0),(33,1048585,1,6,'2019-03-31 14:24:34',1073741830,'log.review.reviewAccepted',0),(34,515,14,6,'2019-03-31 14:25:05',1342177281,'submission.event.fileUploaded',0),(35,1048585,1,6,'2019-03-31 14:25:10',1342177281,'submission.event.fileUploaded',0),(36,1048585,1,1,'2019-03-31 14:26:18',805306371,'log.editor.decision',0),(37,515,15,2,'2019-03-31 14:27:41',1342177281,'submission.event.fileUploaded',0),(38,1048585,1,2,'2019-03-31 14:27:46',1342177281,'submission.event.fileUploaded',0),(39,515,16,7,'2019-03-31 14:29:15',1342177281,'submission.event.fileUploaded',0),(40,1048585,2,7,'2019-03-31 14:29:24',1342177288,'submission.event.fileRevised',0),(41,1048585,1,1,'2019-03-31 14:31:07',805306371,'log.editor.decision',0),(42,515,17,1,'2019-03-31 14:32:26',1342177281,'submission.event.fileUploaded',0),(43,1048585,1,1,'2019-03-31 14:32:30',1342177281,'submission.event.fileUploaded',0),(44,1048585,1,1,'2019-03-31 14:32:52',268435464,'submission.event.issueMetadataUpdated',0),(45,515,18,7,'2019-03-31 14:34:18',1342177281,'submission.event.fileUploaded',0),(46,1048585,3,7,'2019-03-31 14:34:23',1342177281,'submission.event.fileUploaded',0),(47,1048585,3,7,'2019-03-31 14:36:10',268435457,'submission.event.submissionSubmitted',0),(48,515,19,7,'2019-03-31 14:36:54',1342177281,'submission.event.fileUploaded',0),(49,1048585,4,7,'2019-03-31 14:36:58',1342177281,'submission.event.fileUploaded',0),(50,1048585,4,7,'2019-03-31 14:38:18',268435457,'submission.event.submissionSubmitted',0),(51,515,20,2,'2019-03-31 14:39:53',1342177281,'submission.event.fileUploaded',0),(52,1048585,5,2,'2019-03-31 14:39:57',1342177281,'submission.event.fileUploaded',0),(53,1048585,5,2,'2019-03-31 14:41:16',268435457,'submission.event.submissionSubmitted',0),(54,1048585,5,1,'2019-03-31 14:55:04',268435459,'submission.event.participantAdded',0),(55,1048585,5,1,'2019-03-31 14:55:18',805306371,'log.editor.decision',0),(56,1048585,5,1,'2019-03-31 14:55:50',1073741825,'log.review.reviewerAssigned',0),(57,1048585,4,1,'2019-03-31 14:57:23',268435459,'submission.event.participantAdded',0),(58,1048585,4,1,'2019-03-31 14:57:35',805306371,'log.editor.decision',0),(59,1048585,4,1,'2019-03-31 14:58:02',1073741825,'log.review.reviewerAssigned',0),(60,1048585,3,1,'2019-03-31 14:58:44',268435459,'submission.event.participantAdded',0),(61,1048585,3,1,'2019-03-31 14:58:55',805306371,'log.editor.decision',0),(62,1048585,3,1,'2019-03-31 14:59:21',1073741825,'log.review.reviewerAssigned',0),(63,1048585,5,6,'2019-03-31 15:00:06',1073741830,'log.review.reviewAccepted',0),(64,515,24,6,'2019-03-31 15:00:54',1342177281,'submission.event.fileUploaded',0),(65,1048585,5,6,'2019-03-31 15:01:00',1342177281,'submission.event.fileUploaded',0),(66,1048585,4,6,'2019-03-31 15:02:04',1073741830,'log.review.reviewAccepted',0),(67,515,25,6,'2019-03-31 15:02:27',1342177281,'submission.event.fileUploaded',0),(68,1048585,4,6,'2019-03-31 15:02:31',1342177281,'submission.event.fileUploaded',0),(69,1048585,3,6,'2019-03-31 15:03:05',1073741830,'log.review.reviewAccepted',0),(70,515,26,6,'2019-03-31 15:03:37',1342177281,'submission.event.fileUploaded',0),(71,1048585,3,6,'2019-03-31 15:03:42',1342177281,'submission.event.fileUploaded',0),(72,1048585,5,1,'2019-03-31 15:04:24',805306371,'log.editor.decision',0),(73,1048585,4,1,'2019-03-31 15:04:54',805306371,'log.editor.decision',0),(74,1048585,3,1,'2019-03-31 15:06:26',805306371,'log.editor.decision',0),(75,515,27,7,'2019-03-31 15:07:21',1342177281,'submission.event.fileUploaded',0),(76,1048585,4,7,'2019-03-31 15:07:26',1342177281,'submission.event.fileUploaded',0),(77,515,28,7,'2019-03-31 15:08:20',1342177281,'submission.event.fileUploaded',0),(78,1048585,3,7,'2019-03-31 15:08:25',1342177281,'submission.event.fileUploaded',0),(79,515,29,2,'2019-03-31 15:09:28',1342177281,'submission.event.fileUploaded',0),(80,1048585,5,2,'2019-03-31 15:09:32',1342177281,'submission.event.fileUploaded',0),(81,1048585,1,1,'2019-03-31 15:40:56',805306371,'log.editor.decision',0),(82,515,30,1,'2019-03-31 15:42:43',1342177281,'submission.event.fileUploaded',0),(83,1048585,1,1,'2019-03-31 15:42:47',1342177281,'submission.event.fileUploaded',0),(84,1048585,5,1,'2019-03-31 15:43:36',805306371,'log.editor.decision',0),(85,1048585,5,1,'2019-03-31 15:45:15',805306371,'log.editor.decision',0),(86,515,31,1,'2019-03-31 15:46:28',1342177281,'submission.event.fileUploaded',0),(87,1048585,5,1,'2019-03-31 15:46:37',1342177281,'submission.event.fileUploaded',0),(88,1048585,5,1,'2019-03-31 15:46:58',268435464,'submission.event.issueMetadataUpdated',0),(89,1048585,4,1,'2019-03-31 15:51:10',805306371,'log.editor.decision',0),(90,515,32,1,'2019-03-31 15:52:57',1342177281,'submission.event.fileUploaded',0),(91,1048585,4,1,'2019-03-31 15:53:02',1342177281,'submission.event.fileUploaded',0),(92,1048585,4,1,'2019-03-31 15:54:07',268435464,'submission.event.issueMetadataUpdated',0),(93,1048585,5,1,'2019-03-31 15:55:15',268435458,'submission.event.general.metadataUpdated',0),(94,1048585,3,1,'2019-03-31 16:00:32',805306371,'log.editor.decision',0),(95,515,33,1,'2019-03-31 16:01:13',1342177281,'submission.event.fileUploaded',0),(96,1048585,3,1,'2019-03-31 16:01:17',1342177281,'submission.event.fileUploaded',0),(97,1048585,3,1,'2019-03-31 16:01:44',268435464,'submission.event.issueMetadataUpdated',0),(98,1048585,5,1,'2019-03-31 18:18:42',268435464,'submission.event.issueMetadataUpdated',0),(99,1048585,5,1,'2019-03-31 18:18:55',268435464,'submission.event.issueMetadataUpdated',0),(100,1048585,5,1,'2019-03-31 18:19:49',268435464,'submission.event.issueMetadataUpdated',0),(101,1048585,5,1,'2019-03-31 18:20:09',268435464,'submission.event.issueMetadataUpdated',0),(102,1048585,5,1,'2019-03-31 18:20:29',268435464,'submission.event.issueMetadataUpdated',0),(103,1048585,1,5,'2019-03-31 19:00:07',268435464,'submission.event.issueMetadataUpdated',0),(104,1048585,1,1,'2019-04-01 09:48:04',268435458,'submission.event.general.metadataUpdated',0),(105,1048585,4,1,'2019-04-01 10:00:08',268435458,'submission.event.general.metadataUpdated',0),(106,1048585,3,1,'2019-04-01 10:13:59',268435458,'submission.event.general.metadataUpdated',0),(107,1048585,2,1,'2019-04-01 10:18:51',268435458,'submission.event.general.metadataUpdated',0),(108,1048585,5,1,'2019-04-01 10:29:02',268435464,'submission.event.issueMetadataUpdated',0),(109,1048585,3,1,'2019-04-01 10:39:10',268435464,'submission.event.issueMetadataUpdated',0),(110,1048585,2,1,'2019-04-01 10:41:36',268435464,'submission.event.issueMetadataUpdated',0),(111,1048585,4,1,'2019-04-01 10:47:34',268435464,'submission.event.issueMetadataUpdated',0),(112,1048585,1,1,'2019-04-01 10:48:21',268435464,'submission.event.issueMetadataUpdated',0),(113,1048585,5,1,'2019-04-01 10:55:29',268435458,'submission.event.general.metadataUpdated',0),(114,1048585,4,1,'2019-04-01 10:59:24',268435458,'submission.event.general.metadataUpdated',0),(115,515,34,9,'2019-08-24 10:24:23',1342177281,'submission.event.fileUploaded',0),(116,1048585,6,9,'2019-08-24 10:24:31',1342177281,'submission.event.fileUploaded',0),(117,1048585,6,9,'2019-08-24 10:29:05',268435457,'submission.event.submissionSubmitted',0),(118,1048585,6,1,'2019-08-24 10:49:17',268435459,'submission.event.participantAdded',0),(119,1048585,6,1,'2019-08-24 10:50:15',805306371,'log.editor.decision',0),(120,1048585,6,1,'2019-08-24 10:53:16',1073741825,'log.review.reviewerAssigned',0),(121,515,36,10,'2019-08-25 13:40:34',1342177281,'submission.event.fileUploaded',0),(122,1048585,7,10,'2019-08-25 13:40:41',1342177281,'submission.event.fileUploaded',0),(123,1048585,7,10,'2019-08-25 13:53:35',268435457,'submission.event.submissionSubmitted',0),(124,1048585,7,1,'2019-08-25 14:18:36',268435459,'submission.event.participantAdded',0),(125,515,37,19,'2019-08-25 14:45:25',1342177281,'submission.event.fileUploaded',0),(126,1048585,8,19,'2019-08-25 14:45:32',1342177281,'submission.event.fileUploaded',0),(127,1048585,8,19,'2019-08-25 14:48:52',268435457,'submission.event.submissionSubmitted',0),(128,1048585,8,1,'2019-08-25 14:50:03',268435459,'submission.event.participantAdded',0),(129,1048585,8,1,'2019-08-28 03:48:09',805306371,'log.editor.decision',0),(130,1048585,8,1,'2019-08-28 03:49:26',1073741825,'log.review.reviewerAssigned',0),(131,1048585,7,1,'2019-08-28 03:50:45',805306371,'log.editor.decision',0),(132,1048585,7,1,'2019-08-28 03:51:25',1073741825,'log.review.reviewerAssigned',0),(133,515,40,20,'2019-08-29 08:21:14',1342177281,'submission.event.fileUploaded',0),(134,1048585,9,20,'2019-08-29 08:21:22',1342177281,'submission.event.fileUploaded',0),(135,1048585,9,20,'2019-08-29 08:26:51',268435457,'submission.event.submissionSubmitted',0),(136,1048585,9,1,'2019-08-29 08:28:24',268435459,'submission.event.participantAdded',0),(137,1048585,9,1,'2019-08-30 04:06:54',805306371,'log.editor.decision',0),(138,1048585,9,1,'2019-08-30 04:08:11',1073741825,'log.review.reviewerAssigned',0),(139,1048585,8,18,'2019-08-30 04:12:31',1073741830,'log.review.reviewAccepted',0),(140,515,42,18,'2019-08-30 04:13:36',1342177281,'submission.event.fileUploaded',0),(141,1048585,8,18,'2019-08-30 04:13:40',1342177281,'submission.event.fileUploaded',0),(142,1048585,8,1,'2019-08-30 04:15:39',805306371,'log.editor.decision',0),(143,1048585,7,17,'2019-08-30 07:50:32',1073741830,'log.review.reviewAccepted',0),(144,515,43,17,'2019-08-30 07:51:33',1342177281,'submission.event.fileUploaded',0),(145,1048585,7,17,'2019-08-30 07:51:39',1342177281,'submission.event.fileUploaded',0),(146,1048585,6,6,'2019-08-30 07:58:04',1073741830,'log.review.reviewAccepted',0),(147,515,44,6,'2019-08-30 07:58:37',1342177281,'submission.event.fileUploaded',0),(148,1048585,6,6,'2019-08-30 07:58:44',1342177281,'submission.event.fileUploaded',0),(149,1048585,9,6,'2019-08-30 07:59:33',1073741830,'log.review.reviewAccepted',0),(150,515,45,6,'2019-08-30 08:00:04',1342177281,'submission.event.fileUploaded',0),(151,1048585,9,6,'2019-08-30 08:00:10',1342177281,'submission.event.fileUploaded',0),(152,1048585,9,1,'2019-08-30 08:02:05',805306371,'log.editor.decision',0),(153,1048585,7,1,'2019-08-30 08:02:45',805306371,'log.editor.decision',0),(154,1048585,6,1,'2019-08-30 08:03:14',805306371,'log.editor.decision',0),(155,1048585,9,1,'2019-08-30 12:11:53',805306371,'log.editor.decision',0),(156,1048585,8,1,'2019-08-30 12:12:31',805306371,'log.editor.decision',0),(157,1048585,7,1,'2019-08-30 12:13:14',805306371,'log.editor.decision',0),(158,1048585,6,1,'2019-08-30 12:13:46',805306371,'log.editor.decision',0),(159,1048585,9,1,'2019-08-30 12:17:19',805306372,'log.editor.recommendation',0),(160,515,46,20,'2019-08-30 12:22:23',1342177281,'submission.event.fileUploaded',0),(161,1048585,9,20,'2019-08-30 12:22:27',1342177281,'submission.event.fileUploaded',0),(162,515,47,19,'2019-08-30 12:24:08',1342177281,'submission.event.fileUploaded',0),(163,1048585,8,19,'2019-08-30 12:24:17',1342177281,'submission.event.fileUploaded',0),(164,515,48,9,'2019-08-30 12:25:59',1342177281,'submission.event.fileUploaded',0),(165,1048585,6,9,'2019-08-30 12:26:03',1342177281,'submission.event.fileUploaded',0),(166,515,49,10,'2019-08-30 12:28:17',1342177281,'submission.event.fileUploaded',0),(167,1048585,7,10,'2019-08-30 12:28:21',1342177281,'submission.event.fileUploaded',0),(168,1048585,8,1,'2019-08-30 12:29:53',805306372,'log.editor.recommendation',0),(169,1048585,8,1,'2019-08-30 12:31:44',805306371,'log.editor.decision',0),(170,1048585,7,1,'2019-08-30 12:36:04',268435459,'submission.event.participantAdded',0),(171,1048585,7,1,'2019-08-30 12:37:22',805306372,'log.editor.recommendation',0),(172,1048585,6,1,'2019-08-30 12:39:15',805306371,'log.editor.decision',0),(173,1048585,9,1,'2019-08-30 12:43:36',805306371,'log.editor.decision',0),(174,1048585,7,1,'2019-08-30 12:44:42',805306371,'log.editor.decision',0),(175,515,54,21,'2019-08-31 08:31:25',1342177281,'submission.event.fileUploaded',0),(176,1048585,10,21,'2019-08-31 08:31:31',1342177281,'submission.event.fileUploaded',0),(177,1048585,10,21,'2019-08-31 08:32:42',268435457,'submission.event.submissionSubmitted',0),(178,1048585,10,1,'2019-08-31 08:33:38',268435459,'submission.event.participantAdded',0),(179,1048585,10,1,'2019-08-31 08:35:03',805306371,'log.editor.decision',0),(180,1048585,10,1,'2019-08-31 08:35:51',1073741825,'log.review.reviewerAssigned',0),(181,1048585,10,17,'2019-08-31 08:36:52',1073741830,'log.review.reviewAccepted',0),(182,515,56,17,'2019-08-31 08:37:14',1342177281,'submission.event.fileUploaded',0),(183,1048585,10,17,'2019-08-31 08:37:19',1342177281,'submission.event.fileUploaded',0),(184,1048585,10,1,'2019-08-31 08:39:23',805306372,'log.editor.recommendation',0),(185,1048585,10,1,'2019-08-31 08:39:46',805306371,'log.editor.decision',0),(186,515,57,21,'2019-08-31 08:40:49',1342177281,'submission.event.fileUploaded',0),(187,1048585,10,21,'2019-08-31 08:40:53',1342177281,'submission.event.fileUploaded',0),(188,1048585,10,1,'2019-08-31 08:42:18',805306372,'log.editor.recommendation',0),(189,1048585,10,1,'2019-08-31 08:42:33',805306371,'log.editor.decision',0),(190,1048585,10,1,'2019-08-31 13:07:07',268435458,'submission.event.general.metadataUpdated',0),(191,1048585,10,12,'2019-08-31 13:10:41',805306371,'log.editor.decision',0),(192,515,59,12,'2019-08-31 13:14:00',1342177281,'submission.event.fileUploaded',0),(193,1048585,10,12,'2019-08-31 13:14:06',1342177281,'submission.event.fileUploaded',0),(194,1048585,10,12,'2019-08-31 13:18:22',268435464,'submission.event.issueMetadataUpdated',0),(195,1048585,7,12,'2019-08-31 13:21:20',268435458,'submission.event.general.metadataUpdated',0),(196,1048585,7,12,'2019-08-31 13:22:03',805306371,'log.editor.decision',0),(197,1048585,7,12,'2019-08-31 13:22:47',268435464,'submission.event.issueMetadataUpdated',0),(198,515,60,12,'2019-08-31 13:24:33',1342177281,'submission.event.fileUploaded',0),(199,1048585,7,12,'2019-08-31 13:24:42',1342177281,'submission.event.fileUploaded',0),(200,1048585,9,1,'2019-08-31 13:29:23',268435458,'submission.event.general.metadataUpdated',0),(201,1048585,9,1,'2019-08-31 13:30:49',805306371,'log.editor.decision',0),(202,515,61,1,'2019-08-31 13:32:12',1342177281,'submission.event.fileUploaded',0),(203,1048585,9,1,'2019-08-31 13:32:22',1342177281,'submission.event.fileUploaded',0),(204,1048585,9,1,'2019-08-31 13:33:04',268435464,'submission.event.issueMetadataUpdated',0),(205,1048585,8,1,'2019-08-31 13:35:13',268435458,'submission.event.general.metadataUpdated',0),(206,1048585,8,1,'2019-08-31 13:35:54',805306371,'log.editor.decision',0),(207,515,62,1,'2019-08-31 13:36:52',1342177281,'submission.event.fileUploaded',0),(208,1048585,8,1,'2019-08-31 13:37:02',1342177281,'submission.event.fileUploaded',0),(209,1048585,8,1,'2019-08-31 13:37:32',268435464,'submission.event.issueMetadataUpdated',0),(210,1048585,6,1,'2019-08-31 13:39:59',268435458,'submission.event.general.metadataUpdated',0),(211,1048585,6,1,'2019-08-31 13:40:22',805306371,'log.editor.decision',0),(212,515,63,1,'2019-08-31 13:42:01',1342177281,'submission.event.fileUploaded',0),(213,1048585,6,1,'2019-08-31 13:42:07',1342177281,'submission.event.fileUploaded',0),(214,1048585,6,1,'2019-08-31 13:42:38',268435464,'submission.event.issueMetadataUpdated',0),(215,515,64,23,'2019-09-20 19:41:05',1342177281,'submission.event.fileUploaded',0),(216,1048585,11,23,'2019-09-20 19:41:11',1342177281,'submission.event.fileUploaded',0),(217,1048585,11,23,'2019-09-20 19:43:30',268435457,'submission.event.submissionSubmitted',0),(218,1048585,11,1,'2019-10-04 08:06:41',268435459,'submission.event.participantAdded',0),(219,515,65,24,'2019-11-10 03:04:56',1342177281,'submission.event.fileUploaded',0),(224,515,66,25,'2020-01-30 19:37:24',1342177281,'submission.event.fileUploaded',0),(225,1048585,13,25,'2020-01-30 19:38:05',1342177281,'submission.event.fileUploaded',0),(226,515,67,25,'2020-01-30 19:38:31',1342177281,'submission.event.fileUploaded',0),(227,1048585,13,25,'2020-01-30 19:38:50',1342177281,'submission.event.fileUploaded',0),(228,515,68,25,'2020-01-30 19:39:25',1342177281,'submission.event.fileUploaded',0),(229,1048585,13,25,'2020-01-30 19:39:32',1342177281,'submission.event.fileUploaded',0),(230,1048585,13,25,'2020-01-30 19:42:47',268435457,'submission.event.submissionSubmitted',0),(231,1048585,13,25,'2020-01-30 20:44:14',1342177281,'submission.event.fileUploaded',0),(232,515,69,26,'2020-01-31 15:30:17',1342177281,'submission.event.fileUploaded',0),(233,1048585,14,26,'2020-01-31 15:30:26',1342177281,'submission.event.fileUploaded',0),(234,515,69,26,'2020-01-31 15:30:56',1342177282,'submission.event.fileDeleted',0),(235,1048585,14,26,'2020-01-31 15:30:56',1342177283,'submission.event.lastRevisionDeleted',0),(236,515,70,26,'2020-01-31 15:35:07',1342177281,'submission.event.fileUploaded',0),(237,1048585,14,26,'2020-01-31 15:36:03',1342177281,'submission.event.fileUploaded',0),(238,1048585,14,26,'2020-01-31 15:54:32',268435457,'submission.event.submissionSubmitted',0),(239,1048585,14,1,'2020-02-01 14:32:14',268435459,'submission.event.participantAdded',0),(240,1048585,13,1,'2020-02-01 14:33:48',268435459,'submission.event.participantAdded',0),(241,1048585,14,1,'2020-02-04 11:15:10',805306371,'log.editor.decision',0),(242,1048585,14,1,'2020-02-04 11:16:37',1073741825,'log.review.reviewerAssigned',0),(243,1048585,13,1,'2020-02-04 11:17:42',805306371,'log.editor.decision',0),(244,1048585,13,1,'2020-02-04 11:18:30',1073741825,'log.review.reviewerAssigned',0),(245,1048585,14,6,'2020-02-04 13:15:40',1073741830,'log.review.reviewAccepted',0),(246,515,75,6,'2020-02-04 13:17:01',1342177281,'submission.event.fileUploaded',0),(247,1048585,14,6,'2020-02-04 13:17:06',1342177281,'submission.event.fileUploaded',0),(248,1048585,13,6,'2020-02-04 13:18:06',1073741830,'log.review.reviewAccepted',0),(249,515,76,6,'2020-02-04 13:18:35',1342177281,'submission.event.fileUploaded',0),(250,1048585,13,6,'2020-02-04 13:18:39',1342177281,'submission.event.fileUploaded',0),(251,1048585,14,1,'2020-02-04 13:20:12',805306372,'log.editor.recommendation',0),(252,1048585,13,1,'2020-02-04 13:20:54',805306372,'log.editor.recommendation',0),(253,1048585,14,1,'2020-02-12 07:50:07',805306372,'log.editor.recommendation',0),(254,1048585,13,1,'2020-02-12 07:51:21',805306372,'log.editor.recommendation',0),(255,515,77,28,'2020-02-16 16:18:51',1342177281,'submission.event.fileUploaded',0),(256,1048585,15,28,'2020-02-16 16:19:38',1342177281,'submission.event.fileUploaded',0),(257,515,78,28,'2020-02-16 16:20:30',1342177281,'submission.event.fileUploaded',0),(258,1048585,15,28,'2020-02-16 16:20:57',1342177281,'submission.event.fileUploaded',0),(259,515,79,28,'2020-02-16 16:21:16',1342177281,'submission.event.fileUploaded',0),(260,1048585,15,28,'2020-02-16 16:21:49',1342177281,'submission.event.fileUploaded',0),(261,515,80,28,'2020-02-16 16:22:11',1342177281,'submission.event.fileUploaded',0),(262,1048585,15,28,'2020-02-16 16:22:29',1342177281,'submission.event.fileUploaded',0),(263,515,81,28,'2020-02-16 16:22:54',1342177281,'submission.event.fileUploaded',0),(264,1048585,15,28,'2020-02-16 16:23:05',1342177281,'submission.event.fileUploaded',0),(265,1048585,15,28,'2020-02-16 16:26:10',268435457,'submission.event.submissionSubmitted',0),(266,1048585,15,1,'2020-02-17 09:33:43',268435459,'submission.event.participantAdded',0),(267,1048585,13,1,'2020-02-17 09:49:20',1073741825,'log.review.reviewerAssigned',0),(268,1048585,13,18,'2020-02-17 09:59:03',1073741830,'log.review.reviewAccepted',0),(269,515,82,18,'2020-02-17 09:59:32',1342177281,'submission.event.fileUploaded',0),(270,1048585,13,18,'2020-02-17 09:59:38',1342177281,'submission.event.fileUploaded',0),(271,1048585,13,1,'2020-02-17 10:01:47',1073741833,'log.review.reviewUnconsidered',0),(272,1048585,13,1,'2020-02-17 12:29:45',1342177281,'submission.event.fileUploaded',0),(273,515,83,1,'2020-02-17 13:08:29',1342177282,'submission.event.fileDeleted',0),(274,515,84,1,'2020-02-17 13:08:36',1342177282,'submission.event.fileDeleted',0),(275,515,85,1,'2020-02-17 13:08:45',1342177282,'submission.event.fileDeleted',0),(276,1048585,13,1,'2020-02-17 13:28:14',1073741833,'log.review.reviewUnconsidered',0),(277,1048585,13,1,'2020-02-17 13:28:49',1073741846,'log.review.reviewRecommendationSetByProxy',0),(278,1048585,13,1,'2020-02-17 13:31:34',1073741825,'log.review.reviewerAssigned',0),(279,1048585,13,17,'2020-02-17 13:33:16',1073741830,'log.review.reviewAccepted',0),(280,515,86,17,'2020-02-17 13:34:03',1342177281,'submission.event.fileUploaded',0),(281,1048585,13,17,'2020-02-17 13:34:10',1342177281,'submission.event.fileUploaded',0),(282,1048585,13,1,'2020-02-17 13:36:13',1073741846,'log.review.reviewRecommendationSetByProxy',0),(283,1048585,13,1,'2020-02-17 13:37:17',805306372,'log.editor.recommendation',0),(284,1048585,13,1,'2020-02-17 13:42:06',1073741833,'log.review.reviewUnconsidered',0),(285,1048585,13,1,'2020-02-17 13:42:11',1073741833,'log.review.reviewUnconsidered',0),(286,1048585,13,1,'2020-02-17 13:42:31',1073741833,'log.review.reviewUnconsidered',0),(287,1048585,13,1,'2020-02-17 13:54:46',1342177281,'submission.event.fileUploaded',0),(288,1048585,13,1,'2020-02-17 13:55:34',1073741846,'log.review.reviewRecommendationSetByProxy',0),(289,1048585,13,1,'2020-02-18 22:55:54',1073741833,'log.review.reviewUnconsidered',0),(290,1048585,13,1,'2020-02-18 22:55:56',1073741833,'log.review.reviewUnconsidered',0),(291,1048585,13,1,'2020-02-18 22:56:36',805306372,'log.editor.recommendation',0),(292,1048585,11,1,'2020-02-19 07:14:39',805306371,'log.editor.decision',0),(293,1048585,11,1,'2020-02-19 07:17:14',1073741825,'log.review.reviewerAssigned',0),(294,1048585,15,1,'2020-02-19 07:18:04',805306371,'log.editor.decision',0),(295,1048585,15,1,'2020-02-19 07:18:50',1073741825,'log.review.reviewerAssigned',0),(296,1048585,15,18,'2020-02-19 07:20:33',1073741830,'log.review.reviewAccepted',0),(297,515,93,18,'2020-02-19 07:21:16',1342177281,'submission.event.fileUploaded',0),(298,1048585,15,18,'2020-02-19 07:21:22',1342177281,'submission.event.fileUploaded',0),(299,1048585,11,18,'2020-02-19 07:22:27',1073741830,'log.review.reviewAccepted',0),(300,515,94,18,'2020-02-19 07:22:52',1342177281,'submission.event.fileUploaded',0),(301,1048585,11,18,'2020-02-19 07:22:57',1342177281,'submission.event.fileUploaded',0),(302,1048585,15,1,'2020-02-19 07:24:47',805306372,'log.editor.recommendation',0),(303,1048585,15,1,'2020-02-19 08:05:54',1073741833,'log.review.reviewUnconsidered',0),(304,1048585,13,1,'2020-02-19 08:43:01',268435459,'submission.event.participantAdded',0),(305,515,95,1,'2020-02-19 08:55:25',1342177281,'submission.event.fileUploaded',0),(306,1048585,13,1,'2020-02-19 08:55:31',1342177281,'submission.event.fileUploaded',0),(307,1048585,13,1,'2020-02-19 08:56:55',805306371,'log.editor.decision',0),(308,515,95,1,'2020-02-19 09:04:43',1342177282,'submission.event.fileDeleted',0),(309,1048585,13,1,'2020-02-19 09:04:43',1342177283,'submission.event.lastRevisionDeleted',0),(310,1048585,14,1,'2020-02-19 09:11:41',268435459,'submission.event.participantAdded',0),(311,1048585,14,1,'2020-02-19 09:12:24',805306371,'log.editor.decision',0),(312,1048585,15,1,'2020-02-19 09:37:17',268435460,'submission.event.participantRemoved',0),(313,1048585,15,1,'2020-02-19 09:37:33',268435459,'submission.event.participantAdded',0),(314,1048585,11,1,'2020-02-19 09:38:23',268435459,'submission.event.participantAdded',0),(315,1048585,15,1,'2020-02-19 09:45:34',805306371,'log.editor.decision',0),(316,1048585,15,1,'2020-02-19 09:46:07',805306371,'log.editor.decision',0),(317,1048585,11,1,'2020-02-19 09:48:20',805306371,'log.editor.decision',0),(318,1048585,14,1,'2020-02-19 09:49:37',268435459,'submission.event.participantAdded',0),(319,1048585,14,1,'2020-02-19 09:51:34',805306371,'log.editor.decision',0),(320,515,96,23,'2020-02-21 18:57:04',1342177281,'submission.event.fileUploaded',0),(321,1048585,11,23,'2020-02-21 18:57:13',1342177281,'submission.event.fileUploaded',0),(322,515,96,23,'2020-02-23 10:01:14',1342177288,'submission.event.revisionUploaded',0),(323,1048585,11,23,'2020-02-23 10:01:21',1342177288,'submission.event.fileRevised',0),(324,1048585,11,1,'2020-02-24 10:49:54',805306372,'log.editor.recommendation',0),(325,1048585,5,1,'2020-02-26 08:24:41',268435458,'submission.event.general.metadataUpdated',0),(326,1048585,4,1,'2020-02-26 08:26:42',268435458,'submission.event.general.metadataUpdated',0),(327,1048585,3,1,'2020-02-26 08:28:26',268435458,'submission.event.general.metadataUpdated',0),(328,1048585,2,1,'2020-02-26 08:29:51',268435458,'submission.event.general.metadataUpdated',0),(329,1048585,1,1,'2020-02-26 08:31:51',268435458,'submission.event.general.metadataUpdated',0),(330,1048585,15,1,'2020-02-27 09:15:11',1073741825,'log.review.reviewerAssigned',0),(331,1048585,15,1,'2020-02-27 09:18:04',1073741830,'log.review.reviewAccepted',0),(332,515,97,30,'2020-02-27 09:18:28',1342177281,'submission.event.fileUploaded',0),(333,1048585,15,1,'2020-02-27 09:18:33',1342177281,'submission.event.fileUploaded',0),(334,1048585,13,1,'2020-02-27 09:23:54',1073741825,'log.review.reviewerAssigned',0),(335,1048585,13,1,'2020-02-27 09:25:33',1073741830,'log.review.reviewAccepted',0),(336,515,98,31,'2020-02-27 09:26:56',1342177281,'submission.event.fileUploaded',0),(337,1048585,13,1,'2020-02-27 09:27:03',1342177281,'submission.event.fileUploaded',0),(338,1048585,15,1,'2020-02-27 10:01:49',805306372,'log.editor.recommendation',0),(339,1048585,15,1,'2020-02-27 10:02:38',805306371,'log.editor.decision',0),(340,1048585,13,1,'2020-02-27 10:06:30',805306372,'log.editor.recommendation',0),(341,1048585,13,1,'2020-02-27 10:07:02',805306371,'log.editor.decision',0),(342,1048585,13,1,'2020-02-27 10:09:26',268435458,'submission.event.general.metadataUpdated',0),(343,1048585,13,1,'2020-02-27 10:18:09',268435458,'submission.event.general.metadataUpdated',0),(344,1048585,13,1,'2020-02-27 10:20:39',268435464,'submission.event.issueMetadataUpdated',0),(345,515,99,1,'2020-02-27 10:22:57',1342177281,'submission.event.fileUploaded',0),(346,1048585,13,1,'2020-02-27 10:23:11',1342177281,'submission.event.fileUploaded',0),(347,1048585,15,1,'2020-02-27 10:29:19',268435458,'submission.event.general.metadataUpdated',0),(348,1048585,15,1,'2020-02-27 10:30:23',268435464,'submission.event.issueMetadataUpdated',0),(349,515,100,1,'2020-02-27 10:33:13',1342177281,'submission.event.fileUploaded',0),(350,1048585,15,1,'2020-02-27 10:33:18',1342177281,'submission.event.fileUploaded',0),(351,1048585,14,1,'2020-02-28 07:52:15',1073741825,'log.review.reviewerAssigned',0),(352,1048585,14,1,'2020-02-28 07:53:48',1073741830,'log.review.reviewAccepted',0),(353,515,101,32,'2020-02-28 07:54:24',1342177281,'submission.event.fileUploaded',0),(354,1048585,14,1,'2020-02-28 07:54:32',1342177281,'submission.event.fileUploaded',0),(355,1048585,14,1,'2020-02-28 07:55:54',805306372,'log.editor.recommendation',0),(356,1048585,14,1,'2020-02-28 07:56:30',805306371,'log.editor.decision',0),(357,1048585,14,1,'2020-02-28 08:14:21',268435458,'submission.event.general.metadataUpdated',0),(358,1048585,14,1,'2020-02-28 09:03:38',268435464,'submission.event.issueMetadataUpdated',0),(359,515,102,1,'2020-02-28 09:04:27',1342177281,'submission.event.fileUploaded',0),(360,1048585,14,1,'2020-02-28 09:04:37',1342177281,'submission.event.fileUploaded',0),(361,1048585,14,1,'2020-02-28 09:05:08',268435464,'submission.event.issueMetadataUpdated',0),(362,515,103,33,'2020-03-07 09:28:15',1342177281,'submission.event.fileUploaded',0),(363,1048585,16,33,'2020-03-07 09:28:23',1342177281,'submission.event.fileUploaded',0),(364,1048585,16,33,'2020-03-07 09:30:53',268435457,'submission.event.submissionSubmitted',0),(365,1048585,16,1,'2020-03-07 09:32:05',268435459,'submission.event.participantAdded',0),(366,1048585,16,1,'2020-03-07 09:32:17',805306371,'log.editor.decision',0),(367,1048585,16,1,'2020-03-07 09:40:14',1073741825,'log.review.reviewerAssigned',0),(368,1048585,16,1,'2020-03-07 09:40:43',1073741825,'log.review.reviewerAssigned',0),(369,1048585,16,1,'2020-03-11 14:34:08',1073741830,'log.review.reviewAccepted',0),(370,1048585,16,1,'2020-03-11 14:35:58',1073741830,'log.review.reviewAccepted',0),(371,515,105,34,'2020-03-19 09:21:08',1342177281,'submission.event.fileUploaded',0),(372,1048585,17,34,'2020-03-19 09:21:18',1342177281,'submission.event.fileUploaded',0),(373,1048585,17,34,'2020-03-19 09:22:34',268435457,'submission.event.submissionSubmitted',0),(374,1048585,17,1,'2020-03-19 09:23:41',268435459,'submission.event.participantAdded',0),(375,1048585,17,1,'2020-03-19 09:23:58',805306371,'log.editor.decision',0),(376,1048585,17,1,'2020-03-19 09:26:50',1073741825,'log.review.reviewerAssigned',0),(377,1048585,17,1,'2020-03-19 09:27:48',1073741825,'log.review.reviewerAssigned',0),(378,515,107,16,'2020-03-19 09:46:23',1342177281,'submission.event.fileUploaded',0),(379,1048585,16,1,'2020-03-19 09:46:32',1342177281,'submission.event.fileUploaded',0),(380,1048585,17,1,'2020-03-19 09:47:50',1073741830,'log.review.reviewAccepted',0),(381,515,108,16,'2020-03-19 09:48:34',1342177281,'submission.event.fileUploaded',0),(382,1048585,17,1,'2020-03-19 09:48:43',1342177281,'submission.event.fileUploaded',0),(383,515,109,15,'2020-03-19 09:51:10',1342177281,'submission.event.fileUploaded',0),(384,1048585,16,1,'2020-03-19 09:51:24',1342177281,'submission.event.fileUploaded',0),(385,1048585,17,1,'2020-03-19 09:52:40',1073741830,'log.review.reviewAccepted',0),(386,515,110,17,'2020-03-19 09:53:16',1342177281,'submission.event.fileUploaded',0),(387,1048585,17,1,'2020-03-19 09:53:31',1342177281,'submission.event.fileUploaded',0),(388,1048585,17,1,'2020-03-19 10:38:09',805306371,'log.editor.decision',0),(389,1048585,16,1,'2020-03-19 13:49:18',805306371,'log.editor.decision',0),(390,515,111,33,'2020-03-19 14:23:40',1342177281,'submission.event.fileUploaded',0),(391,1048585,16,1,'2020-03-19 14:23:45',1342177281,'submission.event.fileUploaded',0),(392,1048585,16,1,'2020-03-19 14:42:13',805306371,'log.editor.decision',0),(393,515,113,34,'2020-03-25 07:37:04',1342177281,'submission.event.fileUploaded',0),(394,1048585,17,1,'2020-03-25 07:37:16',1342177281,'submission.event.fileUploaded',0),(395,1048585,17,1,'2020-03-25 07:39:48',805306371,'log.editor.decision',0),(396,1048585,17,1,'2020-03-25 09:16:45',268435458,'submission.event.general.metadataUpdated',0),(397,1048585,17,1,'2020-03-25 09:21:51',805306371,'log.editor.decision',0),(398,1048585,17,1,'2020-03-25 09:22:57',268435464,'submission.event.issueMetadataUpdated',0),(399,1048585,16,1,'2020-03-25 09:24:31',805306371,'log.editor.decision',0),(400,1048585,16,1,'2020-03-25 09:28:03',268435458,'submission.event.general.metadataUpdated',0),(401,1048585,16,1,'2020-03-25 09:28:38',268435464,'submission.event.issueMetadataUpdated',0),(402,1048585,13,1,'2020-03-25 09:40:31',268435458,'submission.event.general.metadataUpdated',0),(403,1048585,15,1,'2020-03-25 09:48:00',268435458,'submission.event.general.metadataUpdated',0),(404,1048585,15,1,'2020-03-25 09:48:48',268435464,'submission.event.issueMetadataUpdated',0),(405,1048585,14,1,'2020-03-25 09:54:59',268435458,'submission.event.general.metadataUpdated',0),(406,1048585,14,1,'2020-03-25 09:55:50',268435464,'submission.event.issueMetadataUpdated',0),(407,1048585,16,1,'2020-03-25 09:58:34',268435458,'submission.event.general.metadataUpdated',0),(408,1048585,16,1,'2020-03-25 09:59:24',268435464,'submission.event.issueMetadataUpdated',0),(409,1048585,17,1,'2020-03-25 10:02:35',268435458,'submission.event.general.metadataUpdated',0),(410,1048585,17,1,'2020-03-25 10:03:36',268435464,'submission.event.issueMetadataUpdated',0),(411,1048585,13,1,'2020-03-25 10:05:11',268435464,'submission.event.issueMetadataUpdated',0),(412,515,115,23,'2020-03-26 14:27:48',1342177281,'submission.event.fileUploaded',0),(413,1048585,18,23,'2020-03-26 14:27:56',1342177281,'submission.event.fileUploaded',0),(414,515,115,23,'2020-03-26 14:28:44',1342177288,'submission.event.revisionUploaded',0),(415,1048585,18,23,'2020-03-26 14:28:48',1342177288,'submission.event.fileRevised',0),(416,1048585,18,23,'2020-03-26 14:34:22',268435457,'submission.event.submissionSubmitted',0),(417,1048585,11,1,'2020-03-27 07:16:08',805306372,'log.editor.recommendation',0),(418,1048585,11,1,'2020-03-27 07:17:39',805306371,'log.editor.decision',0),(419,1048585,11,1,'2020-03-27 10:33:16',805306371,'log.editor.decision',0),(420,1048585,11,1,'2020-03-27 10:40:16',268435458,'submission.event.general.metadataUpdated',0),(421,1048585,11,1,'2020-03-27 10:53:29',268435464,'submission.event.issueMetadataUpdated',0),(422,1048585,13,1,'2020-03-27 10:54:35',268435464,'submission.event.issueMetadataUpdated',0),(423,515,117,1,'2020-03-27 10:58:57',1342177281,'submission.event.fileUploaded',0),(424,1048585,13,1,'2020-03-27 10:59:03',1342177281,'submission.event.fileUploaded',0),(425,1048585,15,1,'2020-03-27 11:00:15',268435464,'submission.event.issueMetadataUpdated',0),(426,515,118,1,'2020-03-27 11:01:26',1342177281,'submission.event.fileUploaded',0),(427,1048585,15,1,'2020-03-27 11:01:32',1342177281,'submission.event.fileUploaded',0),(428,1048585,14,1,'2020-03-27 11:03:08',268435464,'submission.event.issueMetadataUpdated',0),(429,515,119,1,'2020-03-27 11:04:11',1342177281,'submission.event.fileUploaded',0),(430,1048585,14,1,'2020-03-27 11:04:17',1342177281,'submission.event.fileUploaded',0),(431,1048585,16,1,'2020-03-27 11:09:06',268435464,'submission.event.issueMetadataUpdated',0),(432,515,120,1,'2020-03-27 11:10:21',1342177281,'submission.event.fileUploaded',0),(433,1048585,16,1,'2020-03-27 11:10:25',1342177281,'submission.event.fileUploaded',0),(434,1048585,17,1,'2020-03-27 11:11:33',268435464,'submission.event.issueMetadataUpdated',0),(435,515,121,1,'2020-03-27 11:12:27',1342177281,'submission.event.fileUploaded',0),(436,1048585,17,1,'2020-03-27 11:12:32',1342177281,'submission.event.fileUploaded',0),(437,1048585,11,1,'2020-03-27 11:13:18',268435464,'submission.event.issueMetadataUpdated',0),(438,515,122,1,'2020-03-27 11:14:08',1342177281,'submission.event.fileUploaded',0),(439,1048585,11,1,'2020-03-27 11:14:13',1342177281,'submission.event.fileUploaded',0),(440,1048585,16,1,'2020-03-27 11:22:49',268435458,'submission.event.general.metadataUpdated',0),(441,515,123,37,'2020-03-28 17:07:01',1342177281,'submission.event.fileUploaded',0),(442,1048585,19,37,'2020-03-28 17:07:13',1342177281,'submission.event.fileUploaded',0),(443,515,123,37,'2020-03-28 17:28:55',1342177282,'submission.event.fileDeleted',0),(444,1048585,19,37,'2020-03-28 17:28:55',1342177283,'submission.event.lastRevisionDeleted',0),(445,515,124,37,'2020-03-28 17:32:57',1342177281,'submission.event.fileUploaded',0),(446,1048585,19,37,'2020-03-28 17:33:04',1342177281,'submission.event.fileUploaded',0),(447,1048585,19,37,'2020-03-28 17:33:30',268435457,'submission.event.submissionSubmitted',0),(448,515,125,35,'2020-03-28 22:42:57',1342177281,'submission.event.fileUploaded',0),(449,515,125,35,'2020-03-28 22:43:14',1342177282,'submission.event.fileDeleted',0),(451,515,126,35,'2020-03-28 22:43:39',1342177281,'submission.event.fileUploaded',0),(455,1048585,19,1,'2020-03-29 14:04:34',268435459,'submission.event.participantAdded',0),(456,1048585,18,1,'2020-03-29 14:05:18',268435459,'submission.event.participantAdded',0),(457,515,127,23,'2020-04-02 14:59:21',1342177281,'submission.event.fileUploaded',0),(458,1048585,18,23,'2020-04-02 14:59:28',1342177281,'submission.event.fileUploaded',0),(461,1048585,19,1,'2020-04-06 05:49:39',805306371,'log.editor.decision',0),(462,1048585,19,1,'2020-04-06 05:50:29',1073741825,'log.review.reviewerAssigned',0),(463,515,130,38,'2020-04-21 00:25:46',1342177281,'submission.event.fileUploaded',0),(470,515,132,15,'2020-04-25 09:29:33',1342177281,'submission.event.fileUploaded',0),(473,1048585,19,1,'2020-04-25 09:59:00',1073741830,'log.review.reviewAccepted',0),(474,515,133,16,'2020-04-25 09:59:23',1342177281,'submission.event.fileUploaded',0),(475,1048585,19,1,'2020-04-25 09:59:27',1342177281,'submission.event.fileUploaded',0),(476,1048585,19,1,'2020-04-25 10:00:38',805306371,'log.editor.decision',0),(478,1048585,19,1,'2020-04-25 11:12:33',805306371,'log.editor.decision',0),(479,515,134,37,'2020-05-01 14:23:41',1342177281,'submission.event.fileUploaded',0),(480,1048585,19,37,'2020-05-01 14:23:50',1342177281,'submission.event.fileUploaded',0),(481,1048585,18,23,'2020-05-02 14:33:54',1342177288,'submission.event.fileRevised',0),(482,1048585,18,23,'2020-05-02 14:33:59',1342177288,'submission.event.fileRevised',0),(483,1048585,18,23,'2020-05-02 14:34:29',1342177288,'submission.event.fileRevised',0),(484,1048585,18,23,'2020-05-02 14:34:38',1342177288,'submission.event.fileRevised',0),(485,1048585,19,1,'2020-05-03 07:33:04',805306371,'log.editor.decision',0),(486,1048585,19,1,'2020-05-03 07:33:38',805306371,'log.editor.decision',0),(487,1048585,19,1,'2020-05-12 08:12:58',268435458,'submission.event.general.metadataUpdated',0),(488,1048585,19,1,'2020-05-12 08:24:07',268435458,'submission.event.general.metadataUpdated',0),(489,1048585,19,1,'2020-05-12 08:52:25',268435464,'submission.event.issueMetadataUpdated',0),(490,515,136,1,'2020-05-12 08:53:19',1342177281,'submission.event.fileUploaded',0),(491,1048585,19,1,'2020-05-12 08:53:27',1342177281,'submission.event.fileUploaded',0),(492,1048585,19,1,'2020-05-12 09:35:23',1073741825,'log.review.reviewerAssigned',0),(493,1048585,19,1,'2020-05-12 09:48:37',1073741830,'log.review.reviewAccepted',0),(494,515,137,39,'2020-05-12 09:49:06',1342177281,'submission.event.fileUploaded',0),(495,1048585,19,1,'2020-05-12 09:49:13',1342177281,'submission.event.fileUploaded',0),(496,1048585,18,23,'2020-05-20 15:32:44',1342177288,'submission.event.fileRevised',0),(497,515,138,40,'2020-05-21 17:37:47',1342177281,'submission.event.fileUploaded',0),(498,1048585,20,40,'2020-05-21 17:38:21',1342177281,'submission.event.fileUploaded',0),(499,1048585,20,40,'2020-05-21 18:18:37',268435457,'submission.event.submissionSubmitted',0),(500,1048585,20,1,'2020-05-26 13:57:39',268435459,'submission.event.participantAdded',0),(501,1048585,20,1,'2020-05-26 14:00:52',805306371,'log.editor.decision',0),(502,1048585,20,1,'2020-05-26 14:02:15',1073741825,'log.review.reviewerAssigned',0),(503,1048585,20,1,'2020-05-27 09:33:11',1073741830,'log.review.reviewAccepted',0),(504,515,140,39,'2020-05-27 09:33:49',1342177281,'submission.event.fileUploaded',0),(505,1048585,20,1,'2020-05-27 09:33:55',1342177281,'submission.event.fileUploaded',0),(506,1048585,20,1,'2020-05-27 09:37:07',805306371,'log.editor.decision',0),(507,1048585,20,1,'2020-05-27 10:07:26',805306371,'log.editor.decision',0),(508,515,141,40,'2020-06-07 18:50:48',1342177281,'submission.event.fileUploaded',0),(509,1048585,20,40,'2020-06-07 18:51:35',1342177281,'submission.event.fileUploaded',0),(510,1048585,20,1,'2020-06-10 15:45:43',805306371,'log.editor.decision',0),(511,1048585,20,1,'2020-06-10 15:47:35',805306371,'log.editor.decision',0),(512,1048585,20,1,'2020-06-17 10:28:19',1073741825,'log.review.reviewerAssigned',0),(513,1048585,20,1,'2020-06-17 10:28:50',1073741830,'log.review.reviewAccepted',0),(514,515,143,41,'2020-06-17 10:29:20',1342177281,'submission.event.fileUploaded',0),(515,1048585,20,1,'2020-06-17 10:29:51',1342177281,'submission.event.fileUploaded',0),(516,1048585,20,1,'2020-06-17 13:28:10',268435464,'submission.event.issueMetadataUpdated',0),(517,515,144,1,'2020-06-17 13:29:15',1342177281,'submission.event.fileUploaded',0),(518,1048585,20,1,'2020-06-17 13:29:23',1342177281,'submission.event.fileUploaded',0),(519,1048585,20,1,'2020-06-17 13:33:39',268435458,'submission.event.general.metadataUpdated',0),(520,1048585,20,1,'2020-06-17 13:38:22',268435458,'submission.event.general.metadataUpdated',0),(521,515,145,1,'2020-06-17 13:40:23',1342177281,'submission.event.fileUploaded',0),(522,1048585,19,1,'2020-06-17 13:40:35',1342177281,'submission.event.fileUploaded',0),(523,1048585,18,23,'2020-06-30 18:31:36',1342177288,'submission.event.fileRevised',0),(524,1048585,18,1,'2020-07-13 09:35:49',805306371,'log.editor.decision',0),(525,1048585,18,1,'2020-07-13 09:38:10',1073741825,'log.review.reviewerAssigned',0),(526,515,147,16,'2020-07-13 09:47:23',1342177281,'submission.event.fileUploaded',0),(527,1048585,18,1,'2020-07-13 09:47:38',1342177281,'submission.event.fileUploaded',0),(528,1048585,18,1,'2020-07-13 09:48:14',805306371,'log.editor.decision',0),(529,1048585,18,1,'2020-07-13 12:23:52',1073741830,'log.review.reviewAccepted',0),(530,515,147,23,'2020-07-13 16:25:28',1342177282,'submission.event.fileDeleted',0),(531,1048585,18,1,'2020-07-13 16:25:28',1342177283,'submission.event.lastRevisionDeleted',0),(532,515,148,16,'2020-07-13 16:28:14',1342177281,'submission.event.fileUploaded',0),(533,1048585,18,1,'2020-07-13 16:28:21',1342177281,'submission.event.fileUploaded',0),(534,1048585,18,1,'2020-07-13 16:30:30',805306371,'log.editor.decision',0),(535,515,149,40,'2020-07-15 02:23:42',1342177281,'submission.event.fileUploaded',0),(536,1048585,21,40,'2020-07-15 02:55:06',268435457,'submission.event.submissionSubmitted',0),(537,1048585,21,1,'2020-07-15 07:44:49',268435459,'submission.event.participantAdded',0),(538,1048585,21,1,'2020-07-15 08:41:53',805306371,'log.editor.decision',0),(539,1048585,21,1,'2020-07-15 08:43:00',1073741825,'log.review.reviewerAssigned',0),(540,515,151,23,'2020-07-20 14:41:04',1342177281,'submission.event.fileUploaded',0),(541,1048585,18,23,'2020-07-20 14:41:22',1342177281,'submission.event.fileUploaded',0),(542,515,152,23,'2020-07-20 14:42:06',1342177281,'submission.event.fileUploaded',0),(543,1048585,18,23,'2020-07-20 14:42:27',1342177281,'submission.event.fileUploaded',0),(544,1048585,21,1,'2020-07-21 20:45:32',1073741830,'log.review.reviewAccepted',0),(545,515,153,17,'2020-07-21 20:46:40',1342177281,'submission.event.fileUploaded',0),(546,1048585,21,1,'2020-07-21 20:46:50',1342177281,'submission.event.fileUploaded',0),(547,1048585,21,1,'2020-07-21 20:48:28',805306371,'log.editor.decision',0),(548,515,154,42,'2020-07-26 09:47:07',1342177281,'submission.event.fileUploaded',0),(549,1048585,22,42,'2020-07-26 09:47:14',1342177281,'submission.event.fileUploaded',0),(550,1048585,22,42,'2020-07-26 09:51:00',268435457,'submission.event.submissionSubmitted',0),(551,515,155,42,'2020-07-26 09:51:52',1342177281,'submission.event.fileUploaded',0),(552,1048585,23,42,'2020-07-26 09:51:55',1342177281,'submission.event.fileUploaded',0),(553,1048585,23,42,'2020-07-26 09:54:37',268435457,'submission.event.submissionSubmitted',0),(554,1048585,23,1,'2020-07-26 09:56:27',268435459,'submission.event.participantAdded',0),(555,1048585,23,1,'2020-07-26 09:56:48',805306371,'log.editor.decision',0),(556,1048585,23,1,'2020-07-26 09:57:37',1073741825,'log.review.reviewerAssigned',0),(557,1048585,23,1,'2020-07-26 09:58:15',1073741825,'log.review.reviewerAssigned',0),(558,1048585,22,1,'2020-07-26 09:59:17',268435459,'submission.event.participantAdded',0),(559,1048585,22,1,'2020-07-26 09:59:27',805306371,'log.editor.decision',0),(560,1048585,22,1,'2020-07-26 09:59:59',1073741825,'log.review.reviewerAssigned',0),(561,1048585,22,1,'2020-07-26 10:00:45',1073741825,'log.review.reviewerAssigned',0),(562,1048585,23,1,'2020-07-26 10:10:52',1342177281,'submission.event.fileUploaded',0),(563,1048585,23,1,'2020-07-28 07:19:59',1073741830,'log.review.reviewAccepted',0),(564,515,158,6,'2020-07-28 07:20:27',1342177281,'submission.event.fileUploaded',0),(565,1048585,23,1,'2020-07-28 07:20:37',1342177281,'submission.event.fileUploaded',0),(566,1048585,22,1,'2020-07-28 07:21:38',1073741830,'log.review.reviewAccepted',0),(567,515,159,6,'2020-07-28 07:22:00',1342177281,'submission.event.fileUploaded',0),(568,1048585,22,1,'2020-07-28 07:22:07',1342177281,'submission.event.fileUploaded',0),(569,1048585,23,1,'2020-07-28 07:23:23',1073741830,'log.review.reviewAccepted',0),(570,515,160,16,'2020-07-28 07:24:21',1342177281,'submission.event.fileUploaded',0),(571,1048585,23,1,'2020-07-28 07:24:27',1342177281,'submission.event.fileUploaded',0),(572,1048585,22,1,'2020-07-28 07:26:15',1073741830,'log.review.reviewAccepted',0),(573,515,161,17,'2020-07-28 07:26:40',1342177281,'submission.event.fileUploaded',0),(574,1048585,22,1,'2020-07-28 07:26:45',1342177281,'submission.event.fileUploaded',0),(575,1048585,23,1,'2020-07-28 07:27:43',805306371,'log.editor.decision',0),(576,1048585,22,1,'2020-07-28 07:28:31',805306371,'log.editor.decision',0),(577,1048585,18,1,'2020-07-28 07:29:52',805306371,'log.editor.decision',0),(578,1048585,18,1,'2020-07-28 07:30:13',805306371,'log.editor.decision',0),(579,515,164,42,'2020-07-29 07:25:10',1342177281,'submission.event.fileUploaded',0),(580,1048585,23,1,'2020-07-29 07:25:21',1342177281,'submission.event.fileUploaded',0),(581,515,165,42,'2020-07-29 07:26:24',1342177281,'submission.event.fileUploaded',0),(582,1048585,22,1,'2020-07-29 07:26:30',1342177281,'submission.event.fileUploaded',0),(583,1048585,23,1,'2020-07-29 07:27:25',805306371,'log.editor.decision',0),(584,1048585,22,1,'2020-07-29 07:28:08',805306371,'log.editor.decision',0),(585,515,168,43,'2020-08-13 03:48:48',1342177281,'submission.event.fileUploaded',0),(586,515,169,43,'2020-08-13 03:49:15',1342177281,'submission.event.fileUploaded',0),(587,515,168,43,'2020-08-13 03:49:15',1342177282,'submission.event.fileDeleted',0),(588,1048585,24,43,'2020-08-13 03:49:19',1342177283,'submission.event.lastRevisionDeleted',0),(589,1048585,24,43,'2020-08-13 03:49:32',1342177281,'submission.event.fileUploaded',0),(590,1048585,24,43,'2020-08-13 03:52:46',268435457,'submission.event.submissionSubmitted',0),(591,1048585,24,1,'2020-08-13 10:42:57',268435459,'submission.event.participantAdded',0),(592,1048585,24,1,'2020-08-13 10:43:37',805306371,'log.editor.decision',0),(593,1048585,24,1,'2020-08-13 10:44:18',1073741825,'log.review.reviewerAssigned',0),(594,1048585,24,1,'2020-08-15 09:37:25',1073741830,'log.review.reviewAccepted',0),(595,515,171,6,'2020-08-15 09:37:51',1342177281,'submission.event.fileUploaded',0),(596,1048585,24,1,'2020-08-15 09:38:29',1342177281,'submission.event.fileUploaded',0),(597,1048585,24,1,'2020-08-15 09:39:44',805306371,'log.editor.decision',0),(598,515,172,43,'2020-08-20 04:13:21',1342177281,'submission.event.fileUploaded',0),(599,1048585,24,43,'2020-08-20 04:13:36',1342177281,'submission.event.fileUploaded',0),(600,1048585,24,1,'2020-08-20 13:54:30',805306371,'log.editor.decision',0),(601,1048585,24,1,'2020-08-20 13:55:01',805306371,'log.editor.decision',0),(602,1048585,18,1,'2020-08-24 15:34:39',268435458,'submission.event.general.metadataUpdated',0),(603,1048585,23,1,'2020-08-24 15:38:38',268435458,'submission.event.general.metadataUpdated',0),(604,1048585,23,1,'2020-08-24 15:48:28',268435458,'submission.event.general.metadataUpdated',0),(605,1048585,22,1,'2020-08-24 15:51:52',268435458,'submission.event.general.metadataUpdated',0),(606,1048585,22,1,'2020-08-24 15:52:29',805306371,'log.editor.decision',0),(607,1048585,23,1,'2020-08-24 15:53:54',268435458,'submission.event.general.metadataUpdated',0),(608,1048585,23,1,'2020-08-24 15:54:17',805306371,'log.editor.decision',0),(609,1048585,19,1,'2020-08-26 13:43:24',268435458,'submission.event.general.metadataUpdated',0),(610,515,176,1,'2020-08-26 13:49:07',1342177281,'submission.event.fileUploaded',0),(611,1048585,19,1,'2020-08-26 13:49:20',1342177281,'submission.event.fileUploaded',0),(612,515,177,1,'2020-08-26 13:58:29',1342177281,'submission.event.fileUploaded',0),(613,1048585,20,1,'2020-08-26 13:58:36',1342177281,'submission.event.fileUploaded',0),(614,1048585,22,1,'2020-08-26 14:02:15',268435458,'submission.event.general.metadataUpdated',0),(615,515,178,1,'2020-08-26 14:04:51',1342177281,'submission.event.fileUploaded',0),(616,1048585,22,1,'2020-08-26 14:04:56',1342177281,'submission.event.fileUploaded',0),(617,1048585,22,1,'2020-08-26 14:06:00',268435464,'submission.event.issueMetadataUpdated',0),(618,1048585,23,1,'2020-08-26 14:08:10',268435458,'submission.event.general.metadataUpdated',0),(619,515,179,1,'2020-08-26 14:08:57',1342177281,'submission.event.fileUploaded',0),(620,1048585,23,1,'2020-08-26 14:09:04',1342177281,'submission.event.fileUploaded',0),(621,1048585,23,1,'2020-08-26 14:09:54',268435464,'submission.event.issueMetadataUpdated',0),(622,1048585,18,1,'2020-08-26 14:16:20',268435458,'submission.event.general.metadataUpdated',0),(623,515,180,1,'2020-08-26 14:16:59',1342177281,'submission.event.fileUploaded',0),(624,1048585,18,1,'2020-08-26 14:17:07',1342177281,'submission.event.fileUploaded',0),(625,1048585,18,1,'2020-08-26 14:17:52',268435464,'submission.event.issueMetadataUpdated',0),(626,1048585,24,1,'2020-08-26 14:21:28',268435458,'submission.event.general.metadataUpdated',0),(627,1048585,24,1,'2020-08-26 14:22:03',268435464,'submission.event.issueMetadataUpdated',0),(628,1048585,19,1,'2020-08-26 14:25:48',268435464,'submission.event.issueMetadataUpdated',0),(629,1048585,20,1,'2020-08-26 14:26:44',268435464,'submission.event.issueMetadataUpdated',0),(630,515,181,1,'2020-08-26 14:31:24',1342177281,'submission.event.fileUploaded',0),(631,1048585,24,1,'2020-08-26 14:31:29',1342177281,'submission.event.fileUploaded',0),(632,1048585,18,1,'2020-08-26 14:34:30',268435458,'submission.event.general.metadataUpdated',0),(633,515,182,51,'2020-09-08 12:48:34',1342177281,'submission.event.fileUploaded',0),(634,1048585,25,1,'2020-09-08 12:48:41',1342177281,'submission.event.fileUploaded',0),(635,1048585,25,1,'2020-09-08 12:49:58',268435457,'submission.event.submissionSubmitted',0),(636,1048585,25,1,'2020-09-08 12:50:54',268435459,'submission.event.participantAdded',0),(637,1048585,25,1,'2020-09-08 12:55:04',268435459,'submission.event.participantAdded',0),(638,1048585,25,1,'2020-09-08 12:55:32',268435459,'submission.event.participantAdded',0),(639,515,183,52,'2020-09-09 01:34:18',1342177281,'submission.event.fileUploaded',0),(640,1048585,26,52,'2020-09-09 01:34:35',1342177281,'submission.event.fileUploaded',0),(641,1048585,26,52,'2020-09-09 01:37:25',268435457,'submission.event.submissionSubmitted',0),(642,1048585,25,1,'2020-09-11 05:00:35',268435459,'submission.event.participantAdded',0),(643,1048585,25,1,'2020-09-11 05:01:28',805306371,'log.editor.decision',0),(644,1048585,25,1,'2020-09-11 05:03:02',1073741825,'log.review.reviewerAssigned',0),(645,515,185,40,'2020-09-16 02:57:11',1342177281,'submission.event.fileUploaded',0),(646,1048585,21,40,'2020-09-16 02:57:41',1342177281,'submission.event.fileUploaded',0),(647,1048585,26,1,'2020-09-18 05:31:43',268435459,'submission.event.participantAdded',0),(648,1048585,5,1,'2020-09-20 12:31:08',268435458,'submission.event.general.metadataUpdated',0),(649,1048585,18,1,'2020-09-20 12:43:30',268435458,'submission.event.general.metadataUpdated',0),(650,1048585,26,1,'2020-09-28 06:07:09',805306371,'log.editor.decision',0),(651,1048585,26,1,'2020-09-28 06:07:47',1073741825,'log.review.reviewerAssigned',0),(652,1048585,26,1,'2020-09-28 06:08:34',268435459,'submission.event.participantAdded',0),(653,1048585,21,1,'2020-09-28 06:22:53',268435459,'submission.event.participantAdded',0),(654,1048585,25,1,'2020-09-28 06:23:29',805306371,'log.editor.decision',0),(655,1048585,3,1,'2020-09-28 06:28:03',268435458,'submission.event.general.metadataUpdated',0),(656,1048585,2,1,'2020-09-28 06:29:38',268435458,'submission.event.general.metadataUpdated',0),(657,1048585,4,1,'2020-09-28 06:31:12',268435458,'submission.event.general.metadataUpdated',0),(658,1048585,1,1,'2020-09-28 06:34:15',268435458,'submission.event.general.metadataUpdated',0),(659,1048585,6,1,'2020-09-28 06:35:52',268435458,'submission.event.general.metadataUpdated',0),(660,1048585,8,1,'2020-09-28 06:37:36',268435458,'submission.event.general.metadataUpdated',0),(661,1048585,10,1,'2020-09-28 06:39:39',268435458,'submission.event.general.metadataUpdated',0),(662,1048585,7,1,'2020-09-28 06:42:18',268435458,'submission.event.general.metadataUpdated',0),(663,1048585,22,1,'2020-09-28 06:47:47',268435458,'submission.event.general.metadataUpdated',0),(664,1048585,23,1,'2020-09-28 06:49:19',268435458,'submission.event.general.metadataUpdated',0),(665,1048585,19,1,'2020-09-28 06:54:17',268435458,'submission.event.general.metadataUpdated',0),(666,515,187,57,'2020-10-06 11:49:25',1342177281,'submission.event.fileUploaded',0),(667,515,188,57,'2020-10-06 11:51:35',1342177281,'submission.event.fileUploaded',0),(668,515,188,57,'2020-10-06 11:58:33',1342177282,'submission.event.fileDeleted',0),(669,1048585,28,57,'2020-10-06 11:58:33',1342177283,'submission.event.lastRevisionDeleted',0),(670,515,189,57,'2020-10-06 11:58:36',1342177281,'submission.event.fileUploaded',0),(671,1048585,28,57,'2020-10-06 11:58:45',1342177281,'submission.event.fileUploaded',0),(672,1048585,28,57,'2020-10-06 11:59:50',1342177281,'submission.event.fileUploaded',0),(673,1048585,28,57,'2020-10-06 11:59:50',1342177281,'submission.event.fileUploaded',0),(674,1048585,28,57,'2020-10-06 12:11:22',268435457,'submission.event.submissionSubmitted',0),(675,1048585,28,1,'2020-10-06 21:07:16',268435459,'submission.event.participantAdded',0),(676,1048585,26,1,'2020-10-07 11:24:34',1073741830,'log.review.reviewAccepted',0),(677,515,190,6,'2020-10-07 11:25:17',1342177281,'submission.event.fileUploaded',0),(678,1048585,26,1,'2020-10-07 11:25:22',1342177281,'submission.event.fileUploaded',0),(679,1048585,26,1,'2020-10-07 11:26:24',805306371,'log.editor.decision',0),(680,515,191,58,'2020-10-07 17:16:16',1342177281,'submission.event.fileUploaded',0),(681,1048585,29,58,'2020-10-07 17:20:10',1342177281,'submission.event.fileUploaded',0),(682,1048585,29,58,'2020-10-07 17:25:45',268435457,'submission.event.submissionSubmitted',0),(683,1048585,29,1,'2020-10-07 19:06:42',268435459,'submission.event.participantAdded',0),(684,1048585,28,1,'2020-10-09 07:46:37',805306371,'log.editor.decision',0),(685,1048585,28,1,'2020-10-09 07:47:10',1073741825,'log.review.reviewerAssigned',0),(686,1048585,29,1,'2020-10-09 07:48:40',268435459,'submission.event.participantAdded',0),(687,1048585,29,1,'2020-10-09 07:48:53',805306371,'log.editor.decision',0),(688,1048585,28,1,'2020-10-09 07:52:37',268435459,'submission.event.participantAdded',0),(689,1048585,29,1,'2020-10-09 07:53:34',1073741825,'log.review.reviewerAssigned',0),(690,1048585,28,1,'2020-10-15 10:23:25',1073741830,'log.review.reviewAccepted',0),(691,515,194,6,'2020-10-15 10:25:17',1342177281,'submission.event.fileUploaded',0),(692,1048585,28,1,'2020-10-15 10:25:22',1342177281,'submission.event.fileUploaded',0),(693,1048585,28,1,'2020-10-15 10:26:04',805306371,'log.editor.decision',0),(694,1048585,29,1,'2020-10-17 07:45:13',1073741830,'log.review.reviewAccepted',0),(695,515,195,18,'2020-10-17 07:45:56',1342177281,'submission.event.fileUploaded',0),(696,1048585,29,1,'2020-10-17 07:46:13',1342177281,'submission.event.fileUploaded',0),(697,1048585,29,1,'2020-10-17 07:46:58',805306371,'log.editor.decision',0),(698,515,196,57,'2020-10-20 03:16:20',1342177281,'submission.event.fileUploaded',0),(699,1048585,28,57,'2020-10-20 03:16:59',1342177281,'submission.event.fileUploaded',0),(700,515,196,57,'2020-10-20 03:21:30',1342177288,'submission.event.revisionUploaded',0),(701,1048585,28,57,'2020-10-20 03:21:45',1342177288,'submission.event.fileRevised',0),(702,515,196,57,'2020-10-20 03:22:20',1342177288,'submission.event.revisionUploaded',0),(703,1048585,28,57,'2020-10-20 03:22:48',1342177288,'submission.event.fileRevised',0),(704,515,197,57,'2020-10-20 03:23:56',1342177281,'submission.event.fileUploaded',0),(705,1048585,28,57,'2020-10-20 03:24:13',1342177281,'submission.event.fileUploaded',0),(706,1048585,28,57,'2020-10-20 03:24:41',1342177281,'submission.event.fileUploaded',0),(707,515,198,59,'2020-10-22 03:30:57',1342177281,'submission.event.fileUploaded',0),(708,1048585,30,59,'2020-10-22 03:31:50',1342177281,'submission.event.fileUploaded',0),(709,1048585,30,59,'2020-10-22 03:32:19',1342177281,'submission.event.fileUploaded',0),(710,1048585,30,59,'2020-10-22 03:47:07',268435457,'submission.event.submissionSubmitted',0),(711,515,199,58,'2020-10-24 03:02:55',1342177281,'submission.event.fileUploaded',0),(712,1048585,29,58,'2020-10-24 03:03:19',1342177281,'submission.event.fileUploaded',0),(713,1048585,30,1,'2020-10-25 12:40:16',268435459,'submission.event.participantAdded',0),(714,1048585,30,1,'2020-10-29 08:28:55',805306371,'log.editor.decision',0),(715,1048585,30,1,'2020-10-29 08:29:32',1073741825,'log.review.reviewerAssigned',0),(716,1048585,30,1,'2020-11-07 15:43:26',1073741830,'log.review.reviewAccepted',0),(717,515,201,18,'2020-11-07 15:48:11',1342177281,'submission.event.fileUploaded',0),(718,1048585,30,1,'2020-11-07 15:48:15',1342177281,'submission.event.fileUploaded',0),(719,1048585,30,1,'2020-11-07 15:49:40',805306371,'log.editor.decision',0),(720,1048585,21,1,'2020-11-14 13:42:10',805306371,'log.editor.decision',0),(721,1048585,28,1,'2020-11-14 13:43:15',805306371,'log.editor.decision',0),(722,1048585,28,1,'2020-11-14 13:44:05',805306371,'log.editor.decision',0),(723,1048585,29,1,'2020-11-14 13:45:18',805306371,'log.editor.decision',0),(724,1048585,28,1,'2020-11-17 13:24:45',268435458,'submission.event.general.metadataUpdated',0),(725,515,205,49,'2020-11-17 13:29:51',1342177281,'submission.event.fileUploaded',0),(726,1048585,28,1,'2020-11-17 13:29:59',1342177281,'submission.event.fileUploaded',0),(727,1048585,28,1,'2020-11-18 09:47:08',268435458,'submission.event.general.metadataUpdated',0),(728,515,206,49,'2020-11-18 09:55:44',1342177281,'submission.event.fileUploaded',0),(729,1048585,28,1,'2020-11-18 09:55:49',1342177281,'submission.event.fileUploaded',0),(730,1048585,28,1,'2020-11-18 09:56:39',268435464,'submission.event.issueMetadataUpdated',0),(731,1048585,28,1,'2020-11-18 10:02:07',268435458,'submission.event.general.metadataUpdated',0),(732,515,207,49,'2020-11-18 10:09:37',1342177281,'submission.event.fileUploaded',0),(733,1048585,28,1,'2020-11-18 10:09:41',1342177281,'submission.event.fileUploaded',0),(734,515,208,1,'2020-11-19 11:48:07',1342177281,'submission.event.fileUploaded',0),(735,1048585,22,1,'2020-11-19 11:48:12',1342177281,'submission.event.fileUploaded',0),(736,515,209,63,'2020-12-06 23:17:41',1342177281,'submission.event.fileUploaded',0),(737,515,210,63,'2020-12-06 23:21:50',1342177281,'submission.event.fileUploaded',0),(738,515,210,63,'2020-12-06 23:22:31',1342177282,'submission.event.fileDeleted',0),(740,515,211,63,'2020-12-06 23:27:53',1342177281,'submission.event.fileUploaded',0),(741,1048585,32,63,'2020-12-06 23:33:38',1342177281,'submission.event.fileUploaded',0),(742,1048585,32,63,'2020-12-06 23:42:24',268435457,'submission.event.submissionSubmitted',0),(743,1048585,32,1,'2020-12-09 05:32:10',268435459,'submission.event.participantAdded',0),(744,515,212,65,'2021-01-02 05:40:59',1342177281,'submission.event.fileUploaded',0),(745,1048585,33,65,'2021-01-02 05:41:05',1342177281,'submission.event.fileUploaded',0),(746,1048585,33,65,'2021-01-02 05:42:18',268435457,'submission.event.submissionSubmitted',0),(747,1048585,33,1,'2021-01-02 05:43:32',268435459,'submission.event.participantAdded',0),(748,1048585,33,1,'2021-01-02 05:44:33',805306371,'log.editor.decision',0),(749,1048585,33,1,'2021-01-02 05:46:59',1073741825,'log.review.reviewerAssigned',0),(750,1048585,32,1,'2021-01-02 05:49:28',805306371,'log.editor.decision',0),(751,1048585,32,1,'2021-01-02 05:49:57',1073741825,'log.review.reviewerAssigned',0),(752,515,215,50,'2021-01-02 06:01:36',1342177281,'submission.event.fileUploaded',0),(753,1048585,29,1,'2021-01-02 06:01:43',1342177281,'submission.event.fileUploaded',0),(754,1048585,29,1,'2021-01-02 06:04:06',268435458,'submission.event.general.metadataUpdated',0),(755,1048585,29,1,'2021-01-02 06:11:22',805306371,'log.editor.decision',0),(756,515,217,1,'2021-01-02 06:12:23',1342177281,'submission.event.fileUploaded',0),(757,1048585,29,1,'2021-01-02 06:12:31',1342177281,'submission.event.fileUploaded',0),(758,1048585,29,1,'2021-01-02 06:12:52',268435464,'submission.event.issueMetadataUpdated',0),(759,1048585,29,1,'2021-01-02 06:15:55',268435458,'submission.event.general.metadataUpdated',0),(760,1048585,33,1,'2021-01-03 17:24:20',1073741830,'log.review.reviewAccepted',0),(761,515,218,6,'2021-01-03 17:24:44',1342177281,'submission.event.fileUploaded',0),(762,1048585,33,1,'2021-01-03 17:24:48',1342177281,'submission.event.fileUploaded',0),(763,1048585,33,1,'2021-01-03 17:26:18',805306371,'log.editor.decision',0),(764,1048585,32,1,'2021-01-04 17:08:05',1073741830,'log.review.reviewAccepted',0),(765,515,219,6,'2021-01-04 17:08:23',1342177281,'submission.event.fileUploaded',0),(766,1048585,32,1,'2021-01-04 17:08:27',1342177281,'submission.event.fileUploaded',0),(767,1048585,32,1,'2021-01-04 17:09:15',805306371,'log.editor.decision',0),(768,515,220,63,'2021-01-05 20:26:08',1342177281,'submission.event.fileUploaded',0),(769,515,220,63,'2021-01-05 20:26:41',1342177288,'submission.event.revisionUploaded',0),(770,1048585,32,63,'2021-01-05 20:26:49',1342177288,'submission.event.fileRevised',0),(771,515,220,63,'2021-01-05 20:27:04',1342177289,'submission.event.revisionDeleted',0),(772,515,220,63,'2021-01-05 20:27:08',1342177282,'submission.event.fileDeleted',0),(773,1048585,32,63,'2021-01-05 20:27:08',1342177283,'submission.event.lastRevisionDeleted',0),(774,515,221,63,'2021-01-05 20:27:27',1342177281,'submission.event.fileUploaded',0),(775,1048585,32,63,'2021-01-05 20:27:30',1342177281,'submission.event.fileUploaded',0),(776,1048585,29,1,'2021-01-19 08:39:52',268435458,'submission.event.general.metadataUpdated',0),(777,1048585,36,56,'2021-01-20 21:27:27',268435457,'submission.event.submissionSubmitted',0),(778,1048585,38,66,'2021-01-23 23:52:30',268435457,'submission.event.submissionSubmitted',0),(779,1048585,38,1,'2021-01-25 08:04:42',268435459,'submission.event.participantAdded',0),(780,1048585,36,1,'2021-01-25 08:22:15',268435459,'submission.event.participantAdded',0),(781,515,222,1,'2021-02-02 11:11:00',1342177281,'submission.event.fileUploaded',0),(782,515,222,1,'2021-02-03 09:14:50',1342177282,'submission.event.fileDeleted',0),(783,1048585,38,1,'2021-02-03 09:14:50',1342177283,'submission.event.lastRevisionDeleted',0),(784,515,223,1,'2021-02-03 09:15:06',1342177281,'submission.event.fileUploaded',0),(785,1048585,38,1,'2021-02-03 09:15:10',1342177281,'submission.event.fileUploaded',0),(786,1048585,38,1,'2021-02-06 11:34:28',805306371,'log.editor.decision',0),(787,1048585,38,1,'2021-02-06 11:35:01',1073741825,'log.review.reviewerAssigned',0),(788,1048585,38,1,'2021-02-10 14:35:15',1073741830,'log.review.reviewAccepted',0),(789,515,225,6,'2021-02-10 14:35:51',1342177281,'submission.event.fileUploaded',0),(790,1048585,38,1,'2021-02-10 14:35:56',1342177281,'submission.event.fileUploaded',0),(791,1048585,38,1,'2021-02-10 14:37:00',805306371,'log.editor.decision',0),(792,515,226,66,'2021-02-12 19:20:25',1342177281,'submission.event.fileUploaded',0),(793,1048585,38,66,'2021-02-12 19:21:08',1342177281,'submission.event.fileUploaded',0),(794,515,226,66,'2021-02-12 19:26:22',1342177288,'submission.event.revisionUploaded',0),(795,515,226,66,'2021-02-12 19:27:05',1342177288,'submission.event.revisionUploaded',0),(796,1048585,38,66,'2021-02-12 19:27:18',1342177288,'submission.event.fileRevised',0),(797,515,227,65,'2021-02-19 11:23:38',1342177281,'submission.event.fileUploaded',0),(798,1048585,33,1,'2021-02-19 11:25:10',1073741825,'log.review.reviewerAssigned',0),(799,1048585,33,1,'2021-02-19 11:25:42',1073741830,'log.review.reviewAccepted',0),(800,515,228,18,'2021-02-19 11:37:24',1342177281,'submission.event.fileUploaded',0),(801,1048585,33,1,'2021-02-19 11:37:31',1342177281,'submission.event.fileUploaded',0),(802,1048585,33,1,'2021-02-19 11:41:29',805306371,'log.editor.decision',0),(803,1048585,33,1,'2021-02-19 11:42:40',805306371,'log.editor.decision',0),(804,1048585,33,1,'2021-02-19 13:31:56',268435458,'submission.event.general.metadataUpdated',0),(805,515,230,1,'2021-02-19 13:33:58',1342177281,'submission.event.fileUploaded',0),(806,1048585,33,1,'2021-02-19 13:34:05',1342177281,'submission.event.fileUploaded',0),(807,1048585,33,1,'2021-02-19 13:34:24',268435464,'submission.event.issueMetadataUpdated',0),(808,515,231,51,'2021-02-20 08:58:28',1342177281,'submission.event.fileUploaded',0),(809,1048585,40,1,'2021-02-20 08:58:34',1342177281,'submission.event.fileUploaded',0),(810,1048585,40,1,'2021-02-20 08:59:20',268435457,'submission.event.submissionSubmitted',0),(811,1048585,38,1,'2021-02-20 10:16:33',805306371,'log.editor.decision',0),(812,1048585,32,1,'2021-02-20 10:17:09',805306371,'log.editor.decision',0),(813,515,226,66,'2021-02-20 21:04:31',1342177288,'submission.event.revisionUploaded',0),(814,1048585,38,66,'2021-02-20 21:04:44',1342177288,'submission.event.fileRevised',0),(815,515,226,66,'2021-02-20 21:21:17',1342177289,'submission.event.revisionDeleted',0),(816,515,226,66,'2021-02-20 21:21:50',1342177288,'submission.event.revisionUploaded',0),(817,1048585,38,66,'2021-02-20 21:21:54',1342177288,'submission.event.fileRevised',0);

--
