--
-- Host: localhost    Database: medg8798_ojs281
-- ------------------------------------------------------


--
-- Table structure for table `access_keys`
--

CREATE TABLE `access_keys` (
  `access_key_id` bigint(20) NOT NULL AUTO_INCREMENT,
  `context` varchar(40) NOT NULL,
  `key_hash` varchar(40) NOT NULL,
  `user_id` bigint(20) NOT NULL,
  `assoc_id` bigint(20) DEFAULT NULL,
  `expiry_date` datetime NOT NULL,
  PRIMARY KEY (`access_key_id`),
  KEY `access_keys_hash` (`key_hash`,`user_id`,`context`)
) ENGINE=InnoDB DEFAULT CHARSET=utf8;

--
-- Dumping data for table `access_keys`
--


--
-- Table structure for table `announcement_settings`
--

CREATE TABLE `announcement_settings` (
  `announcement_id` bigint(20) NOT NULL,
  `locale` varchar(14) NOT NULL DEFAULT '',
  `setting_name` varchar(255) NOT NULL,
  `setting_value` text DEFAULT NULL,
  `setting_type` varchar(6) NOT NULL,
  UNIQUE KEY `announcement_settings_pkey` (`announcement_id`,`locale`,`setting_name`),
  KEY `announcement_settings_announcement_id` (`announcement_id`)
) ENGINE=InnoDB DEFAULT CHARSET=utf8;

--
-- Dumping data for table `announcement_settings`
--


--
-- Table structure for table `announcement_type_settings`
--

CREATE TABLE `announcement_type_settings` (
  `type_id` bigint(20) NOT NULL,
  `locale` varchar(14) NOT NULL DEFAULT '',
  `setting_name` varchar(255) NOT NULL,
  `setting_value` text DEFAULT NULL,
  `setting_type` varchar(6) NOT NULL,
  UNIQUE KEY `announcement_type_settings_pkey` (`type_id`,`locale`,`setting_name`),
  KEY `announcement_type_settings_type_id` (`type_id`)
) ENGINE=InnoDB DEFAULT CHARSET=utf8;

--
-- Dumping data for table `announcement_type_settings`
--


--
-- Table structure for table `announcement_types`
--

CREATE TABLE `announcement_types` (
  `type_id` bigint(20) NOT NULL AUTO_INCREMENT,
  `assoc_type` bigint(20) NOT NULL,
  `assoc_id` bigint(20) NOT NULL,
  PRIMARY KEY (`type_id`),
  KEY `announcement_types_assoc` (`assoc_type`,`assoc_id`)
) ENGINE=InnoDB DEFAULT CHARSET=utf8;

--
-- Dumping data for table `announcement_types`
--


--
-- Table structure for table `announcements`
--

CREATE TABLE `announcements` (
  `announcement_id` bigint(20) NOT NULL AUTO_INCREMENT,
  `assoc_type` smallint(6) DEFAULT NULL,
  `assoc_id` bigint(20) NOT NULL,
  `type_id` bigint(20) DEFAULT NULL,
  `date_expire` date DEFAULT NULL,
  `date_posted` datetime NOT NULL,
  PRIMARY KEY (`announcement_id`),
  KEY `announcements_assoc` (`assoc_type`,`assoc_id`)
) ENGINE=InnoDB DEFAULT CHARSET=utf8;

--
-- Dumping data for table `announcements`
--


--
-- Table structure for table `auth_sources`
--

CREATE TABLE `auth_sources` (
  `auth_id` bigint(20) NOT NULL AUTO_INCREMENT,
  `title` varchar(60) NOT NULL,
  `plugin` varchar(32) NOT NULL,
  `auth_default` tinyint(4) NOT NULL DEFAULT 0,
  `settings` text DEFAULT NULL,
  PRIMARY KEY (`auth_id`)
) ENGINE=InnoDB DEFAULT CHARSET=utf8;

--
-- Dumping data for table `auth_sources`
--


--
-- Table structure for table `author_settings`
--

CREATE TABLE `author_settings` (
  `author_id` bigint(20) NOT NULL,
  `locale` varchar(14) NOT NULL DEFAULT '',
  `setting_name` varchar(255) NOT NULL,
  `setting_value` text DEFAULT NULL,
  UNIQUE KEY `author_settings_pkey` (`author_id`,`locale`,`setting_name`),
  KEY `author_settings_author_id` (`author_id`)
) ENGINE=InnoDB DEFAULT CHARSET=utf8;

--
-- Dumping data for table `author_settings`
--

INSERT INTO `author_settings` VALUES (1,'','country','ID'),(1,'','orcid',''),(1,'','url',''),(1,'en_US','affiliation','Medical Laboratory Technology Poltekkes Kemenkes Banjarmasin Indonesia'),(1,'en_US','biography',''),(1,'en_US','familyName','Sari'),(1,'en_US','givenName','Putri Mustika'),(2,'','country','ID'),(2,'','orcid',''),(2,'','url',''),(2,'en_US','affiliation','Medical Laboratory Technology Poltekkes Kemenkes Banjarmasin Indonesia'),(2,'en_US','biography',''),(2,'en_US','familyName','Susanti'),(2,'en_US','givenName','Yuli'),(6,'','country','ID'),(6,'','orcid',''),(6,'','url',''),(6,'en_US','affiliation','Balai Besar Tehnik Kesehatan Lingkungan dan Pengendalian Penyakit (BBTKLPP) Banjarbaru'),(6,'en_US','biography',''),(6,'en_US','familyName','Triyanti'),(6,'en_US','givenName','Arista'),(8,'','country','ID'),(8,'','orcid',''),(8,'','url',''),(8,'en_US','affiliation','Medical Laboratory Technology Poltekkes Kemenkes Banjarmasin Indonesia'),(8,'en_US','biography',''),(8,'en_US','familyName','Rifqoh'),(8,'en_US','givenName','Rifqoh'),(10,'','country','ID'),(10,'','orcid',''),(10,'','url',''),(10,'en_US','affiliation','Medical Laboratory Technology Poltekkes Kemenkes Banjarmasin Indonesia'),(10,'en_US','biography',''),(10,'en_US','familyName','Muhlisin'),(10,'en_US','givenName','Ahmad'),(11,'','country','ID'),(11,'','orcid',''),(11,'','url',''),(11,'en_US','affiliation','Medical Laboratory Technology Poltekkes Kemenkes Banjarmasin Indonesia'),(11,'en_US','biography',''),(11,'en_US','familyName','Widyati'),(11,'en_US','givenName','Ruri'),(13,'','country','ID'),(13,'','orcid',''),(13,'','url',''),(13,'en_US','affiliation','Medical Laboratory Technology Poltekkes Kemenkes Banjarmasin Indonesia'),(13,'en_US','biography',''),(13,'en_US','familyName','Oktiyani'),(13,'en_US','givenName','Neni'),(14,'','country','ID'),(14,'','orcid',''),(14,'','url',''),(14,'en_US','affiliation','Medical Laboratory Technology Poltekkes Kemenkes Banjarmasin Indonesia'),(14,'en_US','biography',''),(14,'en_US','familyName','Haitami'),(14,'en_US','givenName','Haitami'),(15,'','country','ID'),(15,'','orcid',''),(15,'','url',''),(15,'en_US','affiliation','Medical Laboratory Technology Poltekkes Kemenkes Banjarmasin Indonesia'),(15,'en_US','biography',''),(15,'en_US','familyName','Rifa\'i'),(15,'en_US','givenName','Ahmad'),(16,'','country','ID'),(16,'','orcid',''),(16,'','url',''),(16,'en_US','affiliation','Medical Laboratory Technology Poltekkes Kemenkes Banjarmasin Indonesia'),(16,'en_US','biography',''),(16,'en_US','familyName','Muhlisin'),(16,'en_US','givenName','Ahmad'),(19,'','country','ID'),(19,'','orcid',''),(19,'','url',''),(19,'en_US','affiliation','Medical Laboratory Technology Poltekkes Kemenkes Banjarmasin Indonesia'),(19,'en_US','biography',''),(19,'en_US','familyName','Dwiyanti'),(19,'en_US','givenName','Ratih Dewi'),(20,'','country','ID'),(20,'','orcid',''),(20,'','url',''),(20,'en_US','affiliation','Medical Laboratory Technology Poltekkes Kemenkes Banjarmasin Indonesia'),(20,'en_US','biography',''),(20,'en_US','familyName','Huda'),(20,'en_US','givenName','Nurul'),(21,'','country','ID'),(21,'','orcid',''),(21,'','url',''),(21,'en_US','affiliation','Medical Laboratory Technology Poltekkes Kemenkes Banjarmasin Indonesia'),(21,'en_US','biography',''),(21,'en_US','familyName','Dwiyanti'),(21,'en_US','givenName','Ratih Dewi'),(22,'','country','ID'),(22,'','orcid',''),(22,'','url',''),(22,'en_US','affiliation','Medical Laboratory Technology Poltekkes Kemenkes Banjarmasin Indonesia'),(22,'en_US','biography',''),(22,'en_US','familyName','Thuraidah'),(22,'en_US','givenName','Anny'),(23,'','country','ID'),(23,'','orcid',''),(23,'','url',''),(23,'en_US','affiliation','Medical Laboratory Technology Poltekkes Kemenkes Banjarmasin Indonesia'),(23,'en_US','biography',''),(23,'en_US','familyName','Sutiany'),(23,'en_US','givenName','Ayu'),(24,'','country','ID'),(24,'','orcid',''),(24,'','url',''),(24,'en_US','affiliation','Medical Laboratory Technology Poltekkes Kemenkes Banjarmasin Indonesia'),(24,'en_US','biography',''),(24,'en_US','familyName','Dwiyanti'),(24,'en_US','givenName','Ratih Dewi'),(25,'','country','ID'),(25,'','orcid',''),(25,'','url',''),(25,'en_US','affiliation','Medical Laboratory Technology Poltekkes Kemenkes Banjarmasin Indonesia'),(25,'en_US','biography',''),(25,'en_US','familyName','Oktiyani'),(25,'en_US','givenName','Neni'),(26,'','country','ID'),(26,'','orcid',''),(26,'','url',''),(26,'en_US','affiliation','Medical Laboratory Technology Poltekkes Kemenkes Banjarmasin Indonesia'),(26,'en_US','biography',''),(26,'en_US','familyName','Mahmudah'),(26,'en_US','givenName','Siti'),(27,'','country','ID'),(27,'','orcid',''),(27,'','url',''),(27,'en_US','affiliation','Medical Laboratory Technology Poltekkes Kemenkes Banjarmasin Indonesia'),(27,'en_US','biography',''),(27,'en_US','familyName','Muntaha'),(27,'en_US','givenName','Akhmad'),(28,'','country','ID'),(28,'','orcid',''),(28,'','url',''),(28,'en_US','affiliation','Medical Laboratory Technology Poltekkes Kemenkes Banjarmasin Indonesia'),(28,'en_US','biography',''),(28,'en_US','familyName','Muhlisin'),(28,'en_US','givenName','Ahmad'),(29,'','country','TR'),(29,'','orcid',''),(29,'','url',''),(29,'en_US','affiliation','KocaeliDerince Education and Research Hospital Department of Pediatric Surgery. Turkey'),(29,'en_US','biography',''),(29,'en_US','familyName','Baltrak'),(29,'en_US','givenName','Yusuf Atakan'),(30,'','country','ID'),(30,'','orcid',''),(30,'','url',''),(30,'en_US','affiliation','Medical Laboratory Technology Poltekkes Kemenkes Banjarmasin Indonesia'),(30,'en_US','biography',''),(30,'en_US','familyName','fahani'),(30,'en_US','givenName','Ayu'),(31,'','country','ID'),(31,'','orcid',''),(31,'','url',''),(31,'en_US','affiliation','Medical Laboratory Technology Poltekkes Kemenkes Banjarmasin Indonesia'),(31,'en_US','biography',''),(31,'en_US','familyName','Dwiyanti'),(31,'en_US','givenName','Ratih Dewi'),(32,'','country','ID'),(32,'','orcid',''),(32,'','url',''),(32,'en_US','affiliation','Medical Laboratory Technology Poltekkes Kemenkes Banjarmasin Indonesia'),(32,'en_US','biography',''),(32,'en_US','familyName','Muhlisin'),(32,'en_US','givenName','Ahmad'),(33,'','country','TR'),(33,'','orcid',''),(33,'','url',''),(33,'en_US','affiliation','Department of Pediatric Surgery, Kocaeli Derince Education and Research Hospital Kocaeli,Turkey'),(33,'en_US','biography',''),(33,'en_US','familyName','Baltrak'),(33,'en_US','givenName','Yusuf Atakan'),(35,'','country','TR'),(35,'','orcid',''),(35,'','url',''),(35,'en_US','affiliation','Department of Anatomy, Siirt University, Medical Faculty, İstanbul, Turkey'),(35,'en_US','biography',''),(35,'en_US','familyName','Bolatli'),(35,'en_US','givenName','Gunes'),(36,'','country','TR'),(36,'','orcid',''),(36,'','url',''),(36,'en_US','affiliation','Eskisehir Osmangazi University Hospital, Department of Pediatric Neurology Eskisehir, Turkey'),(36,'en_US','biography',''),(36,'en_US','familyName','Koçak'),(36,'en_US','givenName','Ozan'),(37,'','country','TR'),(37,'','orcid',''),(37,'','url',''),(37,'en_US','affiliation','Department of Anesthesia, University of Health Science, Konya Training and Research Hospital. Turkey'),(37,'en_US','biography',''),(37,'en_US','familyName','Tire'),(37,'en_US','givenName','Yasin'),(38,'','country','TR'),(38,'','orcid',''),(38,'','url',''),(38,'en_US','affiliation','Department of Anatomy, Selcuk University, Medical Faculty, Konya, Turkey'),(38,'en_US','biography',''),(38,'en_US','familyName','Dogan'),(38,'en_US','givenName','Nadire Unver'),(39,'','country','TR'),(39,'','orcid',''),(39,'','url',''),(39,'en_US','affiliation','Department of Anatomy, Selcuk University, Medical Faculty, Konya, Turkey'),(39,'en_US','biography',''),(39,'en_US','familyName','Fazliogullari'),(39,'en_US','givenName','Zeliha'),(40,'','country','TR'),(40,'','orcid',''),(40,'','url',''),(40,'en_US','affiliation','Department of Radiology, Medova Hospital, Konya, Turkey'),(40,'en_US','biography',''),(40,'en_US','familyName','Kivrak'),(40,'en_US','givenName','Ali Sami'),(41,'','country','TR'),(41,'','orcid',''),(41,'','url',''),(41,'en_US','affiliation','Department of Anatomy, Necmettin Erbakan University, Meram Medical Faculty, Konya, Turkey'),(41,'en_US','biography',''),(41,'en_US','familyName','Uysal'),(41,'en_US','givenName','Ismihan Ilknur'),(42,'','country','TR'),(42,'','orcid',''),(42,'','url',''),(42,'en_US','affiliation','Department of Anatomy, Selcuk University, Medical Faculty, Konya, Turkey'),(42,'en_US','biography',''),(42,'en_US','familyName','Karabulut'),(42,'en_US','givenName','Ahmet Kagan'),(43,'','country','TR'),(43,'','orcid',''),(43,'','url',''),(43,'en_US','affiliation','Department of Radiology, Selcuk University, Medical Faculty, Konya, Turkey'),(43,'en_US','biography',''),(43,'en_US','familyName','Paksoy'),(43,'en_US','givenName','Yahya'),(44,'','country','TR'),(44,'','orcid',''),(44,'','url',''),(44,'en_US','affiliation','Department of Anesthesia, University of Health Science, Konya Training and Research Hospital. Turkey'),(44,'en_US','biography',''),(44,'en_US','familyName','Aydoğan'),(44,'en_US','givenName','Eyüp'),(45,'','country','TR'),(45,'','orcid',''),(45,'','url',''),(45,'en_US','affiliation','Department of Anesthesia, University of Health Science, Konya Training and Research Hospital. Turkey'),(45,'en_US','biography',''),(45,'en_US','familyName','Celep'),(45,'en_US','givenName','Abdullah'),(46,'','country','TR'),(46,'','orcid',''),(46,'','url',''),(46,'en_US','affiliation','Department of Anesthesia, University of Health Science, Konya Training and Research Hospital. Turkey'),(46,'en_US','biography',''),(46,'en_US','familyName','Mermer'),(46,'en_US','givenName','Aydın'),(47,'','country','TR'),(47,'','orcid',''),(47,'','url',''),(47,'en_US','affiliation','Eskisehir Osmangazi University Hospital, Department of Pediatric Neurology, Eskisehir, Turkey'),(47,'en_US','biography',''),(47,'en_US','familyName','Carman'),(47,'en_US','givenName','Kursat Bora Carman Bora'),(48,'','country','TR'),(48,'','orcid',''),(48,'','url',''),(48,'en_US','affiliation','Eskisehir Osmangazi University Hospital, Department of Pediatric Neurology, Eskisehir, Turkey'),(48,'en_US','biography',''),(48,'en_US','familyName','Yarar'),(48,'en_US','givenName','Coskun'),(49,'','country','JP'),(49,'','orcid',''),(49,'','url',''),(49,'en_US','affiliation','Department of Human Genetics, Yokohama City University Graduate School of Medicine, Yokohama 236-0004, Japan'),(49,'en_US','biography',''),(49,'en_US','familyName','Kodera'),(49,'en_US','givenName','Hirofumi'),(50,'','country','JP'),(50,'','orcid',''),(50,'','url',''),(50,'en_US','affiliation','Department of Biochemistry, Hamamatsu University School of Medicine, Hamamatsu  431-3192, Japan'),(50,'en_US','biography',''),(50,'en_US','familyName','Saitsu'),(50,'en_US','givenName','Hirotomo'),(51,'','country','JP'),(51,'','orcid',''),(51,'','url',''),(51,'en_US','affiliation','Department of Human Genetics, Yokohama City University Graduate School of Medicine, Yokohama 236-0004, Japan'),(51,'en_US','biography',''),(51,'en_US','familyName','Matsumoto'),(51,'en_US','givenName','Naomichi'),(52,'','country','ID'),(52,'','orcid',''),(52,'','url',''),(52,'en_US','affiliation','Medical Laboratory Technology Poltekkes Kemenkes Banjarmasin Indonesia'),(52,'en_US','biography',''),(52,'en_US','familyName','Pratama'),(52,'en_US','givenName','Haris Nurdin'),(53,'','country','ID'),(53,'','orcid',''),(53,'','url',''),(53,'en_US','affiliation','Medical Laboratory Technology Poltekkes Kemenkes Banjarmasin Indonesia'),(53,'en_US','biography',''),(53,'en_US','familyName','Kusumawardhani'),(53,'en_US','givenName','Novina'),(54,'','country','ID'),(54,'','orcid',''),(54,'','url',''),(54,'en_US','affiliation','Medical Laboratory Technology Poltekkes Kemenkes Banjarmasin Indonesia'),(54,'en_US','biography',''),(54,'en_US','familyName','Thuraidah'),(54,'en_US','givenName','Anny'),(55,'','country','ID'),(55,'','orcid',''),(55,'','url',''),(55,'en_US','affiliation','Medical Laboratory Technology Poltekkes Kemenkes Banjarmasin Indonesia'),(55,'en_US','biography',''),(55,'en_US','familyName','Nurlailah'),(55,'en_US','givenName','Nurlailah'),(56,'','country','ID'),(56,'','orcid',''),(56,'','url',''),(56,'en_US','affiliation','Medical Laboratory Technology Poltekkes Kemenkes Banjarmasin Indonesia'),(56,'en_US','biography',''),(56,'en_US','familyName','Dwiyanti'),(56,'en_US','givenName','Ratih Dewi'),(57,'','country','TR'),(57,'','orcid',''),(57,'','url',''),(57,'en_US','affiliation','University of Health Sciences, Derince Training and Research Hospital, Pediatric Surgery Clinic, Turkey'),(57,'en_US','biography',''),(57,'en_US','familyName','Baltrak'),(57,'en_US','givenName','Yusuf Atakan'),(58,'','country','TR'),(58,'','orcid',''),(58,'','url',''),(58,'en_US','affiliation','Kocaeli University, Faculty of Medicine, Departments of Anatomy, Turkey'),(58,'en_US','biography',''),(58,'en_US','familyName','Medişoğlu'),(58,'en_US','givenName','M. Sabri'),(59,'','country','TR'),(59,'','orcid',''),(59,'','url',''),(59,'en_US','affiliation','Department of Pediatric Surgery, Kocaeli Derince Education and Research Hospital Kocaeli,Turkey'),(59,'en_US','biography',''),(59,'en_US','familyName','Sogut'),(59,'en_US','givenName','Seniha Esin'),(60,'','country','TR'),(60,'','orcid',''),(60,'','url',''),(60,'en_US','affiliation','Department of Pediatric Surgery, Kocaeli Derince Education and Research Hospital Kocaeli,Turkey'),(60,'en_US','biography',''),(60,'en_US','familyName','Varlikli'),(60,'en_US','givenName','Onursal'),(61,'','country','ID'),(61,'','orcid',''),(61,'','url',''),(61,'en_US','affiliation','Medical Laboratory Technology Poltekkes Kemenkes Banjarmasin Indonesia'),(61,'en_US','biography',''),(61,'en_US','familyName','Muhlisin'),(61,'en_US','givenName','Ahmad'),(62,'','country','TR'),(62,'','orcid',''),(62,'','url',''),(62,'en_US','affiliation','Prof. Dr. Ilhan Varank Research and Education Hospital, Endocrinology Department, Turkey'),(62,'en_US','biography',''),(62,'en_US','familyName','Karatas'),(62,'en_US','givenName','Savas'),(63,'','country','TR'),(63,'','orcid',''),(63,'','url',''),(63,'en_US','affiliation','Prof. Dr. Ilhan Varank Research and Education Hospital, Internal Medicine Department, Turkey'),(63,'en_US','biography',''),(63,'en_US','familyName','Işıklar'),(63,'en_US','givenName','Aysun'),(64,'','country','NG'),(64,'','orcid',''),(64,'en_US','affiliation','University of Nigeria Teaching Hospital, Ituku/Ozalla,Enugu'),(64,'en_US','familyName','Edelu'),(64,'en_US','givenName','Benedict Onyeka'),(65,'','country','NG'),(65,'','orcid',''),(65,'','url',''),(65,'en_US','affiliation','Enugu State University Teaching Hospital, Enugu Nigeria'),(65,'en_US','biography',''),(65,'en_US','familyName','Ndu'),(65,'en_US','givenName','Ikenna Kingsley'),(66,'','country','NG'),(66,'','orcid',''),(66,'','url',''),(66,'en_US','affiliation','Enugu State University Teaching Hospital, Enugu Nigeria'),(66,'en_US','biography',''),(66,'en_US','familyName','Asimadu'),(66,'en_US','givenName','Ifeoma N'),(67,'','country','NG'),(67,'','orcid',''),(67,'','url',''),(67,'en_US','affiliation','Enugu State University Teaching Hospital, Enugu Nigeria'),(67,'en_US','biography',''),(67,'en_US','familyName','Amadi'),(67,'en_US','givenName','Ogechukwu F'),(68,'','country','NG'),(68,'','orcid',''),(68,'','url',''),(68,'en_US','affiliation','Enugu State University Teaching Hospital, Enugu Nigeria'),(68,'en_US','biography',''),(68,'en_US','familyName','Nduagubam'),(68,'en_US','givenName','Obinna Chukwuebuka'),(69,'','country','NG'),(69,'','orcid',''),(69,'','url',''),(69,'en_US','affiliation','Enugu State University Teaching Hospital, Enugu Nigeria'),(69,'en_US','biography',''),(69,'en_US','familyName','Asinobi'),(69,'en_US','givenName','Isaac Nwabueze'),(70,'','country','NG'),(70,'','orcid',''),(70,'','url',''),(70,'en_US','affiliation','Enugu State University Teaching Hospital, Enugu Nigeria'),(70,'en_US','biography',''),(70,'en_US','familyName','Ekwochi'),(70,'en_US','givenName','Uchenna'),(71,'','country','NG'),(71,'','orcid',''),(71,'','url',''),(71,'en_US','affiliation','University of Nigeria Teaching Hospital, Ituku/Ozalla,Enugu'),(71,'en_US','biography',''),(71,'en_US','familyName','Edelu'),(71,'en_US','givenName','Benedict Onyeka'),(72,'','country','NG'),(72,'','orcid',''),(72,'','url',''),(72,'en_US','affiliation','Enugu State University Teaching Hospital, Enugu Nigeria'),(72,'en_US','biography',''),(72,'en_US','familyName','Ndu'),(72,'en_US','givenName','Ikenna Kingsley'),(73,'','country','NG'),(73,'','orcid',''),(73,'','url',''),(73,'en_US','affiliation','Enugu State University Teaching Hospital, Enugu Nigeria'),(73,'en_US','biography',''),(73,'en_US','familyName','Ndu'),(73,'en_US','givenName','Ikenna Kingsley'),(74,'','country','NG'),(74,'','orcid',''),(74,'','url',''),(74,'en_US','affiliation','University of Nigeria Teaching Hospital, Ituku/Ozalla,Enugu'),(74,'en_US','biography',''),(74,'en_US','familyName','Chikani'),(74,'en_US','givenName','Ugo Nnenna'),(75,'','country','NG'),(75,'','orcid',''),(75,'','url',''),(75,'en_US','affiliation','Enugu State University Teaching Hospital, Enugu Nigeria'),(75,'en_US','biography',''),(75,'en_US','familyName','Nduagubam'),(75,'en_US','givenName','Obinna Chukwuebuka'),(76,'','country','NG'),(76,'','orcid',''),(76,'','url',''),(76,'en_US','affiliation','University of Nigeria Teaching Hospital, Ituku/Ozalla,Enugu'),(76,'en_US','biography',''),(76,'en_US','familyName','Bisi-Onyemaechi'),(76,'en_US','givenName','Adaobi Ijeoma'),(77,'','country','NG'),(77,'','orcid',''),(77,'','url',''),(77,'en_US','affiliation','Enugu State University Teaching Hospital, Enugu Nigeria'),(77,'en_US','biography',''),(77,'en_US','familyName','Asinobi'),(77,'en_US','givenName','Isaac Nwabueze'),(78,'','country','NG'),(78,'','orcid',''),(78,'','url',''),(78,'en_US','affiliation','Enugu State University Teaching Hospital, Enugu Nigeria'),(78,'en_US','biography',''),(78,'en_US','familyName','Ekwochi'),(78,'en_US','givenName','Uchenna'),(79,'','country','NG'),(79,'','orcid',''),(79,'','url',''),(79,'en_US','affiliation','Enugu State University Teaching Hospital, Enugu Nigeria'),(79,'en_US','biography',''),(79,'en_US','familyName','Ekwochi'),(79,'en_US','givenName','Uchenna'),(80,'','country','ID'),(80,'','orcid',''),(80,'','url',''),(80,'en_US','affiliation','Medical Laboratory Technology Poltekkes Kemenkes Banjarmasin Indonesia'),(80,'en_US','biography',''),(80,'en_US','familyName','Anggraini'),(80,'en_US','givenName','Agnina Listya'),(83,'','country','BR'),(83,'','orcid',''),(83,'','url',''),(83,'en_US','affiliation','Faculdade de Medicina de São José do Rio Preto (FAMERP) Brasil'),(83,'en_US','biography',''),(83,'en_US','familyName','Souza'),(83,'en_US','givenName','Renato Ferneda de'),(84,'','country','BR'),(84,'','orcid',''),(84,'','url',''),(84,'en_US','affiliation','Faculdade de Medicina de São José do Rio Preto (FAMERP) Brasil'),(84,'en_US','biography',''),(84,'en_US','familyName','Rubio'),(84,'en_US','givenName','Fernando Gongora'),(85,'','country','TR'),(85,'','orcid',''),(85,'','url',''),(85,'en_US','affiliation','Kocaeli University, Faculty of Medicine, Departments of Anatomy, Turkey'),(85,'en_US','biography',''),(85,'en_US','familyName','Tuncay'),(85,'en_US','givenName','Çolak'),(86,'','country','TR'),(86,'','orcid',''),(86,'','url',''),(86,'en_US','affiliation','University of Health Sciences, Derince Training and Research Hospital, Radiology Clinic, Turkey'),(86,'en_US','biography',''),(86,'en_US','familyName','Ahmet'),(86,'en_US','givenName','Yalnız'),(87,'','country','TR'),(87,'','orcid',''),(87,'','url',''),(87,'en_US','affiliation','Kocaeli University, Faculty of Medicine, Departments of  Radiology, Turkey'),(87,'en_US','biography',''),(87,'en_US','familyName','İsa'),(87,'en_US','givenName','Çam'),(88,'','country','TR'),(88,'','orcid',''),(88,'','url',''),(88,'en_US','affiliation','Hitit University, Çorum Erol OLÇOK Training and Research Hospital, Gastroenterology Clinic, Turkey'),(88,'en_US','biography',''),(88,'en_US','familyName','Mesut'),(88,'en_US','givenName','Sezikli'),(89,'','country','ID'),(89,'','orcid',''),(89,'','url',''),(89,'en_US','affiliation','Medical Laboratory Technology Poltekkes Kemenkes Banjarmasin Indonesia'),(89,'en_US','biography',''),(89,'en_US','familyName','Dwiyanti'),(89,'en_US','givenName','Ratih Dewi'),(91,'','country','ID'),(91,'','orcid',''),(91,'','url',''),(91,'en_US','affiliation','Medical Laboratory Technology Poltekkes Kemenkes Banjarmasin Indonesia'),(91,'en_US','biography',''),(91,'en_US','familyName','Azmi'),(91,'en_US','givenName','Dini Aulia'),(92,'','country','ID'),(92,'','orcid',''),(92,'','url',''),(92,'en_US','affiliation','Medical Laboratory Technology Poltekkes Kemenkes Banjarmasin Indonesia'),(92,'en_US','biography',''),(92,'en_US','familyName','Nurlailah'),(92,'en_US','givenName','Nurlailah'),(93,'','country','ID'),(93,'','orcid',''),(93,'','url',''),(93,'en_US','affiliation','Medical Laboratory Technology Poltekkes Kemenkes Banjarmasin Indonesia'),(93,'en_US','biography',''),(93,'en_US','familyName','Dwiyanti'),(93,'en_US','givenName','Ratih Dewi'),(94,'','country','ID'),(94,'','orcid',''),(94,'','url',''),(94,'en_US','affiliation','Medical Laboratory Technology Poltekkes Kemenkes Banjarmasin Indonesia'),(94,'en_US','biography',''),(94,'en_US','familyName','Thuraidah'),(94,'en_US','givenName','Anny'),(95,'','country','ID'),(95,'','orcid',''),(95,'en_US','affiliation','Poltekkes Kemenkes Banjarmasin Indonesia'),(95,'en_US','familyName','fadia'),(95,'en_US','givenName','fadia'),(96,'','country','TR'),(96,'','orcid',''),(96,'en_US','affiliation','drdeniz'),(96,'en_US','familyName','İncaman'),(96,'en_US','givenName','Deniz'),(98,'','country','TR'),(98,'','orcid',''),(98,'','url',''),(98,'en_US','affiliation','Department of Obstetrics and Gynecology, Batman Maternity and Child Health Hospital, Batman, Turkey.'),(98,'en_US','biography',''),(98,'en_US','familyName','Okuyan'),(98,'en_US','givenName','Erhan'),(99,'','country','TR'),(99,'','orcid',''),(99,'','url',''),(99,'en_US','affiliation','Department of Perinatology, Baskent University School of Medicine, Ankara, Turkey.'),(99,'en_US','biography',''),(99,'en_US','familyName','Gunakan'),(99,'en_US','givenName','Emre'),(100,'','country','TR'),(100,'','orcid',''),(100,'','url',''),(100,'en_US','affiliation','Department of Perinatology, Baskent University  School of Medicine, Ankara, Turkey'),(100,'en_US','biography',''),(100,'en_US','familyName','Esin'),(100,'en_US','givenName','Sertaç'),(101,'','country','NG'),(101,'','orcid',''),(101,'','url',''),(101,'en_US','affiliation','Department of Human Anatomy, Faculty of Basic Medical Sciences, Cross River University of Technology, Nigeria.'),(101,'en_US','biography',''),(101,'en_US','familyName','Isaac'),(101,'en_US','givenName','Ubi Essien'),(102,'','country','SA'),(102,'','orcid',''),(102,'en_US','affiliation','ministry  of health'),(102,'en_US','familyName','sari'),(102,'en_US','givenName','sahar ali'),(103,'','country','SA'),(103,'','orcid',''),(103,'','url',''),(103,'en_US','affiliation',''),(103,'en_US','biography',''),(103,'en_US','familyName','Al-Khaldi'),(103,'en_US','givenName','Yahia'),(105,'','country','MY'),(105,'','orcid',''),(105,'en_US','affiliation','Universiti Sains Malaysia'),(105,'en_US','familyName','Hamzan'),(105,'en_US','givenName','Muhammad Izzuddin'),(106,'','country','ID'),(106,'','orcid',''),(106,'','url',''),(106,'en_US','affiliation','Majoring in Midwifery Poltekkes Kemenkes Banjarmasin Indonesia'),(106,'en_US','biography',''),(106,'en_US','familyName','Dewi'),(106,'en_US','givenName','Vonny Khresna'),(107,'','country','NG'),(107,'','orcid',''),(107,'','url',''),(107,'en_US','affiliation','Department of Human Anatomy, Faculty of Basic Medical Sciences, Cross River University of Technology, Nigeria.'),(107,'en_US','biography',''),(107,'en_US','familyName','Etim'),(107,'en_US','givenName','Kom-Abasi Daniel'),(108,'','country','NG'),(108,'','orcid',''),(108,'','url',''),(108,'en_US','affiliation','Department of Human Anatomy, College of Medical Sciences, University of Calabar, Nigeria.'),(108,'en_US','biography',''),(108,'en_US','familyName','Igiri'),(108,'en_US','givenName','Anozeng Oyono'),(111,'','country','TR'),(111,'','orcid',''),(111,'en_US','affiliation','Sakarya University Training and Research Hospital'),(111,'en_US','familyName','Durmuş'),(111,'en_US','givenName','Ensar'),(112,'','country','TR'),(112,'','orcid',''),(112,'en_US','affiliation','Sakarya University Training and Research Hospital'),(112,'en_US','familyName','Durmuş'),(112,'en_US','givenName','Ensar'),(113,'','country','TR'),(113,'','orcid',''),(113,'','url',''),(113,'en_US','affiliation','Istanbul Başakşehir Çam and Sakura City Hospital'),(113,'en_US','biography',''),(113,'en_US','familyName','Uluutku'),(113,'en_US','givenName','Gizem Berfin'),(114,'','country','TR'),(114,'','orcid',''),(114,'','url',''),(114,'en_US','affiliation',''),(114,'en_US','biography',''),(114,'en_US','familyName','Ergin'),(114,'en_US','givenName','Basak'),(115,'','country','TR'),(115,'','orcid',''),(115,'','url',''),(115,'en_US','affiliation',''),(115,'en_US','biography',''),(115,'en_US','familyName','Kale'),(115,'en_US','givenName','İbrahim'),(116,'','country','TR'),(116,'','orcid',''),(116,'','url',''),(116,'en_US','affiliation',''),(116,'en_US','biography',''),(116,'en_US','familyName','Bayık'),(116,'en_US','givenName','Rahime Nida'),(117,'','country','ID'),(117,'','orcid',''),(117,'en_US','affiliation','poltek bjm'),(117,'en_US','familyName','123'),(117,'en_US','givenName','tes123 tes'),(118,'','country','ID'),(118,'','orcid',''),(118,'','url',''),(118,'en_US','affiliation','Majoring in Midwifery Poltekkes Kemenkes Banjarmasin, Indonesia'),(118,'en_US','biography',''),(118,'en_US','familyName','Kirana'),(118,'en_US','givenName','Rita'),(119,'','country','ID'),(119,'','orcid',''),(119,'','url',''),(119,'en_US','affiliation','Majoring in Midwifery Poltekkes Kemenkes Banjarmasin Indonesia'),(119,'en_US','biography',''),(119,'en_US','familyName','Mukhtar'),(119,'en_US','givenName','Muhammad'),(120,'','country','ID'),(120,'','orcid',''),(120,'en_US','affiliation','Poltekkes Kemenkes Banjarmasin Indonesia'),(120,'en_US','familyName','fadia'),(120,'en_US','givenName','fadia');

--
-- Table structure for table `authors`
--

CREATE TABLE `authors` (
  `author_id` bigint(20) NOT NULL AUTO_INCREMENT,
  `seq` double NOT NULL DEFAULT 0,
  `email` varchar(90) NOT NULL,
  `user_group_id` bigint(20) DEFAULT NULL,
  `include_in_browse` tinyint(4) NOT NULL DEFAULT 1,
  `publication_id` bigint(20) NOT NULL,
  PRIMARY KEY (`author_id`),
  KEY `authors_publication_id` (`publication_id`)
) ENGINE=InnoDB AUTO_INCREMENT=121 DEFAULT CHARSET=utf8;

--
-- Dumping data for table `authors`
--

INSERT INTO `authors` VALUES (1,1,'putrim@gmail.com',14,1,1),(2,1,'yulisusanti@gmail.com',14,1,2),(6,1,'arista333@gmail.com',14,1,5),(8,2,'rifqohmayasin@gmail.com',14,1,5),(10,2,'muhlisin@gmail.com',14,1,1),(11,1,'ruriwidyati@gmail.com',14,1,4),(13,2,'neni78@gmail.com',14,1,4),(14,3,'haitami4@gmail.com',14,1,4),(15,1,'ahmadrifai@gmail.com',14,1,3),(16,2,'muhlisin@gmail.com',14,1,3),(19,2,'ratihdewi@gmail.com',14,1,2),(20,1,'nurulhuda@gmail.com',14,1,6),(21,2,'ratihdewi@gmail.com',14,1,6),(22,3,'annythura@gmail.com',14,1,6),(23,1,'ayusutiany@gmail.com',14,1,7),(24,2,'ratihdewi@gmail.com',14,1,7),(25,3,'nenioktiyani@gmail.com',14,1,7),(26,1,'mahmudahst@gmail.com',14,1,8),(27,2,'muntaha@gmail.com',14,1,8),(28,3,'muhlisin@gmail.com',14,1,8),(29,1,'yusufbaltrak@gmail.com',14,1,9),(30,1,'ayufahani@gmail.com',14,1,10),(31,2,'ratihdewi@gmail.com',14,1,10),(32,3,'muhlisin@gmail.com',14,1,10),(33,1,'dratakanbaltrak@gmail.com',14,1,11),(35,1,'gunesbolatli83@gmail.com',14,1,12),(36,1,'ozankocak79@gmail.com',14,1,13),(37,1,'dryasintire@hotmail.com',14,1,14),(38,2,'nadire@gmail.com',14,1,12),(39,3,'zeliha@gmail.com',14,1,12),(40,4,'alisami@gmail.com',14,1,12),(41,5,'ismilhan@gmail.com',14,1,12),(42,6,'kagan@gmail.com',14,1,12),(43,7,'yahyap@gmail.com',14,1,12),(44,2,'eyup@gmail.com',14,1,14),(45,3,'abdullahcelep@gmail.com',14,1,14),(46,4,'aydinm@gmail.com',14,1,14),(47,2,'kursan@gmail.com',14,1,13),(48,3,'coskun@gmail.com',14,1,13),(49,4,'hirofumi@gmail.com',14,1,13),(50,5,'hirotomo@gmail.com',14,1,13),(51,6,'naomichi@gmail.com',14,1,13),(52,1,'harisnurdin@gmail.com',14,1,15),(53,1,'novinakusuma@gmail.com',14,1,16),(54,2,'annythura@gmail.com',14,1,16),(55,3,'nurlailah@gmail.com',14,1,16),(56,2,'ratihdd@gmail.com',14,1,15),(57,6,'dratakanbaltrak@gmail.com',14,1,17),(58,1,'dratakanbaltrak@gmail.com',14,1,17),(59,2,'seniha@gmail.com',14,1,11),(60,3,'onursal@gmail.com',14,1,11),(61,3,'muhlisin@gmail.com',14,1,15),(62,1,'drsavaskaratas@yahoo.com',14,1,18),(63,2,'aysunisiklar@gmail.com',14,1,18),(64,3,'onyedelu@yahoo.com',14,1,19),(65,1,'ikennandu@gmail.com',14,1,19),(66,2,'ifeomaikojo@gmail.com',14,1,19),(67,5,'ogefranamadi@gmail.com',14,1,19),(68,4,'obinopunchus@yahoo.com',14,1,19),(69,6,'isaacasinobi@gmail.com',14,1,19),(70,7,'uekwochi@yahoo.co.uk',14,1,19),(71,7,'onyedelu@yahoo.com',14,1,20),(72,1,'ikennandu@gmail.com',14,1,20),(73,2,'ikennandu@gmail.com',14,1,20),(74,4,'ugochikani@yahoo.com',14,1,20),(75,5,'obinopunchus@yahoo.com',14,1,20),(76,6,'adaobi.bisi-onyemaechi@unn.edu.ng',14,1,20),(77,8,'isaacasinobi@gmail.com',14,1,20),(78,9,'uekwochi@gmail.com',14,1,20),(79,3,'uekwochi@gmail.com',14,1,20),(80,1,'agninalistya@gmail.com',14,1,21),(83,1,'refsouza@uol.com.br',14,1,23),(84,2,'fegorubio@gmail.com',14,1,23),(85,2,'colak@gmail.com',14,1,17),(86,3,'yalniz@gmail.com',14,1,17),(87,4,'camisa@gmail.com',14,1,17),(88,5,'sezikli@gmail.com',14,1,17),(89,3,'yanti@gmail.com',14,1,22),(91,1,'diniaulia@gmail.com',14,1,22),(92,2,'nurlailah28@gmail.com',14,1,22),(93,2,'yanti@gmail.com',14,1,21),(94,3,'annythura2014@gmail.com',14,1,21),(95,1,'fadiafadia@gmail.com',14,1,24),(96,1,'denizimgs@windowslive.com',14,1,25),(98,1,'dreo06@hotmail.com',14,1,26),(99,2,'emregunakan@gmail.com',14,1,26),(100,3,'rhnkyn@hotmail.com',14,1,26),(101,2,'isaacubi@crutech.edu.ng',14,1,27),(102,1,'dr.sari.s@hotmail.com',14,1,28),(103,2,'yahiammh@hotmail.com',14,1,28),(105,1,'drmizzud@gmail.com',14,1,29),(106,1,'vonnykhresna@gmail.com',14,1,30),(107,1,'komabasi@gmail.com',14,1,27),(108,3,'anozeng@gmail.com',14,1,27),(111,1,'muhalefet@hotmail.com',14,1,31),(112,1,'muhalefet@hotmail.com',14,1,32),(113,1,'berfinuluutku@yahoo.com',14,1,33),(114,2,'jenn1039@hotmail.com',14,1,33),(115,3,'dribakale@hotmail.com',14,1,33),(116,4,'drnidaergin@gmail.com',14,1,33),(117,1,'apinaga53@ymail.com',14,1,34),(118,2,'ritakirana@gmail.com',14,1,30),(119,3,'mmukhtar@gmail.com',14,1,30),(120,1,'fadiafadia@gmail.com',14,1,35);

--
-- Table structure for table `categories`
--

CREATE TABLE `categories` (
  `category_id` bigint(20) NOT NULL AUTO_INCREMENT,
  `context_id` bigint(20) NOT NULL,
  `parent_id` bigint(20) NOT NULL,
  `seq` bigint(20) DEFAULT NULL,
  `path` varchar(255) NOT NULL,
  `image` text DEFAULT NULL,
  PRIMARY KEY (`category_id`),
  UNIQUE KEY `category_path` (`context_id`,`path`),
  KEY `category_context_id` (`context_id`,`parent_id`)
) ENGINE=InnoDB DEFAULT CHARSET=latin1;

--
-- Dumping data for table `categories`
--


--
-- Table structure for table `category_settings`
--

CREATE TABLE `category_settings` (
  `category_id` bigint(20) NOT NULL,
  `locale` varchar(14) NOT NULL DEFAULT '',
  `setting_name` varchar(255) NOT NULL,
  `setting_value` text DEFAULT NULL,
  `setting_type` varchar(6) NOT NULL,
  UNIQUE KEY `category_settings_pkey` (`category_id`,`locale`,`setting_name`)
) ENGINE=InnoDB DEFAULT CHARSET=latin1;

--
-- Dumping data for table `category_settings`
--


--
-- Table structure for table `citation_settings`
--

CREATE TABLE `citation_settings` (
  `citation_id` bigint(20) NOT NULL,
  `locale` varchar(14) NOT NULL DEFAULT '',
  `setting_name` varchar(255) NOT NULL,
  `setting_value` text DEFAULT NULL,
  `setting_type` varchar(6) NOT NULL,
  UNIQUE KEY `citation_settings_pkey` (`citation_id`,`locale`,`setting_name`),
  KEY `citation_settings_citation_id` (`citation_id`)
) ENGINE=InnoDB DEFAULT CHARSET=utf8;

--
-- Dumping data for table `citation_settings`
--


--
-- Table structure for table `citations`
--

CREATE TABLE `citations` (
  `citation_id` bigint(20) NOT NULL AUTO_INCREMENT,
  `publication_id` bigint(20) NOT NULL DEFAULT 0,
  `raw_citation` text DEFAULT NULL,
  `seq` bigint(20) NOT NULL DEFAULT 0,
  PRIMARY KEY (`citation_id`),
  UNIQUE KEY `citations_publication_seq` (`publication_id`,`seq`),
  KEY `citations_publication` (`publication_id`)
) ENGINE=InnoDB DEFAULT CHARSET=utf8;

--
-- Dumping data for table `citations`
--


--
-- Table structure for table `completed_payments`
--

CREATE TABLE `completed_payments` (
  `completed_payment_id` bigint(20) NOT NULL AUTO_INCREMENT,
  `timestamp` datetime NOT NULL,
  `payment_type` bigint(20) NOT NULL,
  `context_id` bigint(20) NOT NULL,
  `user_id` bigint(20) DEFAULT NULL,
  `assoc_id` bigint(20) DEFAULT NULL,
  `amount` double NOT NULL,
  `currency_code_alpha` varchar(3) DEFAULT NULL,
  `payment_method_plugin_name` varchar(80) DEFAULT NULL,
  PRIMARY KEY (`completed_payment_id`)
) ENGINE=InnoDB DEFAULT CHARSET=utf8;

--
-- Dumping data for table `completed_payments`
--


--
-- Table structure for table `controlled_vocab_entries`
--

CREATE TABLE `controlled_vocab_entries` (
  `controlled_vocab_entry_id` bigint(20) NOT NULL AUTO_INCREMENT,
  `controlled_vocab_id` bigint(20) NOT NULL,
  `seq` double DEFAULT NULL,
  PRIMARY KEY (`controlled_vocab_entry_id`),
  KEY `controlled_vocab_entries_cv_id` (`controlled_vocab_id`,`seq`)
) ENGINE=InnoDB AUTO_INCREMENT=132 DEFAULT CHARSET=utf8;

--
-- Dumping data for table `controlled_vocab_entries`
--

INSERT INTO `controlled_vocab_entries` VALUES (1,1,1),(2,1,2),(3,1,3),(4,1,4),(5,1,5),(6,1,6),(7,1,7),(8,2,1),(9,2,2),(10,2,3),(11,2,4),(12,2,5),(13,2,6),(14,2,7),(15,3,1),(16,3,2),(17,3,3),(18,4,1),(19,4,2),(20,4,3),(21,4,4),(22,4,5),(23,4,6),(24,4,7),(25,5,1),(26,5,2),(27,5,3),(28,6,1),(29,6,2),(30,6,3),(31,6,4),(32,6,5),(33,6,6),(34,6,7),(35,6,8),(36,6,9),(37,6,10),(38,6,11),(39,6,12),(40,7,1),(41,7,2),(54,8,0),(57,8,0),(58,8,0),(78,8,0),(89,8,0),(101,8,0),(110,8,0),(112,8,0),(113,8,0),(114,8,0),(115,8,0),(116,8,0),(128,8,0),(129,8,0),(130,8,0),(131,8,0),(104,207,1),(107,295,1),(105,314,1),(49,368,1),(106,461,1),(75,831,1),(69,2974,1),(71,3018,1),(70,3906,1),(76,3960,1),(73,4577,1),(103,4961,1),(81,6447,1),(82,6701,1),(83,6701,2),(84,6701,3),(85,6701,4),(86,6701,5),(108,7276,1),(109,7289,1),(99,7404,1),(102,10377,1),(119,14097,1),(123,14422,1),(120,23318,1),(124,30832,1),(125,30832,2),(126,30832,3),(127,31287,1);

--
-- Table structure for table `controlled_vocab_entry_settings`
--

CREATE TABLE `controlled_vocab_entry_settings` (
  `controlled_vocab_entry_id` bigint(20) NOT NULL,
  `locale` varchar(14) NOT NULL DEFAULT '',
  `setting_name` varchar(255) NOT NULL,
  `setting_value` text DEFAULT NULL,
  `setting_type` varchar(6) NOT NULL,
  UNIQUE KEY `c_v_e_s_pkey` (`controlled_vocab_entry_id`,`locale`,`setting_name`),
  KEY `c_v_e_s_entry_id` (`controlled_vocab_entry_id`)
) ENGINE=InnoDB DEFAULT CHARSET=utf8;

--
-- Dumping data for table `controlled_vocab_entry_settings`
--

INSERT INTO `controlled_vocab_entry_settings` VALUES (1,'','name','journal','string'),(2,'','name','issue','string'),(3,'','name','article','string'),(4,'','name','proceeding','string'),(5,'','name','conference','string'),(6,'','name','preprint','string'),(7,'','name','unknown','string'),(8,'','name','book','string'),(9,'','name','bookitem','string'),(10,'','name','proceeding','string'),(11,'','name','conference','string'),(12,'','name','report','string'),(13,'','name','document','string'),(14,'','name','unknown','string'),(15,'','name','personal','string'),(16,'','name','corporate','string'),(17,'','name','conference','string'),(18,'','description','Author','string'),(18,'','name','aut','string'),(19,'','description','Contributor','string'),(19,'','name','ctb','string'),(20,'','description','Editor','string'),(20,'','name','edt','string'),(21,'','description','Illustrator','string'),(21,'','name','ill','string'),(22,'','description','Photographer','string'),(22,'','name','pht','string'),(23,'','description','Sponsor','string'),(23,'','name','spn','string'),(24,'','description','Translator','string'),(24,'','name','trl','string'),(25,'','name','multimedia','string'),(26,'','name','still image','string'),(27,'','name','text','string'),(28,'','name','article','string'),(29,'','name','book','string'),(30,'','name','conference publication','string'),(31,'','name','issue','string'),(32,'','name','journal','string'),(33,'','name','newspaper','string'),(34,'','name','picture','string'),(35,'','name','review','string'),(36,'','name','periodical','string'),(37,'','name','series','string'),(38,'','name','thesis','string'),(39,'','name','web site','string'),(40,'','name','electronic','string'),(41,'','name','print','string'),(49,'en_US','submissionKeyword','circumcision; newborn; plastic clamp','string'),(54,'','interest','Anatomy','string'),(57,'','interest','cardiac surgery','string'),(58,'','interest','Regional anesthesia','string'),(69,'en_US','submissionKeyword','hyoid; multi detector computed tomography; ossification; variation','string'),(70,'en_US','submissionKeyword','age; education; internet use; source of surgery information; source of anesthesia information','string'),(71,'en_US','submissionKeyword','COL4A1; COL4A2; perinatal stroke; congenital hemiplegia; cerebral palsy','string'),(73,'en_US','submissionKeyword','Citrus hystrix D.C; antibacterial; Staphylococcus aureus','string'),(75,'en_US','submissionKeyword','pilonidal sinus; sacrococcygeal region; Z-plasty; seroma','string'),(76,'en_US','submissionKeyword','basil powder; Malassezia furfur','string'),(78,'','interest','PEDIATRIC NEPHROLOGY','string'),(81,'en_US','submissionKeyword','ophthalmological; non-traumatic; coma, paediatric; Nigeria','string'),(82,'en_US','submissionKeyword','Diabetic Ketoacidosis','string'),(83,'en_US','submissionKeyword','Children','string'),(84,'en_US','submissionKeyword','Nigeria','string'),(85,'en_US','submissionKeyword','Prevalence','string'),(86,'en_US','submissionKeyword','Pattern','string'),(89,'','interest','Infectious Diseases','string'),(99,'en_US','submissionKeyword','Renal Tubular Dysfunction; Tenofovir; Antiretroviral Therapy; HIV','string'),(101,'','interest','Gynecologic Oncology','string'),(102,'en_US','submissionKeyword','Chromolaena odorata L.; Salmonella typhi; Staphylococcus aureus','string'),(103,'en_US','submissionKeyword','Biliary tract variations; choledochal diameter; choledochal stone','string'),(104,'en_US','submissionKeyword','cinnamon (Cinnamomum burmannii); Staphyloccocus aureus','string'),(105,'en_US','submissionKeyword','Escherichia coli; Dayak Onions (Eleutherine palmifolia (L.) Merr)','string'),(106,'en_US','submissionKeyword','snack food; Bacillus cereus','string'),(107,'en_US','submissionKeyword','rosella (Hibiscus sabdariffa L.); Salmonella typhi','string'),(108,'en_US','submissionKeyword','Garlic (Allium sativum L.); Staphylococcus aureus; Escherichia coli','string'),(109,'en_US','submissionKeyword','Centella asiatica (L.) Urban; Streptococcus pyogenes; Pseudomonas aeruginosa','string'),(110,'','interest','editorial board squad','string'),(112,'','interest','Gross and microscopic anatomy','string'),(113,'','interest','Neurobiology','string'),(114,'','interest','Histopathology','string'),(115,'','interest','Developmental and reproductive biology','string'),(116,'','interest','Biological/medical anthropology','string'),(119,'en_US','submissionKeyword','Coronavirus; Covid-19; pregnancy','string'),(120,'en_US','submissionKeyword','dynamic facial reanimation, free gracilis muscle transfer, facial nerve palsy, FGMT','string'),(123,'en_US','submissionKeyword','Psidium guajava; alteration; morphology; testis; folk medicine','string'),(124,'en_US','submissionKeyword','covid-19','string'),(125,'en_US','submissionKeyword','recurrence','string'),(126,'en_US','submissionKeyword','pandemic','string'),(127,'en_US','submissionKeyword','Key words: TSH,  insemination, infertility,','string'),(128,'','interest','health','string'),(129,'','interest','bacteriology','string'),(130,'','interest','Coffee and conversation','string'),(131,'','interest','sport','string');

--
-- Table structure for table `controlled_vocabs`
--

CREATE TABLE `controlled_vocabs` (
  `controlled_vocab_id` bigint(20) NOT NULL AUTO_INCREMENT,
  `symbolic` varchar(64) NOT NULL,
  `assoc_type` bigint(20) NOT NULL DEFAULT 0,
  `assoc_id` bigint(20) NOT NULL DEFAULT 0,
  PRIMARY KEY (`controlled_vocab_id`),
  UNIQUE KEY `controlled_vocab_symbolic` (`symbolic`,`assoc_type`,`assoc_id`)
) ENGINE=InnoDB AUTO_INCREMENT=36403 DEFAULT CHARSET=utf8;

--
-- Dumping data for table `controlled_vocabs`
--

INSERT INTO `controlled_vocabs` VALUES (8,'interest',0,0),(6,'mods34-genre-marcgt',0,0),(4,'mods34-name-role-roleTerms-marcrelator',0,0),(3,'mods34-name-types',0,0),(7,'mods34-physicalDescription-form-marcform',0,0),(5,'mods34-typeOfResource',0,0),(2,'openurl10-book-genres',0,0),(1,'openurl10-journal-genres',0,0),(17,'submissionAgency',1048588,1),(45,'submissionAgency',1048588,2),(76,'submissionAgency',1048588,3),(86,'submissionAgency',1048588,4),(96,'submissionAgency',1048588,5),(209,'submissionAgency',1048588,6),(297,'submissionAgency',1048588,7),(316,'submissionAgency',1048588,8),(370,'submissionAgency',1048588,9),(463,'submissionAgency',1048588,10),(833,'submissionAgency',1048588,11),(2976,'submissionAgency',1048588,12),(3020,'submissionAgency',1048588,13),(3908,'submissionAgency',1048588,14),(3962,'submissionAgency',1048588,15),(4579,'submissionAgency',1048588,16),(4963,'submissionAgency',1048588,17),(5245,'submissionAgency',1048588,18),(6449,'submissionAgency',1048588,19),(6703,'submissionAgency',1048588,20),(7278,'submissionAgency',1048588,21),(7291,'submissionAgency',1048588,22),(7406,'submissionAgency',1048588,23),(10379,'submissionAgency',1048588,24),(10405,'submissionAgency',1048588,25),(14099,'submissionAgency',1048588,26),(14424,'submissionAgency',1048588,27),(16961,'submissionAgency',1048588,28),(23320,'submissionAgency',1048588,29),(26789,'submissionAgency',1048588,30),(30834,'submissionAgency',1048588,31),(36397,'submissionAgency',1048588,32),(31289,'submissionAgency',1048588,33),(36402,'submissionAgency',1048588,34),(35998,'submissionAgency',1048588,35),(16,'submissionDiscipline',1048588,1),(44,'submissionDiscipline',1048588,2),(75,'submissionDiscipline',1048588,3),(85,'submissionDiscipline',1048588,4),(95,'submissionDiscipline',1048588,5),(208,'submissionDiscipline',1048588,6),(296,'submissionDiscipline',1048588,7),(315,'submissionDiscipline',1048588,8),(369,'submissionDiscipline',1048588,9),(462,'submissionDiscipline',1048588,10),(832,'submissionDiscipline',1048588,11),(2975,'submissionDiscipline',1048588,12),(3019,'submissionDiscipline',1048588,13),(3907,'submissionDiscipline',1048588,14),(3961,'submissionDiscipline',1048588,15),(4578,'submissionDiscipline',1048588,16),(4962,'submissionDiscipline',1048588,17),(5244,'submissionDiscipline',1048588,18),(6448,'submissionDiscipline',1048588,19),(6702,'submissionDiscipline',1048588,20),(7277,'submissionDiscipline',1048588,21),(7290,'submissionDiscipline',1048588,22),(7405,'submissionDiscipline',1048588,23),(10378,'submissionDiscipline',1048588,24),(10404,'submissionDiscipline',1048588,25),(14098,'submissionDiscipline',1048588,26),(14423,'submissionDiscipline',1048588,27),(16960,'submissionDiscipline',1048588,28),(23319,'submissionDiscipline',1048588,29),(26788,'submissionDiscipline',1048588,30),(30833,'submissionDiscipline',1048588,31),(36395,'submissionDiscipline',1048588,32),(31288,'submissionDiscipline',1048588,33),(36400,'submissionDiscipline',1048588,34),(35997,'submissionDiscipline',1048588,35),(15,'submissionKeyword',1048588,1),(43,'submissionKeyword',1048588,2),(74,'submissionKeyword',1048588,3),(84,'submissionKeyword',1048588,4),(94,'submissionKeyword',1048588,5),(207,'submissionKeyword',1048588,6),(295,'submissionKeyword',1048588,7),(314,'submissionKeyword',1048588,8),(368,'submissionKeyword',1048588,9),(461,'submissionKeyword',1048588,10),(831,'submissionKeyword',1048588,11),(2974,'submissionKeyword',1048588,12),(3018,'submissionKeyword',1048588,13),(3906,'submissionKeyword',1048588,14),(3960,'submissionKeyword',1048588,15),(4577,'submissionKeyword',1048588,16),(4961,'submissionKeyword',1048588,17),(5243,'submissionKeyword',1048588,18),(6447,'submissionKeyword',1048588,19),(6701,'submissionKeyword',1048588,20),(7276,'submissionKeyword',1048588,21),(7289,'submissionKeyword',1048588,22),(7404,'submissionKeyword',1048588,23),(10377,'submissionKeyword',1048588,24),(10403,'submissionKeyword',1048588,25),(14097,'submissionKeyword',1048588,26),(14422,'submissionKeyword',1048588,27),(16959,'submissionKeyword',1048588,28),(23318,'submissionKeyword',1048588,29),(26787,'submissionKeyword',1048588,30),(30832,'submissionKeyword',1048588,31),(36393,'submissionKeyword',1048588,32),(31287,'submissionKeyword',1048588,33),(36398,'submissionKeyword',1048588,34),(35996,'submissionKeyword',1048588,35),(18,'submissionLanguage',1048588,1),(46,'submissionLanguage',1048588,2),(77,'submissionLanguage',1048588,3),(87,'submissionLanguage',1048588,4),(97,'submissionLanguage',1048588,5),(210,'submissionLanguage',1048588,6),(298,'submissionLanguage',1048588,7),(317,'submissionLanguage',1048588,8),(371,'submissionLanguage',1048588,9),(464,'submissionLanguage',1048588,10),(834,'submissionLanguage',1048588,11),(2977,'submissionLanguage',1048588,12),(3021,'submissionLanguage',1048588,13),(3909,'submissionLanguage',1048588,14),(3963,'submissionLanguage',1048588,15),(4580,'submissionLanguage',1048588,16),(4964,'submissionLanguage',1048588,17),(5246,'submissionLanguage',1048588,18),(6450,'submissionLanguage',1048588,19),(6704,'submissionLanguage',1048588,20),(7279,'submissionLanguage',1048588,21),(7292,'submissionLanguage',1048588,22),(7407,'submissionLanguage',1048588,23),(10380,'submissionLanguage',1048588,24),(10406,'submissionLanguage',1048588,25),(14100,'submissionLanguage',1048588,26),(14425,'submissionLanguage',1048588,27),(16962,'submissionLanguage',1048588,28),(23321,'submissionLanguage',1048588,29),(26790,'submissionLanguage',1048588,30),(30835,'submissionLanguage',1048588,31),(36396,'submissionLanguage',1048588,32),(31290,'submissionLanguage',1048588,33),(36401,'submissionLanguage',1048588,34),(35999,'submissionLanguage',1048588,35),(14,'submissionSubject',1048588,1),(42,'submissionSubject',1048588,2),(73,'submissionSubject',1048588,3),(83,'submissionSubject',1048588,4),(93,'submissionSubject',1048588,5),(206,'submissionSubject',1048588,6),(294,'submissionSubject',1048588,7),(313,'submissionSubject',1048588,8),(367,'submissionSubject',1048588,9),(460,'submissionSubject',1048588,10),(830,'submissionSubject',1048588,11),(2973,'submissionSubject',1048588,12),(3017,'submissionSubject',1048588,13),(3905,'submissionSubject',1048588,14),(3959,'submissionSubject',1048588,15),(4576,'submissionSubject',1048588,16),(4960,'submissionSubject',1048588,17),(5242,'submissionSubject',1048588,18),(6446,'submissionSubject',1048588,19),(6700,'submissionSubject',1048588,20),(7275,'submissionSubject',1048588,21),(7288,'submissionSubject',1048588,22),(7403,'submissionSubject',1048588,23),(10376,'submissionSubject',1048588,24),(10402,'submissionSubject',1048588,25),(14096,'submissionSubject',1048588,26),(14421,'submissionSubject',1048588,27),(16958,'submissionSubject',1048588,28),(23317,'submissionSubject',1048588,29),(26786,'submissionSubject',1048588,30),(30831,'submissionSubject',1048588,31),(36394,'submissionSubject',1048588,32),(31286,'submissionSubject',1048588,33),(36399,'submissionSubject',1048588,34),(35995,'submissionSubject',1048588,35);

--
-- Table structure for table `custom_issue_orders`
--

CREATE TABLE `custom_issue_orders` (
  `issue_id` bigint(20) NOT NULL,
  `journal_id` bigint(20) NOT NULL,
  `seq` double NOT NULL DEFAULT 0,
  UNIQUE KEY `custom_issue_orders_pkey` (`issue_id`)
) ENGINE=InnoDB DEFAULT CHARSET=utf8;

--
-- Dumping data for table `custom_issue_orders`
--


--
-- Table structure for table `custom_section_orders`
--

CREATE TABLE `custom_section_orders` (
  `issue_id` bigint(20) NOT NULL,
  `section_id` bigint(20) NOT NULL,
  `seq` double NOT NULL DEFAULT 0,
  UNIQUE KEY `custom_section_orders_pkey` (`issue_id`,`section_id`)
) ENGINE=InnoDB DEFAULT CHARSET=utf8;

--
-- Dumping data for table `custom_section_orders`
--


--
-- Table structure for table `data_object_tombstone_oai_set_objects`
--

CREATE TABLE `data_object_tombstone_oai_set_objects` (
  `object_id` bigint(20) NOT NULL AUTO_INCREMENT,
  `tombstone_id` bigint(20) NOT NULL,
  `assoc_type` bigint(20) NOT NULL,
  `assoc_id` bigint(20) NOT NULL,
  PRIMARY KEY (`object_id`),
  KEY `data_object_tombstone_oai_set_objects_tombstone_id` (`tombstone_id`)
) ENGINE=InnoDB DEFAULT CHARSET=utf8;

--
-- Dumping data for table `data_object_tombstone_oai_set_objects`
--


--
-- Table structure for table `data_object_tombstone_settings`
--

CREATE TABLE `data_object_tombstone_settings` (
  `tombstone_id` bigint(20) NOT NULL,
  `locale` varchar(14) NOT NULL DEFAULT '',
  `setting_name` varchar(255) NOT NULL,
  `setting_value` text DEFAULT NULL,
  `setting_type` varchar(6) NOT NULL,
  UNIQUE KEY `data_object_tombstone_settings_pkey` (`tombstone_id`,`locale`,`setting_name`),
  KEY `data_object_tombstone_settings_tombstone_id` (`tombstone_id`)
) ENGINE=InnoDB DEFAULT CHARSET=utf8;

--
-- Dumping data for table `data_object_tombstone_settings`
--


--
-- Table structure for table `data_object_tombstones`
--

CREATE TABLE `data_object_tombstones` (
  `tombstone_id` bigint(20) NOT NULL AUTO_INCREMENT,
  `data_object_id` bigint(20) NOT NULL,
  `date_deleted` datetime NOT NULL,
  `set_spec` varchar(255) NOT NULL,
  `set_name` varchar(255) NOT NULL,
  `oai_identifier` varchar(255) NOT NULL,
  PRIMARY KEY (`tombstone_id`),
  KEY `data_object_tombstones_data_object_id` (`data_object_id`)
) ENGINE=InnoDB DEFAULT CHARSET=utf8;

--
-- Dumping data for table `data_object_tombstones`
--


--
-- Table structure for table `edit_decisions`
--

CREATE TABLE `edit_decisions` (
  `edit_decision_id` bigint(20) NOT NULL AUTO_INCREMENT,
  `submission_id` bigint(20) NOT NULL,
  `review_round_id` bigint(20) DEFAULT NULL,
  `stage_id` bigint(20) DEFAULT NULL,
  `round` tinyint(4) NOT NULL,
  `editor_id` bigint(20) NOT NULL,
  `decision` tinyint(4) NOT NULL,
  `date_decided` datetime NOT NULL,
  PRIMARY KEY (`edit_decision_id`),
  KEY `edit_decisions_submission_id` (`submission_id`),
  KEY `edit_decisions_editor_id` (`editor_id`)
) ENGINE=InnoDB AUTO_INCREMENT=143 DEFAULT CHARSET=utf8;

--
-- Dumping data for table `edit_decisions`
--

INSERT INTO `edit_decisions` VALUES (1,1,0,1,0,1,1,'2019-03-28 13:33:37'),(2,1,0,4,0,1,7,'2019-03-28 13:34:11'),(3,2,0,1,0,1,8,'2019-03-29 07:33:39'),(4,2,1,3,1,1,2,'2019-03-29 07:47:35'),(5,2,1,3,1,1,1,'2019-03-29 07:56:47'),(6,2,0,4,0,1,7,'2019-03-29 07:59:02'),(7,1,0,5,0,1,8,'2019-03-31 14:22:40'),(8,1,2,3,1,1,2,'2019-03-31 14:26:18'),(9,1,2,3,1,1,2,'2019-03-31 14:31:07'),(10,5,0,1,0,1,8,'2019-03-31 14:55:17'),(11,4,0,1,0,1,8,'2019-03-31 14:57:35'),(12,3,0,1,0,1,8,'2019-03-31 14:58:55'),(13,5,3,3,1,1,2,'2019-03-31 15:04:24'),(14,4,4,3,1,1,2,'2019-03-31 15:04:54'),(15,3,5,3,1,1,2,'2019-03-31 15:06:26'),(16,1,0,3,0,1,7,'2019-03-31 15:40:56'),(17,5,3,3,1,1,2,'2019-03-31 15:43:36'),(18,5,0,3,0,1,7,'2019-03-31 15:45:15'),(19,4,0,3,0,1,7,'2019-03-31 15:51:10'),(20,3,0,3,0,1,7,'2019-03-31 16:00:31'),(21,6,0,1,0,1,8,'2019-08-24 10:50:15'),(22,8,0,1,0,1,8,'2019-08-28 03:48:09'),(23,7,0,1,0,1,8,'2019-08-28 03:50:40'),(24,9,0,1,0,1,8,'2019-08-30 04:06:53'),(25,8,7,3,1,1,2,'2019-08-30 04:15:39'),(26,9,9,3,1,1,2,'2019-08-30 08:02:05'),(27,7,8,3,1,1,2,'2019-08-30 08:02:44'),(28,6,6,3,1,1,2,'2019-08-30 08:03:14'),(29,9,9,3,1,1,2,'2019-08-30 12:11:53'),(30,8,7,3,1,1,2,'2019-08-30 12:12:31'),(31,7,8,3,1,1,2,'2019-08-30 12:13:14'),(32,6,6,3,1,1,2,'2019-08-30 12:13:46'),(33,9,9,3,1,1,12,'2019-08-30 12:17:19'),(34,8,7,3,1,1,11,'2019-08-30 12:29:52'),(35,8,7,3,1,1,1,'2019-08-30 12:31:43'),(36,7,8,3,1,12,11,'2019-08-30 12:37:22'),(37,6,6,3,1,1,1,'2019-08-30 12:39:15'),(38,9,9,3,1,1,1,'2019-08-30 12:43:35'),(39,7,8,3,1,1,1,'2019-08-30 12:44:41'),(40,10,0,1,0,12,8,'2019-08-31 08:35:02'),(41,10,10,3,1,1,12,'2019-08-31 08:39:23'),(42,10,10,3,1,1,2,'2019-08-31 08:39:46'),(43,10,10,3,1,1,11,'2019-08-31 08:42:18'),(44,10,10,3,1,1,1,'2019-08-31 08:42:33'),(45,10,0,4,0,12,7,'2019-08-31 13:10:41'),(46,7,0,4,0,12,7,'2019-08-31 13:22:03'),(47,9,0,4,0,1,7,'2019-08-31 13:30:49'),(48,8,0,4,0,1,7,'2019-08-31 13:35:54'),(49,6,0,4,0,1,7,'2019-08-31 13:40:22'),(50,14,0,1,0,1,8,'2020-02-04 11:15:08'),(51,13,0,1,0,1,8,'2020-02-04 11:17:42'),(52,14,11,3,1,1,12,'2020-02-04 13:20:12'),(53,13,12,3,1,1,12,'2020-02-04 13:20:54'),(54,14,11,3,1,1,12,'2020-02-12 07:50:07'),(55,13,12,3,1,1,12,'2020-02-12 07:51:20'),(56,13,12,3,1,1,11,'2020-02-17 13:37:17'),(57,13,12,3,1,1,12,'2020-02-18 22:56:35'),(58,11,0,1,0,1,8,'2020-02-19 07:14:39'),(59,15,0,1,0,1,8,'2020-02-19 07:18:04'),(60,15,14,3,1,1,12,'2020-02-19 07:24:47'),(61,13,12,3,1,5,2,'2020-02-19 08:56:55'),(62,14,11,3,1,29,2,'2020-02-19 09:12:24'),(63,15,14,3,1,5,2,'2020-02-19 09:45:34'),(64,15,14,3,1,5,2,'2020-02-19 09:46:07'),(65,11,13,3,1,5,2,'2020-02-19 09:48:20'),(66,14,11,3,1,5,2,'2020-02-19 09:51:33'),(67,11,13,3,1,1,12,'2020-02-24 10:49:53'),(68,15,14,3,1,1,11,'2020-02-27 10:01:49'),(69,15,0,3,0,1,7,'2020-02-27 10:02:37'),(70,13,12,3,1,1,11,'2020-02-27 10:06:30'),(71,13,0,3,0,1,7,'2020-02-27 10:07:02'),(72,14,11,3,1,1,11,'2020-02-28 07:55:54'),(73,14,0,3,0,1,7,'2020-02-28 07:56:30'),(74,16,0,1,0,1,8,'2020-03-07 09:32:17'),(75,17,0,1,0,1,8,'2020-03-19 09:23:58'),(76,17,16,3,1,1,2,'2020-03-19 10:38:09'),(77,16,15,3,1,15,2,'2020-03-19 13:49:18'),(78,16,15,3,1,1,1,'2020-03-19 14:42:10'),(79,17,16,3,1,1,1,'2020-03-25 07:39:48'),(80,17,0,4,0,1,7,'2020-03-25 09:21:51'),(81,16,0,4,0,1,7,'2020-03-25 09:24:31'),(82,11,13,3,1,1,11,'2020-03-27 07:16:08'),(83,11,13,3,1,5,1,'2020-03-27 07:17:39'),(84,11,0,4,0,1,7,'2020-03-27 10:33:16'),(86,19,0,1,0,1,8,'2020-04-06 05:49:39'),(89,19,18,3,1,1,2,'2020-04-25 10:00:37'),(91,19,18,3,1,1,2,'2020-04-25 11:12:33'),(92,19,18,3,1,1,1,'2020-05-03 07:33:04'),(93,19,0,4,0,1,7,'2020-05-03 07:33:38'),(94,20,0,1,0,1,8,'2020-05-26 14:00:51'),(95,20,19,3,1,1,2,'2020-05-27 09:37:06'),(96,20,19,3,1,1,2,'2020-05-27 10:07:25'),(97,20,19,3,1,1,1,'2020-06-10 15:45:43'),(98,20,0,4,0,1,7,'2020-06-10 15:47:35'),(99,18,0,1,0,1,8,'2020-07-13 09:35:48'),(100,18,20,3,1,16,2,'2020-07-13 09:48:14'),(101,18,20,3,1,1,2,'2020-07-13 16:30:30'),(102,21,0,1,0,1,8,'2020-07-15 08:41:53'),(103,21,21,3,1,1,2,'2020-07-21 20:48:27'),(104,23,0,1,0,1,8,'2020-07-26 09:56:47'),(105,22,0,1,0,1,8,'2020-07-26 09:59:27'),(106,23,22,3,1,1,2,'2020-07-28 07:27:42'),(107,22,23,3,1,1,2,'2020-07-28 07:28:31'),(108,18,20,3,1,1,1,'2020-07-28 07:29:51'),(109,18,0,4,0,1,7,'2020-07-28 07:30:12'),(110,23,22,3,1,1,1,'2020-07-29 07:27:23'),(111,22,23,3,1,1,1,'2020-07-29 07:28:08'),(112,24,0,1,0,1,8,'2020-08-13 10:43:37'),(113,24,24,3,1,1,2,'2020-08-15 09:39:43'),(114,24,24,3,1,1,1,'2020-08-20 13:54:30'),(115,24,0,4,0,1,7,'2020-08-20 13:55:01'),(116,22,0,4,0,1,7,'2020-08-24 15:52:28'),(117,23,0,4,0,1,7,'2020-08-24 15:54:17'),(118,25,0,1,0,1,8,'2020-09-11 05:01:26'),(119,26,0,1,0,1,8,'2020-09-28 06:07:08'),(120,25,0,1,0,1,9,'2020-09-28 06:23:29'),(121,26,26,3,1,1,2,'2020-10-07 11:26:24'),(122,28,0,1,0,1,8,'2020-10-09 07:46:37'),(123,29,0,1,0,1,8,'2020-10-09 07:48:53'),(124,28,27,3,1,1,2,'2020-10-15 10:26:04'),(125,29,28,3,1,1,2,'2020-10-17 07:46:58'),(126,30,0,1,0,1,8,'2020-10-29 08:28:55'),(127,30,29,3,1,1,2,'2020-11-07 15:49:40'),(128,21,21,3,1,1,1,'2020-11-14 13:42:10'),(129,28,27,3,1,1,1,'2020-11-14 13:43:15'),(130,28,0,4,0,1,7,'2020-11-14 13:44:05'),(131,29,28,3,1,1,1,'2020-11-14 13:45:18'),(132,33,0,1,0,1,8,'2021-01-02 05:44:33'),(133,32,0,1,0,1,8,'2021-01-02 05:49:28'),(134,29,0,4,0,1,7,'2021-01-02 06:11:22'),(135,33,30,3,1,1,2,'2021-01-03 17:26:18'),(136,32,31,3,1,1,2,'2021-01-04 17:09:15'),(137,38,0,1,0,1,8,'2021-02-06 11:34:28'),(138,38,32,3,1,1,2,'2021-02-10 14:37:00'),(139,33,30,3,1,1,1,'2021-02-19 11:41:29'),(140,33,0,4,0,1,7,'2021-02-19 11:42:40'),(141,38,32,3,1,1,1,'2021-02-20 10:16:33'),(142,32,31,3,1,1,1,'2021-02-20 10:17:09');

--
-- Table structure for table `email_log`
--

CREATE TABLE `email_log` (
  `log_id` bigint(20) NOT NULL AUTO_INCREMENT,
  `assoc_type` bigint(20) NOT NULL,
  `assoc_id` bigint(20) NOT NULL,
  `sender_id` bigint(20) NOT NULL,
  `date_sent` datetime NOT NULL,
  `event_type` bigint(20) DEFAULT NULL,
  `from_address` varchar(255) DEFAULT NULL,
  `recipients` text DEFAULT NULL,
  `cc_recipients` text DEFAULT NULL,
  `bcc_recipients` text DEFAULT NULL,
  `subject` varchar(255) DEFAULT NULL,
  `body` text DEFAULT NULL,
  PRIMARY KEY (`log_id`),
  KEY `email_log_assoc` (`assoc_type`,`assoc_id`)
) ENGINE=InnoDB DEFAULT CHARSET=utf8;

--
-- Dumping data for table `email_log`
--


--
-- Table structure for table `email_log_users`
--

CREATE TABLE `email_log_users` (
  `email_log_id` bigint(20) NOT NULL,
  `user_id` bigint(20) NOT NULL,
  UNIQUE KEY `email_log_user_id` (`email_log_id`,`user_id`)
) ENGINE=InnoDB DEFAULT CHARSET=utf8;

--
-- Dumping data for table `email_log_users`
--


--
-- Table structure for table `email_templates`
--

CREATE TABLE `email_templates` (
  `email_id` bigint(20) NOT NULL AUTO_INCREMENT,
  `email_key` varchar(64) NOT NULL,
  `enabled` tinyint(4) NOT NULL DEFAULT 1,
  `context_id` bigint(20) NOT NULL DEFAULT 0,
  PRIMARY KEY (`email_id`),
  UNIQUE KEY `email_templates_email_key` (`email_key`,`context_id`)
) ENGINE=InnoDB DEFAULT CHARSET=utf8;

--
-- Dumping data for table `email_templates`
--


--
-- Table structure for table `email_templates_default`
--

CREATE TABLE `email_templates_default` (
  `email_id` bigint(20) NOT NULL AUTO_INCREMENT,
  `email_key` varchar(64) NOT NULL,
  `can_disable` tinyint(4) NOT NULL DEFAULT 1,
  `can_edit` tinyint(4) NOT NULL DEFAULT 1,
  `from_role_id` bigint(20) DEFAULT NULL,
  `to_role_id` bigint(20) DEFAULT NULL,
  `stage_id` bigint(20) DEFAULT NULL,
  PRIMARY KEY (`email_id`),
  KEY `email_templates_default_email_key` (`email_key`)
) ENGINE=InnoDB AUTO_INCREMENT=60 DEFAULT CHARSET=utf8;

--
-- Dumping data for table `email_templates_default`
--

INSERT INTO `email_templates_default` VALUES (1,'NOTIFICATION',0,1,NULL,NULL,NULL),(2,'NOTIFICATION_CENTER_DEFAULT',0,1,NULL,NULL,NULL),(3,'PASSWORD_RESET_CONFIRM',0,1,NULL,NULL,NULL),(4,'PASSWORD_RESET',0,1,NULL,NULL,NULL),(5,'USER_REGISTER',0,1,NULL,NULL,NULL),(6,'USER_VALIDATE',0,1,NULL,NULL,NULL),(7,'REVIEWER_REGISTER',0,1,NULL,NULL,NULL),(8,'PUBLISH_NOTIFY',0,1,NULL,NULL,NULL),(9,'LOCKSS_EXISTING_ARCHIVE',0,1,NULL,NULL,NULL),(10,'LOCKSS_NEW_ARCHIVE',0,1,NULL,NULL,NULL),(11,'SUBMISSION_ACK',1,1,NULL,65536,1),(12,'SUBMISSION_ACK_NOT_USER',1,1,NULL,65536,1),(13,'EDITOR_ASSIGN',1,1,16,16,1),(14,'REVIEW_CANCEL',1,1,16,4096,3),(15,'REVIEW_REQUEST',1,1,16,4096,3),(16,'REVIEW_REQUEST_SUBSEQUENT',1,1,16,4096,3),(17,'REVIEW_REQUEST_ONECLICK',1,1,16,4096,3),(18,'REVIEW_REQUEST_ONECLICK_SUBSEQUENT',1,1,16,4096,3),(19,'REVIEW_REQUEST_ATTACHED',0,1,16,4096,3),(20,'REVIEW_REQUEST_ATTACHED_SUBSEQUENT',0,1,16,4096,3),(21,'REVIEW_REQUEST_REMIND_AUTO',0,1,NULL,4096,3),(22,'REVIEW_REQUEST_REMIND_AUTO_ONECLICK',0,1,NULL,4096,3),(23,'REVIEW_CONFIRM',1,1,4096,16,3),(24,'REVIEW_DECLINE',1,1,4096,16,3),(25,'REVIEW_ACK',1,1,16,4096,3),(26,'REVIEW_REMIND',0,1,16,4096,3),(27,'REVIEW_REMIND_AUTO',0,1,NULL,4096,3),(28,'REVIEW_REMIND_ONECLICK',0,1,16,4096,3),(29,'REVIEW_REMIND_AUTO_ONECLICK',0,1,NULL,4096,3),(30,'EDITOR_DECISION_ACCEPT',0,1,16,65536,3),(31,'EDITOR_DECISION_SEND_TO_EXTERNAL',0,1,16,65536,3),(32,'EDITOR_DECISION_SEND_TO_PRODUCTION',0,1,16,65536,5),(33,'EDITOR_DECISION_REVISIONS',0,1,16,65536,3),(34,'EDITOR_DECISION_RESUBMIT',0,1,16,65536,3),(35,'EDITOR_DECISION_DECLINE',0,1,16,65536,3),(36,'EDITOR_DECISION_INITIAL_DECLINE',0,1,16,65536,1),(37,'EDITOR_RECOMMENDATION',0,1,16,16,3),(38,'COPYEDIT_REQUEST',1,1,16,4097,4),(39,'LAYOUT_REQUEST',1,1,16,4097,5),(40,'LAYOUT_COMPLETE',1,1,4097,16,5),(41,'EMAIL_LINK',0,1,1048576,NULL,NULL),(42,'SUBSCRIPTION_NOTIFY',0,1,NULL,1048576,NULL),(43,'OPEN_ACCESS_NOTIFY',0,1,NULL,1048576,NULL),(44,'SUBSCRIPTION_BEFORE_EXPIRY',0,1,NULL,1048576,NULL),(45,'SUBSCRIPTION_AFTER_EXPIRY',0,1,NULL,1048576,NULL),(46,'SUBSCRIPTION_AFTER_EXPIRY_LAST',0,1,NULL,1048576,NULL),(47,'SUBSCRIPTION_PURCHASE_INDL',0,1,NULL,2097152,NULL),(48,'SUBSCRIPTION_PURCHASE_INSTL',0,1,NULL,2097152,NULL),(49,'SUBSCRIPTION_RENEW_INDL',0,1,NULL,2097152,NULL),(50,'SUBSCRIPTION_RENEW_INSTL',0,1,NULL,2097152,NULL),(51,'CITATION_EDITOR_AUTHOR_QUERY',0,1,NULL,NULL,4),(52,'REVISED_VERSION_NOTIFY',0,1,NULL,16,3),(53,'ORCID_COLLECT_AUTHOR_ID',0,1,NULL,NULL,NULL),(54,'MANUAL_PAYMENT_NOTIFICATION',0,1,NULL,NULL,NULL),(55,'PAYPAL_INVESTIGATE_PAYMENT',0,1,NULL,NULL,NULL),(56,'REVIEW_REINSTATE',1,1,16,4096,3),(57,'STATISTICS_REPORT_NOTIFICATION',1,1,16,17,NULL),(58,'ANNOUNCEMENT',0,1,16,1048576,NULL),(59,'ORCID_REQUEST_AUTHOR_AUTHORIZATION',0,1,NULL,NULL,NULL);

--
-- Table structure for table `email_templates_default_data`
--

CREATE TABLE `email_templates_default_data` (
  `email_key` varchar(64) NOT NULL,
  `locale` varchar(14) NOT NULL DEFAULT 'en_US',
  `subject` varchar(120) NOT NULL,
  `body` text DEFAULT NULL,
  `description` text DEFAULT NULL,
  UNIQUE KEY `email_templates_default_data_pkey` (`email_key`,`locale`)
) ENGINE=InnoDB DEFAULT CHARSET=utf8;

--
-- Dumping data for table `email_templates_default_data`
--



--
-- Table structure for table `email_templates_settings`
--

CREATE TABLE `email_templates_settings` (
  `email_id` bigint(20) NOT NULL,
  `locale` varchar(14) NOT NULL DEFAULT '',
  `setting_name` varchar(255) NOT NULL,
  `setting_value` text DEFAULT NULL,
  UNIQUE KEY `email_settings_pkey` (`email_id`,`locale`,`setting_name`),
  KEY `email_settings_email_id` (`email_id`)
) ENGINE=InnoDB DEFAULT CHARSET=latin1;

--
-- Dumping data for table `email_templates_settings`
--


--
-- Table structure for table `event_log`
--

CREATE TABLE `event_log` (
  `log_id` bigint(20) NOT NULL AUTO_INCREMENT,
  `assoc_type` bigint(20) NOT NULL,
  `assoc_id` bigint(20) NOT NULL,
  `user_id` bigint(20) NOT NULL,
  `date_logged` datetime NOT NULL,
  `event_type` bigint(20) DEFAULT NULL,
  `message` text DEFAULT NULL,
  `is_translated` tinyint(4) DEFAULT NULL,
  PRIMARY KEY (`log_id`),
  KEY `event_log_assoc` (`assoc_type`,`assoc_id`)
) ENGINE=InnoDB AUTO_INCREMENT=818 DEFAULT CHARSET=utf8;

--
-- Dumping data for table `event_log`
--

INSERT INTO `event_log` VALUES (1,515,1,2,'2019-03-28 12:36:50',1342177281,'submission.event.fileUploaded',0),(2,1048585,1,2,'2019-03-28 12:36:58',1342177281,'submission.event.fileUploaded',0),(3,1048585,1,2,'2019-03-28 12:38:10',268435457,'submission.event.submissionSubmitted',0),(4,1048585,1,1,'2019-03-28 12:47:58',268435459,'submission.event.participantAdded',0),(5,1048585,1,1,'2019-03-28 13:33:00',268435459,'submission.event.participantAdded',0),(6,1048585,1,1,'2019-03-28 13:33:38',805306371,'log.editor.decision',0),(7,1048585,1,1,'2019-03-28 13:34:11',805306371,'log.editor.decision',0),(8,515,4,7,'2019-03-29 07:26:56',1342177281,'submission.event.fileUploaded',0),(9,1048585,2,7,'2019-03-29 07:27:03',1342177281,'submission.event.fileUploaded',0),(10,1048585,2,7,'2019-03-29 07:30:45',268435457,'submission.event.submissionSubmitted',0),(11,1048585,2,1,'2019-03-29 07:31:55',268435459,'submission.event.participantAdded',0),(12,1048585,2,1,'2019-03-29 07:33:39',805306371,'log.editor.decision',0),(13,1048585,2,1,'2019-03-29 07:35:22',1073741825,'log.review.reviewerAssigned',0),(14,1048585,2,6,'2019-03-29 07:38:08',1073741830,'log.review.reviewAccepted',0),(15,515,6,6,'2019-03-29 07:39:18',1342177281,'submission.event.fileUploaded',0),(16,1048585,2,6,'2019-03-29 07:39:24',1342177281,'submission.event.fileUploaded',0),(17,1048585,2,1,'2019-03-29 07:47:35',805306371,'log.editor.decision',0),(18,515,7,7,'2019-03-29 07:50:22',1342177281,'submission.event.fileUploaded',0),(19,1048585,2,7,'2019-03-29 07:50:30',1342177281,'submission.event.fileUploaded',0),(20,1048585,2,1,'2019-03-29 07:56:47',805306371,'log.editor.decision',0),(21,1048585,2,1,'2019-03-29 07:59:02',805306371,'log.editor.decision',0),(22,515,11,1,'2019-03-29 08:00:41',1342177281,'submission.event.fileUploaded',0),(23,1048585,2,1,'2019-03-29 08:00:47',1342177281,'submission.event.fileUploaded',0),(24,1048585,2,1,'2019-03-29 08:02:40',268435464,'submission.event.issueMetadataUpdated',0),(25,1048585,2,1,'2019-03-29 08:03:24',268435464,'submission.event.issueMetadataUpdated',0),(26,1048585,2,1,'2019-03-29 08:05:32',268435464,'submission.event.issueMetadataUpdated',0),(27,515,12,1,'2019-03-31 14:18:29',1342177281,'submission.event.fileUploaded',0),(28,1048585,2,1,'2019-03-31 14:18:38',1342177281,'submission.event.fileUploaded',0),(29,1048585,2,1,'2019-03-31 14:20:30',268435464,'submission.event.issueMetadataUpdated',0),(30,1048585,2,1,'2019-03-31 14:21:12',268435458,'submission.event.general.metadataUpdated',0),(31,1048585,1,1,'2019-03-31 14:22:40',805306371,'log.editor.decision',0),(32,1048585,1,1,'2019-03-31 14:23:28',1073741825,'log.review.reviewerAssigned',0),(33,1048585,1,6,'2019-03-31 14:24:34',1073741830,'log.review.reviewAccepted',0),(34,515,14,6,'2019-03-31 14:25:05',1342177281,'submission.event.fileUploaded',0),(35,1048585,1,6,'2019-03-31 14:25:10',1342177281,'submission.event.fileUploaded',0),(36,1048585,1,1,'2019-03-31 14:26:18',805306371,'log.editor.decision',0),(37,515,15,2,'2019-03-31 14:27:41',1342177281,'submission.event.fileUploaded',0),(38,1048585,1,2,'2019-03-31 14:27:46',1342177281,'submission.event.fileUploaded',0),(39,515,16,7,'2019-03-31 14:29:15',1342177281,'submission.event.fileUploaded',0),(40,1048585,2,7,'2019-03-31 14:29:24',1342177288,'submission.event.fileRevised',0),(41,1048585,1,1,'2019-03-31 14:31:07',805306371,'log.editor.decision',0),(42,515,17,1,'2019-03-31 14:32:26',1342177281,'submission.event.fileUploaded',0),(43,1048585,1,1,'2019-03-31 14:32:30',1342177281,'submission.event.fileUploaded',0),(44,1048585,1,1,'2019-03-31 14:32:52',268435464,'submission.event.issueMetadataUpdated',0),(45,515,18,7,'2019-03-31 14:34:18',1342177281,'submission.event.fileUploaded',0),(46,1048585,3,7,'2019-03-31 14:34:23',1342177281,'submission.event.fileUploaded',0),(47,1048585,3,7,'2019-03-31 14:36:10',268435457,'submission.event.submissionSubmitted',0),(48,515,19,7,'2019-03-31 14:36:54',1342177281,'submission.event.fileUploaded',0),(49,1048585,4,7,'2019-03-31 14:36:58',1342177281,'submission.event.fileUploaded',0),(50,1048585,4,7,'2019-03-31 14:38:18',268435457,'submission.event.submissionSubmitted',0),(51,515,20,2,'2019-03-31 14:39:53',1342177281,'submission.event.fileUploaded',0),(52,1048585,5,2,'2019-03-31 14:39:57',1342177281,'submission.event.fileUploaded',0),(53,1048585,5,2,'2019-03-31 14:41:16',268435457,'submission.event.submissionSubmitted',0),(54,1048585,5,1,'2019-03-31 14:55:04',268435459,'submission.event.participantAdded',0),(55,1048585,5,1,'2019-03-31 14:55:18',805306371,'log.editor.decision',0),(56,1048585,5,1,'2019-03-31 14:55:50',1073741825,'log.review.reviewerAssigned',0),(57,1048585,4,1,'2019-03-31 14:57:23',268435459,'submission.event.participantAdded',0),(58,1048585,4,1,'2019-03-31 14:57:35',805306371,'log.editor.decision',0),(59,1048585,4,1,'2019-03-31 14:58:02',1073741825,'log.review.reviewerAssigned',0),(60,1048585,3,1,'2019-03-31 14:58:44',268435459,'submission.event.participantAdded',0),(61,1048585,3,1,'2019-03-31 14:58:55',805306371,'log.editor.decision',0),(62,1048585,3,1,'2019-03-31 14:59:21',1073741825,'log.review.reviewerAssigned',0),(63,1048585,5,6,'2019-03-31 15:00:06',1073741830,'log.review.reviewAccepted',0),(64,515,24,6,'2019-03-31 15:00:54',1342177281,'submission.event.fileUploaded',0),(65,1048585,5,6,'2019-03-31 15:01:00',1342177281,'submission.event.fileUploaded',0),(66,1048585,4,6,'2019-03-31 15:02:04',1073741830,'log.review.reviewAccepted',0),(67,515,25,6,'2019-03-31 15:02:27',1342177281,'submission.event.fileUploaded',0),(68,1048585,4,6,'2019-03-31 15:02:31',1342177281,'submission.event.fileUploaded',0),(69,1048585,3,6,'2019-03-31 15:03:05',1073741830,'log.review.reviewAccepted',0),(70,515,26,6,'2019-03-31 15:03:37',1342177281,'submission.event.fileUploaded',0),(71,1048585,3,6,'2019-03-31 15:03:42',1342177281,'submission.event.fileUploaded',0),(72,1048585,5,1,'2019-03-31 15:04:24',805306371,'log.editor.decision',0),(73,1048585,4,1,'2019-03-31 15:04:54',805306371,'log.editor.decision',0),(74,1048585,3,1,'2019-03-31 15:06:26',805306371,'log.editor.decision',0),(75,515,27,7,'2019-03-31 15:07:21',1342177281,'submission.event.fileUploaded',0),(76,1048585,4,7,'2019-03-31 15:07:26',1342177281,'submission.event.fileUploaded',0),(77,515,28,7,'2019-03-31 15:08:20',1342177281,'submission.event.fileUploaded',0),(78,1048585,3,7,'2019-03-31 15:08:25',1342177281,'submission.event.fileUploaded',0),(79,515,29,2,'2019-03-31 15:09:28',1342177281,'submission.event.fileUploaded',0),(80,1048585,5,2,'2019-03-31 15:09:32',1342177281,'submission.event.fileUploaded',0),(81,1048585,1,1,'2019-03-31 15:40:56',805306371,'log.editor.decision',0),(82,515,30,1,'2019-03-31 15:42:43',1342177281,'submission.event.fileUploaded',0),(83,1048585,1,1,'2019-03-31 15:42:47',1342177281,'submission.event.fileUploaded',0),(84,1048585,5,1,'2019-03-31 15:43:36',805306371,'log.editor.decision',0),(85,1048585,5,1,'2019-03-31 15:45:15',805306371,'log.editor.decision',0),(86,515,31,1,'2019-03-31 15:46:28',1342177281,'submission.event.fileUploaded',0),(87,1048585,5,1,'2019-03-31 15:46:37',1342177281,'submission.event.fileUploaded',0),(88,1048585,5,1,'2019-03-31 15:46:58',268435464,'submission.event.issueMetadataUpdated',0),(89,1048585,4,1,'2019-03-31 15:51:10',805306371,'log.editor.decision',0),(90,515,32,1,'2019-03-31 15:52:57',1342177281,'submission.event.fileUploaded',0),(91,1048585,4,1,'2019-03-31 15:53:02',1342177281,'submission.event.fileUploaded',0),(92,1048585,4,1,'2019-03-31 15:54:07',268435464,'submission.event.issueMetadataUpdated',0),(93,1048585,5,1,'2019-03-31 15:55:15',268435458,'submission.event.general.metadataUpdated',0),(94,1048585,3,1,'2019-03-31 16:00:32',805306371,'log.editor.decision',0),(95,515,33,1,'2019-03-31 16:01:13',1342177281,'submission.event.fileUploaded',0),(96,1048585,3,1,'2019-03-31 16:01:17',1342177281,'submission.event.fileUploaded',0),(97,1048585,3,1,'2019-03-31 16:01:44',268435464,'submission.event.issueMetadataUpdated',0),(98,1048585,5,1,'2019-03-31 18:18:42',268435464,'submission.event.issueMetadataUpdated',0),(99,1048585,5,1,'2019-03-31 18:18:55',268435464,'submission.event.issueMetadataUpdated',0),(100,1048585,5,1,'2019-03-31 18:19:49',268435464,'submission.event.issueMetadataUpdated',0),(101,1048585,5,1,'2019-03-31 18:20:09',268435464,'submission.event.issueMetadataUpdated',0),(102,1048585,5,1,'2019-03-31 18:20:29',268435464,'submission.event.issueMetadataUpdated',0),(103,1048585,1,5,'2019-03-31 19:00:07',268435464,'submission.event.issueMetadataUpdated',0),(104,1048585,1,1,'2019-04-01 09:48:04',268435458,'submission.event.general.metadataUpdated',0),(105,1048585,4,1,'2019-04-01 10:00:08',268435458,'submission.event.general.metadataUpdated',0),(106,1048585,3,1,'2019-04-01 10:13:59',268435458,'submission.event.general.metadataUpdated',0),(107,1048585,2,1,'2019-04-01 10:18:51',268435458,'submission.event.general.metadataUpdated',0),(108,1048585,5,1,'2019-04-01 10:29:02',268435464,'submission.event.issueMetadataUpdated',0),(109,1048585,3,1,'2019-04-01 10:39:10',268435464,'submission.event.issueMetadataUpdated',0),(110,1048585,2,1,'2019-04-01 10:41:36',268435464,'submission.event.issueMetadataUpdated',0),(111,1048585,4,1,'2019-04-01 10:47:34',268435464,'submission.event.issueMetadataUpdated',0),(112,1048585,1,1,'2019-04-01 10:48:21',268435464,'submission.event.issueMetadataUpdated',0),(113,1048585,5,1,'2019-04-01 10:55:29',268435458,'submission.event.general.metadataUpdated',0),(114,1048585,4,1,'2019-04-01 10:59:24',268435458,'submission.event.general.metadataUpdated',0),(115,515,34,9,'2019-08-24 10:24:23',1342177281,'submission.event.fileUploaded',0),(116,1048585,6,9,'2019-08-24 10:24:31',1342177281,'submission.event.fileUploaded',0),(117,1048585,6,9,'2019-08-24 10:29:05',268435457,'submission.event.submissionSubmitted',0),(118,1048585,6,1,'2019-08-24 10:49:17',268435459,'submission.event.participantAdded',0),(119,1048585,6,1,'2019-08-24 10:50:15',805306371,'log.editor.decision',0),(120,1048585,6,1,'2019-08-24 10:53:16',1073741825,'log.review.reviewerAssigned',0),(121,515,36,10,'2019-08-25 13:40:34',1342177281,'submission.event.fileUploaded',0),(122,1048585,7,10,'2019-08-25 13:40:41',1342177281,'submission.event.fileUploaded',0),(123,1048585,7,10,'2019-08-25 13:53:35',268435457,'submission.event.submissionSubmitted',0),(124,1048585,7,1,'2019-08-25 14:18:36',268435459,'submission.event.participantAdded',0),(125,515,37,19,'2019-08-25 14:45:25',1342177281,'submission.event.fileUploaded',0),(126,1048585,8,19,'2019-08-25 14:45:32',1342177281,'submission.event.fileUploaded',0),(127,1048585,8,19,'2019-08-25 14:48:52',268435457,'submission.event.submissionSubmitted',0),(128,1048585,8,1,'2019-08-25 14:50:03',268435459,'submission.event.participantAdded',0),(129,1048585,8,1,'2019-08-28 03:48:09',805306371,'log.editor.decision',0),(130,1048585,8,1,'2019-08-28 03:49:26',1073741825,'log.review.reviewerAssigned',0),(131,1048585,7,1,'2019-08-28 03:50:45',805306371,'log.editor.decision',0),(132,1048585,7,1,'2019-08-28 03:51:25',1073741825,'log.review.reviewerAssigned',0),(133,515,40,20,'2019-08-29 08:21:14',1342177281,'submission.event.fileUploaded',0),(134,1048585,9,20,'2019-08-29 08:21:22',1342177281,'submission.event.fileUploaded',0),(135,1048585,9,20,'2019-08-29 08:26:51',268435457,'submission.event.submissionSubmitted',0),(136,1048585,9,1,'2019-08-29 08:28:24',268435459,'submission.event.participantAdded',0),(137,1048585,9,1,'2019-08-30 04:06:54',805306371,'log.editor.decision',0),(138,1048585,9,1,'2019-08-30 04:08:11',1073741825,'log.review.reviewerAssigned',0),(139,1048585,8,18,'2019-08-30 04:12:31',1073741830,'log.review.reviewAccepted',0),(140,515,42,18,'2019-08-30 04:13:36',1342177281,'submission.event.fileUploaded',0),(141,1048585,8,18,'2019-08-30 04:13:40',1342177281,'submission.event.fileUploaded',0),(142,1048585,8,1,'2019-08-30 04:15:39',805306371,'log.editor.decision',0),(143,1048585,7,17,'2019-08-30 07:50:32',1073741830,'log.review.reviewAccepted',0),(144,515,43,17,'2019-08-30 07:51:33',1342177281,'submission.event.fileUploaded',0),(145,1048585,7,17,'2019-08-30 07:51:39',1342177281,'submission.event.fileUploaded',0),(146,1048585,6,6,'2019-08-30 07:58:04',1073741830,'log.review.reviewAccepted',0),(147,515,44,6,'2019-08-30 07:58:37',1342177281,'submission.event.fileUploaded',0),(148,1048585,6,6,'2019-08-30 07:58:44',1342177281,'submission.event.fileUploaded',0),(149,1048585,9,6,'2019-08-30 07:59:33',1073741830,'log.review.reviewAccepted',0),(150,515,45,6,'2019-08-30 08:00:04',1342177281,'submission.event.fileUploaded',0),(151,1048585,9,6,'2019-08-30 08:00:10',1342177281,'submission.event.fileUploaded',0),(152,1048585,9,1,'2019-08-30 08:02:05',805306371,'log.editor.decision',0),(153,1048585,7,1,'2019-08-30 08:02:45',805306371,'log.editor.decision',0),(154,1048585,6,1,'2019-08-30 08:03:14',805306371,'log.editor.decision',0),(155,1048585,9,1,'2019-08-30 12:11:53',805306371,'log.editor.decision',0),(156,1048585,8,1,'2019-08-30 12:12:31',805306371,'log.editor.decision',0),(157,1048585,7,1,'2019-08-30 12:13:14',805306371,'log.editor.decision',0),(158,1048585,6,1,'2019-08-30 12:13:46',805306371,'log.editor.decision',0),(159,1048585,9,1,'2019-08-30 12:17:19',805306372,'log.editor.recommendation',0),(160,515,46,20,'2019-08-30 12:22:23',1342177281,'submission.event.fileUploaded',0),(161,1048585,9,20,'2019-08-30 12:22:27',1342177281,'submission.event.fileUploaded',0),(162,515,47,19,'2019-08-30 12:24:08',1342177281,'submission.event.fileUploaded',0),(163,1048585,8,19,'2019-08-30 12:24:17',1342177281,'submission.event.fileUploaded',0),(164,515,48,9,'2019-08-30 12:25:59',1342177281,'submission.event.fileUploaded',0),(165,1048585,6,9,'2019-08-30 12:26:03',1342177281,'submission.event.fileUploaded',0),(166,515,49,10,'2019-08-30 12:28:17',1342177281,'submission.event.fileUploaded',0),(167,1048585,7,10,'2019-08-30 12:28:21',1342177281,'submission.event.fileUploaded',0),(168,1048585,8,1,'2019-08-30 12:29:53',805306372,'log.editor.recommendation',0),(169,1048585,8,1,'2019-08-30 12:31:44',805306371,'log.editor.decision',0),(170,1048585,7,1,'2019-08-30 12:36:04',268435459,'submission.event.participantAdded',0),(171,1048585,7,1,'2019-08-30 12:37:22',805306372,'log.editor.recommendation',0),(172,1048585,6,1,'2019-08-30 12:39:15',805306371,'log.editor.decision',0),(173,1048585,9,1,'2019-08-30 12:43:36',805306371,'log.editor.decision',0),(174,1048585,7,1,'2019-08-30 12:44:42',805306371,'log.editor.decision',0),(175,515,54,21,'2019-08-31 08:31:25',1342177281,'submission.event.fileUploaded',0),(176,1048585,10,21,'2019-08-31 08:31:31',1342177281,'submission.event.fileUploaded',0),(177,1048585,10,21,'2019-08-31 08:32:42',268435457,'submission.event.submissionSubmitted',0),(178,1048585,10,1,'2019-08-31 08:33:38',268435459,'submission.event.participantAdded',0),(179,1048585,10,1,'2019-08-31 08:35:03',805306371,'log.editor.decision',0),(180,1048585,10,1,'2019-08-31 08:35:51',1073741825,'log.review.reviewerAssigned',0),(181,1048585,10,17,'2019-08-31 08:36:52',1073741830,'log.review.reviewAccepted',0),(182,515,56,17,'2019-08-31 08:37:14',1342177281,'submission.event.fileUploaded',0),(183,1048585,10,17,'2019-08-31 08:37:19',1342177281,'submission.event.fileUploaded',0),(184,1048585,10,1,'2019-08-31 08:39:23',805306372,'log.editor.recommendation',0),(185,1048585,10,1,'2019-08-31 08:39:46',805306371,'log.editor.decision',0),(186,515,57,21,'2019-08-31 08:40:49',1342177281,'submission.event.fileUploaded',0),(187,1048585,10,21,'2019-08-31 08:40:53',1342177281,'submission.event.fileUploaded',0),(188,1048585,10,1,'2019-08-31 08:42:18',805306372,'log.editor.recommendation',0),(189,1048585,10,1,'2019-08-31 08:42:33',805306371,'log.editor.decision',0),(190,1048585,10,1,'2019-08-31 13:07:07',268435458,'submission.event.general.metadataUpdated',0),(191,1048585,10,12,'2019-08-31 13:10:41',805306371,'log.editor.decision',0),(192,515,59,12,'2019-08-31 13:14:00',1342177281,'submission.event.fileUploaded',0),(193,1048585,10,12,'2019-08-31 13:14:06',1342177281,'submission.event.fileUploaded',0),(194,1048585,10,12,'2019-08-31 13:18:22',268435464,'submission.event.issueMetadataUpdated',0),(195,1048585,7,12,'2019-08-31 13:21:20',268435458,'submission.event.general.metadataUpdated',0),(196,1048585,7,12,'2019-08-31 13:22:03',805306371,'log.editor.decision',0),(197,1048585,7,12,'2019-08-31 13:22:47',268435464,'submission.event.issueMetadataUpdated',0),(198,515,60,12,'2019-08-31 13:24:33',1342177281,'submission.event.fileUploaded',0),(199,1048585,7,12,'2019-08-31 13:24:42',1342177281,'submission.event.fileUploaded',0),(200,1048585,9,1,'2019-08-31 13:29:23',268435458,'submission.event.general.metadataUpdated',0),(201,1048585,9,1,'2019-08-31 13:30:49',805306371,'log.editor.decision',0),(202,515,61,1,'2019-08-31 13:32:12',1342177281,'submission.event.fileUploaded',0),(203,1048585,9,1,'2019-08-31 13:32:22',1342177281,'submission.event.fileUploaded',0),(204,1048585,9,1,'2019-08-31 13:33:04',268435464,'submission.event.issueMetadataUpdated',0),(205,1048585,8,1,'2019-08-31 13:35:13',268435458,'submission.event.general.metadataUpdated',0),(206,1048585,8,1,'2019-08-31 13:35:54',805306371,'log.editor.decision',0),(207,515,62,1,'2019-08-31 13:36:52',1342177281,'submission.event.fileUploaded',0),(208,1048585,8,1,'2019-08-31 13:37:02',1342177281,'submission.event.fileUploaded',0),(209,1048585,8,1,'2019-08-31 13:37:32',268435464,'submission.event.issueMetadataUpdated',0),(210,1048585,6,1,'2019-08-31 13:39:59',268435458,'submission.event.general.metadataUpdated',0),(211,1048585,6,1,'2019-08-31 13:40:22',805306371,'log.editor.decision',0),(212,515,63,1,'2019-08-31 13:42:01',1342177281,'submission.event.fileUploaded',0),(213,1048585,6,1,'2019-08-31 13:42:07',1342177281,'submission.event.fileUploaded',0),(214,1048585,6,1,'2019-08-31 13:42:38',268435464,'submission.event.issueMetadataUpdated',0),(215,515,64,23,'2019-09-20 19:41:05',1342177281,'submission.event.fileUploaded',0),(216,1048585,11,23,'2019-09-20 19:41:11',1342177281,'submission.event.fileUploaded',0),(217,1048585,11,23,'2019-09-20 19:43:30',268435457,'submission.event.submissionSubmitted',0),(218,1048585,11,1,'2019-10-04 08:06:41',268435459,'submission.event.participantAdded',0),(219,515,65,24,'2019-11-10 03:04:56',1342177281,'submission.event.fileUploaded',0),(224,515,66,25,'2020-01-30 19:37:24',1342177281,'submission.event.fileUploaded',0),(225,1048585,13,25,'2020-01-30 19:38:05',1342177281,'submission.event.fileUploaded',0),(226,515,67,25,'2020-01-30 19:38:31',1342177281,'submission.event.fileUploaded',0),(227,1048585,13,25,'2020-01-30 19:38:50',1342177281,'submission.event.fileUploaded',0),(228,515,68,25,'2020-01-30 19:39:25',1342177281,'submission.event.fileUploaded',0),(229,1048585,13,25,'2020-01-30 19:39:32',1342177281,'submission.event.fileUploaded',0),(230,1048585,13,25,'2020-01-30 19:42:47',268435457,'submission.event.submissionSubmitted',0),(231,1048585,13,25,'2020-01-30 20:44:14',1342177281,'submission.event.fileUploaded',0),(232,515,69,26,'2020-01-31 15:30:17',1342177281,'submission.event.fileUploaded',0),(233,1048585,14,26,'2020-01-31 15:30:26',1342177281,'submission.event.fileUploaded',0),(234,515,69,26,'2020-01-31 15:30:56',1342177282,'submission.event.fileDeleted',0),(235,1048585,14,26,'2020-01-31 15:30:56',1342177283,'submission.event.lastRevisionDeleted',0),(236,515,70,26,'2020-01-31 15:35:07',1342177281,'submission.event.fileUploaded',0),(237,1048585,14,26,'2020-01-31 15:36:03',1342177281,'submission.event.fileUploaded',0),(238,1048585,14,26,'2020-01-31 15:54:32',268435457,'submission.event.submissionSubmitted',0),(239,1048585,14,1,'2020-02-01 14:32:14',268435459,'submission.event.participantAdded',0),(240,1048585,13,1,'2020-02-01 14:33:48',268435459,'submission.event.participantAdded',0),(241,1048585,14,1,'2020-02-04 11:15:10',805306371,'log.editor.decision',0),(242,1048585,14,1,'2020-02-04 11:16:37',1073741825,'log.review.reviewerAssigned',0),(243,1048585,13,1,'2020-02-04 11:17:42',805306371,'log.editor.decision',0),(244,1048585,13,1,'2020-02-04 11:18:30',1073741825,'log.review.reviewerAssigned',0),(245,1048585,14,6,'2020-02-04 13:15:40',1073741830,'log.review.reviewAccepted',0),(246,515,75,6,'2020-02-04 13:17:01',1342177281,'submission.event.fileUploaded',0),(247,1048585,14,6,'2020-02-04 13:17:06',1342177281,'submission.event.fileUploaded',0),(248,1048585,13,6,'2020-02-04 13:18:06',1073741830,'log.review.reviewAccepted',0),(249,515,76,6,'2020-02-04 13:18:35',1342177281,'submission.event.fileUploaded',0),(250,1048585,13,6,'2020-02-04 13:18:39',1342177281,'submission.event.fileUploaded',0),(251,1048585,14,1,'2020-02-04 13:20:12',805306372,'log.editor.recommendation',0),(252,1048585,13,1,'2020-02-04 13:20:54',805306372,'log.editor.recommendation',0),(253,1048585,14,1,'2020-02-12 07:50:07',805306372,'log.editor.recommendation',0),(254,1048585,13,1,'2020-02-12 07:51:21',805306372,'log.editor.recommendation',0),(255,515,77,28,'2020-02-16 16:18:51',1342177281,'submission.event.fileUploaded',0),(256,1048585,15,28,'2020-02-16 16:19:38',1342177281,'submission.event.fileUploaded',0),(257,515,78,28,'2020-02-16 16:20:30',1342177281,'submission.event.fileUploaded',0),(258,1048585,15,28,'2020-02-16 16:20:57',1342177281,'submission.event.fileUploaded',0),(259,515,79,28,'2020-02-16 16:21:16',1342177281,'submission.event.fileUploaded',0),(260,1048585,15,28,'2020-02-16 16:21:49',1342177281,'submission.event.fileUploaded',0),(261,515,80,28,'2020-02-16 16:22:11',1342177281,'submission.event.fileUploaded',0),(262,1048585,15,28,'2020-02-16 16:22:29',1342177281,'submission.event.fileUploaded',0),(263,515,81,28,'2020-02-16 16:22:54',1342177281,'submission.event.fileUploaded',0),(264,1048585,15,28,'2020-02-16 16:23:05',1342177281,'submission.event.fileUploaded',0),(265,1048585,15,28,'2020-02-16 16:26:10',268435457,'submission.event.submissionSubmitted',0),(266,1048585,15,1,'2020-02-17 09:33:43',268435459,'submission.event.participantAdded',0),(267,1048585,13,1,'2020-02-17 09:49:20',1073741825,'log.review.reviewerAssigned',0),(268,1048585,13,18,'2020-02-17 09:59:03',1073741830,'log.review.reviewAccepted',0),(269,515,82,18,'2020-02-17 09:59:32',1342177281,'submission.event.fileUploaded',0),(270,1048585,13,18,'2020-02-17 09:59:38',1342177281,'submission.event.fileUploaded',0),(271,1048585,13,1,'2020-02-17 10:01:47',1073741833,'log.review.reviewUnconsidered',0),(272,1048585,13,1,'2020-02-17 12:29:45',1342177281,'submission.event.fileUploaded',0),(273,515,83,1,'2020-02-17 13:08:29',1342177282,'submission.event.fileDeleted',0),(274,515,84,1,'2020-02-17 13:08:36',1342177282,'submission.event.fileDeleted',0),(275,515,85,1,'2020-02-17 13:08:45',1342177282,'submission.event.fileDeleted',0),(276,1048585,13,1,'2020-02-17 13:28:14',1073741833,'log.review.reviewUnconsidered',0),(277,1048585,13,1,'2020-02-17 13:28:49',1073741846,'log.review.reviewRecommendationSetByProxy',0),(278,1048585,13,1,'2020-02-17 13:31:34',1073741825,'log.review.reviewerAssigned',0),(279,1048585,13,17,'2020-02-17 13:33:16',1073741830,'log.review.reviewAccepted',0),(280,515,86,17,'2020-02-17 13:34:03',1342177281,'submission.event.fileUploaded',0),(281,1048585,13,17,'2020-02-17 13:34:10',1342177281,'submission.event.fileUploaded',0),(282,1048585,13,1,'2020-02-17 13:36:13',1073741846,'log.review.reviewRecommendationSetByProxy',0),(283,1048585,13,1,'2020-02-17 13:37:17',805306372,'log.editor.recommendation',0),(284,1048585,13,1,'2020-02-17 13:42:06',1073741833,'log.review.reviewUnconsidered',0),(285,1048585,13,1,'2020-02-17 13:42:11',1073741833,'log.review.reviewUnconsidered',0),(286,1048585,13,1,'2020-02-17 13:42:31',1073741833,'log.review.reviewUnconsidered',0),(287,1048585,13,1,'2020-02-17 13:54:46',1342177281,'submission.event.fileUploaded',0),(288,1048585,13,1,'2020-02-17 13:55:34',1073741846,'log.review.reviewRecommendationSetByProxy',0),(289,1048585,13,1,'2020-02-18 22:55:54',1073741833,'log.review.reviewUnconsidered',0),(290,1048585,13,1,'2020-02-18 22:55:56',1073741833,'log.review.reviewUnconsidered',0),(291,1048585,13,1,'2020-02-18 22:56:36',805306372,'log.editor.recommendation',0),(292,1048585,11,1,'2020-02-19 07:14:39',805306371,'log.editor.decision',0),(293,1048585,11,1,'2020-02-19 07:17:14',1073741825,'log.review.reviewerAssigned',0),(294,1048585,15,1,'2020-02-19 07:18:04',805306371,'log.editor.decision',0),(295,1048585,15,1,'2020-02-19 07:18:50',1073741825,'log.review.reviewerAssigned',0),(296,1048585,15,18,'2020-02-19 07:20:33',1073741830,'log.review.reviewAccepted',0),(297,515,93,18,'2020-02-19 07:21:16',1342177281,'submission.event.fileUploaded',0),(298,1048585,15,18,'2020-02-19 07:21:22',1342177281,'submission.event.fileUploaded',0),(299,1048585,11,18,'2020-02-19 07:22:27',1073741830,'log.review.reviewAccepted',0),(300,515,94,18,'2020-02-19 07:22:52',1342177281,'submission.event.fileUploaded',0),(301,1048585,11,18,'2020-02-19 07:22:57',1342177281,'submission.event.fileUploaded',0),(302,1048585,15,1,'2020-02-19 07:24:47',805306372,'log.editor.recommendation',0),(303,1048585,15,1,'2020-02-19 08:05:54',1073741833,'log.review.reviewUnconsidered',0),(304,1048585,13,1,'2020-02-19 08:43:01',268435459,'submission.event.participantAdded',0),(305,515,95,1,'2020-02-19 08:55:25',1342177281,'submission.event.fileUploaded',0),(306,1048585,13,1,'2020-02-19 08:55:31',1342177281,'submission.event.fileUploaded',0),(307,1048585,13,1,'2020-02-19 08:56:55',805306371,'log.editor.decision',0),(308,515,95,1,'2020-02-19 09:04:43',1342177282,'submission.event.fileDeleted',0),(309,1048585,13,1,'2020-02-19 09:04:43',1342177283,'submission.event.lastRevisionDeleted',0),(310,1048585,14,1,'2020-02-19 09:11:41',268435459,'submission.event.participantAdded',0),(311,1048585,14,1,'2020-02-19 09:12:24',805306371,'log.editor.decision',0),(312,1048585,15,1,'2020-02-19 09:37:17',268435460,'submission.event.participantRemoved',0),(313,1048585,15,1,'2020-02-19 09:37:33',268435459,'submission.event.participantAdded',0),(314,1048585,11,1,'2020-02-19 09:38:23',268435459,'submission.event.participantAdded',0),(315,1048585,15,1,'2020-02-19 09:45:34',805306371,'log.editor.decision',0),(316,1048585,15,1,'2020-02-19 09:46:07',805306371,'log.editor.decision',0),(317,1048585,11,1,'2020-02-19 09:48:20',805306371,'log.editor.decision',0),(318,1048585,14,1,'2020-02-19 09:49:37',268435459,'submission.event.participantAdded',0),(319,1048585,14,1,'2020-02-19 09:51:34',805306371,'log.editor.decision',0),(320,515,96,23,'2020-02-21 18:57:04',1342177281,'submission.event.fileUploaded',0),(321,1048585,11,23,'2020-02-21 18:57:13',1342177281,'submission.event.fileUploaded',0),(322,515,96,23,'2020-02-23 10:01:14',1342177288,'submission.event.revisionUploaded',0),(323,1048585,11,23,'2020-02-23 10:01:21',1342177288,'submission.event.fileRevised',0),(324,1048585,11,1,'2020-02-24 10:49:54',805306372,'log.editor.recommendation',0),(325,1048585,5,1,'2020-02-26 08:24:41',268435458,'submission.event.general.metadataUpdated',0),(326,1048585,4,1,'2020-02-26 08:26:42',268435458,'submission.event.general.metadataUpdated',0),(327,1048585,3,1,'2020-02-26 08:28:26',268435458,'submission.event.general.metadataUpdated',0),(328,1048585,2,1,'2020-02-26 08:29:51',268435458,'submission.event.general.metadataUpdated',0),(329,1048585,1,1,'2020-02-26 08:31:51',268435458,'submission.event.general.metadataUpdated',0),(330,1048585,15,1,'2020-02-27 09:15:11',1073741825,'log.review.reviewerAssigned',0),(331,1048585,15,1,'2020-02-27 09:18:04',1073741830,'log.review.reviewAccepted',0),(332,515,97,30,'2020-02-27 09:18:28',1342177281,'submission.event.fileUploaded',0),(333,1048585,15,1,'2020-02-27 09:18:33',1342177281,'submission.event.fileUploaded',0),(334,1048585,13,1,'2020-02-27 09:23:54',1073741825,'log.review.reviewerAssigned',0),(335,1048585,13,1,'2020-02-27 09:25:33',1073741830,'log.review.reviewAccepted',0),(336,515,98,31,'2020-02-27 09:26:56',1342177281,'submission.event.fileUploaded',0),(337,1048585,13,1,'2020-02-27 09:27:03',1342177281,'submission.event.fileUploaded',0),(338,1048585,15,1,'2020-02-27 10:01:49',805306372,'log.editor.recommendation',0),(339,1048585,15,1,'2020-02-27 10:02:38',805306371,'log.editor.decision',0),(340,1048585,13,1,'2020-02-27 10:06:30',805306372,'log.editor.recommendation',0),(341,1048585,13,1,'2020-02-27 10:07:02',805306371,'log.editor.decision',0),(342,1048585,13,1,'2020-02-27 10:09:26',268435458,'submission.event.general.metadataUpdated',0),(343,1048585,13,1,'2020-02-27 10:18:09',268435458,'submission.event.general.metadataUpdated',0),(344,1048585,13,1,'2020-02-27 10:20:39',268435464,'submission.event.issueMetadataUpdated',0),(345,515,99,1,'2020-02-27 10:22:57',1342177281,'submission.event.fileUploaded',0),(346,1048585,13,1,'2020-02-27 10:23:11',1342177281,'submission.event.fileUploaded',0),(347,1048585,15,1,'2020-02-27 10:29:19',268435458,'submission.event.general.metadataUpdated',0),(348,1048585,15,1,'2020-02-27 10:30:23',268435464,'submission.event.issueMetadataUpdated',0),(349,515,100,1,'2020-02-27 10:33:13',1342177281,'submission.event.fileUploaded',0),(350,1048585,15,1,'2020-02-27 10:33:18',1342177281,'submission.event.fileUploaded',0),(351,1048585,14,1,'2020-02-28 07:52:15',1073741825,'log.review.reviewerAssigned',0),(352,1048585,14,1,'2020-02-28 07:53:48',1073741830,'log.review.reviewAccepted',0),(353,515,101,32,'2020-02-28 07:54:24',1342177281,'submission.event.fileUploaded',0),(354,1048585,14,1,'2020-02-28 07:54:32',1342177281,'submission.event.fileUploaded',0),(355,1048585,14,1,'2020-02-28 07:55:54',805306372,'log.editor.recommendation',0),(356,1048585,14,1,'2020-02-28 07:56:30',805306371,'log.editor.decision',0),(357,1048585,14,1,'2020-02-28 08:14:21',268435458,'submission.event.general.metadataUpdated',0),(358,1048585,14,1,'2020-02-28 09:03:38',268435464,'submission.event.issueMetadataUpdated',0),(359,515,102,1,'2020-02-28 09:04:27',1342177281,'submission.event.fileUploaded',0),(360,1048585,14,1,'2020-02-28 09:04:37',1342177281,'submission.event.fileUploaded',0),(361,1048585,14,1,'2020-02-28 09:05:08',268435464,'submission.event.issueMetadataUpdated',0),(362,515,103,33,'2020-03-07 09:28:15',1342177281,'submission.event.fileUploaded',0),(363,1048585,16,33,'2020-03-07 09:28:23',1342177281,'submission.event.fileUploaded',0),(364,1048585,16,33,'2020-03-07 09:30:53',268435457,'submission.event.submissionSubmitted',0),(365,1048585,16,1,'2020-03-07 09:32:05',268435459,'submission.event.participantAdded',0),(366,1048585,16,1,'2020-03-07 09:32:17',805306371,'log.editor.decision',0),(367,1048585,16,1,'2020-03-07 09:40:14',1073741825,'log.review.reviewerAssigned',0),(368,1048585,16,1,'2020-03-07 09:40:43',1073741825,'log.review.reviewerAssigned',0),(369,1048585,16,1,'2020-03-11 14:34:08',1073741830,'log.review.reviewAccepted',0),(370,1048585,16,1,'2020-03-11 14:35:58',1073741830,'log.review.reviewAccepted',0),(371,515,105,34,'2020-03-19 09:21:08',1342177281,'submission.event.fileUploaded',0),(372,1048585,17,34,'2020-03-19 09:21:18',1342177281,'submission.event.fileUploaded',0),(373,1048585,17,34,'2020-03-19 09:22:34',268435457,'submission.event.submissionSubmitted',0),(374,1048585,17,1,'2020-03-19 09:23:41',268435459,'submission.event.participantAdded',0),(375,1048585,17,1,'2020-03-19 09:23:58',805306371,'log.editor.decision',0),(376,1048585,17,1,'2020-03-19 09:26:50',1073741825,'log.review.reviewerAssigned',0),(377,1048585,17,1,'2020-03-19 09:27:48',1073741825,'log.review.reviewerAssigned',0),(378,515,107,16,'2020-03-19 09:46:23',1342177281,'submission.event.fileUploaded',0),(379,1048585,16,1,'2020-03-19 09:46:32',1342177281,'submission.event.fileUploaded',0),(380,1048585,17,1,'2020-03-19 09:47:50',1073741830,'log.review.reviewAccepted',0),(381,515,108,16,'2020-03-19 09:48:34',1342177281,'submission.event.fileUploaded',0),(382,1048585,17,1,'2020-03-19 09:48:43',1342177281,'submission.event.fileUploaded',0),(383,515,109,15,'2020-03-19 09:51:10',1342177281,'submission.event.fileUploaded',0),(384,1048585,16,1,'2020-03-19 09:51:24',1342177281,'submission.event.fileUploaded',0),(385,1048585,17,1,'2020-03-19 09:52:40',1073741830,'log.review.reviewAccepted',0),(386,515,110,17,'2020-03-19 09:53:16',1342177281,'submission.event.fileUploaded',0),(387,1048585,17,1,'2020-03-19 09:53:31',1342177281,'submission.event.fileUploaded',0),(388,1048585,17,1,'2020-03-19 10:38:09',805306371,'log.editor.decision',0),(389,1048585,16,1,'2020-03-19 13:49:18',805306371,'log.editor.decision',0),(390,515,111,33,'2020-03-19 14:23:40',1342177281,'submission.event.fileUploaded',0),(391,1048585,16,1,'2020-03-19 14:23:45',1342177281,'submission.event.fileUploaded',0),(392,1048585,16,1,'2020-03-19 14:42:13',805306371,'log.editor.decision',0),(393,515,113,34,'2020-03-25 07:37:04',1342177281,'submission.event.fileUploaded',0),(394,1048585,17,1,'2020-03-25 07:37:16',1342177281,'submission.event.fileUploaded',0),(395,1048585,17,1,'2020-03-25 07:39:48',805306371,'log.editor.decision',0),(396,1048585,17,1,'2020-03-25 09:16:45',268435458,'submission.event.general.metadataUpdated',0),(397,1048585,17,1,'2020-03-25 09:21:51',805306371,'log.editor.decision',0),(398,1048585,17,1,'2020-03-25 09:22:57',268435464,'submission.event.issueMetadataUpdated',0),(399,1048585,16,1,'2020-03-25 09:24:31',805306371,'log.editor.decision',0),(400,1048585,16,1,'2020-03-25 09:28:03',268435458,'submission.event.general.metadataUpdated',0),(401,1048585,16,1,'2020-03-25 09:28:38',268435464,'submission.event.issueMetadataUpdated',0),(402,1048585,13,1,'2020-03-25 09:40:31',268435458,'submission.event.general.metadataUpdated',0),(403,1048585,15,1,'2020-03-25 09:48:00',268435458,'submission.event.general.metadataUpdated',0),(404,1048585,15,1,'2020-03-25 09:48:48',268435464,'submission.event.issueMetadataUpdated',0),(405,1048585,14,1,'2020-03-25 09:54:59',268435458,'submission.event.general.metadataUpdated',0),(406,1048585,14,1,'2020-03-25 09:55:50',268435464,'submission.event.issueMetadataUpdated',0),(407,1048585,16,1,'2020-03-25 09:58:34',268435458,'submission.event.general.metadataUpdated',0),(408,1048585,16,1,'2020-03-25 09:59:24',268435464,'submission.event.issueMetadataUpdated',0),(409,1048585,17,1,'2020-03-25 10:02:35',268435458,'submission.event.general.metadataUpdated',0),(410,1048585,17,1,'2020-03-25 10:03:36',268435464,'submission.event.issueMetadataUpdated',0),(411,1048585,13,1,'2020-03-25 10:05:11',268435464,'submission.event.issueMetadataUpdated',0),(412,515,115,23,'2020-03-26 14:27:48',1342177281,'submission.event.fileUploaded',0),(413,1048585,18,23,'2020-03-26 14:27:56',1342177281,'submission.event.fileUploaded',0),(414,515,115,23,'2020-03-26 14:28:44',1342177288,'submission.event.revisionUploaded',0),(415,1048585,18,23,'2020-03-26 14:28:48',1342177288,'submission.event.fileRevised',0),(416,1048585,18,23,'2020-03-26 14:34:22',268435457,'submission.event.submissionSubmitted',0),(417,1048585,11,1,'2020-03-27 07:16:08',805306372,'log.editor.recommendation',0),(418,1048585,11,1,'2020-03-27 07:17:39',805306371,'log.editor.decision',0),(419,1048585,11,1,'2020-03-27 10:33:16',805306371,'log.editor.decision',0),(420,1048585,11,1,'2020-03-27 10:40:16',268435458,'submission.event.general.metadataUpdated',0),(421,1048585,11,1,'2020-03-27 10:53:29',268435464,'submission.event.issueMetadataUpdated',0),(422,1048585,13,1,'2020-03-27 10:54:35',268435464,'submission.event.issueMetadataUpdated',0),(423,515,117,1,'2020-03-27 10:58:57',1342177281,'submission.event.fileUploaded',0),(424,1048585,13,1,'2020-03-27 10:59:03',1342177281,'submission.event.fileUploaded',0),(425,1048585,15,1,'2020-03-27 11:00:15',268435464,'submission.event.issueMetadataUpdated',0),(426,515,118,1,'2020-03-27 11:01:26',1342177281,'submission.event.fileUploaded',0),(427,1048585,15,1,'2020-03-27 11:01:32',1342177281,'submission.event.fileUploaded',0),(428,1048585,14,1,'2020-03-27 11:03:08',268435464,'submission.event.issueMetadataUpdated',0),(429,515,119,1,'2020-03-27 11:04:11',1342177281,'submission.event.fileUploaded',0),(430,1048585,14,1,'2020-03-27 11:04:17',1342177281,'submission.event.fileUploaded',0),(431,1048585,16,1,'2020-03-27 11:09:06',268435464,'submission.event.issueMetadataUpdated',0),(432,515,120,1,'2020-03-27 11:10:21',1342177281,'submission.event.fileUploaded',0),(433,1048585,16,1,'2020-03-27 11:10:25',1342177281,'submission.event.fileUploaded',0),(434,1048585,17,1,'2020-03-27 11:11:33',268435464,'submission.event.issueMetadataUpdated',0),(435,515,121,1,'2020-03-27 11:12:27',1342177281,'submission.event.fileUploaded',0),(436,1048585,17,1,'2020-03-27 11:12:32',1342177281,'submission.event.fileUploaded',0),(437,1048585,11,1,'2020-03-27 11:13:18',268435464,'submission.event.issueMetadataUpdated',0),(438,515,122,1,'2020-03-27 11:14:08',1342177281,'submission.event.fileUploaded',0),(439,1048585,11,1,'2020-03-27 11:14:13',1342177281,'submission.event.fileUploaded',0),(440,1048585,16,1,'2020-03-27 11:22:49',268435458,'submission.event.general.metadataUpdated',0),(441,515,123,37,'2020-03-28 17:07:01',1342177281,'submission.event.fileUploaded',0),(442,1048585,19,37,'2020-03-28 17:07:13',1342177281,'submission.event.fileUploaded',0),(443,515,123,37,'2020-03-28 17:28:55',1342177282,'submission.event.fileDeleted',0),(444,1048585,19,37,'2020-03-28 17:28:55',1342177283,'submission.event.lastRevisionDeleted',0),(445,515,124,37,'2020-03-28 17:32:57',1342177281,'submission.event.fileUploaded',0),(446,1048585,19,37,'2020-03-28 17:33:04',1342177281,'submission.event.fileUploaded',0),(447,1048585,19,37,'2020-03-28 17:33:30',268435457,'submission.event.submissionSubmitted',0),(448,515,125,35,'2020-03-28 22:42:57',1342177281,'submission.event.fileUploaded',0),(449,515,125,35,'2020-03-28 22:43:14',1342177282,'submission.event.fileDeleted',0),(451,515,126,35,'2020-03-28 22:43:39',1342177281,'submission.event.fileUploaded',0),(455,1048585,19,1,'2020-03-29 14:04:34',268435459,'submission.event.participantAdded',0),(456,1048585,18,1,'2020-03-29 14:05:18',268435459,'submission.event.participantAdded',0),(457,515,127,23,'2020-04-02 14:59:21',1342177281,'submission.event.fileUploaded',0),(458,1048585,18,23,'2020-04-02 14:59:28',1342177281,'submission.event.fileUploaded',0),(461,1048585,19,1,'2020-04-06 05:49:39',805306371,'log.editor.decision',0),(462,1048585,19,1,'2020-04-06 05:50:29',1073741825,'log.review.reviewerAssigned',0),(463,515,130,38,'2020-04-21 00:25:46',1342177281,'submission.event.fileUploaded',0),(470,515,132,15,'2020-04-25 09:29:33',1342177281,'submission.event.fileUploaded',0),(473,1048585,19,1,'2020-04-25 09:59:00',1073741830,'log.review.reviewAccepted',0),(474,515,133,16,'2020-04-25 09:59:23',1342177281,'submission.event.fileUploaded',0),(475,1048585,19,1,'2020-04-25 09:59:27',1342177281,'submission.event.fileUploaded',0),(476,1048585,19,1,'2020-04-25 10:00:38',805306371,'log.editor.decision',0),(478,1048585,19,1,'2020-04-25 11:12:33',805306371,'log.editor.decision',0),(479,515,134,37,'2020-05-01 14:23:41',1342177281,'submission.event.fileUploaded',0),(480,1048585,19,37,'2020-05-01 14:23:50',1342177281,'submission.event.fileUploaded',0),(481,1048585,18,23,'2020-05-02 14:33:54',1342177288,'submission.event.fileRevised',0),(482,1048585,18,23,'2020-05-02 14:33:59',1342177288,'submission.event.fileRevised',0),(483,1048585,18,23,'2020-05-02 14:34:29',1342177288,'submission.event.fileRevised',0),(484,1048585,18,23,'2020-05-02 14:34:38',1342177288,'submission.event.fileRevised',0),(485,1048585,19,1,'2020-05-03 07:33:04',805306371,'log.editor.decision',0),(486,1048585,19,1,'2020-05-03 07:33:38',805306371,'log.editor.decision',0),(487,1048585,19,1,'2020-05-12 08:12:58',268435458,'submission.event.general.metadataUpdated',0),(488,1048585,19,1,'2020-05-12 08:24:07',268435458,'submission.event.general.metadataUpdated',0),(489,1048585,19,1,'2020-05-12 08:52:25',268435464,'submission.event.issueMetadataUpdated',0),(490,515,136,1,'2020-05-12 08:53:19',1342177281,'submission.event.fileUploaded',0),(491,1048585,19,1,'2020-05-12 08:53:27',1342177281,'submission.event.fileUploaded',0),(492,1048585,19,1,'2020-05-12 09:35:23',1073741825,'log.review.reviewerAssigned',0),(493,1048585,19,1,'2020-05-12 09:48:37',1073741830,'log.review.reviewAccepted',0),(494,515,137,39,'2020-05-12 09:49:06',1342177281,'submission.event.fileUploaded',0),(495,1048585,19,1,'2020-05-12 09:49:13',1342177281,'submission.event.fileUploaded',0),(496,1048585,18,23,'2020-05-20 15:32:44',1342177288,'submission.event.fileRevised',0),(497,515,138,40,'2020-05-21 17:37:47',1342177281,'submission.event.fileUploaded',0),(498,1048585,20,40,'2020-05-21 17:38:21',1342177281,'submission.event.fileUploaded',0),(499,1048585,20,40,'2020-05-21 18:18:37',268435457,'submission.event.submissionSubmitted',0),(500,1048585,20,1,'2020-05-26 13:57:39',268435459,'submission.event.participantAdded',0),(501,1048585,20,1,'2020-05-26 14:00:52',805306371,'log.editor.decision',0),(502,1048585,20,1,'2020-05-26 14:02:15',1073741825,'log.review.reviewerAssigned',0),(503,1048585,20,1,'2020-05-27 09:33:11',1073741830,'log.review.reviewAccepted',0),(504,515,140,39,'2020-05-27 09:33:49',1342177281,'submission.event.fileUploaded',0),(505,1048585,20,1,'2020-05-27 09:33:55',1342177281,'submission.event.fileUploaded',0),(506,1048585,20,1,'2020-05-27 09:37:07',805306371,'log.editor.decision',0),(507,1048585,20,1,'2020-05-27 10:07:26',805306371,'log.editor.decision',0),(508,515,141,40,'2020-06-07 18:50:48',1342177281,'submission.event.fileUploaded',0),(509,1048585,20,40,'2020-06-07 18:51:35',1342177281,'submission.event.fileUploaded',0),(510,1048585,20,1,'2020-06-10 15:45:43',805306371,'log.editor.decision',0),(511,1048585,20,1,'2020-06-10 15:47:35',805306371,'log.editor.decision',0),(512,1048585,20,1,'2020-06-17 10:28:19',1073741825,'log.review.reviewerAssigned',0),(513,1048585,20,1,'2020-06-17 10:28:50',1073741830,'log.review.reviewAccepted',0),(514,515,143,41,'2020-06-17 10:29:20',1342177281,'submission.event.fileUploaded',0),(515,1048585,20,1,'2020-06-17 10:29:51',1342177281,'submission.event.fileUploaded',0),(516,1048585,20,1,'2020-06-17 13:28:10',268435464,'submission.event.issueMetadataUpdated',0),(517,515,144,1,'2020-06-17 13:29:15',1342177281,'submission.event.fileUploaded',0),(518,1048585,20,1,'2020-06-17 13:29:23',1342177281,'submission.event.fileUploaded',0),(519,1048585,20,1,'2020-06-17 13:33:39',268435458,'submission.event.general.metadataUpdated',0),(520,1048585,20,1,'2020-06-17 13:38:22',268435458,'submission.event.general.metadataUpdated',0),(521,515,145,1,'2020-06-17 13:40:23',1342177281,'submission.event.fileUploaded',0),(522,1048585,19,1,'2020-06-17 13:40:35',1342177281,'submission.event.fileUploaded',0),(523,1048585,18,23,'2020-06-30 18:31:36',1342177288,'submission.event.fileRevised',0),(524,1048585,18,1,'2020-07-13 09:35:49',805306371,'log.editor.decision',0),(525,1048585,18,1,'2020-07-13 09:38:10',1073741825,'log.review.reviewerAssigned',0),(526,515,147,16,'2020-07-13 09:47:23',1342177281,'submission.event.fileUploaded',0),(527,1048585,18,1,'2020-07-13 09:47:38',1342177281,'submission.event.fileUploaded',0),(528,1048585,18,1,'2020-07-13 09:48:14',805306371,'log.editor.decision',0),(529,1048585,18,1,'2020-07-13 12:23:52',1073741830,'log.review.reviewAccepted',0),(530,515,147,23,'2020-07-13 16:25:28',1342177282,'submission.event.fileDeleted',0),(531,1048585,18,1,'2020-07-13 16:25:28',1342177283,'submission.event.lastRevisionDeleted',0),(532,515,148,16,'2020-07-13 16:28:14',1342177281,'submission.event.fileUploaded',0),(533,1048585,18,1,'2020-07-13 16:28:21',1342177281,'submission.event.fileUploaded',0),(534,1048585,18,1,'2020-07-13 16:30:30',805306371,'log.editor.decision',0),(535,515,149,40,'2020-07-15 02:23:42',1342177281,'submission.event.fileUploaded',0),(536,1048585,21,40,'2020-07-15 02:55:06',268435457,'submission.event.submissionSubmitted',0),(537,1048585,21,1,'2020-07-15 07:44:49',268435459,'submission.event.participantAdded',0),(538,1048585,21,1,'2020-07-15 08:41:53',805306371,'log.editor.decision',0),(539,1048585,21,1,'2020-07-15 08:43:00',1073741825,'log.review.reviewerAssigned',0),(540,515,151,23,'2020-07-20 14:41:04',1342177281,'submission.event.fileUploaded',0),(541,1048585,18,23,'2020-07-20 14:41:22',1342177281,'submission.event.fileUploaded',0),(542,515,152,23,'2020-07-20 14:42:06',1342177281,'submission.event.fileUploaded',0),(543,1048585,18,23,'2020-07-20 14:42:27',1342177281,'submission.event.fileUploaded',0),(544,1048585,21,1,'2020-07-21 20:45:32',1073741830,'log.review.reviewAccepted',0),(545,515,153,17,'2020-07-21 20:46:40',1342177281,'submission.event.fileUploaded',0),(546,1048585,21,1,'2020-07-21 20:46:50',1342177281,'submission.event.fileUploaded',0),(547,1048585,21,1,'2020-07-21 20:48:28',805306371,'log.editor.decision',0),(548,515,154,42,'2020-07-26 09:47:07',1342177281,'submission.event.fileUploaded',0),(549,1048585,22,42,'2020-07-26 09:47:14',1342177281,'submission.event.fileUploaded',0),(550,1048585,22,42,'2020-07-26 09:51:00',268435457,'submission.event.submissionSubmitted',0),(551,515,155,42,'2020-07-26 09:51:52',1342177281,'submission.event.fileUploaded',0),(552,1048585,23,42,'2020-07-26 09:51:55',1342177281,'submission.event.fileUploaded',0),(553,1048585,23,42,'2020-07-26 09:54:37',268435457,'submission.event.submissionSubmitted',0),(554,1048585,23,1,'2020-07-26 09:56:27',268435459,'submission.event.participantAdded',0),(555,1048585,23,1,'2020-07-26 09:56:48',805306371,'log.editor.decision',0),(556,1048585,23,1,'2020-07-26 09:57:37',1073741825,'log.review.reviewerAssigned',0),(557,1048585,23,1,'2020-07-26 09:58:15',1073741825,'log.review.reviewerAssigned',0),(558,1048585,22,1,'2020-07-26 09:59:17',268435459,'submission.event.participantAdded',0),(559,1048585,22,1,'2020-07-26 09:59:27',805306371,'log.editor.decision',0),(560,1048585,22,1,'2020-07-26 09:59:59',1073741825,'log.review.reviewerAssigned',0),(561,1048585,22,1,'2020-07-26 10:00:45',1073741825,'log.review.reviewerAssigned',0),(562,1048585,23,1,'2020-07-26 10:10:52',1342177281,'submission.event.fileUploaded',0),(563,1048585,23,1,'2020-07-28 07:19:59',1073741830,'log.review.reviewAccepted',0),(564,515,158,6,'2020-07-28 07:20:27',1342177281,'submission.event.fileUploaded',0),(565,1048585,23,1,'2020-07-28 07:20:37',1342177281,'submission.event.fileUploaded',0),(566,1048585,22,1,'2020-07-28 07:21:38',1073741830,'log.review.reviewAccepted',0),(567,515,159,6,'2020-07-28 07:22:00',1342177281,'submission.event.fileUploaded',0),(568,1048585,22,1,'2020-07-28 07:22:07',1342177281,'submission.event.fileUploaded',0),(569,1048585,23,1,'2020-07-28 07:23:23',1073741830,'log.review.reviewAccepted',0),(570,515,160,16,'2020-07-28 07:24:21',1342177281,'submission.event.fileUploaded',0),(571,1048585,23,1,'2020-07-28 07:24:27',1342177281,'submission.event.fileUploaded',0),(572,1048585,22,1,'2020-07-28 07:26:15',1073741830,'log.review.reviewAccepted',0),(573,515,161,17,'2020-07-28 07:26:40',1342177281,'submission.event.fileUploaded',0),(574,1048585,22,1,'2020-07-28 07:26:45',1342177281,'submission.event.fileUploaded',0),(575,1048585,23,1,'2020-07-28 07:27:43',805306371,'log.editor.decision',0),(576,1048585,22,1,'2020-07-28 07:28:31',805306371,'log.editor.decision',0),(577,1048585,18,1,'2020-07-28 07:29:52',805306371,'log.editor.decision',0),(578,1048585,18,1,'2020-07-28 07:30:13',805306371,'log.editor.decision',0),(579,515,164,42,'2020-07-29 07:25:10',1342177281,'submission.event.fileUploaded',0),(580,1048585,23,1,'2020-07-29 07:25:21',1342177281,'submission.event.fileUploaded',0),(581,515,165,42,'2020-07-29 07:26:24',1342177281,'submission.event.fileUploaded',0),(582,1048585,22,1,'2020-07-29 07:26:30',1342177281,'submission.event.fileUploaded',0),(583,1048585,23,1,'2020-07-29 07:27:25',805306371,'log.editor.decision',0),(584,1048585,22,1,'2020-07-29 07:28:08',805306371,'log.editor.decision',0),(585,515,168,43,'2020-08-13 03:48:48',1342177281,'submission.event.fileUploaded',0),(586,515,169,43,'2020-08-13 03:49:15',1342177281,'submission.event.fileUploaded',0),(587,515,168,43,'2020-08-13 03:49:15',1342177282,'submission.event.fileDeleted',0),(588,1048585,24,43,'2020-08-13 03:49:19',1342177283,'submission.event.lastRevisionDeleted',0),(589,1048585,24,43,'2020-08-13 03:49:32',1342177281,'submission.event.fileUploaded',0),(590,1048585,24,43,'2020-08-13 03:52:46',268435457,'submission.event.submissionSubmitted',0),(591,1048585,24,1,'2020-08-13 10:42:57',268435459,'submission.event.participantAdded',0),(592,1048585,24,1,'2020-08-13 10:43:37',805306371,'log.editor.decision',0),(593,1048585,24,1,'2020-08-13 10:44:18',1073741825,'log.review.reviewerAssigned',0),(594,1048585,24,1,'2020-08-15 09:37:25',1073741830,'log.review.reviewAccepted',0),(595,515,171,6,'2020-08-15 09:37:51',1342177281,'submission.event.fileUploaded',0),(596,1048585,24,1,'2020-08-15 09:38:29',1342177281,'submission.event.fileUploaded',0),(597,1048585,24,1,'2020-08-15 09:39:44',805306371,'log.editor.decision',0),(598,515,172,43,'2020-08-20 04:13:21',1342177281,'submission.event.fileUploaded',0),(599,1048585,24,43,'2020-08-20 04:13:36',1342177281,'submission.event.fileUploaded',0),(600,1048585,24,1,'2020-08-20 13:54:30',805306371,'log.editor.decision',0),(601,1048585,24,1,'2020-08-20 13:55:01',805306371,'log.editor.decision',0),(602,1048585,18,1,'2020-08-24 15:34:39',268435458,'submission.event.general.metadataUpdated',0),(603,1048585,23,1,'2020-08-24 15:38:38',268435458,'submission.event.general.metadataUpdated',0),(604,1048585,23,1,'2020-08-24 15:48:28',268435458,'submission.event.general.metadataUpdated',0),(605,1048585,22,1,'2020-08-24 15:51:52',268435458,'submission.event.general.metadataUpdated',0),(606,1048585,22,1,'2020-08-24 15:52:29',805306371,'log.editor.decision',0),(607,1048585,23,1,'2020-08-24 15:53:54',268435458,'submission.event.general.metadataUpdated',0),(608,1048585,23,1,'2020-08-24 15:54:17',805306371,'log.editor.decision',0),(609,1048585,19,1,'2020-08-26 13:43:24',268435458,'submission.event.general.metadataUpdated',0),(610,515,176,1,'2020-08-26 13:49:07',1342177281,'submission.event.fileUploaded',0),(611,1048585,19,1,'2020-08-26 13:49:20',1342177281,'submission.event.fileUploaded',0),(612,515,177,1,'2020-08-26 13:58:29',1342177281,'submission.event.fileUploaded',0),(613,1048585,20,1,'2020-08-26 13:58:36',1342177281,'submission.event.fileUploaded',0),(614,1048585,22,1,'2020-08-26 14:02:15',268435458,'submission.event.general.metadataUpdated',0),(615,515,178,1,'2020-08-26 14:04:51',1342177281,'submission.event.fileUploaded',0),(616,1048585,22,1,'2020-08-26 14:04:56',1342177281,'submission.event.fileUploaded',0),(617,1048585,22,1,'2020-08-26 14:06:00',268435464,'submission.event.issueMetadataUpdated',0),(618,1048585,23,1,'2020-08-26 14:08:10',268435458,'submission.event.general.metadataUpdated',0),(619,515,179,1,'2020-08-26 14:08:57',1342177281,'submission.event.fileUploaded',0),(620,1048585,23,1,'2020-08-26 14:09:04',1342177281,'submission.event.fileUploaded',0),(621,1048585,23,1,'2020-08-26 14:09:54',268435464,'submission.event.issueMetadataUpdated',0),(622,1048585,18,1,'2020-08-26 14:16:20',268435458,'submission.event.general.metadataUpdated',0),(623,515,180,1,'2020-08-26 14:16:59',1342177281,'submission.event.fileUploaded',0),(624,1048585,18,1,'2020-08-26 14:17:07',1342177281,'submission.event.fileUploaded',0),(625,1048585,18,1,'2020-08-26 14:17:52',268435464,'submission.event.issueMetadataUpdated',0),(626,1048585,24,1,'2020-08-26 14:21:28',268435458,'submission.event.general.metadataUpdated',0),(627,1048585,24,1,'2020-08-26 14:22:03',268435464,'submission.event.issueMetadataUpdated',0),(628,1048585,19,1,'2020-08-26 14:25:48',268435464,'submission.event.issueMetadataUpdated',0),(629,1048585,20,1,'2020-08-26 14:26:44',268435464,'submission.event.issueMetadataUpdated',0),(630,515,181,1,'2020-08-26 14:31:24',1342177281,'submission.event.fileUploaded',0),(631,1048585,24,1,'2020-08-26 14:31:29',1342177281,'submission.event.fileUploaded',0),(632,1048585,18,1,'2020-08-26 14:34:30',268435458,'submission.event.general.metadataUpdated',0),(633,515,182,51,'2020-09-08 12:48:34',1342177281,'submission.event.fileUploaded',0),(634,1048585,25,1,'2020-09-08 12:48:41',1342177281,'submission.event.fileUploaded',0),(635,1048585,25,1,'2020-09-08 12:49:58',268435457,'submission.event.submissionSubmitted',0),(636,1048585,25,1,'2020-09-08 12:50:54',268435459,'submission.event.participantAdded',0),(637,1048585,25,1,'2020-09-08 12:55:04',268435459,'submission.event.participantAdded',0),(638,1048585,25,1,'2020-09-08 12:55:32',268435459,'submission.event.participantAdded',0),(639,515,183,52,'2020-09-09 01:34:18',1342177281,'submission.event.fileUploaded',0),(640,1048585,26,52,'2020-09-09 01:34:35',1342177281,'submission.event.fileUploaded',0),(641,1048585,26,52,'2020-09-09 01:37:25',268435457,'submission.event.submissionSubmitted',0),(642,1048585,25,1,'2020-09-11 05:00:35',268435459,'submission.event.participantAdded',0),(643,1048585,25,1,'2020-09-11 05:01:28',805306371,'log.editor.decision',0),(644,1048585,25,1,'2020-09-11 05:03:02',1073741825,'log.review.reviewerAssigned',0),(645,515,185,40,'2020-09-16 02:57:11',1342177281,'submission.event.fileUploaded',0),(646,1048585,21,40,'2020-09-16 02:57:41',1342177281,'submission.event.fileUploaded',0),(647,1048585,26,1,'2020-09-18 05:31:43',268435459,'submission.event.participantAdded',0),(648,1048585,5,1,'2020-09-20 12:31:08',268435458,'submission.event.general.metadataUpdated',0),(649,1048585,18,1,'2020-09-20 12:43:30',268435458,'submission.event.general.metadataUpdated',0),(650,1048585,26,1,'2020-09-28 06:07:09',805306371,'log.editor.decision',0),(651,1048585,26,1,'2020-09-28 06:07:47',1073741825,'log.review.reviewerAssigned',0),(652,1048585,26,1,'2020-09-28 06:08:34',268435459,'submission.event.participantAdded',0),(653,1048585,21,1,'2020-09-28 06:22:53',268435459,'submission.event.participantAdded',0),(654,1048585,25,1,'2020-09-28 06:23:29',805306371,'log.editor.decision',0),(655,1048585,3,1,'2020-09-28 06:28:03',268435458,'submission.event.general.metadataUpdated',0),(656,1048585,2,1,'2020-09-28 06:29:38',268435458,'submission.event.general.metadataUpdated',0),(657,1048585,4,1,'2020-09-28 06:31:12',268435458,'submission.event.general.metadataUpdated',0),(658,1048585,1,1,'2020-09-28 06:34:15',268435458,'submission.event.general.metadataUpdated',0),(659,1048585,6,1,'2020-09-28 06:35:52',268435458,'submission.event.general.metadataUpdated',0),(660,1048585,8,1,'2020-09-28 06:37:36',268435458,'submission.event.general.metadataUpdated',0),(661,1048585,10,1,'2020-09-28 06:39:39',268435458,'submission.event.general.metadataUpdated',0),(662,1048585,7,1,'2020-09-28 06:42:18',268435458,'submission.event.general.metadataUpdated',0),(663,1048585,22,1,'2020-09-28 06:47:47',268435458,'submission.event.general.metadataUpdated',0),(664,1048585,23,1,'2020-09-28 06:49:19',268435458,'submission.event.general.metadataUpdated',0),(665,1048585,19,1,'2020-09-28 06:54:17',268435458,'submission.event.general.metadataUpdated',0),(666,515,187,57,'2020-10-06 11:49:25',1342177281,'submission.event.fileUploaded',0),(667,515,188,57,'2020-10-06 11:51:35',1342177281,'submission.event.fileUploaded',0),(668,515,188,57,'2020-10-06 11:58:33',1342177282,'submission.event.fileDeleted',0),(669,1048585,28,57,'2020-10-06 11:58:33',1342177283,'submission.event.lastRevisionDeleted',0),(670,515,189,57,'2020-10-06 11:58:36',1342177281,'submission.event.fileUploaded',0),(671,1048585,28,57,'2020-10-06 11:58:45',1342177281,'submission.event.fileUploaded',0),(672,1048585,28,57,'2020-10-06 11:59:50',1342177281,'submission.event.fileUploaded',0),(673,1048585,28,57,'2020-10-06 11:59:50',1342177281,'submission.event.fileUploaded',0),(674,1048585,28,57,'2020-10-06 12:11:22',268435457,'submission.event.submissionSubmitted',0),(675,1048585,28,1,'2020-10-06 21:07:16',268435459,'submission.event.participantAdded',0),(676,1048585,26,1,'2020-10-07 11:24:34',1073741830,'log.review.reviewAccepted',0),(677,515,190,6,'2020-10-07 11:25:17',1342177281,'submission.event.fileUploaded',0),(678,1048585,26,1,'2020-10-07 11:25:22',1342177281,'submission.event.fileUploaded',0),(679,1048585,26,1,'2020-10-07 11:26:24',805306371,'log.editor.decision',0),(680,515,191,58,'2020-10-07 17:16:16',1342177281,'submission.event.fileUploaded',0),(681,1048585,29,58,'2020-10-07 17:20:10',1342177281,'submission.event.fileUploaded',0),(682,1048585,29,58,'2020-10-07 17:25:45',268435457,'submission.event.submissionSubmitted',0),(683,1048585,29,1,'2020-10-07 19:06:42',268435459,'submission.event.participantAdded',0),(684,1048585,28,1,'2020-10-09 07:46:37',805306371,'log.editor.decision',0),(685,1048585,28,1,'2020-10-09 07:47:10',1073741825,'log.review.reviewerAssigned',0),(686,1048585,29,1,'2020-10-09 07:48:40',268435459,'submission.event.participantAdded',0),(687,1048585,29,1,'2020-10-09 07:48:53',805306371,'log.editor.decision',0),(688,1048585,28,1,'2020-10-09 07:52:37',268435459,'submission.event.participantAdded',0),(689,1048585,29,1,'2020-10-09 07:53:34',1073741825,'log.review.reviewerAssigned',0),(690,1048585,28,1,'2020-10-15 10:23:25',1073741830,'log.review.reviewAccepted',0),(691,515,194,6,'2020-10-15 10:25:17',1342177281,'submission.event.fileUploaded',0),(692,1048585,28,1,'2020-10-15 10:25:22',1342177281,'submission.event.fileUploaded',0),(693,1048585,28,1,'2020-10-15 10:26:04',805306371,'log.editor.decision',0),(694,1048585,29,1,'2020-10-17 07:45:13',1073741830,'log.review.reviewAccepted',0),(695,515,195,18,'2020-10-17 07:45:56',1342177281,'submission.event.fileUploaded',0),(696,1048585,29,1,'2020-10-17 07:46:13',1342177281,'submission.event.fileUploaded',0),(697,1048585,29,1,'2020-10-17 07:46:58',805306371,'log.editor.decision',0),(698,515,196,57,'2020-10-20 03:16:20',1342177281,'submission.event.fileUploaded',0),(699,1048585,28,57,'2020-10-20 03:16:59',1342177281,'submission.event.fileUploaded',0),(700,515,196,57,'2020-10-20 03:21:30',1342177288,'submission.event.revisionUploaded',0),(701,1048585,28,57,'2020-10-20 03:21:45',1342177288,'submission.event.fileRevised',0),(702,515,196,57,'2020-10-20 03:22:20',1342177288,'submission.event.revisionUploaded',0),(703,1048585,28,57,'2020-10-20 03:22:48',1342177288,'submission.event.fileRevised',0),(704,515,197,57,'2020-10-20 03:23:56',1342177281,'submission.event.fileUploaded',0),(705,1048585,28,57,'2020-10-20 03:24:13',1342177281,'submission.event.fileUploaded',0),(706,1048585,28,57,'2020-10-20 03:24:41',1342177281,'submission.event.fileUploaded',0),(707,515,198,59,'2020-10-22 03:30:57',1342177281,'submission.event.fileUploaded',0),(708,1048585,30,59,'2020-10-22 03:31:50',1342177281,'submission.event.fileUploaded',0),(709,1048585,30,59,'2020-10-22 03:32:19',1342177281,'submission.event.fileUploaded',0),(710,1048585,30,59,'2020-10-22 03:47:07',268435457,'submission.event.submissionSubmitted',0),(711,515,199,58,'2020-10-24 03:02:55',1342177281,'submission.event.fileUploaded',0),(712,1048585,29,58,'2020-10-24 03:03:19',1342177281,'submission.event.fileUploaded',0),(713,1048585,30,1,'2020-10-25 12:40:16',268435459,'submission.event.participantAdded',0),(714,1048585,30,1,'2020-10-29 08:28:55',805306371,'log.editor.decision',0),(715,1048585,30,1,'2020-10-29 08:29:32',1073741825,'log.review.reviewerAssigned',0),(716,1048585,30,1,'2020-11-07 15:43:26',1073741830,'log.review.reviewAccepted',0),(717,515,201,18,'2020-11-07 15:48:11',1342177281,'submission.event.fileUploaded',0),(718,1048585,30,1,'2020-11-07 15:48:15',1342177281,'submission.event.fileUploaded',0),(719,1048585,30,1,'2020-11-07 15:49:40',805306371,'log.editor.decision',0),(720,1048585,21,1,'2020-11-14 13:42:10',805306371,'log.editor.decision',0),(721,1048585,28,1,'2020-11-14 13:43:15',805306371,'log.editor.decision',0),(722,1048585,28,1,'2020-11-14 13:44:05',805306371,'log.editor.decision',0),(723,1048585,29,1,'2020-11-14 13:45:18',805306371,'log.editor.decision',0),(724,1048585,28,1,'2020-11-17 13:24:45',268435458,'submission.event.general.metadataUpdated',0),(725,515,205,49,'2020-11-17 13:29:51',1342177281,'submission.event.fileUploaded',0),(726,1048585,28,1,'2020-11-17 13:29:59',1342177281,'submission.event.fileUploaded',0),(727,1048585,28,1,'2020-11-18 09:47:08',268435458,'submission.event.general.metadataUpdated',0),(728,515,206,49,'2020-11-18 09:55:44',1342177281,'submission.event.fileUploaded',0),(729,1048585,28,1,'2020-11-18 09:55:49',1342177281,'submission.event.fileUploaded',0),(730,1048585,28,1,'2020-11-18 09:56:39',268435464,'submission.event.issueMetadataUpdated',0),(731,1048585,28,1,'2020-11-18 10:02:07',268435458,'submission.event.general.metadataUpdated',0),(732,515,207,49,'2020-11-18 10:09:37',1342177281,'submission.event.fileUploaded',0),(733,1048585,28,1,'2020-11-18 10:09:41',1342177281,'submission.event.fileUploaded',0),(734,515,208,1,'2020-11-19 11:48:07',1342177281,'submission.event.fileUploaded',0),(735,1048585,22,1,'2020-11-19 11:48:12',1342177281,'submission.event.fileUploaded',0),(736,515,209,63,'2020-12-06 23:17:41',1342177281,'submission.event.fileUploaded',0),(737,515,210,63,'2020-12-06 23:21:50',1342177281,'submission.event.fileUploaded',0),(738,515,210,63,'2020-12-06 23:22:31',1342177282,'submission.event.fileDeleted',0),(740,515,211,63,'2020-12-06 23:27:53',1342177281,'submission.event.fileUploaded',0),(741,1048585,32,63,'2020-12-06 23:33:38',1342177281,'submission.event.fileUploaded',0),(742,1048585,32,63,'2020-12-06 23:42:24',268435457,'submission.event.submissionSubmitted',0),(743,1048585,32,1,'2020-12-09 05:32:10',268435459,'submission.event.participantAdded',0),(744,515,212,65,'2021-01-02 05:40:59',1342177281,'submission.event.fileUploaded',0),(745,1048585,33,65,'2021-01-02 05:41:05',1342177281,'submission.event.fileUploaded',0),(746,1048585,33,65,'2021-01-02 05:42:18',268435457,'submission.event.submissionSubmitted',0),(747,1048585,33,1,'2021-01-02 05:43:32',268435459,'submission.event.participantAdded',0),(748,1048585,33,1,'2021-01-02 05:44:33',805306371,'log.editor.decision',0),(749,1048585,33,1,'2021-01-02 05:46:59',1073741825,'log.review.reviewerAssigned',0),(750,1048585,32,1,'2021-01-02 05:49:28',805306371,'log.editor.decision',0),(751,1048585,32,1,'2021-01-02 05:49:57',1073741825,'log.review.reviewerAssigned',0),(752,515,215,50,'2021-01-02 06:01:36',1342177281,'submission.event.fileUploaded',0),(753,1048585,29,1,'2021-01-02 06:01:43',1342177281,'submission.event.fileUploaded',0),(754,1048585,29,1,'2021-01-02 06:04:06',268435458,'submission.event.general.metadataUpdated',0),(755,1048585,29,1,'2021-01-02 06:11:22',805306371,'log.editor.decision',0),(756,515,217,1,'2021-01-02 06:12:23',1342177281,'submission.event.fileUploaded',0),(757,1048585,29,1,'2021-01-02 06:12:31',1342177281,'submission.event.fileUploaded',0),(758,1048585,29,1,'2021-01-02 06:12:52',268435464,'submission.event.issueMetadataUpdated',0),(759,1048585,29,1,'2021-01-02 06:15:55',268435458,'submission.event.general.metadataUpdated',0),(760,1048585,33,1,'2021-01-03 17:24:20',1073741830,'log.review.reviewAccepted',0),(761,515,218,6,'2021-01-03 17:24:44',1342177281,'submission.event.fileUploaded',0),(762,1048585,33,1,'2021-01-03 17:24:48',1342177281,'submission.event.fileUploaded',0),(763,1048585,33,1,'2021-01-03 17:26:18',805306371,'log.editor.decision',0),(764,1048585,32,1,'2021-01-04 17:08:05',1073741830,'log.review.reviewAccepted',0),(765,515,219,6,'2021-01-04 17:08:23',1342177281,'submission.event.fileUploaded',0),(766,1048585,32,1,'2021-01-04 17:08:27',1342177281,'submission.event.fileUploaded',0),(767,1048585,32,1,'2021-01-04 17:09:15',805306371,'log.editor.decision',0),(768,515,220,63,'2021-01-05 20:26:08',1342177281,'submission.event.fileUploaded',0),(769,515,220,63,'2021-01-05 20:26:41',1342177288,'submission.event.revisionUploaded',0),(770,1048585,32,63,'2021-01-05 20:26:49',1342177288,'submission.event.fileRevised',0),(771,515,220,63,'2021-01-05 20:27:04',1342177289,'submission.event.revisionDeleted',0),(772,515,220,63,'2021-01-05 20:27:08',1342177282,'submission.event.fileDeleted',0),(773,1048585,32,63,'2021-01-05 20:27:08',1342177283,'submission.event.lastRevisionDeleted',0),(774,515,221,63,'2021-01-05 20:27:27',1342177281,'submission.event.fileUploaded',0),(775,1048585,32,63,'2021-01-05 20:27:30',1342177281,'submission.event.fileUploaded',0),(776,1048585,29,1,'2021-01-19 08:39:52',268435458,'submission.event.general.metadataUpdated',0),(777,1048585,36,56,'2021-01-20 21:27:27',268435457,'submission.event.submissionSubmitted',0),(778,1048585,38,66,'2021-01-23 23:52:30',268435457,'submission.event.submissionSubmitted',0),(779,1048585,38,1,'2021-01-25 08:04:42',268435459,'submission.event.participantAdded',0),(780,1048585,36,1,'2021-01-25 08:22:15',268435459,'submission.event.participantAdded',0),(781,515,222,1,'2021-02-02 11:11:00',1342177281,'submission.event.fileUploaded',0),(782,515,222,1,'2021-02-03 09:14:50',1342177282,'submission.event.fileDeleted',0),(783,1048585,38,1,'2021-02-03 09:14:50',1342177283,'submission.event.lastRevisionDeleted',0),(784,515,223,1,'2021-02-03 09:15:06',1342177281,'submission.event.fileUploaded',0),(785,1048585,38,1,'2021-02-03 09:15:10',1342177281,'submission.event.fileUploaded',0),(786,1048585,38,1,'2021-02-06 11:34:28',805306371,'log.editor.decision',0),(787,1048585,38,1,'2021-02-06 11:35:01',1073741825,'log.review.reviewerAssigned',0),(788,1048585,38,1,'2021-02-10 14:35:15',1073741830,'log.review.reviewAccepted',0),(789,515,225,6,'2021-02-10 14:35:51',1342177281,'submission.event.fileUploaded',0),(790,1048585,38,1,'2021-02-10 14:35:56',1342177281,'submission.event.fileUploaded',0),(791,1048585,38,1,'2021-02-10 14:37:00',805306371,'log.editor.decision',0),(792,515,226,66,'2021-02-12 19:20:25',1342177281,'submission.event.fileUploaded',0),(793,1048585,38,66,'2021-02-12 19:21:08',1342177281,'submission.event.fileUploaded',0),(794,515,226,66,'2021-02-12 19:26:22',1342177288,'submission.event.revisionUploaded',0),(795,515,226,66,'2021-02-12 19:27:05',1342177288,'submission.event.revisionUploaded',0),(796,1048585,38,66,'2021-02-12 19:27:18',1342177288,'submission.event.fileRevised',0),(797,515,227,65,'2021-02-19 11:23:38',1342177281,'submission.event.fileUploaded',0),(798,1048585,33,1,'2021-02-19 11:25:10',1073741825,'log.review.reviewerAssigned',0),(799,1048585,33,1,'2021-02-19 11:25:42',1073741830,'log.review.reviewAccepted',0),(800,515,228,18,'2021-02-19 11:37:24',1342177281,'submission.event.fileUploaded',0),(801,1048585,33,1,'2021-02-19 11:37:31',1342177281,'submission.event.fileUploaded',0),(802,1048585,33,1,'2021-02-19 11:41:29',805306371,'log.editor.decision',0),(803,1048585,33,1,'2021-02-19 11:42:40',805306371,'log.editor.decision',0),(804,1048585,33,1,'2021-02-19 13:31:56',268435458,'submission.event.general.metadataUpdated',0),(805,515,230,1,'2021-02-19 13:33:58',1342177281,'submission.event.fileUploaded',0),(806,1048585,33,1,'2021-02-19 13:34:05',1342177281,'submission.event.fileUploaded',0),(807,1048585,33,1,'2021-02-19 13:34:24',268435464,'submission.event.issueMetadataUpdated',0),(808,515,231,51,'2021-02-20 08:58:28',1342177281,'submission.event.fileUploaded',0),(809,1048585,40,1,'2021-02-20 08:58:34',1342177281,'submission.event.fileUploaded',0),(810,1048585,40,1,'2021-02-20 08:59:20',268435457,'submission.event.submissionSubmitted',0),(811,1048585,38,1,'2021-02-20 10:16:33',805306371,'log.editor.decision',0),(812,1048585,32,1,'2021-02-20 10:17:09',805306371,'log.editor.decision',0),(813,515,226,66,'2021-02-20 21:04:31',1342177288,'submission.event.revisionUploaded',0),(814,1048585,38,66,'2021-02-20 21:04:44',1342177288,'submission.event.fileRevised',0),(815,515,226,66,'2021-02-20 21:21:17',1342177289,'submission.event.revisionDeleted',0),(816,515,226,66,'2021-02-20 21:21:50',1342177288,'submission.event.revisionUploaded',0),(817,1048585,38,66,'2021-02-20 21:21:54',1342177288,'submission.event.fileRevised',0);

--
-- Table structure for table `event_log_settings`
--

CREATE TABLE `event_log_settings` (
  `log_id` bigint(20) NOT NULL,
  `setting_name` varchar(255) NOT NULL,
  `setting_value` text DEFAULT NULL,
  `setting_type` varchar(6) NOT NULL,
  UNIQUE KEY `event_log_settings_pkey` (`log_id`,`setting_name`),
  KEY `event_log_settings_log_id` (`log_id`),
  KEY `event_log_settings_name_value` (`setting_name`(50),`setting_value`(150))
) ENGINE=InnoDB DEFAULT CHARSET=utf8;

--
-- Dumping data for table `event_log_settings`
--

INSERT INTO `event_log_settings` VALUES (1,'fileId','1','int'),(1,'fileStage','2','int'),(1,'originalFileName','santan ing.docx','string'),(1,'revisedFileId',NULL,'string'),(1,'submissionFileId','1','int'),(1,'submissionId','1','int'),(1,'username','putri','string'),(2,'fileId','1','int'),(2,'fileStage','2','int'),(2,'name','putri, santan ing.docx','string'),(2,'originalFileName','santan ing.docx','string'),(2,'submissionFileId','1','int'),(2,'submissionId','1','int'),(2,'username','putri','string'),(4,'name','tes1 tes2','string'),(4,'userGroupName','Author','string'),(4,'username','tes123','string'),(5,'name','Ratih Dewi Dwiyanti','string'),(5,'userGroupName','Journal editor','string'),(5,'username','ratih001','string'),(6,'decision','Accept and Skip Review','string'),(6,'editorName','admin admin','string'),(6,'submissionId','1','string'),(7,'decision','Send To Production','string'),(7,'editorName','admin admin','string'),(7,'submissionId','1','string'),(8,'fileId','4','int'),(8,'fileStage','2','int'),(8,'originalFileName','ikan asin ing.docx','string'),(8,'revisedFileId',NULL,'string'),(8,'submissionFileId','4','int'),(8,'submissionId','2','int'),(8,'username','yuli','string'),(9,'fileId','4','int'),(9,'fileStage','2','int'),(9,'name','yuli, ikan asin ing.docx','string'),(9,'originalFileName','ikan asin ing.docx','string'),(9,'submissionFileId','4','int'),(9,'submissionId','2','int'),(9,'username','yuli','string'),(11,'name','admin admin','string'),(11,'userGroupName','Journal editor','string'),(11,'username','admin','string'),(12,'decision','Send to Review','string'),(12,'editorName','admin admin','string'),(12,'submissionId','2','string'),(13,'reviewAssignmentId','1','int'),(13,'reviewerName','anny Thuraidah','string'),(13,'round','1','int'),(13,'stageId','3','int'),(13,'submissionId','2','string'),(14,'reviewAssignmentId','1','string'),(14,'reviewerName','anny Thuraidah','string'),(14,'round','1','string'),(14,'submissionId','2','string'),(15,'fileId','6','int'),(15,'fileStage','5','int'),(15,'originalFileName','ikan asin ing-rev (Autosaved).docx','string'),(15,'revisedFileId',NULL,'string'),(15,'submissionFileId','6','int'),(15,'submissionId','2','int'),(15,'username','thuraidah','string'),(16,'fileId','6','int'),(16,'fileStage','5','int'),(16,'name',', ikan asin ing-rev (Autosaved).docx','string'),(16,'originalFileName','ikan asin ing-rev (Autosaved).docx','string'),(16,'submissionFileId','6','int'),(16,'submissionId','2','int'),(16,'username','thuraidah','string'),(17,'decision','Request Revisions','string'),(17,'editorName','admin admin','string'),(17,'submissionId','2','string'),(18,'fileId','7','int'),(18,'fileStage','15','int'),(18,'originalFileName','ikan asin ing.docx','string'),(18,'revisedFileId',NULL,'string'),(18,'submissionFileId','7','int'),(18,'submissionId','2','int'),(18,'username','yuli','string'),(19,'fileId','7','int'),(19,'fileStage','15','int'),(19,'name','Article Text, ikan asin ing.docx','string'),(19,'originalFileName','ikan asin ing.docx','string'),(19,'submissionFileId','7','int'),(19,'submissionId','2','int'),(19,'username','yuli','string'),(20,'decision','Accept and Skip Review','string'),(20,'editorName','admin admin','string'),(20,'submissionId','2','string'),(21,'decision','Send To Production','string'),(21,'editorName','admin admin','string'),(21,'submissionId','2','string'),(22,'fileId','1','int'),(22,'fileStage','10','int'),(22,'originalFileName','ikan asin ing.docx','string'),(22,'revisedFileId',NULL,'string'),(22,'submissionFileId','11','int'),(22,'submissionId','2','int'),(22,'username','admin','string'),(23,'fileId','1','int'),(23,'fileStage','10','int'),(23,'name','admin, ikan asin ing.docx','string'),(23,'originalFileName','ikan asin ing.docx','string'),(23,'submissionFileId','11','int'),(23,'submissionId','2','int'),(23,'username','admin','string'),(27,'fileId','12','int'),(27,'fileStage','10','int'),(27,'originalFileName','ikan asin template.pdf','string'),(27,'revisedFileId',NULL,'string'),(27,'submissionFileId','12','int'),(27,'submissionId','2','int'),(27,'username','admin','string'),(28,'fileId','12','int'),(28,'fileStage','10','int'),(28,'name','admin, ikan asin template.pdf','string'),(28,'originalFileName','ikan asin template.pdf','string'),(28,'submissionFileId','12','int'),(28,'submissionId','2','int'),(28,'username','admin','string'),(31,'decision','Send to Review','string'),(31,'editorName','admin admin','string'),(31,'submissionId','1','string'),(32,'reviewAssignmentId','2','int'),(32,'reviewerName','anny Thuraidah','string'),(32,'round','1','int'),(32,'stageId','3','int'),(32,'submissionId','1','string'),(33,'reviewAssignmentId','2','string'),(33,'reviewerName','anny Thuraidah','string'),(33,'round','1','string'),(33,'submissionId','1','string'),(34,'fileId','14','int'),(34,'fileStage','5','int'),(34,'originalFileName','santan ing-rev.docx','string'),(34,'revisedFileId',NULL,'string'),(34,'submissionFileId','14','int'),(34,'submissionId','1','int'),(34,'username','thuraidah','string'),(35,'fileId','14','int'),(35,'fileStage','5','int'),(35,'name',', santan ing-rev.docx','string'),(35,'originalFileName','santan ing-rev.docx','string'),(35,'submissionFileId','14','int'),(35,'submissionId','1','int'),(35,'username','thuraidah','string'),(36,'decision','Request Revisions','string'),(36,'editorName','admin admin','string'),(36,'submissionId','1','string'),(37,'fileId','15','int'),(37,'fileStage','15','int'),(37,'originalFileName','santan ing-perbaikan.docx','string'),(37,'revisedFileId',NULL,'string'),(37,'submissionFileId','15','int'),(37,'submissionId','1','int'),(37,'username','putri','string'),(38,'fileId','15','int'),(38,'fileStage','15','int'),(38,'name','Article Text, santan ing-perbaikan.docx','string'),(38,'originalFileName','santan ing-perbaikan.docx','string'),(38,'submissionFileId','15','int'),(38,'submissionId','1','int'),(38,'username','putri','string'),(39,'fileId','1','int'),(39,'fileStage','15','int'),(39,'originalFileName','ikan asin ing -perbaikan.docx','string'),(39,'revisedFileId',NULL,'string'),(39,'submissionFileId','16','int'),(39,'submissionId','2','int'),(39,'username','yuli','string'),(40,'fileId','8','int'),(40,'fileStage','15','int'),(40,'name','Article Text, ikan asin ing -perbaikan.docx','string'),(40,'originalFileName','ikan asin ing -perbaikan.docx','string'),(40,'submissionFileId','7','int'),(40,'submissionId','2','int'),(40,'username','yuli','string'),(41,'decision','Request Revisions','string'),(41,'editorName','admin admin','string'),(41,'submissionId','1','string'),(42,'fileId','1','int'),(42,'fileStage','10','int'),(42,'originalFileName','santan template.pdf','string'),(42,'revisedFileId',NULL,'string'),(42,'submissionFileId','17','int'),(42,'submissionId','1','int'),(42,'username','admin','string'),(43,'fileId','1','int'),(43,'fileStage','10','int'),(43,'name','admin, santan template.pdf','string'),(43,'originalFileName','santan template.pdf','string'),(43,'submissionFileId','17','int'),(43,'submissionId','1','int'),(43,'username','admin','string'),(45,'fileId','16','int'),(45,'fileStage','2','int'),(45,'originalFileName','erytrosit ing.docx','string'),(45,'revisedFileId',NULL,'string'),(45,'submissionFileId','18','int'),(45,'submissionId','3','int'),(45,'username','yuli','string'),(46,'fileId','16','int'),(46,'fileStage','2','int'),(46,'name','yuli, erytrosit ing.docx','string'),(46,'originalFileName','erytrosit ing.docx','string'),(46,'submissionFileId','18','int'),(46,'submissionId','3','int'),(46,'username','yuli','string'),(48,'fileId','17','int'),(48,'fileStage','2','int'),(48,'originalFileName','kelulut ing.docx','string'),(48,'revisedFileId',NULL,'string'),(48,'submissionFileId','19','int'),(48,'submissionId','4','int'),(48,'username','yuli','string'),(49,'fileId','17','int'),(49,'fileStage','2','int'),(49,'name','yuli, kelulut ing.docx','string'),(49,'originalFileName','kelulut ing.docx','string'),(49,'submissionFileId','19','int'),(49,'submissionId','4','int'),(49,'username','yuli','string'),(51,'fileId','18','int'),(51,'fileStage','2','int'),(51,'originalFileName','vekDHF ing.docx','string'),(51,'revisedFileId',NULL,'string'),(51,'submissionFileId','20','int'),(51,'submissionId','5','int'),(51,'username','putri','string'),(52,'fileId','18','int'),(52,'fileStage','2','int'),(52,'name','putri, vekDHF ing.docx','string'),(52,'originalFileName','vekDHF ing.docx','string'),(52,'submissionFileId','20','int'),(52,'submissionId','5','int'),(52,'username','putri','string'),(54,'name','admin admin','string'),(54,'userGroupName','Journal editor','string'),(54,'username','admin','string'),(55,'decision','Send to Review','string'),(55,'editorName','admin admin','string'),(55,'submissionId','5','string'),(56,'reviewAssignmentId','3','int'),(56,'reviewerName','anny Thuraidah','string'),(56,'round','1','int'),(56,'stageId','3','int'),(56,'submissionId','5','string'),(57,'name','admin admin','string'),(57,'userGroupName','Journal editor','string'),(57,'username','admin','string'),(58,'decision','Send to Review','string'),(58,'editorName','admin admin','string'),(58,'submissionId','4','string'),(59,'reviewAssignmentId','4','int'),(59,'reviewerName','anny Thuraidah','string'),(59,'round','1','int'),(59,'stageId','3','int'),(59,'submissionId','4','string'),(60,'name','admin admin','string'),(60,'userGroupName','Journal editor','string'),(60,'username','admin','string'),(61,'decision','Send to Review','string'),(61,'editorName','admin admin','string'),(61,'submissionId','3','string'),(62,'reviewAssignmentId','5','int'),(62,'reviewerName','anny Thuraidah','string'),(62,'round','1','int'),(62,'stageId','3','int'),(62,'submissionId','3','string'),(63,'reviewAssignmentId','3','string'),(63,'reviewerName','anny Thuraidah','string'),(63,'round','1','string'),(63,'submissionId','5','string'),(64,'fileId','22','int'),(64,'fileStage','5','int'),(64,'originalFileName','vekDHF ing -rev.docx','string'),(64,'revisedFileId',NULL,'string'),(64,'submissionFileId','24','int'),(64,'submissionId','5','int'),(64,'username','thuraidah','string'),(65,'fileId','22','int'),(65,'fileStage','5','int'),(65,'name',', vekDHF ing -rev.docx','string'),(65,'originalFileName','vekDHF ing -rev.docx','string'),(65,'submissionFileId','24','int'),(65,'submissionId','5','int'),(65,'username','thuraidah','string'),(66,'reviewAssignmentId','4','string'),(66,'reviewerName','anny Thuraidah','string'),(66,'round','1','string'),(66,'submissionId','4','string'),(67,'fileId','23','int'),(67,'fileStage','5','int'),(67,'originalFileName','kelulut ing -rev.docx','string'),(67,'revisedFileId',NULL,'string'),(67,'submissionFileId','25','int'),(67,'submissionId','4','int'),(67,'username','thuraidah','string'),(68,'fileId','23','int'),(68,'fileStage','5','int'),(68,'name',', kelulut ing -rev.docx','string'),(68,'originalFileName','kelulut ing -rev.docx','string'),(68,'submissionFileId','25','int'),(68,'submissionId','4','int'),(68,'username','thuraidah','string'),(69,'reviewAssignmentId','5','string'),(69,'reviewerName','anny Thuraidah','string'),(69,'round','1','string'),(69,'submissionId','3','string'),(70,'fileId','24','int'),(70,'fileStage','5','int'),(70,'originalFileName','erytrosit ing -rev.docx','string'),(70,'revisedFileId',NULL,'string'),(70,'submissionFileId','26','int'),(70,'submissionId','3','int'),(70,'username','thuraidah','string'),(71,'fileId','24','int'),(71,'fileStage','5','int'),(71,'name',', erytrosit ing -rev.docx','string'),(71,'originalFileName','erytrosit ing -rev.docx','string'),(71,'submissionFileId','26','int'),(71,'submissionId','3','int'),(71,'username','thuraidah','string'),(72,'decision','Request Revisions','string'),(72,'editorName','admin admin','string'),(72,'submissionId','5','string'),(73,'decision','Request Revisions','string'),(73,'editorName','admin admin','string'),(73,'submissionId','4','string'),(74,'decision','Request Revisions','string'),(74,'editorName','admin admin','string'),(74,'submissionId','3','string'),(75,'fileId','25','int'),(75,'fileStage','15','int'),(75,'originalFileName','kelulut ing-perbaikan.docx','string'),(75,'revisedFileId',NULL,'string'),(75,'submissionFileId','27','int'),(75,'submissionId','4','int'),(75,'username','yuli','string'),(76,'fileId','25','int'),(76,'fileStage','15','int'),(76,'name','Article Text, kelulut ing-perbaikan.docx','string'),(76,'originalFileName','kelulut ing-perbaikan.docx','string'),(76,'submissionFileId','27','int'),(76,'submissionId','4','int'),(76,'username','yuli','string'),(77,'fileId','26','int'),(77,'fileStage','15','int'),(77,'originalFileName','erytrosit ing -perbaikan.docx','string'),(77,'revisedFileId',NULL,'string'),(77,'submissionFileId','28','int'),(77,'submissionId','3','int'),(77,'username','yuli','string'),(78,'fileId','26','int'),(78,'fileStage','15','int'),(78,'name','Article Text, erytrosit ing -perbaikan.docx','string'),(78,'originalFileName','erytrosit ing -perbaikan.docx','string'),(78,'submissionFileId','28','int'),(78,'submissionId','3','int'),(78,'username','yuli','string'),(79,'fileId','27','int'),(79,'fileStage','15','int'),(79,'originalFileName','vekDHF ing -perbaikan.docx','string'),(79,'revisedFileId',NULL,'string'),(79,'submissionFileId','29','int'),(79,'submissionId','5','int'),(79,'username','putri','string'),(80,'fileId','27','int'),(80,'fileStage','15','int'),(80,'name','Article Text, vekDHF ing -perbaikan.docx','string'),(80,'originalFileName','vekDHF ing -perbaikan.docx','string'),(80,'submissionFileId','29','int'),(80,'submissionId','5','int'),(80,'username','putri','string'),(81,'decision','Send To Production','string'),(81,'editorName','admin admin','string'),(81,'submissionId','1','string'),(82,'fileId','28','int'),(82,'fileStage','10','int'),(82,'originalFileName','santan template.pdf','string'),(82,'revisedFileId',NULL,'string'),(82,'submissionFileId','30','int'),(82,'submissionId','1','int'),(82,'username','admin','string'),(83,'fileId','28','int'),(83,'fileStage','10','int'),(83,'name','admin, santan template.pdf','string'),(83,'originalFileName','santan template.pdf','string'),(83,'submissionFileId','30','int'),(83,'submissionId','1','int'),(83,'username','admin','string'),(84,'decision','Request Revisions','string'),(84,'editorName','admin admin','string'),(84,'submissionId','5','string'),(85,'decision','Send To Production','string'),(85,'editorName','admin admin','string'),(85,'submissionId','5','string'),(86,'fileId','29','int'),(86,'fileStage','10','int'),(86,'originalFileName','vekDHF template.pdf','string'),(86,'revisedFileId',NULL,'string'),(86,'submissionFileId','31','int'),(86,'submissionId','5','int'),(86,'username','admin','string'),(87,'fileId','29','int'),(87,'fileStage','10','int'),(87,'name','admin, vekDHF template.pdf','string'),(87,'originalFileName','vekDHF template.pdf','string'),(87,'submissionFileId','31','int'),(87,'submissionId','5','int'),(87,'username','admin','string'),(89,'decision','Send To Production','string'),(89,'editorName','admin admin','string'),(89,'submissionId','4','string'),(90,'fileId','30','int'),(90,'fileStage','10','int'),(90,'originalFileName','kelulut template.pdf','string'),(90,'revisedFileId',NULL,'string'),(90,'submissionFileId','32','int'),(90,'submissionId','4','int'),(90,'username','admin','string'),(91,'fileId','30','int'),(91,'fileStage','10','int'),(91,'name','admin, kelulut template.pdf','string'),(91,'originalFileName','kelulut template.pdf','string'),(91,'submissionFileId','32','int'),(91,'submissionId','4','int'),(91,'username','admin','string'),(94,'decision','Send To Production','string'),(94,'editorName','admin admin','string'),(94,'submissionId','3','string'),(95,'fileId','31','int'),(95,'fileStage','10','int'),(95,'originalFileName','erytrosit template.pdf','string'),(95,'revisedFileId',NULL,'string'),(95,'submissionFileId','33','int'),(95,'submissionId','3','int'),(95,'username','admin','string'),(96,'fileId','31','int'),(96,'fileStage','10','int'),(96,'name','admin, erytrosit template.pdf','string'),(96,'originalFileName','erytrosit template.pdf','string'),(96,'submissionFileId','33','int'),(96,'submissionId','3','int'),(96,'username','admin','string'),(115,'fileId','32','int'),(115,'fileStage','2','int'),(115,'originalFileName','jurnal nurul kayu mns eng.docx','string'),(115,'revisedFileId',NULL,'string'),(115,'submissionFileId','34','int'),(115,'submissionId','6','int'),(115,'username','nurulhuda','string'),(116,'fileId','32','int'),(116,'fileStage','2','int'),(116,'name','nurulhuda, jurnal nurul kayu mns eng.docx','string'),(116,'originalFileName','jurnal nurul kayu mns eng.docx','string'),(116,'submissionFileId','34','int'),(116,'submissionId','6','int'),(116,'username','nurulhuda','string'),(118,'name','Ratih Dewi Dwiyanti','string'),(118,'userGroupName','Journal editor','string'),(118,'username','ratih001','string'),(119,'decision','Send to Review','string'),(119,'editorName','admin admin','string'),(119,'submissionId','6','string'),(120,'reviewAssignmentId','6','int'),(120,'reviewerName','anny Thuraidah','string'),(120,'round','1','int'),(120,'stageId','3','int'),(120,'submissionId','6','string'),(121,'fileId','34','int'),(121,'fileStage','2','int'),(121,'originalFileName','jurnal ayu rosella new eng.docx','string'),(121,'revisedFileId',NULL,'string'),(121,'submissionFileId','36','int'),(121,'submissionId','7','int'),(121,'username','ayusutiany','string'),(122,'fileId','34','int'),(122,'fileStage','2','int'),(122,'name','ayusutiany, jurnal ayu rosella new eng.docx','string'),(122,'originalFileName','jurnal ayu rosella new eng.docx','string'),(122,'submissionFileId','36','int'),(122,'submissionId','7','int'),(122,'username','ayusutiany','string'),(124,'name','Gita Indah Febriani','string'),(124,'userGroupName','Journal editor','string'),(124,'username','gitaindah','string'),(125,'fileId','35','int'),(125,'fileStage','2','int'),(125,'originalFileName','jurnal mahmudah bawang new eng.docx','string'),(125,'revisedFileId',NULL,'string'),(125,'submissionFileId','37','int'),(125,'submissionId','8','int'),(125,'username','sitimahmudah','string'),(126,'fileId','35','int'),(126,'fileStage','2','int'),(126,'name','sitimahmudah, jurnal mahmudah bawang new eng.docx','string'),(126,'originalFileName','jurnal mahmudah bawang new eng.docx','string'),(126,'submissionFileId','37','int'),(126,'submissionId','8','int'),(126,'username','sitimahmudah','string'),(128,'name','Jihan Rahma Naily','string'),(128,'userGroupName','Journal editor','string'),(128,'username','jihanrahma','string'),(129,'decision','Send to Review','string'),(129,'editorName','admin admin','string'),(129,'submissionId','8','string'),(130,'reviewAssignmentId','7','int'),(130,'reviewerName','Yulia Tri Andini','string'),(130,'round','1','int'),(130,'stageId','3','int'),(130,'submissionId','8','string'),(131,'decision','Send to Review','string'),(131,'editorName','admin admin','string'),(131,'submissionId','7','string'),(132,'reviewAssignmentId','8','int'),(132,'reviewerName','Nadiya Uswatun Hasanah','string'),(132,'round','1','int'),(132,'stageId','3','int'),(132,'submissionId','7','string'),(133,'fileId','38','int'),(133,'fileStage','2','int'),(133,'originalFileName','sirkumsisi.doc','string'),(133,'revisedFileId',NULL,'string'),(133,'submissionFileId','40','int'),(133,'submissionId','9','int'),(133,'username','yusufatakan','string'),(134,'fileId','38','int'),(134,'fileStage','2','int'),(134,'name','yusufatakan, sirkumsisi.doc','string'),(134,'originalFileName','sirkumsisi.doc','string'),(134,'submissionFileId','40','int'),(134,'submissionId','9','int'),(134,'username','yusufatakan','string'),(136,'name','Emalia Kubarti','string'),(136,'userGroupName','Journal editor','string'),(136,'username','emaliakubarti','string'),(137,'decision','Send to Review','string'),(137,'editorName','admin admin','string'),(137,'submissionId','9','string'),(138,'reviewAssignmentId','9','int'),(138,'reviewerName','anny Thuraidah','string'),(138,'round','1','int'),(138,'stageId','3','int'),(138,'submissionId','9','string'),(139,'reviewAssignmentId','7','string'),(139,'reviewerName','Yulia Tri Andini','string'),(139,'round','1','string'),(139,'submissionId','8','string'),(140,'fileId','40','int'),(140,'fileStage','5','int'),(140,'originalFileName','jurnal mahmudah bawang new eng rev.docx','string'),(140,'revisedFileId',NULL,'string'),(140,'submissionFileId','42','int'),(140,'submissionId','8','int'),(140,'username','yuliatri','string'),(141,'fileId','40','int'),(141,'fileStage','5','int'),(141,'name',', jurnal mahmudah bawang new eng rev.docx','string'),(141,'originalFileName','jurnal mahmudah bawang new eng rev.docx','string'),(141,'submissionFileId','42','int'),(141,'submissionId','8','int'),(141,'username','yuliatri','string'),(142,'decision','Request Revisions','string'),(142,'editorName','admin admin','string'),(142,'submissionId','8','string'),(143,'reviewAssignmentId','8','string'),(143,'reviewerName','Nadiya Uswatun Hasanah','string'),(143,'round','1','string'),(143,'submissionId','7','string'),(144,'fileId','41','int'),(144,'fileStage','5','int'),(144,'originalFileName','jurnal ayu rosella new eng rev.docx','string'),(144,'revisedFileId',NULL,'string'),(144,'submissionFileId','43','int'),(144,'submissionId','7','int'),(144,'username','nadiyauswatun','string'),(145,'fileId','41','int'),(145,'fileStage','5','int'),(145,'name',', jurnal ayu rosella new eng rev.docx','string'),(145,'originalFileName','jurnal ayu rosella new eng rev.docx','string'),(145,'submissionFileId','43','int'),(145,'submissionId','7','int'),(145,'username','nadiyauswatun','string'),(146,'reviewAssignmentId','6','string'),(146,'reviewerName','anny Thuraidah','string'),(146,'round','1','string'),(146,'submissionId','6','string'),(147,'fileId','42','int'),(147,'fileStage','5','int'),(147,'originalFileName','jurnal nurul kayu mns eng rev.docx','string'),(147,'revisedFileId',NULL,'string'),(147,'submissionFileId','44','int'),(147,'submissionId','6','int'),(147,'username','thuraidah','string'),(148,'fileId','42','int'),(148,'fileStage','5','int'),(148,'name',', jurnal nurul kayu mns eng rev.docx','string'),(148,'originalFileName','jurnal nurul kayu mns eng rev.docx','string'),(148,'submissionFileId','44','int'),(148,'submissionId','6','int'),(148,'username','thuraidah','string'),(149,'reviewAssignmentId','9','string'),(149,'reviewerName','anny Thuraidah','string'),(149,'round','1','string'),(149,'submissionId','9','string'),(150,'fileId','43','int'),(150,'fileStage','5','int'),(150,'originalFileName','sirkumsisi rev.doc','string'),(150,'revisedFileId',NULL,'string'),(150,'submissionFileId','45','int'),(150,'submissionId','9','int'),(150,'username','thuraidah','string'),(151,'fileId','43','int'),(151,'fileStage','5','int'),(151,'name',', sirkumsisi rev.doc','string'),(151,'originalFileName','sirkumsisi rev.doc','string'),(151,'submissionFileId','45','int'),(151,'submissionId','9','int'),(151,'username','thuraidah','string'),(152,'decision','Request Revisions','string'),(152,'editorName','admin admin','string'),(152,'submissionId','9','string'),(153,'decision','Request Revisions','string'),(153,'editorName','admin admin','string'),(153,'submissionId','7','string'),(154,'decision','Request Revisions','string'),(154,'editorName','admin admin','string'),(154,'submissionId','6','string'),(155,'decision','Request Revisions','string'),(155,'editorName','admin admin','string'),(155,'submissionId','9','string'),(156,'decision','Request Revisions','string'),(156,'editorName','admin admin','string'),(156,'submissionId','8','string'),(157,'decision','Request Revisions','string'),(157,'editorName','admin admin','string'),(157,'submissionId','7','string'),(158,'decision','Request Revisions','string'),(158,'editorName','admin admin','string'),(158,'submissionId','6','string'),(159,'decision','Request Revisions','string'),(159,'editorName','admin admin','string'),(159,'submissionId','9','string'),(160,'fileId','44','int'),(160,'fileStage','15','int'),(160,'originalFileName','sirkumsisi perbaikan.doc','string'),(160,'revisedFileId',NULL,'string'),(160,'submissionFileId','46','int'),(160,'submissionId','9','int'),(160,'username','yusufatakan','string'),(161,'fileId','44','int'),(161,'fileStage','15','int'),(161,'name','Article Text, sirkumsisi perbaikan.doc','string'),(161,'originalFileName','sirkumsisi perbaikan.doc','string'),(161,'submissionFileId','46','int'),(161,'submissionId','9','int'),(161,'username','yusufatakan','string'),(162,'fileId','45','int'),(162,'fileStage','15','int'),(162,'originalFileName','jurnal mahmudah bawang new eng perbaikan.docx','string'),(162,'revisedFileId',NULL,'string'),(162,'submissionFileId','47','int'),(162,'submissionId','8','int'),(162,'username','sitimahmudah','string'),(163,'fileId','45','int'),(163,'fileStage','15','int'),(163,'name','Article Text, jurnal mahmudah bawang new eng perbaikan.docx','string'),(163,'originalFileName','jurnal mahmudah bawang new eng perbaikan.docx','string'),(163,'submissionFileId','47','int'),(163,'submissionId','8','int'),(163,'username','sitimahmudah','string'),(164,'fileId','46','int'),(164,'fileStage','15','int'),(164,'originalFileName','jurnal nurul kayu mns eng perbaikan.docx','string'),(164,'revisedFileId',NULL,'string'),(164,'submissionFileId','48','int'),(164,'submissionId','6','int'),(164,'username','nurulhuda','string'),(165,'fileId','46','int'),(165,'fileStage','15','int'),(165,'name','Article Text, jurnal nurul kayu mns eng perbaikan.docx','string'),(165,'originalFileName','jurnal nurul kayu mns eng perbaikan.docx','string'),(165,'submissionFileId','48','int'),(165,'submissionId','6','int'),(165,'username','nurulhuda','string'),(166,'fileId','47','int'),(166,'fileStage','15','int'),(166,'originalFileName','jurnal ayu rosella new eng perbaikan.docx','string'),(166,'revisedFileId',NULL,'string'),(166,'submissionFileId','49','int'),(166,'submissionId','7','int'),(166,'username','ayusutiany','string'),(167,'fileId','47','int'),(167,'fileStage','15','int'),(167,'name','Article Text, jurnal ayu rosella new eng perbaikan.docx','string'),(167,'originalFileName','jurnal ayu rosella new eng perbaikan.docx','string'),(167,'submissionFileId','49','int'),(167,'submissionId','7','int'),(167,'username','ayusutiany','string'),(168,'decision','Accept Submission','string'),(168,'editorName','admin admin','string'),(168,'submissionId','8','string'),(169,'decision','Accept and Skip Review','string'),(169,'editorName','admin admin','string'),(169,'submissionId','8','string'),(170,'name','Fetus Abiose Olajubu','string'),(170,'userGroupName','Journal editor','string'),(170,'username','fetus','string'),(171,'decision','Accept Submission','string'),(171,'editorName','Fetus Abiose Olajubu','string'),(171,'submissionId','7','string'),(172,'decision','Accept and Skip Review','string'),(172,'editorName','admin admin','string'),(172,'submissionId','6','string'),(173,'decision','Accept and Skip Review','string'),(173,'editorName','admin admin','string'),(173,'submissionId','9','string'),(174,'decision','Accept and Skip Review','string'),(174,'editorName','admin admin','string'),(174,'submissionId','7','string'),(175,'fileId','52','int'),(175,'fileStage','2','int'),(175,'originalFileName','Cemaran Bacillus cereus eng.docx','string'),(175,'revisedFileId',NULL,'string'),(175,'submissionFileId','54','int'),(175,'submissionId','10','int'),(175,'username','ayufahani','string'),(176,'fileId','52','int'),(176,'fileStage','2','int'),(176,'name','ayufahani, Cemaran Bacillus cereus eng.docx','string'),(176,'originalFileName','Cemaran Bacillus cereus eng.docx','string'),(176,'submissionFileId','54','int'),(176,'submissionId','10','int'),(176,'username','ayufahani','string'),(178,'name','Fetus Abiose Olajubu','string'),(178,'userGroupName','Journal editor','string'),(178,'username','fetus','string'),(179,'decision','Send to Review','string'),(179,'editorName','Fetus Abiose Olajubu','string'),(179,'submissionId','10','string'),(180,'reviewAssignmentId','10','int'),(180,'reviewerName','Nadiya Uswatun Hasanah','string'),(180,'round','1','int'),(180,'stageId','3','int'),(180,'submissionId','10','string'),(181,'reviewAssignmentId','10','string'),(181,'reviewerName','Nadiya Uswatun Hasanah','string'),(181,'round','1','string'),(181,'submissionId','10','string'),(182,'fileId','54','int'),(182,'fileStage','5','int'),(182,'originalFileName','Cemaran Bacillus cereus eng rev.docx','string'),(182,'revisedFileId',NULL,'string'),(182,'submissionFileId','56','int'),(182,'submissionId','10','int'),(182,'username','nadiyauswatun','string'),(183,'fileId','54','int'),(183,'fileStage','5','int'),(183,'name',', Cemaran Bacillus cereus eng rev.docx','string'),(183,'originalFileName','Cemaran Bacillus cereus eng rev.docx','string'),(183,'submissionFileId','56','int'),(183,'submissionId','10','int'),(183,'username','nadiyauswatun','string'),(184,'decision','Request Revisions','string'),(184,'editorName','admin admin','string'),(184,'submissionId','10','string'),(185,'decision','Request Revisions','string'),(185,'editorName','admin admin','string'),(185,'submissionId','10','string'),(186,'fileId','55','int'),(186,'fileStage','15','int'),(186,'originalFileName','Cemaran Bacillus cereus eng perbaikan.docx','string'),(186,'revisedFileId',NULL,'string'),(186,'submissionFileId','57','int'),(186,'submissionId','10','int'),(186,'username','ayufahani','string'),(187,'fileId','55','int'),(187,'fileStage','15','int'),(187,'name','Article Text, Cemaran Bacillus cereus eng perbaikan.docx','string'),(187,'originalFileName','Cemaran Bacillus cereus eng perbaikan.docx','string'),(187,'submissionFileId','57','int'),(187,'submissionId','10','int'),(187,'username','ayufahani','string'),(188,'decision','Accept Submission','string'),(188,'editorName','admin admin','string'),(188,'submissionId','10','string'),(189,'decision','Accept and Skip Review','string'),(189,'editorName','admin admin','string'),(189,'submissionId','10','string'),(191,'decision','Send To Production','string'),(191,'editorName','Fetus Abiose Olajubu','string'),(191,'submissionId','10','string'),(192,'fileId','57','int'),(192,'fileStage','10','int'),(192,'originalFileName','cemaran basillus template.pdf','string'),(192,'revisedFileId',NULL,'string'),(192,'submissionFileId','59','int'),(192,'submissionId','10','int'),(192,'username','fetus','string'),(193,'fileId','57','int'),(193,'fileStage','10','int'),(193,'name','fetus, cemaran basillus template.pdf','string'),(193,'originalFileName','cemaran basillus template.pdf','string'),(193,'submissionFileId','59','int'),(193,'submissionId','10','int'),(193,'username','fetus','string'),(196,'decision','Send To Production','string'),(196,'editorName','Fetus Abiose Olajubu','string'),(196,'submissionId','7','string'),(198,'fileId','58','int'),(198,'fileStage','10','int'),(198,'originalFileName','jurnal ayu rosella template.pdf','string'),(198,'revisedFileId',NULL,'string'),(198,'submissionFileId','60','int'),(198,'submissionId','7','int'),(198,'username','fetus','string'),(199,'fileId','58','int'),(199,'fileStage','10','int'),(199,'name','fetus, jurnal ayu rosella template.pdf','string'),(199,'originalFileName','jurnal ayu rosella template.pdf','string'),(199,'submissionFileId','60','int'),(199,'submissionId','7','int'),(199,'username','fetus','string'),(201,'decision','Send To Production','string'),(201,'editorName','admin admin','string'),(201,'submissionId','9','string'),(202,'fileId','59','int'),(202,'fileStage','10','int'),(202,'originalFileName','sirkumsisi template asli.pdf','string'),(202,'revisedFileId',NULL,'string'),(202,'submissionFileId','61','int'),(202,'submissionId','9','int'),(202,'username','admin','string'),(203,'fileId','59','int'),(203,'fileStage','10','int'),(203,'name','admin, sirkumsisi template asli.pdf','string'),(203,'originalFileName','sirkumsisi template asli.pdf','string'),(203,'submissionFileId','61','int'),(203,'submissionId','9','int'),(203,'username','admin','string'),(206,'decision','Send To Production','string'),(206,'editorName','admin admin','string'),(206,'submissionId','8','string'),(207,'fileId','60','int'),(207,'fileStage','10','int'),(207,'originalFileName','jurnal mahmudah template.pdf','string'),(207,'revisedFileId',NULL,'string'),(207,'submissionFileId','62','int'),(207,'submissionId','8','int'),(207,'username','admin','string'),(208,'fileId','60','int'),(208,'fileStage','10','int'),(208,'name','admin, jurnal mahmudah template.pdf','string'),(208,'originalFileName','jurnal mahmudah template.pdf','string'),(208,'submissionFileId','62','int'),(208,'submissionId','8','int'),(208,'username','admin','string'),(211,'decision','Send To Production','string'),(211,'editorName','admin admin','string'),(211,'submissionId','6','string'),(212,'fileId','61','int'),(212,'fileStage','10','int'),(212,'originalFileName','jurnal nurul template.pdf','string'),(212,'revisedFileId',NULL,'string'),(212,'submissionFileId','63','int'),(212,'submissionId','6','int'),(212,'username','admin','string'),(213,'fileId','61','int'),(213,'fileStage','10','int'),(213,'name','admin, jurnal nurul template.pdf','string'),(213,'originalFileName','jurnal nurul template.pdf','string'),(213,'submissionFileId','63','int'),(213,'submissionId','6','int'),(213,'username','admin','string'),(215,'fileId','62','int'),(215,'fileStage','2','int'),(215,'originalFileName','z plasti yeni tarama.docx','string'),(215,'revisedFileId',NULL,'string'),(215,'submissionFileId','64','int'),(215,'submissionId','11','int'),(215,'username','dryab2747','string'),(216,'fileId','62','int'),(216,'fileStage','2','int'),(216,'name','dryab2747, z plasti yeni tarama.docx','string'),(216,'originalFileName','z plasti yeni tarama.docx','string'),(216,'submissionFileId','64','int'),(216,'submissionId','11','int'),(216,'username','dryab2747','string'),(218,'name','admin admin','string'),(218,'userGroupName','Journal manager','string'),(218,'username','admin','string'),(219,'fileId','1','int'),(219,'fileStage','2','int'),(219,'originalFileName','Eng Isnamurti Ciptaningrum.docx','string'),(219,'revisedFileId',NULL,'string'),(219,'submissionFileId','65','int'),(219,'submissionId','12','int'),(219,'username','isnamurti19','string'),(224,'fileId','63','int'),(224,'fileStage','2','int'),(224,'originalFileName','The evaluation of variations of the hyoid bone with Multidetector Computarized Tomography.docx','string'),(224,'revisedFileId',NULL,'string'),(224,'submissionFileId','66','int'),(224,'submissionId','13','int'),(224,'username','gunesbolatli','string'),(225,'fileId','63','int'),(225,'fileStage','2','int'),(225,'name','gunesbolatli, The evaluation of variations of the hyoid bone with Multidetector Computarized Tomography.docx','string'),(225,'originalFileName','The evaluation of variations of the hyoid bone with Multidetector Computarized Tomography.docx','string'),(225,'submissionFileId','66','int'),(225,'submissionId','13','int'),(225,'username','gunesbolatli','string'),(226,'fileId','64','int'),(226,'fileStage','2','int'),(226,'originalFileName','Table.docx','string'),(226,'revisedFileId',NULL,'string'),(226,'submissionFileId','67','int'),(226,'submissionId','13','int'),(226,'username','gunesbolatli','string'),(227,'fileId','64','int'),(227,'fileStage','2','int'),(227,'name','gunesbolatli, Table.docx','string'),(227,'originalFileName','Table.docx','string'),(227,'submissionFileId','67','int'),(227,'submissionId','13','int'),(227,'username','gunesbolatli','string'),(228,'fileId','65','int'),(228,'fileStage','2','int'),(228,'originalFileName','FİGURES.docx','string'),(228,'revisedFileId',NULL,'string'),(228,'submissionFileId','68','int'),(228,'submissionId','13','int'),(228,'username','gunesbolatli','string'),(229,'fileId','65','int'),(229,'fileStage','2','int'),(229,'name','gunesbolatli, FİGURES.docx','string'),(229,'originalFileName','FİGURES.docx','string'),(229,'submissionFileId','68','int'),(229,'submissionId','13','int'),(229,'username','gunesbolatli','string'),(231,'fileId','63','int'),(231,'fileStage','2','int'),(231,'name','gunesbolatli, PPID: THMR-8801-1319-11 (PoolText) evaluation of variations of the hyoid bone with Multidetector Computarized Tomography.docx','string'),(231,'originalFileName','The evaluation of variations of the hyoid bone with Multidetector Computarized Tomography.docx','string'),(231,'submissionFileId','66','int'),(231,'submissionId','13','int'),(231,'username','gunesbolatli','string'),(232,'fileId','1','int'),(232,'fileStage','2','int'),(232,'originalFileName','GÖNDERr.docx','string'),(232,'revisedFileId',NULL,'string'),(232,'submissionFileId','69','int'),(232,'submissionId','14','int'),(232,'username','ozankocak','string'),(233,'fileId','1','int'),(233,'fileStage','2','int'),(233,'name','ozankocak, GÖNDERr.docx','string'),(233,'originalFileName','GÖNDERr.docx','string'),(233,'submissionFileId','69','int'),(233,'submissionId','14','int'),(233,'username','ozankocak','string'),(234,'fileId','1','int'),(234,'fileStage','2','int'),(234,'originalFileName','GÖNDERr.docx','string'),(234,'sourceFileId',NULL,'string'),(234,'submissionFileId','69','int'),(234,'submissionId','14','int'),(234,'username','ozankocak','string'),(235,'submissionId','14','int'),(235,'title','GÖNDERr.docx','string'),(235,'username','ozankocak','string'),(236,'fileId','66','int'),(236,'fileStage','2','int'),(236,'originalFileName','GÖNDERr.docx','string'),(236,'revisedFileId',NULL,'string'),(236,'submissionFileId','70','int'),(236,'submissionId','14','int'),(236,'username','ozankocak','string'),(237,'fileId','66','int'),(237,'fileStage','2','int'),(237,'name','ozankocak, GÖNDERr.docx','string'),(237,'originalFileName','GÖNDERr.docx','string'),(237,'submissionFileId','70','int'),(237,'submissionId','14','int'),(237,'username','ozankocak','string'),(239,'name','admin admin','string'),(239,'userGroupName','Journal manager','string'),(239,'username','admin','string'),(240,'name','admin admin','string'),(240,'userGroupName','Journal manager','string'),(240,'username','admin','string'),(241,'decision','Send to Review','string'),(241,'editorName','admin admin','string'),(241,'submissionId','14','string'),(242,'reviewAssignmentId','11','int'),(242,'reviewerName','anny Thuraidah','string'),(242,'round','1','int'),(242,'stageId','3','int'),(242,'submissionId','14','string'),(243,'decision','Send to Review','string'),(243,'editorName','admin admin','string'),(243,'submissionId','13','string'),(244,'reviewAssignmentId','12','int'),(244,'reviewerName','anny Thuraidah','string'),(244,'round','1','int'),(244,'stageId','3','int'),(244,'submissionId','13','string'),(245,'reviewAssignmentId','11','string'),(245,'reviewerName','anny Thuraidah','string'),(245,'round','1','string'),(245,'submissionId','14','string'),(246,'fileId','71','int'),(246,'fileStage','5','int'),(246,'originalFileName','ozankocak rev.docx','string'),(246,'revisedFileId',NULL,'string'),(246,'submissionFileId','75','int'),(246,'submissionId','14','int'),(246,'username','thuraidah','string'),(247,'fileId','71','int'),(247,'fileStage','5','int'),(247,'name',', ozankocak rev.docx','string'),(247,'originalFileName','ozankocak rev.docx','string'),(247,'submissionFileId','75','int'),(247,'submissionId','14','int'),(247,'username','thuraidah','string'),(248,'reviewAssignmentId','12','string'),(248,'reviewerName','anny Thuraidah','string'),(248,'round','1','string'),(248,'submissionId','13','string'),(249,'fileId','72','int'),(249,'fileStage','5','int'),(249,'originalFileName','gunes rev.docx','string'),(249,'revisedFileId',NULL,'string'),(249,'submissionFileId','76','int'),(249,'submissionId','13','int'),(249,'username','thuraidah','string'),(250,'fileId','72','int'),(250,'fileStage','5','int'),(250,'name',', gunes rev.docx','string'),(250,'originalFileName','gunes rev.docx','string'),(250,'submissionFileId','76','int'),(250,'submissionId','13','int'),(250,'username','thuraidah','string'),(251,'decision','Request Revisions','string'),(251,'editorName','admin admin','string'),(251,'submissionId','14','string'),(252,'decision','Request Revisions','string'),(252,'editorName','admin admin','string'),(252,'submissionId','13','string'),(253,'decision','Request Revisions','string'),(253,'editorName','admin admin','string'),(253,'submissionId','14','string'),(254,'decision','Request Revisions','string'),(254,'editorName','admin admin','string'),(254,'submissionId','13','string'),(255,'fileId','73','int'),(255,'fileStage','2','int'),(255,'originalFileName','Main Text.docx','string'),(255,'revisedFileId',NULL,'string'),(255,'submissionFileId','77','int'),(255,'submissionId','15','int'),(255,'username','dryasintire','string'),(256,'fileId','73','int'),(256,'fileStage','2','int'),(256,'name','dryasintire, Main Text.docx','string'),(256,'originalFileName','Main Text.docx','string'),(256,'submissionFileId','77','int'),(256,'submissionId','15','int'),(256,'username','dryasintire','string'),(257,'fileId','74','int'),(257,'fileStage','2','int'),(257,'originalFileName','Figure 1.docx','string'),(257,'revisedFileId',NULL,'string'),(257,'submissionFileId','78','int'),(257,'submissionId','15','int'),(257,'username','dryasintire','string'),(258,'fileId','74','int'),(258,'fileStage','2','int'),(258,'name','dryasintire, Figure 1.docx','string'),(258,'originalFileName','Figure 1.docx','string'),(258,'submissionFileId','78','int'),(258,'submissionId','15','int'),(258,'username','dryasintire','string'),(259,'fileId','75','int'),(259,'fileStage','2','int'),(259,'originalFileName','Figure 2.docx','string'),(259,'revisedFileId',NULL,'string'),(259,'submissionFileId','79','int'),(259,'submissionId','15','int'),(259,'username','dryasintire','string'),(260,'fileId','75','int'),(260,'fileStage','2','int'),(260,'name','dryasintire, Figure 2.docx','string'),(260,'originalFileName','Figure 2.docx','string'),(260,'submissionFileId','79','int'),(260,'submissionId','15','int'),(260,'username','dryasintire','string'),(261,'fileId','76','int'),(261,'fileStage','2','int'),(261,'originalFileName','Table 1.docx','string'),(261,'revisedFileId',NULL,'string'),(261,'submissionFileId','80','int'),(261,'submissionId','15','int'),(261,'username','dryasintire','string'),(262,'fileId','76','int'),(262,'fileStage','2','int'),(262,'name','dryasintire, Table 1.docx','string'),(262,'originalFileName','Table 1.docx','string'),(262,'submissionFileId','80','int'),(262,'submissionId','15','int'),(262,'username','dryasintire','string'),(263,'fileId','77','int'),(263,'fileStage','2','int'),(263,'originalFileName','Table 2.docx','string'),(263,'revisedFileId',NULL,'string'),(263,'submissionFileId','81','int'),(263,'submissionId','15','int'),(263,'username','dryasintire','string'),(264,'fileId','77','int'),(264,'fileStage','2','int'),(264,'name','dryasintire, Table 2.docx','string'),(264,'originalFileName','Table 2.docx','string'),(264,'submissionFileId','81','int'),(264,'submissionId','15','int'),(264,'username','dryasintire','string'),(266,'name','admin admin','string'),(266,'userGroupName','Journal manager','string'),(266,'username','admin','string'),(267,'reviewAssignmentId','13','int'),(267,'reviewerName','Yulia Tri Andini','string'),(267,'round','1','int'),(267,'stageId','3','int'),(267,'submissionId','13','string'),(268,'reviewAssignmentId','13','string'),(268,'reviewerName','Yulia Tri Andini','string'),(268,'round','1','string'),(268,'submissionId','13','string'),(269,'fileId','78','int'),(269,'fileStage','5','int'),(269,'originalFileName','gunes rev 2.docx','string'),(269,'revisedFileId',NULL,'string'),(269,'submissionFileId','82','int'),(269,'submissionId','13','int'),(269,'username','yuliatri','string'),(270,'fileId','78','int'),(270,'fileStage','5','int'),(270,'name',', gunes rev 2.docx','string'),(270,'originalFileName','gunes rev 2.docx','string'),(270,'submissionFileId','82','int'),(270,'submissionId','13','int'),(270,'username','yuliatri','string'),(271,'editorName','admin admin','string'),(271,'round','1','string'),(271,'submissionId','13','string'),(272,'fileId','68','int'),(272,'fileStage','4','int'),(272,'name','Article Text, The evaluation of variations of the hyoid bone with Multidetector Computarized Tomography.docx','string'),(272,'originalFileName','The evaluation of variations of the hyoid bone with Multidetector Computarized Tomography.docx','string'),(272,'submissionFileId','72','int'),(272,'submissionId','13','int'),(272,'username','admin','string'),(273,'fileId','1','int'),(273,'fileStage','18','int'),(273,'originalFileName','The evaluation of variations of the hyoid bone with Multidetector Computarized Tomography.docx','string'),(273,'sourceFileId','72','int'),(273,'submissionFileId','83','int'),(273,'submissionId','13','int'),(273,'username','admin','string'),(274,'fileId','1','int'),(274,'fileStage','18','int'),(274,'originalFileName','Table.docx','string'),(274,'sourceFileId','73','int'),(274,'submissionFileId','84','int'),(274,'submissionId','13','int'),(274,'username','admin','string'),(275,'fileId','1','int'),(275,'fileStage','18','int'),(275,'originalFileName','FİGURES.docx','string'),(275,'sourceFileId','74','int'),(275,'submissionFileId','85','int'),(275,'submissionId','13','int'),(275,'username','admin','string'),(276,'editorName','admin admin','string'),(276,'round','1','string'),(276,'submissionId','13','string'),(277,'editorName','admin admin','string'),(277,'reviewerName','anny Thuraidah','string'),(277,'round','1','string'),(277,'submissionId','13','string'),(278,'reviewAssignmentId','14','int'),(278,'reviewerName','Nadiya Uswatun Hasanah','string'),(278,'round','1','int'),(278,'stageId','3','int'),(278,'submissionId','13','string'),(279,'reviewAssignmentId','14','string'),(279,'reviewerName','Nadiya Uswatun Hasanah','string'),(279,'round','1','string'),(279,'submissionId','13','string'),(280,'fileId','79','int'),(280,'fileStage','5','int'),(280,'originalFileName','gunes rev.docx','string'),(280,'revisedFileId',NULL,'string'),(280,'submissionFileId','86','int'),(280,'submissionId','13','int'),(280,'username','nadiyauswatun','string'),(281,'fileId','79','int'),(281,'fileStage','5','int'),(281,'name',', gunes rev.docx','string'),(281,'originalFileName','gunes rev.docx','string'),(281,'submissionFileId','86','int'),(281,'submissionId','13','int'),(281,'username','nadiyauswatun','string'),(282,'editorName','admin admin','string'),(282,'reviewerName','Nadiya Uswatun Hasanah','string'),(282,'round','1','string'),(282,'submissionId','13','string'),(283,'decision','Accept Submission','string'),(283,'editorName','admin admin','string'),(283,'submissionId','13','string'),(284,'editorName','admin admin','string'),(284,'round','1','string'),(284,'submissionId','13','string'),(285,'editorName','admin admin','string'),(285,'round','1','string'),(285,'submissionId','13','string'),(286,'editorName','admin admin','string'),(286,'round','1','string'),(286,'submissionId','13','string'),(287,'fileId','72','int'),(287,'fileStage','5','int'),(287,'name','gunes rev.docx','string'),(287,'originalFileName','gunes rev.docx','string'),(287,'submissionFileId','76','int'),(287,'submissionId','13','int'),(287,'username','admin','string'),(288,'editorName','admin admin','string'),(288,'reviewerName','anny Thuraidah','string'),(288,'round','1','string'),(288,'submissionId','13','string'),(289,'editorName','admin admin','string'),(289,'round','1','string'),(289,'submissionId','13','string'),(290,'editorName','admin admin','string'),(290,'round','1','string'),(290,'submissionId','13','string'),(291,'decision','Request Revisions','string'),(291,'editorName','admin admin','string'),(291,'submissionId','13','string'),(292,'decision','Send to Review','string'),(292,'editorName','admin admin','string'),(292,'submissionId','11','string'),(293,'reviewAssignmentId','15','int'),(293,'reviewerName','Yulia Tri Andini','string'),(293,'round','1','int'),(293,'stageId','3','int'),(293,'submissionId','11','string'),(294,'decision','Send to Review','string'),(294,'editorName','admin admin','string'),(294,'submissionId','15','string'),(295,'reviewAssignmentId','16','int'),(295,'reviewerName','Yulia Tri Andini','string'),(295,'round','1','int'),(295,'stageId','3','int'),(295,'submissionId','15','string'),(296,'reviewAssignmentId','16','string'),(296,'reviewerName','Yulia Tri Andini','string'),(296,'round','1','string'),(296,'submissionId','15','string'),(297,'fileId','86','int'),(297,'fileStage','5','int'),(297,'originalFileName','15-Article Text-77-1-2-20200216rev.docx','string'),(297,'revisedFileId',NULL,'string'),(297,'submissionFileId','93','int'),(297,'submissionId','15','int'),(297,'username','yuliatri','string'),(298,'fileId','86','int'),(298,'fileStage','5','int'),(298,'name',', 15-Article Text-77-1-2-20200216rev.docx','string'),(298,'originalFileName','15-Article Text-77-1-2-20200216rev.docx','string'),(298,'submissionFileId','93','int'),(298,'submissionId','15','int'),(298,'username','yuliatri','string'),(299,'reviewAssignmentId','15','string'),(299,'reviewerName','Yulia Tri Andini','string'),(299,'round','1','string'),(299,'submissionId','11','string'),(300,'fileId','87','int'),(300,'fileStage','5','int'),(300,'originalFileName','yusuf z plasty rev.docx','string'),(300,'revisedFileId',NULL,'string'),(300,'submissionFileId','94','int'),(300,'submissionId','11','int'),(300,'username','yuliatri','string'),(301,'fileId','87','int'),(301,'fileStage','5','int'),(301,'name',', yusuf z plasty rev.docx','string'),(301,'originalFileName','yusuf z plasty rev.docx','string'),(301,'submissionFileId','94','int'),(301,'submissionId','11','int'),(301,'username','yuliatri','string'),(302,'decision','Request Revisions','string'),(302,'editorName','admin admin','string'),(302,'submissionId','15','string'),(303,'editorName','admin admin','string'),(303,'round','1','string'),(303,'submissionId','15','string'),(304,'name','Ratih Dewi Dwiyanti','string'),(304,'userGroupName','Journal manager','string'),(304,'username','ratih001','string'),(305,'fileId','1','int'),(305,'fileStage','15','int'),(305,'originalFileName','13-76-1-5-20200204.docx','string'),(305,'revisedFileId',NULL,'string'),(305,'submissionFileId','95','int'),(305,'submissionId','13','int'),(305,'username','admin','string'),(306,'fileId','1','int'),(306,'fileStage','15','int'),(306,'name','Article Text, 13-76-1-5-20200204.docx','string'),(306,'originalFileName','13-76-1-5-20200204.docx','string'),(306,'submissionFileId','95','int'),(306,'submissionId','13','int'),(306,'username','admin','string'),(307,'decision','Request Revisions','string'),(307,'editorName','Ratih Dewi Dwiyanti','string'),(307,'submissionId','13','string'),(308,'fileId','1','int'),(308,'fileStage','15','int'),(308,'originalFileName','13-76-1-5-20200204.docx','string'),(308,'sourceFileId',NULL,'string'),(308,'submissionFileId','95','int'),(308,'submissionId','13','int'),(308,'username','admin','string'),(309,'submissionId','13','int'),(309,'title','13-76-1-5-20200204.docx','string'),(309,'username','admin','string'),(310,'name','Administrator Administrator','string'),(310,'userGroupName','Journal manager','string'),(310,'username','administrator','string'),(311,'decision','Request Revisions','string'),(311,'editorName','Administrator Administrator','string'),(311,'submissionId','14','string'),(312,'name','Ratih Dewi Dwiyanti','string'),(312,'userGroupName','Copyeditor','string'),(312,'username','ratih001','string'),(313,'name','Ratih Dewi Dwiyanti','string'),(313,'userGroupName','Journal manager','string'),(313,'username','ratih001','string'),(314,'name','Ratih Dewi Dwiyanti','string'),(314,'userGroupName','Journal manager','string'),(314,'username','ratih001','string'),(315,'decision','Request Revisions','string'),(315,'editorName','Ratih Dewi Dwiyanti','string'),(315,'submissionId','15','string'),(316,'decision','Request Revisions','string'),(316,'editorName','Ratih Dewi Dwiyanti','string'),(316,'submissionId','15','string'),(317,'decision','Request Revisions','string'),(317,'editorName','Ratih Dewi Dwiyanti','string'),(317,'submissionId','11','string'),(318,'name','Ratih Dewi Dwiyanti','string'),(318,'userGroupName','Journal manager','string'),(318,'username','ratih001','string'),(319,'decision','Request Revisions','string'),(319,'editorName','Ratih Dewi Dwiyanti','string'),(319,'submissionId','14','string'),(320,'fileId','88','int'),(320,'fileStage','15','int'),(320,'originalFileName','11-94-1-5-20200219.doc','string'),(320,'revisedFileId',NULL,'string'),(320,'submissionFileId','96','int'),(320,'submissionId','11','int'),(320,'username','dryab2747','string'),(321,'fileId','88','int'),(321,'fileStage','15','int'),(321,'name','Article Text, 11-94-1-5-20200219.doc','string'),(321,'originalFileName','11-94-1-5-20200219.doc','string'),(321,'submissionFileId','96','int'),(321,'submissionId','11','int'),(321,'username','dryab2747','string'),(322,'fileId','89','int'),(322,'fileStage','15','int'),(322,'originalFileName','11-Article Text-96-1-15-20200221.doc','string'),(322,'revisedFileId','96','int'),(322,'submissionFileId','96','int'),(322,'submissionId','11','int'),(322,'username','dryab2747','string'),(323,'fileId','89','int'),(323,'fileStage','15','int'),(323,'name','Article Text, 11-Article Text-96-1-15-20200221.doc','string'),(323,'originalFileName','11-Article Text-96-1-15-20200221.doc','string'),(323,'submissionFileId','96','int'),(323,'submissionId','11','int'),(323,'username','dryab2747','string'),(324,'decision','Request Revisions','string'),(324,'editorName','admin admin','string'),(324,'submissionId','11','string'),(330,'reviewAssignmentId','17','int'),(330,'reviewerName','Mehmet Sargın','string'),(330,'round','1','int'),(330,'stageId','3','int'),(330,'submissionId','15','string'),(331,'reviewAssignmentId','17','string'),(331,'reviewerName','Mehmet Sargın','string'),(331,'round','1','string'),(331,'submissionId','15','string'),(332,'fileId','90','int'),(332,'fileStage','5','int'),(332,'originalFileName','0reviewer THMR form-4.docx','string'),(332,'revisedFileId',NULL,'string'),(332,'submissionFileId','97','int'),(332,'submissionId','15','int'),(332,'username','mehmet','string'),(333,'fileId','90','int'),(333,'fileStage','5','int'),(333,'name',', 0reviewer THMR form-4.docx','string'),(333,'originalFileName','0reviewer THMR form-4.docx','string'),(333,'submissionFileId','97','int'),(333,'submissionId','15','int'),(333,'username','mehmet','string'),(334,'reviewAssignmentId','18','int'),(334,'reviewerName','Sevgi Gunes','string'),(334,'round','1','int'),(334,'stageId','3','int'),(334,'submissionId','13','string'),(335,'reviewAssignmentId','18','string'),(335,'reviewerName','Sevgi Gunes','string'),(335,'round','1','string'),(335,'submissionId','13','string'),(336,'fileId','91','int'),(336,'fileStage','5','int'),(336,'originalFileName','0reviewer THMR form-3.docx','string'),(336,'revisedFileId',NULL,'string'),(336,'submissionFileId','98','int'),(336,'submissionId','13','int'),(336,'username','sevgi','string'),(337,'fileId','91','int'),(337,'fileStage','5','int'),(337,'name',', 0reviewer THMR form-3.docx','string'),(337,'originalFileName','0reviewer THMR form-3.docx','string'),(337,'submissionFileId','98','int'),(337,'submissionId','13','int'),(337,'username','sevgi','string'),(338,'decision','Accept Submission','string'),(338,'editorName','admin admin','string'),(338,'submissionId','15','string'),(339,'decision','Send To Production','string'),(339,'editorName','admin admin','string'),(339,'submissionId','15','string'),(340,'decision','Accept Submission','string'),(340,'editorName','admin admin','string'),(340,'submissionId','13','string'),(341,'decision','Send To Production','string'),(341,'editorName','admin admin','string'),(341,'submissionId','13','string'),(345,'fileId','1','int'),(345,'fileStage','10','int'),(345,'originalFileName','gunes template new.pdf','string'),(345,'revisedFileId',NULL,'string'),(345,'submissionFileId','99','int'),(345,'submissionId','13','int'),(345,'username','admin','string'),(346,'fileId','1','int'),(346,'fileStage','10','int'),(346,'name','admin, gunes template new.pdf','string'),(346,'originalFileName','gunes template new.pdf','string'),(346,'submissionFileId','99','int'),(346,'submissionId','13','int'),(346,'username','admin','string'),(349,'fileId','1','int'),(349,'fileStage','10','int'),(349,'originalFileName','yasin template-2.pdf','string'),(349,'revisedFileId',NULL,'string'),(349,'submissionFileId','100','int'),(349,'submissionId','15','int'),(349,'username','admin','string'),(350,'fileId','1','int'),(350,'fileStage','10','int'),(350,'name','admin, yasin template-2.pdf','string'),(350,'originalFileName','yasin template-2.pdf','string'),(350,'submissionFileId','100','int'),(350,'submissionId','15','int'),(350,'username','admin','string'),(351,'reviewAssignmentId','19','int'),(351,'reviewerName','Sevgi Yimenicioglu','string'),(351,'round','1','int'),(351,'stageId','3','int'),(351,'submissionId','14','string'),(352,'reviewAssignmentId','19','string'),(352,'reviewerName','Sevgi Yimenicioglu','string'),(352,'round','1','string'),(352,'submissionId','14','string'),(353,'fileId','92','int'),(353,'fileStage','5','int'),(353,'originalFileName','0reviewer THMR form-2.docx','string'),(353,'revisedFileId',NULL,'string'),(353,'submissionFileId','101','int'),(353,'submissionId','14','int'),(353,'username','123yimenicioglu','string'),(354,'fileId','92','int'),(354,'fileStage','5','int'),(354,'name',', 0reviewer THMR form-2.docx','string'),(354,'originalFileName','0reviewer THMR form-2.docx','string'),(354,'submissionFileId','101','int'),(354,'submissionId','14','int'),(354,'username','123yimenicioglu','string'),(355,'decision','Accept Submission','string'),(355,'editorName','admin admin','string'),(355,'submissionId','14','string'),(356,'decision','Send To Production','string'),(356,'editorName','admin admin','string'),(356,'submissionId','14','string'),(359,'fileId','1','int'),(359,'fileStage','10','int'),(359,'originalFileName','ozankocak template new.pdf','string'),(359,'revisedFileId',NULL,'string'),(359,'submissionFileId','102','int'),(359,'submissionId','14','int'),(359,'username','admin','string'),(360,'fileId','1','int'),(360,'fileStage','10','int'),(360,'name','admin, ozankocak template new.pdf','string'),(360,'originalFileName','ozankocak template new.pdf','string'),(360,'submissionFileId','102','int'),(360,'submissionId','14','int'),(360,'username','admin','string'),(362,'fileId','93','int'),(362,'fileStage','2','int'),(362,'originalFileName','haris nurdin ing.docx','string'),(362,'revisedFileId',NULL,'string'),(362,'submissionFileId','103','int'),(362,'submissionId','16','int'),(362,'username','haris','string'),(363,'fileId','93','int'),(363,'fileStage','2','int'),(363,'name','haris, haris nurdin ing.docx','string'),(363,'originalFileName','haris nurdin ing.docx','string'),(363,'submissionFileId','103','int'),(363,'submissionId','16','int'),(363,'username','haris','string'),(365,'name','admin admin','string'),(365,'userGroupName','Journal manager','string'),(365,'username','admin','string'),(366,'decision','Send to Review','string'),(366,'editorName','admin admin','string'),(366,'submissionId','16','string'),(367,'reviewAssignmentId','20','int'),(367,'reviewerName','Emalia Kubarti','string'),(367,'round','1','int'),(367,'stageId','3','int'),(367,'submissionId','16','string'),(368,'reviewAssignmentId','21','int'),(368,'reviewerName','Jihan Rahma Naily','string'),(368,'round','1','int'),(368,'stageId','3','int'),(368,'submissionId','16','string'),(369,'reviewAssignmentId','20','string'),(369,'reviewerName','Emalia Kubarti','string'),(369,'round','1','string'),(369,'submissionId','16','string'),(370,'reviewAssignmentId','21','string'),(370,'reviewerName','Jihan Rahma Naily','string'),(370,'round','1','string'),(370,'submissionId','16','string'),(371,'fileId','95','int'),(371,'fileStage','2','int'),(371,'originalFileName','novina ing.docx','string'),(371,'revisedFileId',NULL,'string'),(371,'submissionFileId','105','int'),(371,'submissionId','17','int'),(371,'username','novina','string'),(372,'fileId','95','int'),(372,'fileStage','2','int'),(372,'name','novina, novina ing.docx','string'),(372,'originalFileName','novina ing.docx','string'),(372,'submissionFileId','105','int'),(372,'submissionId','17','int'),(372,'username','novina','string'),(374,'name','admin admin','string'),(374,'userGroupName','Journal manager','string'),(374,'username','admin','string'),(375,'decision','Send to Review','string'),(375,'editorName','admin admin','string'),(375,'submissionId','17','string'),(376,'reviewAssignmentId','22','int'),(376,'reviewerName','Jihan Rahma Naily','string'),(376,'round','1','int'),(376,'stageId','3','int'),(376,'submissionId','17','string'),(377,'reviewAssignmentId','23','int'),(377,'reviewerName','Nadiya Uswatun Hasanah','string'),(377,'round','1','int'),(377,'stageId','3','int'),(377,'submissionId','17','string'),(378,'fileId','97','int'),(378,'fileStage','5','int'),(378,'originalFileName','haris nurdin rev1.docx','string'),(378,'revisedFileId',NULL,'string'),(378,'submissionFileId','107','int'),(378,'submissionId','16','int'),(378,'username','jihanrahma','string'),(379,'fileId','97','int'),(379,'fileStage','5','int'),(379,'name',', haris nurdin rev1.docx','string'),(379,'originalFileName','haris nurdin rev1.docx','string'),(379,'submissionFileId','107','int'),(379,'submissionId','16','int'),(379,'username','jihanrahma','string'),(380,'reviewAssignmentId','22','string'),(380,'reviewerName','Jihan Rahma Naily','string'),(380,'round','1','string'),(380,'submissionId','17','string'),(381,'fileId','98','int'),(381,'fileStage','5','int'),(381,'originalFileName','novina rev 1.docx','string'),(381,'revisedFileId',NULL,'string'),(381,'submissionFileId','108','int'),(381,'submissionId','17','int'),(381,'username','jihanrahma','string'),(382,'fileId','98','int'),(382,'fileStage','5','int'),(382,'name',', novina rev 1.docx','string'),(382,'originalFileName','novina rev 1.docx','string'),(382,'submissionFileId','108','int'),(382,'submissionId','17','int'),(382,'username','jihanrahma','string'),(383,'fileId','99','int'),(383,'fileStage','5','int'),(383,'originalFileName','haris nurdin rev2.docx','string'),(383,'revisedFileId',NULL,'string'),(383,'submissionFileId','109','int'),(383,'submissionId','16','int'),(383,'username','emaliakubarti','string'),(384,'fileId','99','int'),(384,'fileStage','5','int'),(384,'name',', haris nurdin rev2.docx','string'),(384,'originalFileName','haris nurdin rev2.docx','string'),(384,'submissionFileId','109','int'),(384,'submissionId','16','int'),(384,'username','emaliakubarti','string'),(385,'reviewAssignmentId','23','string'),(385,'reviewerName','Nadiya Uswatun Hasanah','string'),(385,'round','1','string'),(385,'submissionId','17','string'),(386,'fileId','100','int'),(386,'fileStage','5','int'),(386,'originalFileName','novina rev 2.docx','string'),(386,'revisedFileId',NULL,'string'),(386,'submissionFileId','110','int'),(386,'submissionId','17','int'),(386,'username','nadiyauswatun','string'),(387,'fileId','100','int'),(387,'fileStage','5','int'),(387,'name',', novina rev 2.docx','string'),(387,'originalFileName','novina rev 2.docx','string'),(387,'submissionFileId','110','int'),(387,'submissionId','17','int'),(387,'username','nadiyauswatun','string'),(388,'decision','Request Revisions','string'),(388,'editorName','admin admin','string'),(388,'submissionId','17','string'),(389,'decision','Request Revisions','string'),(389,'editorName','Emalia Kubarti','string'),(389,'submissionId','16','string'),(390,'fileId','101','int'),(390,'fileStage','15','int'),(390,'originalFileName','haris nurdin perbaikan.docx','string'),(390,'revisedFileId',NULL,'string'),(390,'submissionFileId','111','int'),(390,'submissionId','16','int'),(390,'username','haris','string'),(391,'fileId','101','int'),(391,'fileStage','15','int'),(391,'name','Article Text, haris nurdin perbaikan.docx','string'),(391,'originalFileName','haris nurdin perbaikan.docx','string'),(391,'submissionFileId','111','int'),(391,'submissionId','16','int'),(391,'username','haris','string'),(392,'decision','Accept and Skip Review','string'),(392,'editorName','admin admin','string'),(392,'submissionId','16','string'),(393,'fileId','103','int'),(393,'fileStage','15','int'),(393,'originalFileName','novina perbaikan.docx','string'),(393,'revisedFileId',NULL,'string'),(393,'submissionFileId','113','int'),(393,'submissionId','17','int'),(393,'username','novina','string'),(394,'fileId','103','int'),(394,'fileStage','15','int'),(394,'name','Article Text, novina perbaikan.docx','string'),(394,'originalFileName','novina perbaikan.docx','string'),(394,'submissionFileId','113','int'),(394,'submissionId','17','int'),(394,'username','novina','string'),(395,'decision','Accept and Skip Review','string'),(395,'editorName','admin admin','string'),(395,'submissionId','17','string'),(397,'decision','Send To Production','string'),(397,'editorName','admin admin','string'),(397,'submissionId','17','string'),(399,'decision','Send To Production','string'),(399,'editorName','admin admin','string'),(399,'submissionId','16','string'),(412,'fileId','105','int'),(412,'fileStage','2','int'),(412,'originalFileName','Tez-makale editörü_koledok_EN.edited-koledok .doc','string'),(412,'revisedFileId',NULL,'string'),(412,'submissionFileId','115','int'),(412,'submissionId','18','int'),(412,'username','dryab2747','string'),(413,'fileId','105','int'),(413,'fileStage','2','int'),(413,'name','dryab2747, Tez-makale editörü_koledok_EN.edited-koledok .doc','string'),(413,'originalFileName','Tez-makale editörü_koledok_EN.edited-koledok .doc','string'),(413,'submissionFileId','115','int'),(413,'submissionId','18','int'),(413,'username','dryab2747','string'),(414,'fileId','106','int'),(414,'fileStage','2','int'),(414,'originalFileName','Tez-makale editörü_koledok_EN.edited-koledok .doc','string'),(414,'revisedFileId','115','int'),(414,'submissionFileId','115','int'),(414,'submissionId','18','int'),(414,'username','dryab2747','string'),(415,'fileId','106','int'),(415,'fileStage','2','int'),(415,'name','dryab2747, Tez-makale editörü_koledok_EN.edited-koledok .doc','string'),(415,'originalFileName','Tez-makale editörü_koledok_EN.edited-koledok .doc','string'),(415,'submissionFileId','115','int'),(415,'submissionId','18','int'),(415,'username','dryab2747','string'),(417,'decision','Accept Submission','string'),(417,'editorName','admin admin','string'),(417,'submissionId','11','string'),(418,'decision','Accept and Skip Review','string'),(418,'editorName','Ratih Dewi Dwiyanti','string'),(418,'submissionId','11','string'),(419,'decision','Send To Production','string'),(419,'editorName','admin admin','string'),(419,'submissionId','11','string'),(423,'fileId','108','int'),(423,'fileStage','10','int'),(423,'originalFileName','gunes template new.pdf','string'),(423,'revisedFileId',NULL,'string'),(423,'submissionFileId','117','int'),(423,'submissionId','13','int'),(423,'username','admin','string'),(424,'fileId','108','int'),(424,'fileStage','10','int'),(424,'name','admin, gunes template new.pdf','string'),(424,'originalFileName','gunes template new.pdf','string'),(424,'submissionFileId','117','int'),(424,'submissionId','13','int'),(424,'username','admin','string'),(426,'fileId','109','int'),(426,'fileStage','10','int'),(426,'originalFileName','yasin template-2.pdf','string'),(426,'revisedFileId',NULL,'string'),(426,'submissionFileId','118','int'),(426,'submissionId','15','int'),(426,'username','admin','string'),(427,'fileId','109','int'),(427,'fileStage','10','int'),(427,'name','admin, yasin template-2.pdf','string'),(427,'originalFileName','yasin template-2.pdf','string'),(427,'submissionFileId','118','int'),(427,'submissionId','15','int'),(427,'username','admin','string'),(429,'fileId','110','int'),(429,'fileStage','10','int'),(429,'originalFileName','ozankocak template new.pdf','string'),(429,'revisedFileId',NULL,'string'),(429,'submissionFileId','119','int'),(429,'submissionId','14','int'),(429,'username','admin','string'),(430,'fileId','110','int'),(430,'fileStage','10','int'),(430,'name','admin, ozankocak template new.pdf','string'),(430,'originalFileName','ozankocak template new.pdf','string'),(430,'submissionFileId','119','int'),(430,'submissionId','14','int'),(430,'username','admin','string'),(432,'fileId','111','int'),(432,'fileStage','10','int'),(432,'originalFileName','haris nurdin template.pdf','string'),(432,'revisedFileId',NULL,'string'),(432,'submissionFileId','120','int'),(432,'submissionId','16','int'),(432,'username','admin','string'),(433,'fileId','111','int'),(433,'fileStage','10','int'),(433,'name','admin, haris nurdin template.pdf','string'),(433,'originalFileName','haris nurdin template.pdf','string'),(433,'submissionFileId','120','int'),(433,'submissionId','16','int'),(433,'username','admin','string'),(435,'fileId','112','int'),(435,'fileStage','10','int'),(435,'originalFileName','novina template.pdf','string'),(435,'revisedFileId',NULL,'string'),(435,'submissionFileId','121','int'),(435,'submissionId','17','int'),(435,'username','admin','string'),(436,'fileId','112','int'),(436,'fileStage','10','int'),(436,'name','admin, novina template.pdf','string'),(436,'originalFileName','novina template.pdf','string'),(436,'submissionFileId','121','int'),(436,'submissionId','17','int'),(436,'username','admin','string'),(438,'fileId','113','int'),(438,'fileStage','10','int'),(438,'originalFileName','yusuf z template new.pdf','string'),(438,'revisedFileId',NULL,'string'),(438,'submissionFileId','122','int'),(438,'submissionId','11','int'),(438,'username','admin','string'),(439,'fileId','113','int'),(439,'fileStage','10','int'),(439,'name','admin, yusuf z template new.pdf','string'),(439,'originalFileName','yusuf z template new.pdf','string'),(439,'submissionFileId','122','int'),(439,'submissionId','11','int'),(439,'username','admin','string'),(441,'fileId','1','int'),(441,'fileStage','2','int'),(441,'originalFileName','dmtropicsubm.doc','string'),(441,'revisedFileId',NULL,'string'),(441,'submissionFileId','123','int'),(441,'submissionId','19','int'),(441,'username','savas','string'),(442,'fileId','1','int'),(442,'fileStage','2','int'),(442,'name','savas, dmtropicsubm.doc','string'),(442,'originalFileName','dmtropicsubm.doc','string'),(442,'submissionFileId','123','int'),(442,'submissionId','19','int'),(442,'username','savas','string'),(443,'fileId','1','int'),(443,'fileStage','2','int'),(443,'originalFileName','dmtropicsubm.doc','string'),(443,'sourceFileId',NULL,'string'),(443,'submissionFileId','123','int'),(443,'submissionId','19','int'),(443,'username','savas','string'),(444,'submissionId','19','int'),(444,'title','dmtropicsubm.doc','string'),(444,'username','savas','string'),(445,'fileId','114','int'),(445,'fileStage','2','int'),(445,'originalFileName','dmtropicsubm.doc','string'),(445,'revisedFileId',NULL,'string'),(445,'submissionFileId','124','int'),(445,'submissionId','19','int'),(445,'username','savas','string'),(446,'fileId','114','int'),(446,'fileStage','2','int'),(446,'name','savas, dmtropicsubm.doc','string'),(446,'originalFileName','dmtropicsubm.doc','string'),(446,'submissionFileId','124','int'),(446,'submissionId','19','int'),(446,'username','savas','string'),(448,'fileId','1','int'),(448,'fileStage','2','int'),(448,'originalFileName','20.01.2020 makale.docx','string'),(448,'revisedFileId',NULL,'string'),(448,'submissionFileId','125','int'),(448,'submissionId','20','int'),(448,'username','makale18','string'),(449,'fileId','1','int'),(449,'fileStage','2','int'),(449,'originalFileName','20.01.2020 makale.docx','string'),(449,'sourceFileId',NULL,'string'),(449,'submissionFileId','125','int'),(449,'submissionId','20','int'),(449,'username','makale18','string'),(451,'fileId','1','int'),(451,'fileStage','2','int'),(451,'originalFileName','20.01.2020 makale.docx','string'),(451,'revisedFileId',NULL,'string'),(451,'submissionFileId','126','int'),(451,'submissionId','20','int'),(451,'username','makale18','string'),(455,'name','admin admin','string'),(455,'userGroupName','Journal manager','string'),(455,'username','admin','string'),(456,'name','admin admin','string'),(456,'userGroupName','Journal manager','string'),(456,'username','admin','string'),(457,'fileId','115','int'),(457,'fileStage','18','int'),(457,'originalFileName','Tez-makale editörü_koledok_EN.edited-koledok .doc','string'),(457,'revisedFileId',NULL,'string'),(457,'submissionFileId','127','int'),(457,'submissionId','18','int'),(457,'username','dryab2747','string'),(458,'fileId','115','int'),(458,'fileStage','18','int'),(458,'name','dryab2747, Tez-makale editörü_koledok_EN.edited-koledok .doc','string'),(458,'originalFileName','Tez-makale editörü_koledok_EN.edited-koledok .doc','string'),(458,'submissionFileId','127','int'),(458,'submissionId','18','int'),(458,'username','dryab2747','string'),(461,'decision','Send to Review','string'),(461,'editorName','admin admin','string'),(461,'submissionId','19','string'),(462,'reviewAssignmentId','25','int'),(462,'reviewerName','Jihan Rahma Naily','string'),(462,'round','1','int'),(462,'stageId','3','int'),(462,'submissionId','19','string'),(463,'fileId','1','int'),(463,'fileStage','2','int'),(463,'originalFileName','Manuscript.doc','string'),(463,'revisedFileId',NULL,'string'),(463,'submissionFileId','130','int'),(463,'submissionId','21','int'),(463,'username','dursunhs','string'),(470,'fileId','1','int'),(470,'fileStage','5','int'),(470,'originalFileName','turkan rev.docx','string'),(470,'revisedFileId',NULL,'string'),(470,'submissionFileId','132','int'),(470,'submissionId','20','int'),(470,'username','emaliakubarti','string'),(473,'reviewAssignmentId','25','string'),(473,'reviewerName','Jihan Rahma Naily','string'),(473,'round','1','string'),(473,'submissionId','19','string'),(474,'fileId','117','int'),(474,'fileStage','5','int'),(474,'originalFileName','savas rev.doc','string'),(474,'revisedFileId',NULL,'string'),(474,'submissionFileId','133','int'),(474,'submissionId','19','int'),(474,'username','jihanrahma','string'),(475,'fileId','117','int'),(475,'fileStage','5','int'),(475,'name',', savas rev.doc','string'),(475,'originalFileName','savas rev.doc','string'),(475,'submissionFileId','133','int'),(475,'submissionId','19','int'),(475,'username','jihanrahma','string'),(476,'decision','Request Revisions','string'),(476,'editorName','admin admin','string'),(476,'submissionId','19','string'),(478,'decision','Request Revisions','string'),(478,'editorName','admin admin','string'),(478,'submissionId','19','string'),(479,'fileId','118','int'),(479,'fileStage','15','int'),(479,'originalFileName','dmtropikalrev.doc','string'),(479,'revisedFileId',NULL,'string'),(479,'submissionFileId','134','int'),(479,'submissionId','19','int'),(479,'username','savas','string'),(480,'fileId','118','int'),(480,'fileStage','15','int'),(480,'name','Article Text, dmtropikalrev.doc','string'),(480,'originalFileName','dmtropikalrev.doc','string'),(480,'submissionFileId','134','int'),(480,'submissionId','19','int'),(480,'username','savas','string'),(481,'fileId','106','int'),(481,'fileStage','2','int'),(481,'name','dryab2747, Tez-makale editörü_koledok_EN.edited-koledok .doc','string'),(481,'originalFileName','Tez-makale editörü_koledok_EN.edited-koledok .doc','string'),(481,'submissionFileId','115','int'),(481,'submissionId','18','int'),(481,'username','dryab2747','string'),(482,'fileId','106','int'),(482,'fileStage','2','int'),(482,'name','dryab2747, Tez-makale editörü_koledok_EN.edited-koledok .doc','string'),(482,'originalFileName','Tez-makale editörü_koledok_EN.edited-koledok .doc','string'),(482,'submissionFileId','115','int'),(482,'submissionId','18','int'),(482,'username','dryab2747','string'),(483,'fileId','106','int'),(483,'fileStage','2','int'),(483,'name','dryab2747, Tez-makale editörü_koledok_EN.edited-koledok .doc','string'),(483,'originalFileName','Tez-makale editörü_koledok_EN.edited-koledok .doc','string'),(483,'submissionFileId','115','int'),(483,'submissionId','18','int'),(483,'username','dryab2747','string'),(484,'fileId','106','int'),(484,'fileStage','2','int'),(484,'name','dryab2747, Tez-makale editörü_koledok_EN.edited-koledok .doc','string'),(484,'originalFileName','Tez-makale editörü_koledok_EN.edited-koledok .doc','string'),(484,'submissionFileId','115','int'),(484,'submissionId','18','int'),(484,'username','dryab2747','string'),(485,'decision','Accept and Skip Review','string'),(485,'editorName','admin admin','string'),(485,'submissionId','19','string'),(486,'decision','Send To Production','string'),(486,'editorName','admin admin','string'),(486,'submissionId','19','string'),(490,'fileId','1','int'),(490,'fileStage','10','int'),(490,'originalFileName','savas template mnausprict.docx','string'),(490,'revisedFileId',NULL,'string'),(490,'submissionFileId','136','int'),(490,'submissionId','19','int'),(490,'username','admin','string'),(491,'fileId','1','int'),(491,'fileStage','10','int'),(491,'name','admin, savas template mnausprict.docx','string'),(491,'originalFileName','savas template mnausprict.docx','string'),(491,'submissionFileId','136','int'),(491,'submissionId','19','int'),(491,'username','admin','string'),(492,'reviewAssignmentId','26','int'),(492,'reviewerName','Tijen Yesim','string'),(492,'round','1','int'),(492,'stageId','3','int'),(492,'submissionId','19','string'),(493,'reviewAssignmentId','26','string'),(493,'reviewerName','Tijen Yesim','string'),(493,'round','1','string'),(493,'submissionId','19','string'),(494,'fileId','120','int'),(494,'fileStage','5','int'),(494,'originalFileName','rev1.jpg','string'),(494,'revisedFileId',NULL,'string'),(494,'submissionFileId','137','int'),(494,'submissionId','19','int'),(494,'username','tijen','string'),(495,'fileId','120','int'),(495,'fileStage','5','int'),(495,'name',', rev1.jpg','string'),(495,'originalFileName','rev1.jpg','string'),(495,'submissionFileId','137','int'),(495,'submissionId','19','int'),(495,'username','tijen','string'),(496,'fileId','106','int'),(496,'fileStage','2','int'),(496,'name','dryab2747, Tez-makale editörü_koledok_EN.edited-koledok .doc','string'),(496,'originalFileName','Tez-makale editörü_koledok_EN.edited-koledok .doc','string'),(496,'submissionFileId','115','int'),(496,'submissionId','18','int'),(496,'username','dryab2747','string'),(497,'fileId','121','int'),(497,'fileStage','2','int'),(497,'originalFileName','OPHTHALMOLOGICAL FINDINGS IN PEDIATRIC NONTRAUMATIC COMA IN ENUGU STATE UNIVERSITY TEACHING HOSPITAL.docx','string'),(497,'revisedFileId',NULL,'string'),(497,'submissionFileId','138','int'),(497,'submissionId','20','int'),(497,'username','benedelu','string'),(498,'fileId','121','int'),(498,'fileStage','2','int'),(498,'name','benedelu, OPHTHALMOLOGICAL FINDINGS IN PEDIATRIC NONTRAUMATIC COMA IN ENUGU STATE UNIVERSITY TEACHING HOSPITAL.docx','string'),(498,'originalFileName','OPHTHALMOLOGICAL FINDINGS IN PEDIATRIC NONTRAUMATIC COMA IN ENUGU STATE UNIVERSITY TEACHING HOSPITAL.docx','string'),(498,'submissionFileId','138','int'),(498,'submissionId','20','int'),(498,'username','benedelu','string'),(500,'name','admin admin','string'),(500,'userGroupName','Journal manager','string'),(500,'username','admin','string'),(501,'decision','Send to Review','string'),(501,'editorName','admin admin','string'),(501,'submissionId','20','string'),(502,'reviewAssignmentId','27','int'),(502,'reviewerName','Tijen Yesim','string'),(502,'round','1','int'),(502,'stageId','3','int'),(502,'submissionId','20','string'),(503,'reviewAssignmentId','27','string'),(503,'reviewerName','Tijen Yesim','string'),(503,'round','1','string'),(503,'submissionId','20','string'),(504,'fileId','123','int'),(504,'fileStage','5','int'),(504,'originalFileName','optahal rev.docx','string'),(504,'revisedFileId',NULL,'string'),(504,'submissionFileId','140','int'),(504,'submissionId','20','int'),(504,'username','tijen','string'),(505,'fileId','123','int'),(505,'fileStage','5','int'),(505,'name',', optahal rev.docx','string'),(505,'originalFileName','optahal rev.docx','string'),(505,'submissionFileId','140','int'),(505,'submissionId','20','int'),(505,'username','tijen','string'),(506,'decision','Request Revisions','string'),(506,'editorName','admin admin','string'),(506,'submissionId','20','string'),(507,'decision','Request Revisions','string'),(507,'editorName','admin admin','string'),(507,'submissionId','20','string'),(508,'fileId','124','int'),(508,'fileStage','15','int'),(508,'originalFileName','optahal rev.docx','string'),(508,'revisedFileId',NULL,'string'),(508,'submissionFileId','141','int'),(508,'submissionId','20','int'),(508,'username','benedelu','string'),(509,'fileId','124','int'),(509,'fileStage','15','int'),(509,'name','Article Text, optahal rev.docx','string'),(509,'originalFileName','optahal rev.docx','string'),(509,'submissionFileId','141','int'),(509,'submissionId','20','int'),(509,'username','benedelu','string'),(510,'decision','Accept and Skip Review','string'),(510,'editorName','admin admin','string'),(510,'submissionId','20','string'),(511,'decision','Send To Production','string'),(511,'editorName','admin admin','string'),(511,'submissionId','20','string'),(512,'reviewAssignmentId','28','int'),(512,'reviewerName','Christian Chukwukere Ogoke','string'),(512,'round','1','int'),(512,'stageId','3','int'),(512,'submissionId','20','string'),(513,'reviewAssignmentId','28','string'),(513,'reviewerName','Christian Chukwukere Ogoke','string'),(513,'round','1','string'),(513,'submissionId','20','string'),(514,'fileId','126','int'),(514,'fileStage','5','int'),(514,'originalFileName','0reviewer THMR opthal.docx','string'),(514,'revisedFileId',NULL,'string'),(514,'submissionFileId','143','int'),(514,'submissionId','20','int'),(514,'username','christian','string'),(515,'fileId','126','int'),(515,'fileStage','5','int'),(515,'name',', 0reviewer THMR opthal.docx','string'),(515,'originalFileName','0reviewer THMR opthal.docx','string'),(515,'submissionFileId','143','int'),(515,'submissionId','20','int'),(515,'username','christian','string'),(517,'fileId','1','int'),(517,'fileStage','10','int'),(517,'originalFileName','opthal template dr author.pdf','string'),(517,'revisedFileId',NULL,'string'),(517,'submissionFileId','144','int'),(517,'submissionId','20','int'),(517,'username','admin','string'),(518,'fileId','1','int'),(518,'fileStage','10','int'),(518,'name','admin, opthal template dr author.pdf','string'),(518,'originalFileName','opthal template dr author.pdf','string'),(518,'submissionFileId','144','int'),(518,'submissionId','20','int'),(518,'username','admin','string'),(521,'fileId','1','int'),(521,'fileStage','10','int'),(521,'originalFileName','savas template mnausprict.pdf','string'),(521,'revisedFileId',NULL,'string'),(521,'submissionFileId','145','int'),(521,'submissionId','19','int'),(521,'username','admin','string'),(522,'fileId','1','int'),(522,'fileStage','10','int'),(522,'name','admin, savas template mnausprict.pdf','string'),(522,'originalFileName','savas template mnausprict.pdf','string'),(522,'submissionFileId','145','int'),(522,'submissionId','19','int'),(522,'username','admin','string'),(523,'fileId','106','int'),(523,'fileStage','2','int'),(523,'name','dryab2747, Tez-makale editörü_koledok_EN.edited-koledok .doc','string'),(523,'originalFileName','Tez-makale editörü_koledok_EN.edited-koledok .doc','string'),(523,'submissionFileId','115','int'),(523,'submissionId','18','int'),(523,'username','dryab2747','string'),(524,'decision','Send to Review','string'),(524,'editorName','admin admin','string'),(524,'submissionId','18','string'),(525,'reviewAssignmentId','29','int'),(525,'reviewerName','Jihan Rahma Naily','string'),(525,'round','1','int'),(525,'stageId','3','int'),(525,'submissionId','18','string'),(526,'fileId','1','int'),(526,'fileStage','15','int'),(526,'originalFileName','Biliary Duct.docx','string'),(526,'revisedFileId',NULL,'string'),(526,'submissionFileId','147','int'),(526,'submissionId','18','int'),(526,'username','jihanrahma','string'),(527,'fileId','1','int'),(527,'fileStage','15','int'),(527,'name','Article Text, Biliary Duct.docx','string'),(527,'originalFileName','Biliary Duct.docx','string'),(527,'submissionFileId','147','int'),(527,'submissionId','18','int'),(527,'username','jihanrahma','string'),(528,'decision','Request Revisions','string'),(528,'editorName','Jihan Rahma Naily','string'),(528,'submissionId','18','string'),(529,'reviewAssignmentId','29','string'),(529,'reviewerName','Jihan Rahma Naily','string'),(529,'round','1','string'),(529,'submissionId','18','string'),(530,'fileId','1','int'),(530,'fileStage','15','int'),(530,'originalFileName','Biliary Duct.docx','string'),(530,'sourceFileId',NULL,'string'),(530,'submissionFileId','147','int'),(530,'submissionId','18','int'),(530,'username','dryab2747','string'),(531,'submissionId','18','int'),(531,'title','Biliary Duct.docx','string'),(531,'username','dryab2747','string'),(532,'fileId','128','int'),(532,'fileStage','5','int'),(532,'originalFileName','18-Article Text-147-1-15-20200713.docx','string'),(532,'revisedFileId',NULL,'string'),(532,'submissionFileId','148','int'),(532,'submissionId','18','int'),(532,'username','jihanrahma','string'),(533,'fileId','128','int'),(533,'fileStage','5','int'),(533,'name',', 18-Article Text-147-1-15-20200713.docx','string'),(533,'originalFileName','18-Article Text-147-1-15-20200713.docx','string'),(533,'submissionFileId','148','int'),(533,'submissionId','18','int'),(533,'username','jihanrahma','string'),(534,'decision','Request Revisions','string'),(534,'editorName','admin admin','string'),(534,'submissionId','18','string'),(535,'fileId','129','int'),(535,'fileStage','2','int'),(535,'originalFileName','DKA_Manuscript.docx','string'),(535,'revisedFileId',NULL,'string'),(535,'submissionFileId','149','int'),(535,'submissionId','21','int'),(535,'username','benedelu','string'),(537,'name','admin admin','string'),(537,'userGroupName','Journal manager','string'),(537,'username','admin','string'),(538,'decision','Send to Review','string'),(538,'editorName','admin admin','string'),(538,'submissionId','21','string'),(539,'reviewAssignmentId','30','int'),(539,'reviewerName','Nadiya Uswatun Hasanah','string'),(539,'round','1','int'),(539,'stageId','3','int'),(539,'submissionId','21','string'),(540,'fileId','131','int'),(540,'fileStage','15','int'),(540,'originalFileName','sabri başkan makale koledok hakem sonrası son hali.doc','string'),(540,'revisedFileId',NULL,'string'),(540,'submissionFileId','151','int'),(540,'submissionId','18','int'),(540,'username','dryab2747','string'),(541,'fileId','131','int'),(541,'fileStage','15','int'),(541,'name','Article Text, sabri başkan makale koledok hakem sonrası son hali.doc','string'),(541,'originalFileName','sabri başkan makale koledok hakem sonrası son hali.doc','string'),(541,'submissionFileId','151','int'),(541,'submissionId','18','int'),(541,'username','dryab2747','string'),(542,'fileId','132','int'),(542,'fileStage','15','int'),(542,'originalFileName','sabri başkan başlık sayfası ingilizce.doc','string'),(542,'revisedFileId',NULL,'string'),(542,'submissionFileId','152','int'),(542,'submissionId','18','int'),(542,'username','dryab2747','string'),(543,'fileId','132','int'),(543,'fileStage','15','int'),(543,'name','Other, sabri başkan başlık sayfası ingilizce.doc','string'),(543,'originalFileName','sabri başkan başlık sayfası ingilizce.doc','string'),(543,'submissionFileId','152','int'),(543,'submissionId','18','int'),(543,'username','dryab2747','string'),(544,'reviewAssignmentId','30','string'),(544,'reviewerName','Nadiya Uswatun Hasanah','string'),(544,'round','1','string'),(544,'submissionId','21','string'),(545,'fileId','133','int'),(545,'fileStage','5','int'),(545,'originalFileName','enugu rev.docx','string'),(545,'revisedFileId',NULL,'string'),(545,'submissionFileId','153','int'),(545,'submissionId','21','int'),(545,'username','nadiyauswatun','string'),(546,'fileId','133','int'),(546,'fileStage','5','int'),(546,'name',', enugu rev.docx','string'),(546,'originalFileName','enugu rev.docx','string'),(546,'submissionFileId','153','int'),(546,'submissionId','21','int'),(546,'username','nadiyauswatun','string'),(547,'decision','Request Revisions','string'),(547,'editorName','admin admin','string'),(547,'submissionId','21','string'),(548,'fileId','134','int'),(548,'fileStage','2','int'),(548,'originalFileName','agnina jurnal submit.docx','string'),(548,'revisedFileId',NULL,'string'),(548,'submissionFileId','154','int'),(548,'submissionId','22','int'),(548,'username','agnina','string'),(549,'fileId','134','int'),(549,'fileStage','2','int'),(549,'name','agnina, agnina jurnal submit.docx','string'),(549,'originalFileName','agnina jurnal submit.docx','string'),(549,'submissionFileId','154','int'),(549,'submissionId','22','int'),(549,'username','agnina','string'),(551,'fileId','135','int'),(551,'fileStage','2','int'),(551,'originalFileName','dini jurnal submit.docx','string'),(551,'revisedFileId',NULL,'string'),(551,'submissionFileId','155','int'),(551,'submissionId','23','int'),(551,'username','agnina','string'),(552,'fileId','135','int'),(552,'fileStage','2','int'),(552,'name','agnina, dini jurnal submit.docx','string'),(552,'originalFileName','dini jurnal submit.docx','string'),(552,'submissionFileId','155','int'),(552,'submissionId','23','int'),(552,'username','agnina','string'),(554,'name','admin admin','string'),(554,'userGroupName','Journal manager','string'),(554,'username','admin','string'),(555,'decision','Send to Review','string'),(555,'editorName','admin admin','string'),(555,'submissionId','23','string'),(556,'reviewAssignmentId','31','int'),(556,'reviewerName','anny Thuraidah','string'),(556,'round','1','int'),(556,'stageId','3','int'),(556,'submissionId','23','string'),(557,'reviewAssignmentId','32','int'),(557,'reviewerName','Jihan Rahma Naily','string'),(557,'round','1','int'),(557,'stageId','3','int'),(557,'submissionId','23','string'),(558,'name','admin admin','string'),(558,'userGroupName','Journal manager','string'),(558,'username','admin','string'),(559,'decision','Send to Review','string'),(559,'editorName','admin admin','string'),(559,'submissionId','22','string'),(560,'reviewAssignmentId','33','int'),(560,'reviewerName','anny Thuraidah','string'),(560,'round','1','int'),(560,'stageId','3','int'),(560,'submissionId','22','string'),(561,'reviewAssignmentId','34','int'),(561,'reviewerName','Nadiya Uswatun Hasanah','string'),(561,'round','1','int'),(561,'stageId','3','int'),(561,'submissionId','22','string'),(562,'fileId','135','int'),(562,'fileStage','2','int'),(562,'name','agnina, dini jurnal submit.docx','string'),(562,'originalFileName','dini jurnal submit.docx','string'),(562,'submissionFileId','155','int'),(562,'submissionId','23','int'),(562,'username','agnina','string'),(563,'reviewAssignmentId','31','string'),(563,'reviewerName','anny Thuraidah','string'),(563,'round','1','string'),(563,'submissionId','23','string'),(564,'fileId','138','int'),(564,'fileStage','5','int'),(564,'originalFileName','dini jurnal rev1.docx','string'),(564,'revisedFileId',NULL,'string'),(564,'submissionFileId','158','int'),(564,'submissionId','23','int'),(564,'username','thuraidah','string'),(565,'fileId','138','int'),(565,'fileStage','5','int'),(565,'name',', dini jurnal rev1.docx','string'),(565,'originalFileName','dini jurnal rev1.docx','string'),(565,'submissionFileId','158','int'),(565,'submissionId','23','int'),(565,'username','thuraidah','string'),(566,'reviewAssignmentId','33','string'),(566,'reviewerName','anny Thuraidah','string'),(566,'round','1','string'),(566,'submissionId','22','string'),(567,'fileId','139','int'),(567,'fileStage','5','int'),(567,'originalFileName','agnina jurnal rev1.docx','string'),(567,'revisedFileId',NULL,'string'),(567,'submissionFileId','159','int'),(567,'submissionId','22','int'),(567,'username','thuraidah','string'),(568,'fileId','139','int'),(568,'fileStage','5','int'),(568,'name',', agnina jurnal rev1.docx','string'),(568,'originalFileName','agnina jurnal rev1.docx','string'),(568,'submissionFileId','159','int'),(568,'submissionId','22','int'),(568,'username','thuraidah','string'),(569,'reviewAssignmentId','32','string'),(569,'reviewerName','Jihan Rahma Naily','string'),(569,'round','1','string'),(569,'submissionId','23','string'),(570,'fileId','140','int'),(570,'fileStage','5','int'),(570,'originalFileName','dini jurnal rev2.docx','string'),(570,'revisedFileId',NULL,'string'),(570,'submissionFileId','160','int'),(570,'submissionId','23','int'),(570,'username','jihanrahma','string'),(571,'fileId','140','int'),(571,'fileStage','5','int'),(571,'name',', dini jurnal rev2.docx','string'),(571,'originalFileName','dini jurnal rev2.docx','string'),(571,'submissionFileId','160','int'),(571,'submissionId','23','int'),(571,'username','jihanrahma','string'),(572,'reviewAssignmentId','34','string'),(572,'reviewerName','Nadiya Uswatun Hasanah','string'),(572,'round','1','string'),(572,'submissionId','22','string'),(573,'fileId','141','int'),(573,'fileStage','5','int'),(573,'originalFileName','agnina jurnal rev2.docx','string'),(573,'revisedFileId',NULL,'string'),(573,'submissionFileId','161','int'),(573,'submissionId','22','int'),(573,'username','nadiyauswatun','string'),(574,'fileId','141','int'),(574,'fileStage','5','int'),(574,'name',', agnina jurnal rev2.docx','string'),(574,'originalFileName','agnina jurnal rev2.docx','string'),(574,'submissionFileId','161','int'),(574,'submissionId','22','int'),(574,'username','nadiyauswatun','string'),(575,'decision','Request Revisions','string'),(575,'editorName','admin admin','string'),(575,'submissionId','23','string'),(576,'decision','Request Revisions','string'),(576,'editorName','admin admin','string'),(576,'submissionId','22','string'),(577,'decision','Accept and Skip Review','string'),(577,'editorName','admin admin','string'),(577,'submissionId','18','string'),(578,'decision','Send To Production','string'),(578,'editorName','admin admin','string'),(578,'submissionId','18','string'),(579,'fileId','144','int'),(579,'fileStage','15','int'),(579,'originalFileName','dini jurnal perbaikan.docx','string'),(579,'revisedFileId',NULL,'string'),(579,'submissionFileId','164','int'),(579,'submissionId','23','int'),(579,'username','agnina','string'),(580,'fileId','144','int'),(580,'fileStage','15','int'),(580,'name','Article Text, dini jurnal perbaikan.docx','string'),(580,'originalFileName','dini jurnal perbaikan.docx','string'),(580,'submissionFileId','164','int'),(580,'submissionId','23','int'),(580,'username','agnina','string'),(581,'fileId','145','int'),(581,'fileStage','15','int'),(581,'originalFileName','agnina jurnal perbaikan.docx','string'),(581,'revisedFileId',NULL,'string'),(581,'submissionFileId','165','int'),(581,'submissionId','22','int'),(581,'username','agnina','string'),(582,'fileId','145','int'),(582,'fileStage','15','int'),(582,'name','Article Text, agnina jurnal perbaikan.docx','string'),(582,'originalFileName','agnina jurnal perbaikan.docx','string'),(582,'submissionFileId','165','int'),(582,'submissionId','22','int'),(582,'username','agnina','string'),(583,'decision','Accept and Skip Review','string'),(583,'editorName','admin admin','string'),(583,'submissionId','23','string'),(584,'decision','Accept and Skip Review','string'),(584,'editorName','admin admin','string'),(584,'submissionId','22','string'),(585,'fileId','1','int'),(585,'fileStage','2','int'),(585,'originalFileName','Artigo em inglês.docx','string'),(585,'revisedFileId',NULL,'string'),(585,'submissionFileId','168','int'),(585,'submissionId','24','int'),(585,'username','refsouza','string'),(586,'fileId','148','int'),(586,'fileStage','2','int'),(586,'originalFileName','Article.docx','string'),(586,'revisedFileId',NULL,'string'),(586,'submissionFileId','169','int'),(586,'submissionId','24','int'),(586,'username','refsouza','string'),(587,'fileId','1','int'),(587,'fileStage','2','int'),(587,'originalFileName','Artigo em inglês.docx','string'),(587,'sourceFileId',NULL,'string'),(587,'submissionFileId','168','int'),(587,'submissionId','24','int'),(587,'username','refsouza','string'),(588,'submissionId','24','int'),(588,'title','Artigo em inglês.docx','string'),(588,'username','refsouza','string'),(589,'fileId','148','int'),(589,'fileStage','2','int'),(589,'name','refsouza, Article.docx','string'),(589,'originalFileName','Article.docx','string'),(589,'submissionFileId','169','int'),(589,'submissionId','24','int'),(589,'username','refsouza','string'),(591,'name','admin admin','string'),(591,'userGroupName','Journal manager','string'),(591,'username','admin','string'),(592,'decision','Send to Review','string'),(592,'editorName','admin admin','string'),(592,'submissionId','24','string'),(593,'reviewAssignmentId','35','int'),(593,'reviewerName','anny Thuraidah','string'),(593,'round','1','int'),(593,'stageId','3','int'),(593,'submissionId','24','string'),(594,'reviewAssignmentId','35','string'),(594,'reviewerName','anny Thuraidah','string'),(594,'round','1','string'),(594,'submissionId','24','string'),(595,'fileId','150','int'),(595,'fileStage','5','int'),(595,'originalFileName','hiv-brazil rev.docx','string'),(595,'revisedFileId',NULL,'string'),(595,'submissionFileId','171','int'),(595,'submissionId','24','int'),(595,'username','thuraidah','string'),(596,'fileId','150','int'),(596,'fileStage','5','int'),(596,'name',', hiv-brazil rev.docx','string'),(596,'originalFileName','hiv-brazil rev.docx','string'),(596,'submissionFileId','171','int'),(596,'submissionId','24','int'),(596,'username','thuraidah','string'),(597,'decision','Request Revisions','string'),(597,'editorName','admin admin','string'),(597,'submissionId','24','string'),(598,'fileId','151','int'),(598,'fileStage','15','int'),(598,'originalFileName','Article.docx','string'),(598,'revisedFileId',NULL,'string'),(598,'submissionFileId','172','int'),(598,'submissionId','24','int'),(598,'username','refsouza','string'),(599,'fileId','151','int'),(599,'fileStage','15','int'),(599,'name','Article Text, Article.docx','string'),(599,'originalFileName','Article.docx','string'),(599,'submissionFileId','172','int'),(599,'submissionId','24','int'),(599,'username','refsouza','string'),(600,'decision','Accept and Skip Review','string'),(600,'editorName','admin admin','string'),(600,'submissionId','24','string'),(601,'decision','Send To Production','string'),(601,'editorName','admin admin','string'),(601,'submissionId','24','string'),(606,'decision','Send To Production','string'),(606,'editorName','admin admin','string'),(606,'submissionId','22','string'),(608,'decision','Send To Production','string'),(608,'editorName','admin admin','string'),(608,'submissionId','23','string'),(610,'fileId','155','int'),(610,'fileStage','10','int'),(610,'originalFileName','savas template mnausprict new.pdf','string'),(610,'revisedFileId',NULL,'string'),(610,'submissionFileId','176','int'),(610,'submissionId','19','int'),(610,'username','admin','string'),(611,'fileId','155','int'),(611,'fileStage','10','int'),(611,'name','admin, savas template mnausprict new.pdf','string'),(611,'originalFileName','savas template mnausprict new.pdf','string'),(611,'submissionFileId','176','int'),(611,'submissionId','19','int'),(611,'username','admin','string'),(612,'fileId','156','int'),(612,'fileStage','10','int'),(612,'originalFileName','opthal template dr author new.pdf','string'),(612,'revisedFileId',NULL,'string'),(612,'submissionFileId','177','int'),(612,'submissionId','20','int'),(612,'username','admin','string'),(613,'fileId','156','int'),(613,'fileStage','10','int'),(613,'name','admin, opthal template dr author new.pdf','string'),(613,'originalFileName','opthal template dr author new.pdf','string'),(613,'submissionFileId','177','int'),(613,'submissionId','20','int'),(613,'username','admin','string'),(615,'fileId','1','int'),(615,'fileStage','10','int'),(615,'originalFileName','agnina jurnal template new.docx','string'),(615,'revisedFileId',NULL,'string'),(615,'submissionFileId','178','int'),(615,'submissionId','22','int'),(615,'username','admin','string'),(616,'fileId','1','int'),(616,'fileStage','10','int'),(616,'name','admin, agnina jurnal template new.docx','string'),(616,'originalFileName','agnina jurnal template new.docx','string'),(616,'submissionFileId','178','int'),(616,'submissionId','22','int'),(616,'username','admin','string'),(619,'fileId','157','int'),(619,'fileStage','10','int'),(619,'originalFileName','dini jurnal template.pdf','string'),(619,'revisedFileId',NULL,'string'),(619,'submissionFileId','179','int'),(619,'submissionId','23','int'),(619,'username','admin','string'),(620,'fileId','157','int'),(620,'fileStage','10','int'),(620,'name','admin, dini jurnal template.pdf','string'),(620,'originalFileName','dini jurnal template.pdf','string'),(620,'submissionFileId','179','int'),(620,'submissionId','23','int'),(620,'username','admin','string'),(623,'fileId','158','int'),(623,'fileStage','10','int'),(623,'originalFileName','Biliary Duct template new.pdf','string'),(623,'revisedFileId',NULL,'string'),(623,'submissionFileId','180','int'),(623,'submissionId','18','int'),(623,'username','admin','string'),(624,'fileId','158','int'),(624,'fileStage','10','int'),(624,'name','admin, Biliary Duct template new.pdf','string'),(624,'originalFileName','Biliary Duct template new.pdf','string'),(624,'submissionFileId','180','int'),(624,'submissionId','18','int'),(624,'username','admin','string'),(630,'fileId','159','int'),(630,'fileStage','10','int'),(630,'originalFileName','brazil hiv template new.pdf','string'),(630,'revisedFileId',NULL,'string'),(630,'submissionFileId','181','int'),(630,'submissionId','24','int'),(630,'username','admin','string'),(631,'fileId','159','int'),(631,'fileStage','10','int'),(631,'name','admin, brazil hiv template new.pdf','string'),(631,'originalFileName','brazil hiv template new.pdf','string'),(631,'submissionFileId','181','int'),(631,'submissionId','24','int'),(631,'username','admin','string'),(633,'fileId','160','int'),(633,'fileStage','2','int'),(633,'originalFileName','fadia jurnal tranlate.edited.docx','string'),(633,'revisedFileId',NULL,'string'),(633,'submissionFileId','182','int'),(633,'submissionId','25','int'),(633,'username','fadia','string'),(634,'fileId','160','int'),(634,'fileStage','2','int'),(634,'name','fadia, fadia jurnal tranlate.edited.docx','string'),(634,'originalFileName','fadia jurnal tranlate.edited.docx','string'),(634,'submissionFileId','182','int'),(634,'submissionId','25','int'),(634,'username','fadia','string'),(636,'name','Nudia Kurniati','string'),(636,'userGroupName','Copyeditor','string'),(636,'username','nudia','string'),(637,'name','Dwi Intan Purnama Sari','string'),(637,'userGroupName','Copyeditor','string'),(637,'username','dwiintan','string'),(638,'name','Pebri Fitria Lestari','string'),(638,'userGroupName','Copyeditor','string'),(638,'username','pebri','string'),(639,'fileId','161','int'),(639,'fileStage','2','int'),(639,'originalFileName','ing maha makale.docx','string'),(639,'revisedFileId',NULL,'string'),(639,'submissionFileId','183','int'),(639,'submissionId','26','int'),(639,'username','drdeniz','string'),(640,'fileId','161','int'),(640,'fileStage','2','int'),(640,'name','drdeniz, ing maha makale.docx','string'),(640,'originalFileName','ing maha makale.docx','string'),(640,'submissionFileId','183','int'),(640,'submissionId','26','int'),(640,'username','drdeniz','string'),(642,'name','admin admin','string'),(642,'userGroupName','Journal manager','string'),(642,'username','admin','string'),(643,'decision','Send to Review','string'),(643,'editorName','admin admin','string'),(643,'submissionId','25','string'),(644,'reviewAssignmentId','36','int'),(644,'reviewerName','Nadiya Uswatun Hasanah','string'),(644,'round','1','int'),(644,'stageId','3','int'),(644,'submissionId','25','string'),(645,'fileId','163','int'),(645,'fileStage','15','int'),(645,'originalFileName','21-153-1-5-20200721.docx','string'),(645,'revisedFileId',NULL,'string'),(645,'submissionFileId','185','int'),(645,'submissionId','21','int'),(645,'username','benedelu','string'),(646,'fileId','163','int'),(646,'fileStage','15','int'),(646,'name','Article Text, 21-153-1-5-20200721.docx','string'),(646,'originalFileName','21-153-1-5-20200721.docx','string'),(646,'submissionFileId','185','int'),(646,'submissionId','21','int'),(646,'username','benedelu','string'),(647,'name','admin admin','string'),(647,'userGroupName','Journal manager','string'),(647,'username','admin','string'),(650,'decision','Send to Review','string'),(650,'editorName','admin admin','string'),(650,'submissionId','26','string'),(651,'reviewAssignmentId','37','int'),(651,'reviewerName','anny Thuraidah','string'),(651,'round','1','int'),(651,'stageId','3','int'),(651,'submissionId','26','string'),(652,'name','Dwi Intan Purnama Sari','string'),(652,'userGroupName','Copyeditor','string'),(652,'username','dwiintan','string'),(653,'name','Pebri Fitria Lestari','string'),(653,'userGroupName','Copyeditor','string'),(653,'username','pebri','string'),(654,'decision','Decline Submission','string'),(654,'editorName','admin admin','string'),(654,'submissionId','25','string'),(666,'fileId','1','int'),(666,'fileStage','2','int'),(666,'originalFileName','covıd---son kabul.docx','string'),(666,'revisedFileId',NULL,'string'),(666,'submissionFileId','187','int'),(666,'submissionId','27','int'),(666,'username','erhanokuyan','string'),(667,'fileId','1','int'),(667,'fileStage','2','int'),(667,'originalFileName','covıd---son kabul.docx','string'),(667,'revisedFileId',NULL,'string'),(667,'submissionFileId','188','int'),(667,'submissionId','28','int'),(667,'username','erhanokuyan','string'),(668,'fileId','1','int'),(668,'fileStage','2','int'),(668,'originalFileName','covıd---son kabul.docx','string'),(668,'sourceFileId',NULL,'string'),(668,'submissionFileId','188','int'),(668,'submissionId','28','int'),(668,'username','erhanokuyan','string'),(669,'submissionId','28','int'),(669,'title','covıd---son kabul.docx','string'),(669,'username','erhanokuyan','string'),(670,'fileId','165','int'),(670,'fileStage','2','int'),(670,'originalFileName','COVID 19 PREGNANCY.docx','string'),(670,'revisedFileId',NULL,'string'),(670,'submissionFileId','189','int'),(670,'submissionId','28','int'),(670,'username','erhanokuyan','string'),(671,'fileId','165','int'),(671,'fileStage','2','int'),(671,'name','erhanokuyan, COVID 19 PREGNANCY.docx','string'),(671,'originalFileName','COVID 19 PREGNANCY.docx','string'),(671,'submissionFileId','189','int'),(671,'submissionId','28','int'),(671,'username','erhanokuyan','string'),(672,'fileId','165','int'),(672,'fileStage','2','int'),(672,'name','erhanokuyan, COVID 19 PREGNANCY.docx','string'),(672,'originalFileName','COVID 19 PREGNANCY.docx','string'),(672,'submissionFileId','189','int'),(672,'submissionId','28','int'),(672,'username','erhanokuyan','string'),(673,'fileId','165','int'),(673,'fileStage','2','int'),(673,'name','erhanokuyan, COVID 19 PREGNANCY.docx','string'),(673,'originalFileName','COVID 19 PREGNANCY.docx','string'),(673,'submissionFileId','189','int'),(673,'submissionId','28','int'),(673,'username','erhanokuyan','string'),(675,'name','admin admin','string'),(675,'userGroupName','Journal manager','string'),(675,'username','admin','string'),(676,'reviewAssignmentId','37','string'),(676,'reviewerName','anny Thuraidah','string'),(676,'round','1','string'),(676,'submissionId','26','string'),(677,'fileId','166','int'),(677,'fileStage','5','int'),(677,'originalFileName','deniz rev.docx','string'),(677,'revisedFileId',NULL,'string'),(677,'submissionFileId','190','int'),(677,'submissionId','26','int'),(677,'username','thuraidah','string'),(678,'fileId','166','int'),(678,'fileStage','5','int'),(678,'name',', deniz rev.docx','string'),(678,'originalFileName','deniz rev.docx','string'),(678,'submissionFileId','190','int'),(678,'submissionId','26','int'),(678,'username','thuraidah','string'),(679,'decision','Request Revisions','string'),(679,'editorName','admin admin','string'),(679,'submissionId','26','string'),(680,'fileId','167','int'),(680,'fileStage','2','int'),(680,'originalFileName','Pooltext.docx','string'),(680,'revisedFileId',NULL,'string'),(680,'submissionFileId','191','int'),(680,'submissionId','29','int'),(680,'username','ubi-isaac9','string'),(681,'fileId','167','int'),(681,'fileStage','2','int'),(681,'name','ubi-isaac9, from Pooltext.docx','string'),(681,'originalFileName','Pooltext.docx','string'),(681,'submissionFileId','191','int'),(681,'submissionId','29','int'),(681,'username','ubi-isaac9','string'),(683,'name','admin admin','string'),(683,'userGroupName','Journal manager','string'),(683,'username','admin','string'),(684,'decision','Send to Review','string'),(684,'editorName','admin admin','string'),(684,'submissionId','28','string'),(685,'reviewAssignmentId','38','int'),(685,'reviewerName','anny Thuraidah','string'),(685,'round','1','int'),(685,'stageId','3','int'),(685,'submissionId','28','string'),(686,'name','Dwi Intan Purnama Sari','string'),(686,'userGroupName','Copyeditor','string'),(686,'username','dwiintan','string'),(687,'decision','Send to Review','string'),(687,'editorName','admin admin','string'),(687,'submissionId','29','string'),(688,'name','Pebri Fitria Lestari','string'),(688,'userGroupName','Copyeditor','string'),(688,'username','pebri','string'),(689,'reviewAssignmentId','39','int'),(689,'reviewerName','Yulia Tri Andini','string'),(689,'round','1','int'),(689,'stageId','3','int'),(689,'submissionId','29','string'),(690,'reviewAssignmentId','38','string'),(690,'reviewerName','anny Thuraidah','string'),(690,'round','1','string'),(690,'submissionId','28','string'),(691,'fileId','170','int'),(691,'fileStage','5','int'),(691,'originalFileName','covid-tur rev.docx','string'),(691,'revisedFileId',NULL,'string'),(691,'submissionFileId','194','int'),(691,'submissionId','28','int'),(691,'username','thuraidah','string'),(692,'fileId','170','int'),(692,'fileStage','5','int'),(692,'name',', covid-tur rev.docx','string'),(692,'originalFileName','covid-tur rev.docx','string'),(692,'submissionFileId','194','int'),(692,'submissionId','28','int'),(692,'username','thuraidah','string'),(693,'decision','Request Revisions','string'),(693,'editorName','admin admin','string'),(693,'submissionId','28','string'),(694,'reviewAssignmentId','39','string'),(694,'reviewerName','Yulia Tri Andini','string'),(694,'round','1','string'),(694,'submissionId','29','string'),(695,'fileId','171','int'),(695,'fileStage','5','int'),(695,'originalFileName','guava negeria rev.docx','string'),(695,'revisedFileId',NULL,'string'),(695,'submissionFileId','195','int'),(695,'submissionId','29','int'),(695,'username','yuliatri','string'),(696,'fileId','171','int'),(696,'fileStage','5','int'),(696,'name',', guava negeria rev.docx','string'),(696,'originalFileName','guava negeria rev.docx','string'),(696,'submissionFileId','195','int'),(696,'submissionId','29','int'),(696,'username','yuliatri','string'),(697,'decision','Request Revisions','string'),(697,'editorName','admin admin','string'),(697,'submissionId','29','string'),(698,'fileId','172','int'),(698,'fileStage','15','int'),(698,'originalFileName','covid erhan son hali.docx','string'),(698,'revisedFileId',NULL,'string'),(698,'submissionFileId','196','int'),(698,'submissionId','28','int'),(698,'username','erhanokuyan','string'),(699,'fileId','172','int'),(699,'fileStage','15','int'),(699,'name','revision of article text,tables and references','string'),(699,'originalFileName','covid erhan son hali.docx','string'),(699,'submissionFileId','196','int'),(699,'submissionId','28','int'),(699,'username','erhanokuyan','string'),(700,'fileId','173','int'),(700,'fileStage','15','int'),(700,'originalFileName','Revision Letter.docx','string'),(700,'revisedFileId','196','int'),(700,'submissionFileId','196','int'),(700,'submissionId','28','int'),(700,'username','erhanokuyan','string'),(701,'fileId','173','int'),(701,'fileStage','15','int'),(701,'name','Revision Letter.docx','string'),(701,'originalFileName','Revision Letter.docx','string'),(701,'submissionFileId','196','int'),(701,'submissionId','28','int'),(701,'username','erhanokuyan','string'),(702,'fileId','174','int'),(702,'fileStage','15','int'),(702,'originalFileName','covid erhan son hali.docx','string'),(702,'revisedFileId','196','int'),(702,'submissionFileId','196','int'),(702,'submissionId','28','int'),(702,'username','erhanokuyan','string'),(703,'fileId','174','int'),(703,'fileStage','15','int'),(703,'name','Revision of article text .docx','string'),(703,'originalFileName','covid erhan son hali.docx','string'),(703,'submissionFileId','196','int'),(703,'submissionId','28','int'),(703,'username','erhanokuyan','string'),(704,'fileId','175','int'),(704,'fileStage','18','int'),(704,'originalFileName','Revision Letter.docx','string'),(704,'revisedFileId',NULL,'string'),(704,'submissionFileId','197','int'),(704,'submissionId','28','int'),(704,'username','erhanokuyan','string'),(705,'fileId','175','int'),(705,'fileStage','18','int'),(705,'name','erhanokuyan, Revision Letter.docx','string'),(705,'originalFileName','Revision Letter.docx','string'),(705,'submissionFileId','197','int'),(705,'submissionId','28','int'),(705,'username','erhanokuyan','string'),(706,'fileId','175','int'),(706,'fileStage','18','int'),(706,'name','erhanokuyan, Revision Letter.docx','string'),(706,'originalFileName','Revision Letter.docx','string'),(706,'submissionFileId','197','int'),(706,'submissionId','28','int'),(706,'username','erhanokuyan','string'),(707,'fileId','176','int'),(707,'fileStage','2','int'),(707,'originalFileName','PPID saHAR.docx','string'),(707,'revisedFileId',NULL,'string'),(707,'submissionFileId','198','int'),(707,'submissionId','30','int'),(707,'username','sari','string'),(708,'fileId','176','int'),(708,'fileStage','2','int'),(708,'name','sari, PPID saHAR.docx','string'),(708,'originalFileName','PPID saHAR.docx','string'),(708,'submissionFileId','198','int'),(708,'submissionId','30','int'),(708,'username','sari','string'),(709,'fileId','176','int'),(709,'fileStage','2','int'),(709,'name','sari, PPID saHAR.docx','string'),(709,'originalFileName','PPID saHAR.docx','string'),(709,'submissionFileId','198','int'),(709,'submissionId','30','int'),(709,'username','sari','string'),(711,'fileId','177','int'),(711,'fileStage','15','int'),(711,'originalFileName','29-195-1-5-20201017.docx','string'),(711,'revisedFileId',NULL,'string'),(711,'submissionFileId','199','int'),(711,'submissionId','29','int'),(711,'username','ubi-isaac9','string'),(712,'fileId','177','int'),(712,'fileStage','15','int'),(712,'name','Article Text, 29-195-1-5-20201017.docx','string'),(712,'originalFileName','29-195-1-5-20201017.docx','string'),(712,'submissionFileId','199','int'),(712,'submissionId','29','int'),(712,'username','ubi-isaac9','string'),(713,'name','admin admin','string'),(713,'userGroupName','Journal manager','string'),(713,'username','admin','string'),(714,'decision','Send to Review','string'),(714,'editorName','admin admin','string'),(714,'submissionId','30','string'),(715,'reviewAssignmentId','40','int'),(715,'reviewerName','Yulia Tri Andini','string'),(715,'round','1','int'),(715,'stageId','3','int'),(715,'submissionId','30','string'),(716,'reviewAssignmentId','40','string'),(716,'reviewerName','Yulia Tri Andini','string'),(716,'round','1','string'),(716,'submissionId','30','string'),(717,'fileId','179','int'),(717,'fileStage','5','int'),(717,'originalFileName','obesity-ksarev.docx','string'),(717,'revisedFileId',NULL,'string'),(717,'submissionFileId','201','int'),(717,'submissionId','30','int'),(717,'username','yuliatri','string'),(718,'fileId','179','int'),(718,'fileStage','5','int'),(718,'name',', obesity-ksarev.docx','string'),(718,'originalFileName','obesity-ksarev.docx','string'),(718,'submissionFileId','201','int'),(718,'submissionId','30','int'),(718,'username','yuliatri','string'),(719,'decision','Request Revisions','string'),(719,'editorName','admin admin','string'),(719,'submissionId','30','string'),(720,'decision','Accept and Skip Review','string'),(720,'editorName','admin admin','string'),(720,'submissionId','21','string'),(721,'decision','Accept and Skip Review','string'),(721,'editorName','admin admin','string'),(721,'submissionId','28','string'),(722,'decision','Send To Production','string'),(722,'editorName','admin admin','string'),(722,'submissionId','28','string'),(723,'decision','Accept and Skip Review','string'),(723,'editorName','admin admin','string'),(723,'submissionId','29','string'),(725,'fileId','1','int'),(725,'fileStage','10','int'),(725,'originalFileName','Covid1 template1.pdf','string'),(725,'revisedFileId',NULL,'string'),(725,'submissionFileId','205','int'),(725,'submissionId','28','int'),(725,'username','pebri','string'),(726,'fileId','1','int'),(726,'fileStage','10','int'),(726,'name','pebri, Covid1 template1.pdf','string'),(726,'originalFileName','Covid1 template1.pdf','string'),(726,'submissionFileId','205','int'),(726,'submissionId','28','int'),(726,'username','pebri','string'),(728,'fileId','1','int'),(728,'fileStage','10','int'),(728,'originalFileName','Covid1 template1.pdf','string'),(728,'revisedFileId',NULL,'string'),(728,'submissionFileId','206','int'),(728,'submissionId','28','int'),(728,'username','pebri','string'),(729,'fileId','1','int'),(729,'fileStage','10','int'),(729,'name','pebri, Covid1 template1.pdf','string'),(729,'originalFileName','Covid1 template1.pdf','string'),(729,'submissionFileId','206','int'),(729,'submissionId','28','int'),(729,'username','pebri','string'),(732,'fileId','183','int'),(732,'fileStage','10','int'),(732,'originalFileName','Covid1 template1.pdf','string'),(732,'revisedFileId',NULL,'string'),(732,'submissionFileId','207','int'),(732,'submissionId','28','int'),(732,'username','pebri','string'),(733,'fileId','183','int'),(733,'fileStage','10','int'),(733,'name','pebri, Covid1 template1.pdf','string'),(733,'originalFileName','Covid1 template1.pdf','string'),(733,'submissionFileId','207','int'),(733,'submissionId','28','int'),(733,'username','pebri','string'),(734,'fileId','184','int'),(734,'fileStage','10','int'),(734,'originalFileName','agnina jurnal template new.pdf','string'),(734,'revisedFileId',NULL,'string'),(734,'submissionFileId','208','int'),(734,'submissionId','22','int'),(734,'username','admin','string'),(735,'fileId','184','int'),(735,'fileStage','10','int'),(735,'name','admin, agnina jurnal template new.pdf','string'),(735,'originalFileName','agnina jurnal template new.pdf','string'),(735,'submissionFileId','208','int'),(735,'submissionId','22','int'),(735,'username','admin','string'),(736,'fileId','1','int'),(736,'fileStage','2','int'),(736,'originalFileName','Outcome of Multivector FGMT for Facial Reanimation.docx','string'),(736,'revisedFileId',NULL,'string'),(736,'submissionFileId','209','int'),(736,'submissionId','31','int'),(736,'username','drmizzud','string'),(737,'fileId','1','int'),(737,'fileStage','2','int'),(737,'originalFileName','Outcome of Multivector FGMT for Facial Reanimation.docx','string'),(737,'revisedFileId',NULL,'string'),(737,'submissionFileId','210','int'),(737,'submissionId','31','int'),(737,'username','drmizzud','string'),(738,'fileId','1','int'),(738,'fileStage','2','int'),(738,'originalFileName','Outcome of Multivector FGMT for Facial Reanimation.docx','string'),(738,'sourceFileId',NULL,'string'),(738,'submissionFileId','210','int'),(738,'submissionId','31','int'),(738,'username','drmizzud','string'),(740,'fileId','185','int'),(740,'fileStage','2','int'),(740,'originalFileName','Outcome of Multivector FGMT for Facial Reanimation.docx','string'),(740,'revisedFileId',NULL,'string'),(740,'submissionFileId','211','int'),(740,'submissionId','32','int'),(740,'username','drmizzud','string'),(741,'fileId','185','int'),(741,'fileStage','2','int'),(741,'name','drmizzud, Outcome of Multivector FGMT for Facial Reanimation.docx','string'),(741,'originalFileName','Outcome of Multivector FGMT for Facial Reanimation.docx','string'),(741,'submissionFileId','211','int'),(741,'submissionId','32','int'),(741,'username','drmizzud','string'),(743,'name','admin admin','string'),(743,'userGroupName','Journal manager','string'),(743,'username','admin','string'),(744,'fileId','186','int'),(744,'fileStage','2','int'),(744,'originalFileName','0JURNAL VONNY KHRESNA DEWI.docx','string'),(744,'revisedFileId',NULL,'string'),(744,'submissionFileId','212','int'),(744,'submissionId','33','int'),(744,'username','vonny','string'),(745,'fileId','186','int'),(745,'fileStage','2','int'),(745,'name','vonny, 0JURNAL VONNY KHRESNA DEWI.docx','string'),(745,'originalFileName','0JURNAL VONNY KHRESNA DEWI.docx','string'),(745,'submissionFileId','212','int'),(745,'submissionId','33','int'),(745,'username','vonny','string'),(747,'name','admin admin','string'),(747,'userGroupName','Journal manager','string'),(747,'username','admin','string'),(748,'decision','Send to Review','string'),(748,'editorName','admin admin','string'),(748,'submissionId','33','string'),(749,'reviewAssignmentId','41','int'),(749,'reviewerName','anny Thuraidah','string'),(749,'round','1','int'),(749,'stageId','3','int'),(749,'submissionId','33','string'),(750,'decision','Send to Review','string'),(750,'editorName','admin admin','string'),(750,'submissionId','32','string'),(751,'reviewAssignmentId','42','int'),(751,'reviewerName','anny Thuraidah','string'),(751,'round','1','int'),(751,'stageId','3','int'),(751,'submissionId','32','string'),(752,'fileId','189','int'),(752,'fileStage','9','int'),(752,'originalFileName','guava template dr author.docx','string'),(752,'revisedFileId',NULL,'string'),(752,'submissionFileId','215','int'),(752,'submissionId','29','int'),(752,'username','dwiintan','string'),(753,'fileId','189','int'),(753,'fileStage','9','int'),(753,'name','dwiintan, guava template dr author.docx','string'),(753,'originalFileName','guava template dr author.docx','string'),(753,'submissionFileId','215','int'),(753,'submissionId','29','int'),(753,'username','dwiintan','string'),(755,'decision','Send To Production','string'),(755,'editorName','admin admin','string'),(755,'submissionId','29','string'),(756,'fileId','191','int'),(756,'fileStage','10','int'),(756,'originalFileName','guava template dr author.pdf','string'),(756,'revisedFileId',NULL,'string'),(756,'submissionFileId','217','int'),(756,'submissionId','29','int'),(756,'username','admin','string'),(757,'fileId','191','int'),(757,'fileStage','10','int'),(757,'name','admin, guava template dr author.pdf','string'),(757,'originalFileName','guava template dr author.pdf','string'),(757,'submissionFileId','217','int'),(757,'submissionId','29','int'),(757,'username','admin','string'),(760,'reviewAssignmentId','41','string'),(760,'reviewerName','anny Thuraidah','string'),(760,'round','1','string'),(760,'submissionId','33','string'),(761,'fileId','192','int'),(761,'fileStage','5','int'),(761,'originalFileName','0JURNAL VONNY KHRESNA DEWI rev.docx','string'),(761,'revisedFileId',NULL,'string'),(761,'submissionFileId','218','int'),(761,'submissionId','33','int'),(761,'username','thuraidah','string'),(762,'fileId','192','int'),(762,'fileStage','5','int'),(762,'name',', 0JURNAL VONNY KHRESNA DEWI rev.docx','string'),(762,'originalFileName','0JURNAL VONNY KHRESNA DEWI rev.docx','string'),(762,'submissionFileId','218','int'),(762,'submissionId','33','int'),(762,'username','thuraidah','string'),(763,'decision','Request Revisions','string'),(763,'editorName','admin admin','string'),(763,'submissionId','33','string'),(764,'reviewAssignmentId','42','string'),(764,'reviewerName','anny Thuraidah','string'),(764,'round','1','string'),(764,'submissionId','32','string'),(765,'fileId','193','int'),(765,'fileStage','5','int'),(765,'originalFileName','FGMT rev.docx','string'),(765,'revisedFileId',NULL,'string'),(765,'submissionFileId','219','int'),(765,'submissionId','32','int'),(765,'username','thuraidah','string'),(766,'fileId','193','int'),(766,'fileStage','5','int'),(766,'name',', FGMT rev.docx','string'),(766,'originalFileName','FGMT rev.docx','string'),(766,'submissionFileId','219','int'),(766,'submissionId','32','int'),(766,'username','thuraidah','string'),(767,'decision','Request Revisions','string'),(767,'editorName','admin admin','string'),(767,'submissionId','32','string'),(768,'fileId','1','int'),(768,'fileStage','15','int'),(768,'originalFileName','Outcome of Multivector FGMT for Facial Reanimation REVISION 1.docx','string'),(768,'revisedFileId',NULL,'string'),(768,'submissionFileId','220','int'),(768,'submissionId','32','int'),(768,'username','drmizzud','string'),(769,'fileId','2','int'),(769,'fileStage','15','int'),(769,'originalFileName','Outcome of Multivector FGMT for Facial Reanimation REVISION 1.docx','string'),(769,'revisedFileId','220','int'),(769,'submissionFileId','220','int'),(769,'submissionId','32','int'),(769,'username','drmizzud','string'),(770,'fileId','2','int'),(770,'fileStage','15','int'),(770,'name','Article Text, Outcome of Multivector FGMT for Facial Reanimation REVISION 1.docx','string'),(770,'originalFileName','Outcome of Multivector FGMT for Facial Reanimation REVISION 1.docx','string'),(770,'submissionFileId','220','int'),(770,'submissionId','32','int'),(770,'username','drmizzud','string'),(771,'fileId','2','int'),(771,'fileStage','15','int'),(771,'originalFileName','Outcome of Multivector FGMT for Facial Reanimation REVISION 1.docx','string'),(771,'sourceFileId',NULL,'string'),(771,'submissionFileId','220','int'),(771,'submissionId','32','int'),(771,'username','drmizzud','string'),(772,'fileId','1','int'),(772,'fileStage','15','int'),(772,'originalFileName','Outcome of Multivector FGMT for Facial Reanimation REVISION 1.docx','string'),(772,'sourceFileId',NULL,'string'),(772,'submissionFileId','220','int'),(772,'submissionId','32','int'),(772,'username','drmizzud','string'),(773,'submissionId','32','int'),(773,'title','Outcome of Multivector FGMT for Facial Reanimation REVISION 1.docx','string'),(773,'username','drmizzud','string'),(774,'fileId','194','int'),(774,'fileStage','15','int'),(774,'originalFileName','Outcome of Multivector FGMT for Facial Reanimation REVISION 1.docx','string'),(774,'revisedFileId',NULL,'string'),(774,'submissionFileId','221','int'),(774,'submissionId','32','int'),(774,'username','drmizzud','string'),(775,'fileId','194','int'),(775,'fileStage','15','int'),(775,'name','Article Text, Outcome of Multivector FGMT for Facial Reanimation REVISION 1.docx','string'),(775,'originalFileName','Outcome of Multivector FGMT for Facial Reanimation REVISION 1.docx','string'),(775,'submissionFileId','221','int'),(775,'submissionId','32','int'),(775,'username','drmizzud','string'),(779,'name','admin admin','string'),(779,'userGroupName','Journal manager','string'),(779,'username','admin','string'),(780,'name','admin admin','string'),(780,'userGroupName','Journal manager','string'),(780,'username','admin','string'),(781,'fileId','1','int'),(781,'fileStage','2','int'),(781,'originalFileName','CGA.edited.docx','string'),(781,'revisedFileId',NULL,'string'),(781,'submissionFileId','222','int'),(781,'submissionId','38','int'),(781,'username','admin','string'),(782,'fileId','1','int'),(782,'fileStage','2','int'),(782,'originalFileName','CGA.edited.docx','string'),(782,'sourceFileId',NULL,'string'),(782,'submissionFileId','222','int'),(782,'submissionId','38','int'),(782,'username','admin','string'),(783,'submissionId','38','int'),(783,'title','CGA.edited.docx','string'),(783,'username','admin','string'),(784,'fileId','195','int'),(784,'fileStage','2','int'),(784,'originalFileName','TSH research last revised eng.docx','string'),(784,'revisedFileId',NULL,'string'),(784,'submissionFileId','223','int'),(784,'submissionId','38','int'),(784,'username','admin','string'),(785,'fileId','195','int'),(785,'fileStage','2','int'),(785,'name','admin, TSH research last revised eng.docx','string'),(785,'originalFileName','TSH research last revised eng.docx','string'),(785,'submissionFileId','223','int'),(785,'submissionId','38','int'),(785,'username','admin','string'),(786,'decision','Send to Review','string'),(786,'editorName','admin admin','string'),(786,'submissionId','38','string'),(787,'reviewAssignmentId','43','int'),(787,'reviewerName','anny Thuraidah','string'),(787,'round','1','int'),(787,'stageId','3','int'),(787,'submissionId','38','string'),(788,'reviewAssignmentId','43','string'),(788,'reviewerName','anny Thuraidah','string'),(788,'round','1','string'),(788,'submissionId','38','string'),(789,'fileId','197','int'),(789,'fileStage','5','int'),(789,'originalFileName','rev38-Article Text-224-1-4-20210203.docx','string'),(789,'revisedFileId',NULL,'string'),(789,'submissionFileId','225','int'),(789,'submissionId','38','int'),(789,'username','thuraidah','string'),(790,'fileId','197','int'),(790,'fileStage','5','int'),(790,'name',', rev38-Article Text-224-1-4-20210203.docx','string'),(790,'originalFileName','rev38-Article Text-224-1-4-20210203.docx','string'),(790,'submissionFileId','225','int'),(790,'submissionId','38','int'),(790,'username','thuraidah','string'),(791,'decision','Request Revisions','string'),(791,'editorName','admin admin','string'),(791,'submissionId','38','string'),(792,'fileId','198','int'),(792,'fileStage','15','int'),(792,'originalFileName','revision tsh levels.docx','string'),(792,'revisedFileId',NULL,'string'),(792,'submissionFileId','226','int'),(792,'submissionId','38','int'),(792,'username','gizemberfin','string'),(793,'fileId','198','int'),(793,'fileStage','15','int'),(793,'name','Article Text, revision tsh levels.docx','string'),(793,'originalFileName','revision tsh levels.docx','string'),(793,'submissionFileId','226','int'),(793,'submissionId','38','int'),(793,'username','gizemberfin','string'),(794,'fileId','199','int'),(794,'fileStage','15','int'),(794,'originalFileName','revision tsh levels 1.docx','string'),(794,'revisedFileId','226','int'),(794,'submissionFileId','226','int'),(794,'submissionId','38','int'),(794,'username','gizemberfin','string'),(795,'fileId','200','int'),(795,'fileStage','15','int'),(795,'originalFileName','revision tsh levels 1.docx','string'),(795,'revisedFileId','226','int'),(795,'submissionFileId','226','int'),(795,'submissionId','38','int'),(795,'username','gizemberfin','string'),(796,'fileId','200','int'),(796,'fileStage','15','int'),(796,'name','Article Text, revision tsh levels 1.docx','string'),(796,'originalFileName','revision tsh levels 1.docx','string'),(796,'submissionFileId','226','int'),(796,'submissionId','38','int'),(796,'username','gizemberfin','string'),(797,'fileId','202','int'),(797,'fileStage','15','int'),(797,'originalFileName','0jurnal vonny2 eng.edited.docx','string'),(797,'revisedFileId',NULL,'string'),(797,'submissionFileId','227','int'),(797,'submissionId','33','int'),(797,'username','vonny','string'),(798,'reviewAssignmentId','44','int'),(798,'reviewerName','Yulia Tri Andini','string'),(798,'round','1','int'),(798,'stageId','3','int'),(798,'submissionId','33','string'),(799,'reviewAssignmentId','44','string'),(799,'reviewerName','Yulia Tri Andini','string'),(799,'round','1','string'),(799,'submissionId','33','string'),(800,'fileId','203','int'),(800,'fileStage','5','int'),(800,'originalFileName','0JURNAL VONNY KHRESNA DEWI rev2.docx','string'),(800,'revisedFileId',NULL,'string'),(800,'submissionFileId','228','int'),(800,'submissionId','33','int'),(800,'username','yuliatri','string'),(801,'fileId','203','int'),(801,'fileStage','5','int'),(801,'name',', 0JURNAL VONNY KHRESNA DEWI rev2.docx','string'),(801,'originalFileName','0JURNAL VONNY KHRESNA DEWI rev2.docx','string'),(801,'submissionFileId','228','int'),(801,'submissionId','33','int'),(801,'username','yuliatri','string'),(802,'decision','Accept and Skip Review','string'),(802,'editorName','admin admin','string'),(802,'submissionId','33','string'),(803,'decision','Send To Production','string'),(803,'editorName','admin admin','string'),(803,'submissionId','33','string'),(805,'fileId','205','int'),(805,'fileStage','10','int'),(805,'originalFileName','0jurnal vonny template.pdf','string'),(805,'revisedFileId',NULL,'string'),(805,'submissionFileId','230','int'),(805,'submissionId','33','int'),(805,'username','admin','string'),(806,'fileId','205','int'),(806,'fileStage','10','int'),(806,'name','admin, 0jurnal vonny template.pdf','string'),(806,'originalFileName','0jurnal vonny template.pdf','string'),(806,'submissionFileId','230','int'),(806,'submissionId','33','int'),(806,'username','admin','string'),(808,'fileId','206','int'),(808,'fileStage','2','int'),(808,'originalFileName','0jurnal vonny template.docx','string'),(808,'revisedFileId',NULL,'string'),(808,'submissionFileId','231','int'),(808,'submissionId','40','int'),(808,'username','fadia','string'),(809,'fileId','206','int'),(809,'fileStage','2','int'),(809,'name','fadia, 0jurnal vonny template.docx','string'),(809,'originalFileName','0jurnal vonny template.docx','string'),(809,'submissionFileId','231','int'),(809,'submissionId','40','int'),(809,'username','fadia','string'),(811,'decision','Accept and Skip Review','string'),(811,'editorName','admin admin','string'),(811,'submissionId','38','string'),(812,'decision','Accept and Skip Review','string'),(812,'editorName','admin admin','string'),(812,'submissionId','32','string'),(813,'fileId','201','int'),(813,'fileStage','15','int'),(813,'originalFileName','Gizem Berfin template.docx','string'),(813,'revisedFileId','226','int'),(813,'submissionFileId','226','int'),(813,'submissionId','38','int'),(813,'username','gizemberfin','string'),(814,'fileId','201','int'),(814,'fileStage','15','int'),(814,'name','Article Text, Gizem Berfin template.docx','string'),(814,'originalFileName','Gizem Berfin template.docx','string'),(814,'submissionFileId','226','int'),(814,'submissionId','38','int'),(814,'username','gizemberfin','string'),(815,'fileId','201','int'),(815,'fileStage','15','int'),(815,'originalFileName','Gizem Berfin template.docx','string'),(815,'sourceFileId',NULL,'string'),(815,'submissionFileId','226','int'),(815,'submissionId','38','int'),(815,'username','gizemberfin','string'),(816,'fileId','201','int'),(816,'fileStage','15','int'),(816,'originalFileName','Gizem Berfin template.docx','string'),(816,'revisedFileId','226','int'),(816,'submissionFileId','226','int'),(816,'submissionId','38','int'),(816,'username','gizemberfin','string'),(817,'fileId','201','int'),(817,'fileStage','15','int'),(817,'name','Article Text, Gizem Berfin template.docx','string'),(817,'originalFileName','Gizem Berfin template.docx','string'),(817,'submissionFileId','226','int'),(817,'submissionId','38','int'),(817,'username','gizemberfin','string');

--
