-- Dumping data for table `notifications`
--

INSERT INTO `notifications` VALUES (2,1,0,2,16777244,'2019-01-16 09:10:04',NULL,256,1),(73,1,1,2,16777217,'2019-03-28 12:38:10',NULL,1048585,1),(75,1,0,2,16777243,'2019-03-28 12:38:10',NULL,1048585,1),(76,1,0,2,16777245,'2019-03-28 12:38:10',NULL,1048585,1),(97,1,1,2,16777217,'2019-03-29 07:30:43',NULL,1048585,2),(99,1,5,2,16777217,'2019-03-29 07:30:44',NULL,1048585,2),(101,1,0,2,16777243,'2019-03-29 07:30:45',NULL,1048585,2),(102,1,0,2,16777245,'2019-03-29 07:30:45',NULL,1048585,2),(104,1,0,2,16777236,'2019-03-29 07:33:39','2019-03-29 07:33:47',523,1),(108,1,1,2,16777219,'2019-03-29 07:40:32',NULL,517,1),(112,1,7,2,16777235,'2019-03-29 07:59:02',NULL,1048585,2),(118,1,1,2,268435478,'2019-03-29 08:05:32','2019-03-29 08:05:33',1048585,2),(122,1,0,2,16777236,'2019-03-31 14:22:40','2019-03-31 14:22:47',523,2),(127,1,5,2,16777219,'2019-03-31 14:25:25',NULL,517,2),(137,1,1,2,16777217,'2019-03-31 14:36:09',NULL,1048585,3),(139,1,5,2,16777217,'2019-03-31 14:36:10',NULL,1048585,3),(141,1,0,2,16777243,'2019-03-31 14:36:10',NULL,1048585,3),(142,1,0,2,16777245,'2019-03-31 14:36:10',NULL,1048585,3),(147,1,1,2,16777217,'2019-03-31 14:38:18',NULL,1048585,4),(149,1,5,2,16777217,'2019-03-31 14:38:18',NULL,1048585,4),(151,1,0,2,16777243,'2019-03-31 14:38:18',NULL,1048585,4),(152,1,0,2,16777245,'2019-03-31 14:38:18',NULL,1048585,4),(157,1,1,2,16777217,'2019-03-31 14:41:16',NULL,1048585,5),(159,1,5,2,16777217,'2019-03-31 14:41:16',NULL,1048585,5),(161,1,0,2,16777243,'2019-03-31 14:41:16',NULL,1048585,5),(162,1,0,2,16777245,'2019-03-31 14:41:16',NULL,1048585,5),(164,1,0,2,16777236,'2019-03-31 14:55:18','2019-03-31 14:55:27',523,3),(169,1,0,2,16777236,'2019-03-31 14:57:35','2019-03-31 14:57:42',523,4),(174,1,0,2,16777236,'2019-03-31 14:58:55','2019-03-31 14:59:02',523,5),(176,1,6,3,16777227,'2019-03-31 14:59:21',NULL,517,5),(178,1,1,2,16777219,'2019-03-31 15:01:21',NULL,517,3),(179,1,1,2,16777219,'2019-03-31 15:02:45',NULL,517,4),(183,1,2,2,16777235,'2019-03-31 15:40:57',NULL,1048585,1),(184,1,3,2,16777235,'2019-03-31 15:40:57',NULL,1048585,1),(186,1,2,3,16777238,'2019-03-31 15:42:47',NULL,1048585,1),(188,1,2,2,16777235,'2019-03-31 15:45:16',NULL,1048585,5),(191,1,2,3,16777238,'2019-03-31 15:46:37',NULL,1048585,5),(193,1,1,2,268435478,'2019-03-31 15:46:58','2019-03-31 15:46:59',1048585,5),(194,1,7,2,16777235,'2019-03-31 15:51:10',NULL,1048585,4),(197,1,1,2,268435478,'2019-03-31 15:54:07','2019-03-31 15:54:09',1048585,4),(200,1,7,2,16777235,'2019-03-31 16:00:32',NULL,1048585,3),(203,1,1,2,268435478,'2019-03-31 16:01:44','2019-03-31 16:01:46',1048585,3),(220,1,5,2,268435478,'2019-03-31 19:00:07','2019-03-31 19:00:08',1048585,1),(222,1,1,2,268435477,'2019-03-31 19:03:07',NULL,0,0),(223,1,5,2,268435477,'2019-03-31 19:03:07',NULL,0,0),(224,1,2,2,268435477,'2019-03-31 19:03:07',NULL,0,0),(225,1,7,2,268435477,'2019-03-31 19:03:07',NULL,0,0),(226,1,6,2,268435477,'2019-03-31 19:03:07',NULL,0,0),(232,1,0,2,16777243,'2019-08-24 10:29:04',NULL,1048585,6),(233,1,0,2,16777245,'2019-08-24 10:29:04',NULL,1048585,6),(238,1,0,2,16777236,'2019-08-24 10:50:15','2019-08-24 10:50:26',523,6),(246,1,1,2,16777217,'2019-08-25 13:53:35',NULL,1048585,7),(248,1,5,2,16777217,'2019-08-25 13:53:35',NULL,1048585,7),(250,1,0,2,16777243,'2019-08-25 13:53:35',NULL,1048585,7),(251,1,0,2,16777245,'2019-08-25 13:53:35',NULL,1048585,7),(259,1,1,2,16777217,'2019-08-25 14:48:51',NULL,1048585,8),(261,1,13,2,16777217,'2019-08-25 14:48:51',NULL,1048585,8),(263,1,5,2,16777217,'2019-08-25 14:48:51',NULL,1048585,8),(265,1,14,2,16777217,'2019-08-25 14:48:51',NULL,1048585,8),(267,1,15,2,16777217,'2019-08-25 14:48:51',NULL,1048585,8),(269,1,16,2,16777217,'2019-08-25 14:48:51',NULL,1048585,8),(271,1,12,2,16777217,'2019-08-25 14:48:51',NULL,1048585,8),(273,1,11,2,16777217,'2019-08-25 14:48:51',NULL,1048585,8),(275,1,0,2,16777243,'2019-08-25 14:48:52',NULL,1048585,8),(276,1,0,2,16777245,'2019-08-25 14:48:52',NULL,1048585,8),(278,1,0,2,16777236,'2019-08-28 03:48:10','2019-08-28 03:48:19',523,7),(282,1,0,2,16777236,'2019-08-28 03:50:47','2019-08-28 03:50:59',523,8),(288,1,1,2,16777217,'2019-08-29 08:26:50',NULL,1048585,9),(290,1,13,2,16777217,'2019-08-29 08:26:50',NULL,1048585,9),(292,1,5,2,16777217,'2019-08-29 08:26:50',NULL,1048585,9),(294,1,14,2,16777217,'2019-08-29 08:26:50',NULL,1048585,9),(296,1,15,2,16777217,'2019-08-29 08:26:50',NULL,1048585,9),(298,1,16,2,16777217,'2019-08-29 08:26:51',NULL,1048585,9),(300,1,12,2,16777217,'2019-08-29 08:26:51',NULL,1048585,9),(302,1,11,2,16777217,'2019-08-29 08:26:51',NULL,1048585,9),(304,1,0,2,16777243,'2019-08-29 08:26:51',NULL,1048585,9),(305,1,0,2,16777245,'2019-08-29 08:26:51',NULL,1048585,9),(307,1,0,2,16777236,'2019-08-30 04:06:54','2019-08-30 04:07:02',523,9),(311,1,16,2,16777219,'2019-08-30 04:14:00',NULL,517,7),(313,1,14,2,16777219,'2019-08-30 07:51:56',NULL,517,8),(315,1,5,2,16777219,'2019-08-30 07:59:01',NULL,517,6),(316,1,15,2,16777219,'2019-08-30 08:00:37',NULL,517,9),(347,1,1,2,16777217,'2019-08-31 08:32:41',NULL,1048585,10),(349,1,13,2,16777217,'2019-08-31 08:32:41',NULL,1048585,10),(351,1,5,2,16777217,'2019-08-31 08:32:41',NULL,1048585,10),(353,1,14,2,16777217,'2019-08-31 08:32:41',NULL,1048585,10),(355,1,15,2,16777217,'2019-08-31 08:32:42',NULL,1048585,10),(357,1,16,2,16777217,'2019-08-31 08:32:42',NULL,1048585,10),(359,1,12,2,16777217,'2019-08-31 08:32:42',NULL,1048585,10),(361,1,11,2,16777217,'2019-08-31 08:32:42',NULL,1048585,10),(363,1,0,2,16777243,'2019-08-31 08:32:42',NULL,1048585,10),(364,1,0,2,16777245,'2019-08-31 08:32:42',NULL,1048585,10),(366,1,0,2,16777236,'2019-08-31 08:35:03','2019-08-31 08:35:15',523,10),(370,1,12,2,16777219,'2019-08-31 08:37:46',NULL,517,10),(379,1,21,2,16777235,'2019-08-31 13:10:41',NULL,1048585,10),(385,1,12,2,268435478,'2019-08-31 13:18:22','2019-08-31 13:18:24',1048585,10),(386,1,6,2,268435478,'2019-08-31 13:18:22',NULL,1048585,10),(389,1,10,2,16777235,'2019-08-31 13:22:03',NULL,1048585,7),(394,1,12,2,268435478,'2019-08-31 13:22:47','2019-08-31 13:22:56',1048585,7),(395,1,14,2,268435478,'2019-08-31 13:22:47',NULL,1048585,7),(396,1,6,2,268435478,'2019-08-31 13:22:47',NULL,1048585,7),(399,1,20,2,16777235,'2019-08-31 13:30:50',NULL,1048585,9),(403,1,15,2,268435478,'2019-08-31 13:33:04',NULL,1048585,9),(404,1,6,2,268435478,'2019-08-31 13:33:04',NULL,1048585,9),(406,1,19,2,16777235,'2019-08-31 13:35:54',NULL,1048585,8),(410,1,16,2,268435478,'2019-08-31 13:37:32',NULL,1048585,8),(411,1,6,2,268435478,'2019-08-31 13:37:32',NULL,1048585,8),(413,1,9,2,16777235,'2019-08-31 13:40:23',NULL,1048585,6),(417,1,5,2,268435478,'2019-08-31 13:42:38',NULL,1048585,6),(418,1,6,2,268435478,'2019-08-31 13:42:38',NULL,1048585,6),(424,1,1,2,268435477,'2019-08-31 14:22:02',NULL,0,0),(425,1,18,2,268435477,'2019-08-31 14:22:02',NULL,0,0),(426,1,13,2,268435477,'2019-08-31 14:22:02',NULL,0,0),(427,1,21,2,268435477,'2019-08-31 14:22:02',NULL,0,0),(428,1,20,2,268435477,'2019-08-31 14:22:02',NULL,0,0),(429,1,5,2,268435477,'2019-08-31 14:22:02',NULL,0,0),(430,1,14,2,268435477,'2019-08-31 14:22:02',NULL,0,0),(431,1,17,2,268435477,'2019-08-31 14:22:02',NULL,0,0),(432,1,9,2,268435477,'2019-08-31 14:22:02',NULL,0,0),(433,1,15,2,268435477,'2019-08-31 14:22:02',NULL,0,0),(434,1,19,2,268435477,'2019-08-31 14:22:02',NULL,0,0),(435,1,2,2,268435477,'2019-08-31 14:22:02',NULL,0,0),(436,1,16,2,268435477,'2019-08-31 14:22:02',NULL,0,0),(437,1,12,2,268435477,'2019-08-31 14:22:02',NULL,0,0),(438,1,8,2,268435477,'2019-08-31 14:22:02',NULL,0,0),(439,1,7,2,268435477,'2019-08-31 14:22:02',NULL,0,0),(440,1,10,2,268435477,'2019-08-31 14:22:02',NULL,0,0),(441,1,6,2,268435477,'2019-08-31 14:22:02',NULL,0,0),(442,1,11,2,268435477,'2019-08-31 14:22:02',NULL,0,0),(445,1,1,2,16777217,'2019-09-20 19:43:29',NULL,1048585,11),(447,1,13,2,16777217,'2019-09-20 19:43:29',NULL,1048585,11),(449,1,20,2,16777217,'2019-09-20 19:43:29',NULL,1048585,11),(451,1,5,2,16777217,'2019-09-20 19:43:29',NULL,1048585,11),(453,1,14,2,16777217,'2019-09-20 19:43:29',NULL,1048585,11),(455,1,15,2,16777217,'2019-09-20 19:43:29',NULL,1048585,11),(457,1,16,2,16777217,'2019-09-20 19:43:29',NULL,1048585,11),(459,1,12,2,16777217,'2019-09-20 19:43:29',NULL,1048585,11),(461,1,11,2,16777217,'2019-09-20 19:43:29',NULL,1048585,11),(463,1,0,2,16777243,'2019-09-20 19:43:29',NULL,1048585,11),(464,1,0,2,16777245,'2019-09-20 19:43:29',NULL,1048585,11),(491,1,1,2,16777217,'2020-01-30 19:42:45',NULL,1048585,13),(493,1,13,2,16777217,'2020-01-30 19:42:45',NULL,1048585,13),(495,1,20,2,16777217,'2020-01-30 19:42:46',NULL,1048585,13),(497,1,5,2,16777217,'2020-01-30 19:42:46',NULL,1048585,13),(499,1,14,2,16777217,'2020-01-30 19:42:46',NULL,1048585,13),(501,1,15,2,16777217,'2020-01-30 19:42:46',NULL,1048585,13),(503,1,16,2,16777217,'2020-01-30 19:42:47',NULL,1048585,13),(505,1,12,2,16777217,'2020-01-30 19:42:47',NULL,1048585,13),(507,1,11,2,16777217,'2020-01-30 19:42:47',NULL,1048585,13),(509,1,0,2,16777243,'2020-01-30 19:42:47',NULL,1048585,13),(510,1,0,2,16777245,'2020-01-30 19:42:47',NULL,1048585,13),(513,1,1,2,16777217,'2020-01-31 15:54:31',NULL,1048585,14),(515,1,13,2,16777217,'2020-01-31 15:54:31',NULL,1048585,14),(517,1,20,2,16777217,'2020-01-31 15:54:31',NULL,1048585,14),(519,1,5,2,16777217,'2020-01-31 15:54:31',NULL,1048585,14),(521,1,14,2,16777217,'2020-01-31 15:54:31',NULL,1048585,14),(523,1,15,2,16777217,'2020-01-31 15:54:31',NULL,1048585,14),(525,1,16,2,16777217,'2020-01-31 15:54:31',NULL,1048585,14),(527,1,12,2,16777217,'2020-01-31 15:54:31',NULL,1048585,14),(529,1,11,2,16777217,'2020-01-31 15:54:32',NULL,1048585,14),(531,1,0,2,16777243,'2020-01-31 15:54:32',NULL,1048585,14),(532,1,0,2,16777245,'2020-01-31 15:54:32',NULL,1048585,14),(535,1,0,2,16777236,'2020-02-04 11:15:11','2020-02-04 11:15:26',523,11),(539,1,0,2,16777236,'2020-02-04 11:17:43','2020-02-04 11:17:57',523,12),(550,1,1,2,16777219,'2020-02-04 13:17:25',NULL,517,11),(551,1,1,2,16777219,'2020-02-04 13:18:56',NULL,517,12),(558,1,1,2,16777217,'2020-02-16 16:26:09',NULL,1048585,15),(560,1,13,2,16777217,'2020-02-16 16:26:09',NULL,1048585,15),(562,1,20,2,16777217,'2020-02-16 16:26:09',NULL,1048585,15),(564,1,5,2,16777217,'2020-02-16 16:26:09',NULL,1048585,15),(566,1,14,2,16777217,'2020-02-16 16:26:09',NULL,1048585,15),(568,1,15,2,16777217,'2020-02-16 16:26:09',NULL,1048585,15),(570,1,16,2,16777217,'2020-02-16 16:26:09',NULL,1048585,15),(572,1,12,2,16777217,'2020-02-16 16:26:09',NULL,1048585,15),(574,1,11,2,16777217,'2020-02-16 16:26:09',NULL,1048585,15),(576,1,0,2,16777243,'2020-02-16 16:26:09',NULL,1048585,15),(577,1,0,2,16777245,'2020-02-16 16:26:09',NULL,1048585,15),(581,1,1,2,16777219,'2020-02-17 09:59:48',NULL,517,13),(592,1,25,3,16777249,'2020-02-17 11:57:04','2020-02-18 23:10:06',1048586,17),(593,1,18,3,16777249,'2020-02-17 12:17:06',NULL,1048586,14),(594,1,6,3,16777249,'2020-02-17 12:17:06','2020-02-19 08:14:32',1048586,14),(604,1,1,3,16777257,'2020-02-17 13:26:14','2020-02-18 22:54:37',517,12),(607,1,1,2,16777219,'2020-02-17 13:34:28',NULL,517,14),(615,1,0,2,16777236,'2020-02-19 07:14:39','2020-02-19 07:14:46',523,13),(619,1,0,2,16777236,'2020-02-19 07:18:04','2020-02-19 07:18:14',523,14),(623,1,1,2,16777219,'2020-02-19 07:21:41',NULL,517,16),(624,1,1,2,16777219,'2020-02-19 07:23:16',NULL,517,15),(626,1,25,3,16777249,'2020-02-19 08:00:05','2020-02-19 08:57:01',1048586,19),(642,1,5,3,16777249,'2020-02-24 10:49:55',NULL,1048586,24),(653,1,1,2,16777219,'2020-02-27 09:18:52',NULL,517,17),(654,1,5,2,16777219,'2020-02-27 09:18:52',NULL,517,17),(657,1,1,2,16777219,'2020-02-27 09:27:17',NULL,517,18),(658,1,5,2,16777219,'2020-02-27 09:27:17',NULL,517,18),(659,1,5,3,16777249,'2020-02-27 10:01:50',NULL,1048586,25),(660,1,28,2,16777235,'2020-02-27 10:02:38',NULL,1048585,15),(665,1,5,3,16777249,'2020-02-27 10:06:30',NULL,1048586,26),(666,1,25,2,16777235,'2020-02-27 10:07:03',NULL,1048585,13),(679,1,1,2,268435478,'2020-02-27 10:20:39','2020-02-27 10:20:40',1048585,13),(680,1,5,2,268435478,'2020-02-27 10:20:39',NULL,1048585,13),(681,1,6,2,268435478,'2020-02-27 10:20:39',NULL,1048585,13),(687,1,1,2,268435478,'2020-02-27 10:30:23','2020-02-27 10:30:25',1048585,15),(688,1,5,2,268435478,'2020-02-27 10:30:23',NULL,1048585,15),(689,1,1,2,268435477,'2020-02-27 10:36:15',NULL,0,0),(690,1,29,2,268435477,'2020-02-27 10:36:15',NULL,0,0),(691,1,18,2,268435477,'2020-02-27 10:36:15',NULL,0,0),(692,1,27,2,268435477,'2020-02-27 10:36:16',NULL,0,0),(693,1,13,2,268435477,'2020-02-27 10:36:16',NULL,0,0),(694,1,21,2,268435477,'2020-02-27 10:36:16',NULL,0,0),(695,1,20,2,268435477,'2020-02-27 10:36:16',NULL,0,0),(696,1,23,2,268435477,'2020-02-27 10:36:16',NULL,0,0),(697,1,25,2,268435477,'2020-02-27 10:36:16',NULL,0,0),(698,1,24,2,268435477,'2020-02-27 10:36:16',NULL,0,0),(699,1,5,2,268435477,'2020-02-27 10:36:16',NULL,0,0),(700,1,14,2,268435477,'2020-02-27 10:36:16',NULL,0,0),(701,1,31,2,268435477,'2020-02-27 10:36:16',NULL,0,0),(702,1,17,2,268435477,'2020-02-27 10:36:16',NULL,0,0),(703,1,9,2,268435477,'2020-02-27 10:36:16',NULL,0,0),(704,1,26,2,268435477,'2020-02-27 10:36:16',NULL,0,0),(705,1,15,2,268435477,'2020-02-27 10:36:16',NULL,0,0),(706,1,19,2,268435477,'2020-02-27 10:36:16',NULL,0,0),(707,1,2,2,268435477,'2020-02-27 10:36:16',NULL,0,0),(708,1,16,2,268435477,'2020-02-27 10:36:16',NULL,0,0),(709,1,12,2,268435477,'2020-02-27 10:36:16',NULL,0,0),(710,1,22,2,268435477,'2020-02-27 10:36:16',NULL,0,0),(711,1,8,2,268435477,'2020-02-27 10:36:16',NULL,0,0),(712,1,30,2,268435477,'2020-02-27 10:36:16',NULL,0,0),(713,1,7,2,268435477,'2020-02-27 10:36:16',NULL,0,0),(714,1,10,2,268435477,'2020-02-27 10:36:16',NULL,0,0),(715,1,6,2,268435477,'2020-02-27 10:36:16',NULL,0,0),(716,1,28,2,268435477,'2020-02-27 10:36:16',NULL,0,0),(717,1,11,2,268435477,'2020-02-27 10:36:16',NULL,0,0),(722,1,1,2,16777219,'2020-02-28 07:54:54',NULL,517,19),(723,1,5,2,16777219,'2020-02-28 07:54:54',NULL,517,19),(724,1,29,2,16777219,'2020-02-28 07:54:54',NULL,517,19),(725,1,5,3,16777249,'2020-02-28 07:55:55',NULL,1048586,27),(726,1,29,3,16777249,'2020-02-28 07:55:55',NULL,1048586,27),(727,1,26,2,16777235,'2020-02-28 07:56:30',NULL,1048585,14),(740,1,1,2,268435478,'2020-02-28 09:03:38','2020-02-28 09:03:40',1048585,14),(741,1,5,2,268435478,'2020-02-28 09:03:38',NULL,1048585,14),(742,1,29,2,268435478,'2020-02-28 09:03:38',NULL,1048585,14),(743,1,6,2,268435478,'2020-02-28 09:03:38',NULL,1048585,14),(748,1,1,2,16777217,'2020-03-07 09:30:52',NULL,1048585,16),(750,1,29,2,16777217,'2020-03-07 09:30:53',NULL,1048585,16),(752,1,13,2,16777217,'2020-03-07 09:30:53',NULL,1048585,16),(754,1,20,2,16777217,'2020-03-07 09:30:53',NULL,1048585,16),(756,1,5,2,16777217,'2020-03-07 09:30:53',NULL,1048585,16),(758,1,14,2,16777217,'2020-03-07 09:30:53',NULL,1048585,16),(760,1,15,2,16777217,'2020-03-07 09:30:53',NULL,1048585,16),(762,1,16,2,16777217,'2020-03-07 09:30:53',NULL,1048585,16),(764,1,12,2,16777217,'2020-03-07 09:30:53',NULL,1048585,16),(766,1,11,2,16777217,'2020-03-07 09:30:53',NULL,1048585,16),(768,1,0,2,16777243,'2020-03-07 09:30:53',NULL,1048585,16),(769,1,0,2,16777245,'2020-03-07 09:30:53',NULL,1048585,16),(771,1,0,2,16777236,'2020-03-07 09:32:17','2020-03-07 09:32:27',523,15),(782,1,1,2,16777217,'2020-03-19 09:22:32',NULL,1048585,17),(784,1,29,2,16777217,'2020-03-19 09:22:33',NULL,1048585,17),(786,1,13,2,16777217,'2020-03-19 09:22:33',NULL,1048585,17),(788,1,20,2,16777217,'2020-03-19 09:22:33',NULL,1048585,17),(790,1,5,2,16777217,'2020-03-19 09:22:33',NULL,1048585,17),(792,1,14,2,16777217,'2020-03-19 09:22:33',NULL,1048585,17),(794,1,15,2,16777217,'2020-03-19 09:22:33',NULL,1048585,17),(796,1,16,2,16777217,'2020-03-19 09:22:33',NULL,1048585,17),(798,1,12,2,16777217,'2020-03-19 09:22:33',NULL,1048585,17),(800,1,11,2,16777217,'2020-03-19 09:22:33',NULL,1048585,17),(802,1,0,2,16777243,'2020-03-19 09:22:34',NULL,1048585,17),(803,1,0,2,16777245,'2020-03-19 09:22:34',NULL,1048585,17),(805,1,0,2,16777236,'2020-03-19 09:23:59','2020-03-19 09:24:12',523,16),(811,1,1,2,16777219,'2020-03-19 09:46:56',NULL,517,21),(812,1,1,2,16777219,'2020-03-19 09:49:07',NULL,517,22),(813,1,1,2,16777219,'2020-03-19 09:51:41',NULL,517,20),(814,1,1,2,16777219,'2020-03-19 09:53:51',NULL,517,23),(827,1,34,2,16777235,'2020-03-25 09:21:52',NULL,1048585,17),(830,1,1,2,268435478,'2020-03-25 09:22:57','2020-03-25 09:23:00',1048585,17),(831,1,33,2,16777235,'2020-03-25 09:24:31',NULL,1048585,16),(837,1,1,2,268435478,'2020-03-25 09:28:38','2020-03-25 09:28:42',1048585,16),(876,1,1,2,16777217,'2020-03-26 14:34:21',NULL,1048585,18),(878,1,29,2,16777217,'2020-03-26 14:34:21',NULL,1048585,18),(880,1,13,2,16777217,'2020-03-26 14:34:21',NULL,1048585,18),(882,1,20,2,16777217,'2020-03-26 14:34:21',NULL,1048585,18),(884,1,5,2,16777217,'2020-03-26 14:34:21',NULL,1048585,18),(886,1,14,2,16777217,'2020-03-26 14:34:21',NULL,1048585,18),(888,1,15,2,16777217,'2020-03-26 14:34:21',NULL,1048585,18),(890,1,16,2,16777217,'2020-03-26 14:34:21',NULL,1048585,18),(892,1,12,2,16777217,'2020-03-26 14:34:21',NULL,1048585,18),(894,1,11,2,16777217,'2020-03-26 14:34:22',NULL,1048585,18),(896,1,0,2,16777243,'2020-03-26 14:34:22',NULL,1048585,18),(897,1,0,2,16777245,'2020-03-26 14:34:22',NULL,1048585,18),(898,1,5,3,16777249,'2020-03-27 07:16:09',NULL,1048586,29),(903,1,23,2,16777235,'2020-03-27 10:33:16',NULL,1048585,11),(913,1,1,2,268435478,'2020-03-27 10:53:29','2020-03-27 10:53:31',1048585,11),(914,1,5,2,268435478,'2020-03-27 10:53:29',NULL,1048585,11),(915,1,6,2,268435478,'2020-03-27 10:53:29',NULL,1048585,11),(942,1,1,2,16777217,'2020-03-28 17:33:29',NULL,1048585,19),(944,1,29,2,16777217,'2020-03-28 17:33:30',NULL,1048585,19),(946,1,13,2,16777217,'2020-03-28 17:33:30',NULL,1048585,19),(948,1,20,2,16777217,'2020-03-28 17:33:30',NULL,1048585,19),(950,1,5,2,16777217,'2020-03-28 17:33:30',NULL,1048585,19),(952,1,14,2,16777217,'2020-03-28 17:33:30',NULL,1048585,19),(954,1,15,2,16777217,'2020-03-28 17:33:30',NULL,1048585,19),(956,1,16,2,16777217,'2020-03-28 17:33:30',NULL,1048585,19),(958,1,12,2,16777217,'2020-03-28 17:33:30',NULL,1048585,19),(960,1,11,2,16777217,'2020-03-28 17:33:30',NULL,1048585,19),(962,1,0,2,16777243,'2020-03-28 17:33:30',NULL,1048585,19),(963,1,0,2,16777245,'2020-03-28 17:33:30',NULL,1048585,19),(993,1,1,3,16777249,'2020-04-02 14:59:43',NULL,1048586,28),(998,1,0,2,16777236,'2020-04-06 05:49:39','2020-04-06 05:49:48',523,18),(1038,1,1,2,16777219,'2020-04-25 09:59:43',NULL,517,25),(1044,1,37,2,16777235,'2020-05-03 07:33:38',NULL,1048585,19),(1086,1,1,3,16777250,'2020-05-11 16:14:39',NULL,1048586,28),(1094,1,1,2,268435478,'2020-05-12 08:52:25','2020-05-12 08:52:27',1048585,19),(1095,1,1,2,268435477,'2020-05-12 08:56:25',NULL,0,0),(1096,1,29,2,268435477,'2020-05-12 08:56:25',NULL,0,0),(1097,1,18,2,268435477,'2020-05-12 08:56:25',NULL,0,0),(1098,1,36,2,268435477,'2020-05-12 08:56:25',NULL,0,0),(1099,1,27,2,268435477,'2020-05-12 08:56:25',NULL,0,0),(1100,1,13,2,268435477,'2020-05-12 08:56:25',NULL,0,0),(1101,1,21,2,268435477,'2020-05-12 08:56:25',NULL,0,0),(1102,1,20,2,268435477,'2020-05-12 08:56:25',NULL,0,0),(1103,1,23,2,268435477,'2020-05-12 08:56:25',NULL,0,0),(1104,1,25,2,268435477,'2020-05-12 08:56:25',NULL,0,0),(1105,1,24,2,268435477,'2020-05-12 08:56:25',NULL,0,0),(1106,1,38,2,268435477,'2020-05-12 08:56:25',NULL,0,0),(1107,1,5,2,268435477,'2020-05-12 08:56:25',NULL,0,0),(1108,1,14,2,268435477,'2020-05-12 08:56:25',NULL,0,0),(1109,1,35,2,268435477,'2020-05-12 08:56:25',NULL,0,0),(1110,1,31,2,268435477,'2020-05-12 08:56:25',NULL,0,0),(1111,1,17,2,268435477,'2020-05-12 08:56:25',NULL,0,0),(1112,1,9,2,268435477,'2020-05-12 08:56:25',NULL,0,0),(1113,1,37,2,268435477,'2020-05-12 08:56:25',NULL,0,0),(1114,1,26,2,268435477,'2020-05-12 08:56:25',NULL,0,0),(1115,1,15,2,268435477,'2020-05-12 08:56:25',NULL,0,0),(1116,1,34,2,268435477,'2020-05-12 08:56:25',NULL,0,0),(1117,1,19,2,268435477,'2020-05-12 08:56:25',NULL,0,0),(1118,1,2,2,268435477,'2020-05-12 08:56:25',NULL,0,0),(1119,1,16,2,268435477,'2020-05-12 08:56:25',NULL,0,0),(1120,1,33,2,268435477,'2020-05-12 08:56:25',NULL,0,0),(1121,1,12,2,268435477,'2020-05-12 08:56:25',NULL,0,0),(1122,1,22,2,268435477,'2020-05-12 08:56:25',NULL,0,0),(1123,1,8,2,268435477,'2020-05-12 08:56:25',NULL,0,0),(1124,1,30,2,268435477,'2020-05-12 08:56:25',NULL,0,0),(1125,1,7,2,268435477,'2020-05-12 08:56:25',NULL,0,0),(1126,1,10,2,268435477,'2020-05-12 08:56:25',NULL,0,0),(1127,1,6,2,268435477,'2020-05-12 08:56:25',NULL,0,0),(1128,1,28,2,268435477,'2020-05-12 08:56:25',NULL,0,0),(1129,1,11,2,268435477,'2020-05-12 08:56:25',NULL,0,0),(1130,1,32,2,268435477,'2020-05-12 08:56:25',NULL,0,0),(1133,1,1,2,16777219,'2020-05-12 09:49:51',NULL,517,26),(1150,1,1,2,16777217,'2020-05-21 18:18:35',NULL,1048585,20),(1152,1,29,2,16777217,'2020-05-21 18:18:36',NULL,1048585,20),(1154,1,13,2,16777217,'2020-05-21 18:18:36',NULL,1048585,20),(1156,1,20,2,16777217,'2020-05-21 18:18:36',NULL,1048585,20),(1158,1,5,2,16777217,'2020-05-21 18:18:36',NULL,1048585,20),(1160,1,14,2,16777217,'2020-05-21 18:18:36',NULL,1048585,20),(1162,1,15,2,16777217,'2020-05-21 18:18:37',NULL,1048585,20),(1164,1,16,2,16777217,'2020-05-21 18:18:37',NULL,1048585,20),(1166,1,12,2,16777217,'2020-05-21 18:18:37',NULL,1048585,20),(1168,1,11,2,16777217,'2020-05-21 18:18:37',NULL,1048585,20),(1170,1,0,2,16777243,'2020-05-21 18:18:37',NULL,1048585,20),(1171,1,0,2,16777245,'2020-05-21 18:18:37',NULL,1048585,20),(1173,1,0,2,16777236,'2020-05-26 14:00:52','2020-05-26 14:01:03',523,19),(1177,1,1,2,16777219,'2020-05-27 09:34:15',NULL,517,27),(1183,1,40,2,16777235,'2020-06-10 15:47:36',NULL,1048585,20),(1187,1,1,2,16777219,'2020-06-17 10:30:15',NULL,517,28),(1189,1,1,2,268435478,'2020-06-17 13:28:10','2020-06-17 13:28:12',1048585,20),(1190,1,0,2,16777236,'2020-07-13 09:35:49','2020-07-13 09:35:56',523,20),(1197,1,1,2,16777219,'2020-07-13 16:28:33',NULL,517,29),(1211,1,1,2,16777217,'2020-07-15 02:55:04',NULL,1048585,21),(1213,1,29,2,16777217,'2020-07-15 02:55:05',NULL,1048585,21),(1215,1,13,2,16777217,'2020-07-15 02:55:05',NULL,1048585,21),(1217,1,20,2,16777217,'2020-07-15 02:55:05',NULL,1048585,21),(1219,1,5,2,16777217,'2020-07-15 02:55:05',NULL,1048585,21),(1221,1,14,2,16777217,'2020-07-15 02:55:05',NULL,1048585,21),(1223,1,15,2,16777217,'2020-07-15 02:55:05',NULL,1048585,21),(1225,1,16,2,16777217,'2020-07-15 02:55:05',NULL,1048585,21),(1227,1,12,2,16777217,'2020-07-15 02:55:06',NULL,1048585,21),(1229,1,11,2,16777217,'2020-07-15 02:55:06',NULL,1048585,21),(1231,1,0,2,16777243,'2020-07-15 02:55:06',NULL,1048585,21),(1232,1,0,2,16777245,'2020-07-15 02:55:06',NULL,1048585,21),(1234,1,0,2,16777236,'2020-07-15 08:41:53','2020-07-15 08:42:03',523,21),(1237,1,1,2,16777219,'2020-07-21 20:47:16',NULL,517,30),(1243,1,1,2,16777217,'2020-07-26 09:50:58',NULL,1048585,22),(1245,1,29,2,16777217,'2020-07-26 09:50:59',NULL,1048585,22),(1247,1,13,2,16777217,'2020-07-26 09:50:59',NULL,1048585,22),(1249,1,20,2,16777217,'2020-07-26 09:50:59',NULL,1048585,22),(1251,1,5,2,16777217,'2020-07-26 09:50:59',NULL,1048585,22),(1253,1,14,2,16777217,'2020-07-26 09:50:59',NULL,1048585,22),(1255,1,15,2,16777217,'2020-07-26 09:50:59',NULL,1048585,22),(1257,1,16,2,16777217,'2020-07-26 09:50:59',NULL,1048585,22),(1259,1,12,2,16777217,'2020-07-26 09:50:59',NULL,1048585,22),(1261,1,11,2,16777217,'2020-07-26 09:50:59',NULL,1048585,22),(1263,1,0,2,16777243,'2020-07-26 09:50:59',NULL,1048585,22),(1264,1,0,2,16777245,'2020-07-26 09:50:59',NULL,1048585,22),(1270,1,1,2,16777217,'2020-07-26 09:54:37',NULL,1048585,23),(1272,1,29,2,16777217,'2020-07-26 09:54:37',NULL,1048585,23),(1274,1,13,2,16777217,'2020-07-26 09:54:37',NULL,1048585,23),(1276,1,20,2,16777217,'2020-07-26 09:54:37',NULL,1048585,23),(1278,1,5,2,16777217,'2020-07-26 09:54:37',NULL,1048585,23),(1280,1,14,2,16777217,'2020-07-26 09:54:37',NULL,1048585,23),(1282,1,15,2,16777217,'2020-07-26 09:54:37',NULL,1048585,23),(1284,1,16,2,16777217,'2020-07-26 09:54:37',NULL,1048585,23),(1286,1,12,2,16777217,'2020-07-26 09:54:37',NULL,1048585,23),(1288,1,11,2,16777217,'2020-07-26 09:54:37',NULL,1048585,23),(1290,1,0,2,16777243,'2020-07-26 09:54:37',NULL,1048585,23),(1291,1,0,2,16777245,'2020-07-26 09:54:37',NULL,1048585,23),(1293,1,0,2,16777236,'2020-07-26 09:56:48','2020-07-26 09:56:53',523,22),(1300,1,0,2,16777236,'2020-07-26 09:59:28','2020-07-26 09:59:32',523,23),(1306,1,1,2,16777219,'2020-07-28 07:21:03',NULL,517,31),(1307,1,1,2,16777219,'2020-07-28 07:22:26',NULL,517,33),(1308,1,1,2,16777219,'2020-07-28 07:24:45',NULL,517,32),(1309,1,1,2,16777219,'2020-07-28 07:27:00',NULL,517,34),(1314,1,23,2,16777235,'2020-07-28 07:30:13',NULL,1048585,18),(1325,1,1,2,16777217,'2020-08-13 03:52:43',NULL,1048585,24),(1327,1,29,2,16777217,'2020-08-13 03:52:45',NULL,1048585,24),(1329,1,13,2,16777217,'2020-08-13 03:52:45',NULL,1048585,24),(1331,1,20,2,16777217,'2020-08-13 03:52:45',NULL,1048585,24),(1333,1,5,2,16777217,'2020-08-13 03:52:45',NULL,1048585,24),(1335,1,14,2,16777217,'2020-08-13 03:52:45',NULL,1048585,24),(1337,1,15,2,16777217,'2020-08-13 03:52:45',NULL,1048585,24),(1339,1,16,2,16777217,'2020-08-13 03:52:45',NULL,1048585,24),(1341,1,12,2,16777217,'2020-08-13 03:52:45',NULL,1048585,24),(1343,1,11,2,16777217,'2020-08-13 03:52:45',NULL,1048585,24),(1345,1,0,2,16777243,'2020-08-13 03:52:46',NULL,1048585,24),(1346,1,0,2,16777245,'2020-08-13 03:52:46',NULL,1048585,24),(1348,1,0,2,16777236,'2020-08-13 10:43:38','2020-08-13 10:43:43',523,24),(1352,1,1,2,16777219,'2020-08-15 09:38:54',NULL,517,35),(1356,1,43,2,16777235,'2020-08-20 13:55:02',NULL,1048585,24),(1374,1,42,2,16777235,'2020-08-24 15:52:31',NULL,1048585,22),(1377,1,42,2,16777235,'2020-08-24 15:54:17',NULL,1048585,23),(1387,1,1,2,268435478,'2020-08-26 14:06:00','2020-08-26 14:06:03',1048585,22),(1393,1,1,2,268435478,'2020-08-26 14:09:54','2020-08-26 14:09:55',1048585,23),(1403,1,1,2,268435478,'2020-08-26 14:17:52','2020-08-26 14:17:54',1048585,18),(1408,1,1,2,268435478,'2020-08-26 14:22:03','2020-08-26 14:22:05',1048585,24),(1442,1,1,2,16777217,'2020-09-08 12:49:57',NULL,1048585,25),(1444,1,29,2,16777217,'2020-09-08 12:49:57',NULL,1048585,25),(1446,1,13,2,16777217,'2020-09-08 12:49:57',NULL,1048585,25),(1448,1,20,2,16777217,'2020-09-08 12:49:57',NULL,1048585,25),(1450,1,5,2,16777217,'2020-09-08 12:49:57',NULL,1048585,25),(1452,1,45,2,16777217,'2020-09-08 12:49:57',NULL,1048585,25),(1454,1,14,2,16777217,'2020-09-08 12:49:57',NULL,1048585,25),(1456,1,15,2,16777217,'2020-09-08 12:49:57',NULL,1048585,25),(1458,1,16,2,16777217,'2020-09-08 12:49:57',NULL,1048585,25),(1460,1,12,2,16777217,'2020-09-08 12:49:57',NULL,1048585,25),(1462,1,11,2,16777217,'2020-09-08 12:49:57',NULL,1048585,25),(1464,1,0,2,16777243,'2020-09-08 12:49:57',NULL,1048585,25),(1465,1,0,2,16777245,'2020-09-08 12:49:57',NULL,1048585,25),(1470,1,1,2,16777217,'2020-09-09 01:37:22',NULL,1048585,26),(1472,1,29,2,16777217,'2020-09-09 01:37:23',NULL,1048585,26),(1474,1,13,2,16777217,'2020-09-09 01:37:23',NULL,1048585,26),(1476,1,20,2,16777217,'2020-09-09 01:37:23',NULL,1048585,26),(1478,1,5,2,16777217,'2020-09-09 01:37:23',NULL,1048585,26),(1480,1,45,2,16777217,'2020-09-09 01:37:23',NULL,1048585,26),(1482,1,14,2,16777217,'2020-09-09 01:37:24',NULL,1048585,26),(1484,1,15,2,16777217,'2020-09-09 01:37:24',NULL,1048585,26),(1486,1,16,2,16777217,'2020-09-09 01:37:24',NULL,1048585,26),(1488,1,12,2,16777217,'2020-09-09 01:37:24',NULL,1048585,26),(1490,1,11,2,16777217,'2020-09-09 01:37:24',NULL,1048585,26),(1492,1,0,2,16777243,'2020-09-09 01:37:24',NULL,1048585,26),(1493,1,0,2,16777245,'2020-09-09 01:37:24',NULL,1048585,26),(1496,1,0,2,16777236,'2020-09-11 05:01:28','2020-09-11 05:01:44',523,25),(1498,1,17,3,16777227,'2020-09-11 05:03:02',NULL,517,36),(1520,1,0,2,16777236,'2020-09-28 06:07:09','2020-09-28 06:07:16',523,26),(1527,1,51,2,16777234,'2020-09-28 06:23:29',NULL,1048585,25),(1576,1,1,2,16777217,'2020-10-06 12:11:22',NULL,1048585,28),(1578,1,29,2,16777217,'2020-10-06 12:11:22',NULL,1048585,28),(1580,1,13,2,16777217,'2020-10-06 12:11:22',NULL,1048585,28),(1582,1,20,2,16777217,'2020-10-06 12:11:22',NULL,1048585,28),(1584,1,5,2,16777217,'2020-10-06 12:11:22',NULL,1048585,28),(1586,1,45,2,16777217,'2020-10-06 12:11:22',NULL,1048585,28),(1588,1,14,2,16777217,'2020-10-06 12:11:22',NULL,1048585,28),(1590,1,15,2,16777217,'2020-10-06 12:11:22',NULL,1048585,28),(1592,1,16,2,16777217,'2020-10-06 12:11:22',NULL,1048585,28),(1594,1,12,2,16777217,'2020-10-06 12:11:22',NULL,1048585,28),(1596,1,11,2,16777217,'2020-10-06 12:11:22',NULL,1048585,28),(1598,1,0,2,16777243,'2020-10-06 12:11:22',NULL,1048585,28),(1599,1,0,2,16777245,'2020-10-06 12:11:22',NULL,1048585,28),(1601,1,1,2,16777219,'2020-10-07 11:25:42',NULL,517,37),(1602,1,52,3,16777232,'2020-10-07 11:26:24',NULL,1048585,26),(1607,1,1,2,16777217,'2020-10-07 17:25:45',NULL,1048585,29),(1609,1,29,2,16777217,'2020-10-07 17:25:45',NULL,1048585,29),(1611,1,13,2,16777217,'2020-10-07 17:25:45',NULL,1048585,29),(1613,1,20,2,16777217,'2020-10-07 17:25:45',NULL,1048585,29),(1615,1,5,2,16777217,'2020-10-07 17:25:45',NULL,1048585,29),(1617,1,45,2,16777217,'2020-10-07 17:25:45',NULL,1048585,29),(1619,1,14,2,16777217,'2020-10-07 17:25:45',NULL,1048585,29),(1621,1,15,2,16777217,'2020-10-07 17:25:45',NULL,1048585,29),(1623,1,16,2,16777217,'2020-10-07 17:25:45',NULL,1048585,29),(1625,1,12,2,16777217,'2020-10-07 17:25:45',NULL,1048585,29),(1627,1,11,2,16777217,'2020-10-07 17:25:45',NULL,1048585,29),(1629,1,0,2,16777243,'2020-10-07 17:25:45',NULL,1048585,29),(1630,1,0,2,16777245,'2020-10-07 17:25:45',NULL,1048585,29),(1632,1,0,2,16777236,'2020-10-09 07:46:37','2020-10-09 07:46:39',523,27),(1637,1,0,2,16777236,'2020-10-09 07:48:53','2020-10-09 07:48:54',523,28),(1643,1,1,2,16777219,'2020-10-15 10:25:35',NULL,517,38),(1645,1,1,2,16777219,'2020-10-17 07:46:28',NULL,517,39),(1652,1,1,2,16777217,'2020-10-22 03:47:07',NULL,1048585,30),(1654,1,29,2,16777217,'2020-10-22 03:47:07',NULL,1048585,30),(1656,1,13,2,16777217,'2020-10-22 03:47:07',NULL,1048585,30),(1658,1,20,2,16777217,'2020-10-22 03:47:07',NULL,1048585,30),(1660,1,5,2,16777217,'2020-10-22 03:47:07',NULL,1048585,30),(1662,1,45,2,16777217,'2020-10-22 03:47:07',NULL,1048585,30),(1664,1,14,2,16777217,'2020-10-22 03:47:07',NULL,1048585,30),(1666,1,15,2,16777217,'2020-10-22 03:47:07',NULL,1048585,30),(1668,1,16,2,16777217,'2020-10-22 03:47:07',NULL,1048585,30),(1670,1,12,2,16777217,'2020-10-22 03:47:07',NULL,1048585,30),(1672,1,11,2,16777217,'2020-10-22 03:47:07',NULL,1048585,30),(1674,1,0,2,16777243,'2020-10-22 03:47:07',NULL,1048585,30),(1675,1,0,2,16777245,'2020-10-22 03:47:07',NULL,1048585,30),(1677,1,0,2,16777236,'2020-10-29 08:28:55','2020-10-29 08:28:56',523,29),(1687,1,1,2,16777219,'2020-11-07 15:48:30',NULL,517,40),(1688,1,59,3,16777232,'2020-11-07 15:49:40',NULL,1048585,30),(1689,1,40,2,16777230,'2020-11-14 13:42:10',NULL,1048585,21),(1690,1,1,2,16777251,'2020-11-14 13:42:10','2020-11-14 13:42:12',1048585,21),(1693,1,57,2,16777235,'2020-11-14 13:44:05',NULL,1048585,28),(1701,1,1,3,16777249,'2020-11-18 05:26:06',NULL,1048586,39),(1712,1,1,2,268435478,'2020-11-18 09:56:39','2020-11-18 09:56:39',1048585,28),(1718,1,1,2,268435477,'2020-11-18 10:10:52',NULL,0,0),(1719,1,29,2,268435477,'2020-11-18 10:10:52',NULL,0,0),(1720,1,18,2,268435477,'2020-11-18 10:10:52',NULL,0,0),(1721,1,42,2,268435477,'2020-11-18 10:10:52',NULL,0,0),(1722,1,36,2,268435477,'2020-11-18 10:10:52',NULL,0,0),(1723,1,27,2,268435477,'2020-11-18 10:10:52',NULL,0,0),(1724,1,13,2,268435477,'2020-11-18 10:10:52',NULL,0,0),(1725,1,21,2,268435477,'2020-11-18 10:10:52',NULL,0,0),(1726,1,20,2,268435477,'2020-11-18 10:10:52',NULL,0,0),(1727,1,23,2,268435477,'2020-11-18 10:10:52',NULL,0,0),(1728,1,25,2,268435477,'2020-11-18 10:10:52',NULL,0,0),(1729,1,55,2,268435477,'2020-11-18 10:10:52',NULL,0,0),(1730,1,24,2,268435477,'2020-11-18 10:10:52',NULL,0,0),(1731,1,47,2,268435477,'2020-11-18 10:10:52',NULL,0,0),(1732,1,56,2,268435477,'2020-11-18 10:10:52',NULL,0,0),(1733,1,38,2,268435477,'2020-11-18 10:10:52',NULL,0,0),(1734,1,5,2,268435477,'2020-11-18 10:10:52',NULL,0,0),(1735,1,40,2,268435477,'2020-11-18 10:10:52',NULL,0,0),(1736,1,45,2,268435477,'2020-11-18 10:10:52',NULL,0,0),(1737,1,51,2,268435477,'2020-11-18 10:10:52',NULL,0,0),(1738,1,14,2,268435477,'2020-11-18 10:10:52',NULL,0,0),(1739,1,35,2,268435477,'2020-11-18 10:10:52',NULL,0,0),(1740,1,31,2,268435477,'2020-11-18 10:10:52',NULL,0,0),(1741,1,17,2,268435477,'2020-11-18 10:10:52',NULL,0,0),(1742,1,9,2,268435477,'2020-11-18 10:10:52',NULL,0,0),(1743,1,52,2,268435477,'2020-11-18 10:10:52',NULL,0,0),(1744,1,58,2,268435477,'2020-11-18 10:10:52',NULL,0,0),(1745,1,46,2,268435477,'2020-11-18 10:10:52',NULL,0,0),(1746,1,37,2,268435477,'2020-11-18 10:10:52',NULL,0,0),(1747,1,26,2,268435477,'2020-11-18 10:10:52',NULL,0,0),(1748,1,15,2,268435477,'2020-11-18 10:10:52',NULL,0,0),(1749,1,48,2,268435477,'2020-11-18 10:10:52',NULL,0,0),(1750,1,34,2,268435477,'2020-11-18 10:10:52',NULL,0,0),(1751,1,49,2,268435477,'2020-11-18 10:10:52',NULL,0,0),(1752,1,19,2,268435477,'2020-11-18 10:10:52',NULL,0,0),(1753,1,60,2,268435477,'2020-11-18 10:10:52',NULL,0,0),(1754,1,2,2,268435477,'2020-11-18 10:10:52',NULL,0,0),(1755,1,16,2,268435477,'2020-11-18 10:10:52',NULL,0,0),(1756,1,33,2,268435477,'2020-11-18 10:10:52',NULL,0,0),(1757,1,41,2,268435477,'2020-11-18 10:10:52',NULL,0,0),(1758,1,57,2,268435477,'2020-11-18 10:10:52',NULL,0,0),(1759,1,12,2,268435477,'2020-11-18 10:10:52',NULL,0,0),(1760,1,22,2,268435477,'2020-11-18 10:10:52',NULL,0,0),(1761,1,8,2,268435477,'2020-11-18 10:10:52',NULL,0,0),(1762,1,30,2,268435477,'2020-11-18 10:10:52',NULL,0,0),(1763,1,50,2,268435477,'2020-11-18 10:10:52',NULL,0,0),(1764,1,59,2,268435477,'2020-11-18 10:10:52',NULL,0,0),(1765,1,61,2,268435477,'2020-11-18 10:10:52',NULL,0,0),(1766,1,43,2,268435477,'2020-11-18 10:10:52',NULL,0,0),(1767,1,7,2,268435477,'2020-11-18 10:10:52',NULL,0,0),(1768,1,10,2,268435477,'2020-11-18 10:10:52',NULL,0,0),(1769,1,6,2,268435477,'2020-11-18 10:10:52',NULL,0,0),(1770,1,28,2,268435477,'2020-11-18 10:10:52',NULL,0,0),(1771,1,11,2,268435477,'2020-11-18 10:10:52',NULL,0,0),(1772,1,53,2,268435477,'2020-11-18 10:10:52',NULL,0,0),(1773,1,54,2,268435477,'2020-11-18 10:10:52',NULL,0,0),(1774,1,39,2,268435477,'2020-11-18 10:10:52',NULL,0,0),(1775,1,32,2,268435477,'2020-11-18 10:10:52',NULL,0,0),(1781,1,1,2,16777217,'2020-12-06 23:42:24',NULL,1048585,32),(1783,1,29,2,16777217,'2020-12-06 23:42:24',NULL,1048585,32),(1785,1,13,2,16777217,'2020-12-06 23:42:24',NULL,1048585,32),(1787,1,20,2,16777217,'2020-12-06 23:42:24',NULL,1048585,32),(1789,1,5,2,16777217,'2020-12-06 23:42:24',NULL,1048585,32),(1791,1,45,2,16777217,'2020-12-06 23:42:24',NULL,1048585,32),(1793,1,14,2,16777217,'2020-12-06 23:42:24',NULL,1048585,32),(1795,1,15,2,16777217,'2020-12-06 23:42:24',NULL,1048585,32),(1797,1,16,2,16777217,'2020-12-06 23:42:24',NULL,1048585,32),(1799,1,12,2,16777217,'2020-12-06 23:42:24',NULL,1048585,32),(1801,1,11,2,16777217,'2020-12-06 23:42:24',NULL,1048585,32),(1803,1,0,2,16777243,'2020-12-06 23:42:24',NULL,1048585,32),(1804,1,0,2,16777245,'2020-12-06 23:42:24',NULL,1048585,32),(1810,1,1,2,16777217,'2021-01-02 05:42:17',NULL,1048585,33),(1812,1,29,2,16777217,'2021-01-02 05:42:18',NULL,1048585,33),(1814,1,13,2,16777217,'2021-01-02 05:42:18',NULL,1048585,33),(1816,1,20,2,16777217,'2021-01-02 05:42:18',NULL,1048585,33),(1818,1,5,2,16777217,'2021-01-02 05:42:18',NULL,1048585,33),(1820,1,45,2,16777217,'2021-01-02 05:42:18',NULL,1048585,33),(1822,1,14,2,16777217,'2021-01-02 05:42:18',NULL,1048585,33),(1824,1,15,2,16777217,'2021-01-02 05:42:18',NULL,1048585,33),(1826,1,16,2,16777217,'2021-01-02 05:42:18',NULL,1048585,33),(1828,1,12,2,16777217,'2021-01-02 05:42:18',NULL,1048585,33),(1830,1,11,2,16777217,'2021-01-02 05:42:18',NULL,1048585,33),(1832,1,0,2,16777243,'2021-01-02 05:42:18',NULL,1048585,33),(1833,1,0,2,16777245,'2021-01-02 05:42:18',NULL,1048585,33),(1835,1,0,2,16777236,'2021-01-02 05:44:33','2021-01-02 05:44:35',523,30),(1839,1,0,2,16777236,'2021-01-02 05:49:28','2021-01-02 05:49:30',523,31),(1848,1,58,2,16777235,'2021-01-02 06:11:22',NULL,1048585,29),(1851,1,1,2,268435478,'2021-01-02 06:12:52','2021-01-02 06:12:52',1048585,29),(1856,1,1,2,16777219,'2021-01-03 17:25:04',NULL,517,41),(1858,1,1,2,16777219,'2021-01-04 17:08:48',NULL,517,42),(1863,1,1,3,16777249,'2021-01-05 20:32:00',NULL,1048586,42),(1877,1,1,2,16777217,'2021-01-20 21:27:27',NULL,1048585,36),(1879,1,29,2,16777217,'2021-01-20 21:27:27',NULL,1048585,36),(1881,1,13,2,16777217,'2021-01-20 21:27:27',NULL,1048585,36),(1883,1,20,2,16777217,'2021-01-20 21:27:27',NULL,1048585,36),(1885,1,5,2,16777217,'2021-01-20 21:27:27',NULL,1048585,36),(1887,1,45,2,16777217,'2021-01-20 21:27:27',NULL,1048585,36),(1889,1,14,2,16777217,'2021-01-20 21:27:27',NULL,1048585,36),(1891,1,15,2,16777217,'2021-01-20 21:27:27',NULL,1048585,36),(1893,1,16,2,16777217,'2021-01-20 21:27:27',NULL,1048585,36),(1895,1,12,2,16777217,'2021-01-20 21:27:27',NULL,1048585,36),(1897,1,11,2,16777217,'2021-01-20 21:27:27',NULL,1048585,36),(1899,1,0,2,16777243,'2021-01-20 21:27:27',NULL,1048585,36),(1900,1,0,2,16777245,'2021-01-20 21:27:27',NULL,1048585,36),(1912,1,1,2,16777217,'2021-01-23 23:52:30',NULL,1048585,38),(1914,1,29,2,16777217,'2021-01-23 23:52:30',NULL,1048585,38),(1916,1,13,2,16777217,'2021-01-23 23:52:30',NULL,1048585,38),(1918,1,20,2,16777217,'2021-01-23 23:52:30',NULL,1048585,38),(1920,1,5,2,16777217,'2021-01-23 23:52:30',NULL,1048585,38),(1922,1,45,2,16777217,'2021-01-23 23:52:30',NULL,1048585,38),(1924,1,14,2,16777217,'2021-01-23 23:52:30',NULL,1048585,38),(1926,1,15,2,16777217,'2021-01-23 23:52:30',NULL,1048585,38),(1928,1,16,2,16777217,'2021-01-23 23:52:30',NULL,1048585,38),(1930,1,12,2,16777217,'2021-01-23 23:52:30',NULL,1048585,38),(1932,1,11,2,16777217,'2021-01-23 23:52:30',NULL,1048585,38),(1934,1,0,2,16777243,'2021-01-23 23:52:30',NULL,1048585,38),(1935,1,0,2,16777245,'2021-01-23 23:52:30',NULL,1048585,38),(1938,1,56,3,16777249,'2021-01-25 08:23:43','2021-01-28 22:08:16',1048586,48),(1939,1,1,3,16777249,'2021-01-28 17:43:47',NULL,1048586,50),(1940,1,56,3,16777249,'2021-02-02 09:31:53','2021-02-02 16:24:09',1048586,57),(1941,1,66,3,16777249,'2021-02-02 09:34:00','2021-02-07 04:33:45',1048586,58),(1943,1,1,3,16777249,'2021-02-04 00:28:21',NULL,1048586,61),(1945,1,0,2,16777236,'2021-02-06 11:34:28','2021-02-06 11:34:30',523,32),(1950,1,1,3,16777249,'2021-02-07 04:39:40',NULL,1048586,64),(1952,1,66,3,16777249,'2021-02-08 08:47:19','2021-02-09 23:35:41',1048586,65),(1953,1,1,2,16777219,'2021-02-10 14:36:14',NULL,517,43),(1957,1,1,2,16777219,'2021-02-19 11:37:46',NULL,517,44),(1960,1,65,2,16777235,'2021-02-19 11:42:40',NULL,1048585,33),(1968,1,1,2,268435478,'2021-02-19 13:34:24','2021-02-19 13:34:25',1048585,33),(1970,1,0,3,16777220,'2021-02-20 08:59:20',NULL,1048585,40),(1971,1,0,3,16777222,'2021-02-20 08:59:20',NULL,1048585,40),(1972,1,0,3,16777223,'2021-02-20 08:59:20',NULL,1048585,40),(1973,1,0,3,16777224,'2021-02-20 08:59:20',NULL,1048585,40),(1974,1,1,2,16777217,'2021-02-20 08:59:20',NULL,1048585,40),(1975,1,1,3,16777247,'2021-02-20 08:59:20',NULL,1048585,40),(1976,1,29,2,16777217,'2021-02-20 08:59:20',NULL,1048585,40),(1977,1,29,3,16777247,'2021-02-20 08:59:20',NULL,1048585,40),(1978,1,13,2,16777217,'2021-02-20 08:59:20',NULL,1048585,40),(1979,1,13,3,16777247,'2021-02-20 08:59:20',NULL,1048585,40),(1980,1,20,2,16777217,'2021-02-20 08:59:20',NULL,1048585,40),(1981,1,20,3,16777247,'2021-02-20 08:59:20',NULL,1048585,40),(1982,1,5,2,16777217,'2021-02-20 08:59:20',NULL,1048585,40),(1983,1,5,3,16777247,'2021-02-20 08:59:20',NULL,1048585,40),(1984,1,45,2,16777217,'2021-02-20 08:59:20',NULL,1048585,40),(1985,1,45,3,16777247,'2021-02-20 08:59:20',NULL,1048585,40),(1986,1,14,2,16777217,'2021-02-20 08:59:20',NULL,1048585,40),(1987,1,14,3,16777247,'2021-02-20 08:59:20',NULL,1048585,40),(1988,1,15,2,16777217,'2021-02-20 08:59:20',NULL,1048585,40),(1989,1,15,3,16777247,'2021-02-20 08:59:20',NULL,1048585,40),(1990,1,16,2,16777217,'2021-02-20 08:59:20',NULL,1048585,40),(1991,1,16,3,16777247,'2021-02-20 08:59:20',NULL,1048585,40),(1992,1,12,2,16777217,'2021-02-20 08:59:20',NULL,1048585,40),(1993,1,12,3,16777247,'2021-02-20 08:59:20',NULL,1048585,40),(1994,1,11,2,16777217,'2021-02-20 08:59:20',NULL,1048585,40),(1995,1,11,3,16777247,'2021-02-20 08:59:20',NULL,1048585,40),(1996,1,0,2,16777243,'2021-02-20 08:59:20',NULL,1048585,40),(1997,1,0,2,16777245,'2021-02-20 08:59:20',NULL,1048585,40),(1998,1,66,2,16777230,'2021-02-20 10:16:33',NULL,1048585,38),(1999,1,1,2,16777251,'2021-02-20 10:16:33','2021-02-20 10:16:35',1048585,38),(2000,1,63,2,16777230,'2021-02-20 10:17:09',NULL,1048585,32),(2001,1,1,2,16777251,'2021-02-20 10:17:09','2021-02-20 10:17:11',1048585,32),(2004,1,1,3,16777258,'2021-02-23 19:50:45',NULL,0,0),(2005,1,29,3,16777258,'2021-02-23 19:50:45',NULL,0,0),(2006,1,5,3,16777258,'2021-02-23 19:50:45',NULL,0,0),(2007,1,13,3,16777258,'2021-02-23 19:50:45',NULL,0,0),(2008,1,20,3,16777258,'2021-02-23 19:50:45',NULL,0,0),(2009,1,45,3,16777258,'2021-02-23 19:50:45',NULL,0,0),(2010,1,14,3,16777258,'2021-02-23 19:50:45',NULL,0,0),(2011,1,15,3,16777258,'2021-02-23 19:50:45',NULL,0,0),(2012,1,16,3,16777258,'2021-02-23 19:50:45',NULL,0,0),(2013,1,12,3,16777258,'2021-02-23 19:50:45',NULL,0,0),(2014,1,11,3,16777258,'2021-02-23 19:50:45',NULL,0,0),(2015,1,8,3,16777258,'2021-02-23 19:50:45',NULL,0,0);

--
-- Table structure for table `oai_resumption_tokens`
--

CREATE TABLE `oai_resumption_tokens` (
  `token` varchar(32) NOT NULL,
  `expire` bigint(20) NOT NULL,
  `record_offset` int(11) NOT NULL,
  `params` text DEFAULT NULL,
  UNIQUE KEY `oai_resumption_tokens_pkey` (`token`)
) ENGINE=InnoDB DEFAULT CHARSET=utf8;

--
-- Dumping data for table `oai_resumption_tokens`
--


--
-- Table structure for table `plugin_settings`
--

CREATE TABLE `plugin_settings` (
  `plugin_name` varchar(80) NOT NULL,
  `context_id` bigint(20) NOT NULL,
  `setting_name` varchar(80) NOT NULL,
  `setting_value` text DEFAULT NULL,
  `setting_type` varchar(6) NOT NULL,
  UNIQUE KEY `plugin_settings_pkey` (`plugin_name`,`context_id`,`setting_name`),
  KEY `plugin_settings_plugin_name` (`plugin_name`)
) ENGINE=InnoDB DEFAULT CHARSET=utf8;

--
-- Dumping data for table `plugin_settings`
--



--
-- Table structure for table `publication_categories`
--

CREATE TABLE `publication_categories` (
  `publication_id` bigint(20) NOT NULL,
  `category_id` bigint(20) NOT NULL,
  UNIQUE KEY `publication_categories_id` (`publication_id`,`category_id`)
) ENGINE=InnoDB DEFAULT CHARSET=latin1;

--
-- Dumping data for table `publication_categories`
--


--
-- Table structure for table `publication_galley_settings`
--

CREATE TABLE `publication_galley_settings` (
  `galley_id` bigint(20) NOT NULL,
  `locale` varchar(14) NOT NULL DEFAULT '',
  `setting_name` varchar(255) NOT NULL,
  `setting_value` text DEFAULT NULL,
  UNIQUE KEY `publication_galley_settings_pkey` (`galley_id`,`locale`,`setting_name`),
  KEY `publication_galley_settings_galley_id` (`galley_id`)
) ENGINE=InnoDB DEFAULT CHARSET=latin1;

--
-- Dumping data for table `publication_galley_settings`
--

INSERT INTO `publication_galley_settings` VALUES (2,'','pub-id::doi','10.35916/thmr.v1i1.2.g2'),(5,'','pub-id::doi','10.35916/thmr.v1i1.1.g5'),(6,'','pub-id::doi','10.35916/thmr.v1i1.5.g6'),(7,'','pub-id::doi','10.35916/thmr.v1i1.4.g7'),(8,'','pub-id::doi','10.35916/thmr.v1i1.3.g8'),(9,'','pub-id::doi','10.35916/thmr.v1i2.10.g9'),(10,'','pub-id::doi','10.35916/thmr.v1i2.7.g10'),(11,'','pub-id::doi','10.35916/thmr.v1i2.9.g11'),(12,'','pub-id::doi','10.35916/thmr.v1i2.8.g12'),(13,'','pub-id::doi','10.35916/thmr.v1i2.6.g13'),(17,'','pub-id::doi','10.35916/thmr.v2i1.13.g17'),(18,'','pub-id::doi','10.35916/thmr.v2i1.15.g18'),(19,'','pub-id::doi','10.35916/thmr.v2i1.14.g19'),(20,'','pub-id::doi','10.35916/thmr.v2i1.16.g20'),(21,'','pub-id::doi','10.35916/thmr.v2i1.17.g21'),(22,'','pub-id::doi','10.35916/thmr.v2i1.11.g22'),(26,'','pub-id::doi','10.35916/thmr.v2i2.19.g26'),(27,'','pub-id::doi','10.35916/thmr.v2i2.20.g27'),(29,'','pub-id::doi','10.35916/thmr.v2i2.23.g29'),(30,'','pub-id::doi','10.35916/thmr.v2i2.18.g30'),(31,'','pub-id::doi','10.35916/thmr.v2i2.24.g31'),(34,'','pub-id::doi','10.35916/thmr.v0i0.28.g34'),(35,'','pub-id::doi','10.35916/thmr.v2i2.22.g35'),(36,'','pub-id::doi','10.35916/thmr.v0i0.29.g36'),(37,'','pub-id::doi','10.35916/thmr.v0i0.33.g37');

--
-- Table structure for table `publication_galleys`
--

CREATE TABLE `publication_galleys` (
  `galley_id` bigint(20) NOT NULL AUTO_INCREMENT,
  `locale` varchar(14) DEFAULT NULL,
  `publication_id` bigint(20) NOT NULL,
  `label` varchar(255) DEFAULT NULL,
  `submission_file_id` bigint(20) unsigned DEFAULT NULL,
  `seq` double NOT NULL DEFAULT 0,
  `remote_url` varchar(2047) DEFAULT NULL,
  `is_approved` tinyint(4) NOT NULL DEFAULT 0,
  `url_path` varchar(64) DEFAULT NULL,
  PRIMARY KEY (`galley_id`),
  KEY `publication_galleys_publication_id` (`publication_id`),
  KEY `publication_galleys_url_path` (`url_path`),
  KEY `publication_galleys_submission_file_id_foreign` (`submission_file_id`),
  CONSTRAINT `publication_galleys_submission_file_id_foreign` FOREIGN KEY (`submission_file_id`) REFERENCES `submission_files` (`submission_file_id`)
) ENGINE=InnoDB AUTO_INCREMENT=38 DEFAULT CHARSET=latin1;

--
-- Dumping data for table `publication_galleys`
--

INSERT INTO `publication_galleys` VALUES (2,'en_US',2,'PDF',12,0,'',1,NULL),(5,'en_US',1,'PDF',30,2,'',1,NULL),(6,'en_US',5,'PDF',31,0,'',1,NULL),(7,'en_US',4,'PDF',32,0,'',1,NULL),(8,'en_US',3,'PDF',33,0,'',1,NULL),(9,'en_US',10,'PDF',59,0,'',1,NULL),(10,'en_US',7,'PDF',60,0,'',1,NULL),(11,'en_US',9,'PDF',61,0,'',1,NULL),(12,'en_US',8,'PDF',62,0,'',1,NULL),(13,'en_US',6,'PDF',63,0,'',1,NULL),(17,'en_US',12,'PDF',117,0,'',1,NULL),(18,'en_US',14,'PDF',118,0,'',1,NULL),(19,'en_US',13,'PDF',119,0,'',1,NULL),(20,'en_US',15,'PDF',120,0,'',1,NULL),(21,'en_US',16,'PDF',121,0,'',1,NULL),(22,'en_US',11,'PDF',122,0,'',1,NULL),(26,'en_US',18,'PDF',176,0,'',1,NULL),(27,'en_US',19,'PDF',177,0,'',1,NULL),(29,'en_US',22,'PDF',179,0,'',1,NULL),(30,'en_US',17,'PDF',180,0,'',1,NULL),(31,'en_US',23,'PDF',181,0,'',1,NULL),(34,'en_US',26,'PDF',207,0,'',1,NULL),(35,'en_US',21,'PDF',208,0,'',1,NULL),(36,'en_US',27,'PDF',217,0,'',1,NULL),(37,'en_US',30,'PDF',230,0,'',1,NULL);

--
-- Table structure for table `publication_settings`
--

CREATE TABLE `publication_settings` (
  `publication_id` bigint(20) NOT NULL,
  `locale` varchar(14) NOT NULL DEFAULT '',
  `setting_name` varchar(255) NOT NULL,
  `setting_value` mediumtext DEFAULT NULL,
  UNIQUE KEY `publication_settings_pkey` (`publication_id`,`locale`,`setting_name`),
  KEY `publication_settings_publication_id` (`publication_id`)
) ENGINE=InnoDB DEFAULT CHARSET=latin1;

--
-- Dumping data for table `publication_settings`
--

INSERT INTO `publication_settings` VALUES (1,'','hide_author','0'),(1,'','issueId','1'),(1,'','pages','33-38'),(1,'','pub-id::doi','10.35916/thmr.v1i1.1'),(1,'en_US','abstract','<p>Coconut milk is a food ingredient that is used to increase the taste of food and drinks. Coconut milk has processed products in the form of traditional drinks such as ice dawet and cendol ice. According to the Indonesian National Standard in 2009 about Maximum Microbial Contamination in Food in liquid coconut milk must be in accordance with the requirements of TPC parameters, MPN Coliform, Salmonella sp., and Staphylococcus aureus. This study aims to determine the description of Staphylococcus aureus contamination in traditional coconut milk in the Banjarbaru region. This type of research is a descriptive survey. The samples in this study were traditional drinks (es dawet and es cendol) that used coconut milk by using Purposive sampling techniques as many as 6 sellers who made 2 times taking, namely taking 1 hour (testing I) after processing and 2 hours after the first take (testing II) . From the research that has been done, it is found that there are 4 samples of Staphylococcus aureus contamination in 4 samples, namely 3 samples fulfilling the requirements of the Indonesian National Standard and 1 sample that does not meet the requirements of the Indonesian National Standard. It is expected for the seller to always maintain personal hygiene, pay attention to the cleanliness of drinks sold either during processing or serving, noting the cleanliness of the appliance and storing the ingredients of the drinks sold.</p>'),(1,'en_US','cleanTitle','Staphylococcus aureus in Traditional Coconut milk Drinks'),(1,'en_US','prefix',''),(1,'en_US','subtitle',''),(1,'en_US','title','Staphylococcus aureus in Traditional Coconut milk Drinks'),(2,'','copyrightYear','2019'),(2,'','hide_author','0'),(2,'','issueId','1'),(2,'','licenseURL',''),(2,'','pages','19-25'),(2,'','pub-id::doi','10.35916/thmr.v1i1.2'),(2,'en_US','abstract','<p>Salted fish are fish that are processed through a process of salting and drying. The contamination of fungi in salted fish can be caused by prolonged storage. Storage of salted fish that is too long can cause the growth of various fungi. One of the fungi that often grows in salted fish is the fungus of Aspergillus sp. Some species of the Aspergillus sp fungi can produce aflatoxin, one of which is Aspergillus flavus. This study aims to determine the contamination of toxin-producing fungi in salted fish in the traditional Banjarbaru market in Indonesia. The type of research used is descriptive survey. Samples were taken by purposive sampling taken from 5 salted fish sellers each taken 3 different types of salted fish so that the number of samples was 15. The results were obtained from 15 samples examined, 6 positive samples contaminated with Aspergillus flavus fungi, 8 positive samples contaminated with Aspergillus fungi niger, 5 positive samples contaminated with Monilia sitophila fungi, 6 positive samples contaminated with Rhizopus sp fungi, 6 positive samples contaminated with Penicillium sp fungi, and 1 positive sample contaminated with Mucor sp fungi. Based on the results of the study, samples of salted fish contaminated with Aspergillus sp fungi were 73% (11 samples) and no samples were contaminated with Fusarium sp.</p>'),(2,'en_US','cleanTitle','Fungi That Produce Toxins in Salted Fish'),(2,'en_US','copyrightHolder','tropical health and medical research'),(2,'en_US','prefix',''),(2,'en_US','subtitle',''),(2,'en_US','title','Fungi That Produce Toxins in Salted Fish'),(3,'','copyrightYear','2019'),(3,'','hide_author','0'),(3,'','issueId','1'),(3,'','licenseURL',''),(3,'','pages','10-18'),(3,'','pub-id::doi','10.35916/thmr.v1i1.3'),(3,'en_US','abstract','<p>Tuberculosis is one of the causes of anemia in chronic diseases in addition to rheumatoid arthritis, urserative colitis, Crohn\'s disease, ovarian malignancy and Hodgkin\'s lymphoma. Chronic disease anemia also known as anemia due to inflammation, occurs in patients with chronic infections. This anemia also occurs in some patients with malignancy. The causes of anemia are based on cell size, namely iron deficiency (often), anemia of chronic diseases (often), Thalassemia (often in certain ethnicities) causing the size of cells to become microsytic. Cells turn macrocytic due to liver disease, excess alcohol, megaloblastic anemia (vitamin B12 deficiency or folate or exposure to certain drugs), hemolysis, and aplastic anemia. Whereas the normal cell factors are blood loss, the initial phase of iron deficiency, anemia, chronic disease, and kidney failure. The aim of this study was to determine the type of anemia based on the morphological description of erythrocytes in the form, color, and size of erythrocytes seen in the smear blood supply of tuberculosis patients based on treatment duration of 0-6 months. The type of research used was a descriptive survey with a population of 15 people taken by accidental sampling. Data collection is done by examining the blood smear smears. Based on the examination of peripheral blood smear preparations in pulmonary tuberculosis patients, the morphology of erythrocytes in the form of Normocytic normochrome was 74% and microsocytic normochrome was 26%. Suggestions in the research for further research can be carried out with support other than the examination of peripheral blood smear.</p>'),(3,'en_US','cleanTitle','Erythrocyte Morphology of Tuberculosis Patients'),(3,'en_US','copyrightHolder','Tropical Health and Medicine Research'),(3,'en_US','prefix',''),(3,'en_US','subtitle',''),(3,'en_US','title','Erythrocyte Morphology of Tuberculosis Patients'),(4,'','copyrightYear','2019'),(4,'','hide_author','0'),(4,'','issueId','1'),(4,'','licenseURL',''),(4,'','pages','26-32'),(4,'','pub-id::doi','10.35916/thmr.v1i1.4'),(4,'en_US','abstract','<p>Red beans (Phaseolus vulgaris L.) are grains that are rich in nutrients and useful as a substitute for vegetable milk which can be processed into yogurt using Streptococcus thermophillus and Lactobacillus bulgaricus. Carbohydrates in red beans consist of a group of oligosaccharides that have little ability as an energy source for bacteria to produce lactic acid. Therefore, the making of red bean yogurt needs another source of sugar by adding Trigona sp. Honey. The purpose of this study was to determine the effect of adding Trigona sp honey by 0%, 1.9%, 3.8%, 5.7%, 7.6%, 9.5% to the total level of lactic acid in red bean yogurt incubated for 24 hours at 37oC. This type of research is an experiment with the Postest Only With Control Group Design research design using the alkalimetry titration method. The sampling technique used was purposive sampling technique, namely Trigona sp honey bee taken at Trigona sp bee farm in Tambangan, Tanah Laut. Indonesia. The results showed that there was an effect of adding Trigona sp honey to total lactic acid levels in red bean yogurt with the addition of Trigona sp honey 1.9% - 9.5% fulfilling the requirements of SNI 01.2981-2009. The highest average value of total lactic acid in red bean yogurt with the addition of Trigona sp honey 9.5% which is equal to 0.6672%. It is recommended for future researchers to use other types of carbohydrate sources and additives in the form of proteins. For the community, it is recommended to use alternative sources of other sugar and optimize the addition of Trigona sp. Honey.</p>'),(4,'en_US','cleanTitle','Lactic Acid Levels Yogurt Red Beans with Addition of Honey  Trigona sp'),(4,'en_US','copyrightHolder','Tropical Health and Medicine Research'),(4,'en_US','prefix',''),(4,'en_US','subtitle',''),(4,'en_US','title','Lactic Acid Levels Yogurt Red Beans with Addition of Honey  Trigona sp'),(5,'','hide_author','0'),(5,'','issueId','1'),(5,'','pages','1-9'),(5,'','pub-id::doi','10.35916/thmr.v1i1.5'),(5,'en_US','abstract','<p>Dengue Hemorrhagic Fever (DHF) is one of the public health problems that is still found in Indonesia. This disease always occurs repeatedly due to failure of vector control. Indonesia is the second largest country among 30 countries endemic to DHF. This disease can cause death especially in children. In Sungai Paring Village, January-December 2017, 2 cases of DHF were found. The purpose of this study was to find out the House Index (HI), Countainer Index (CI), Breteau Index (BI), larva free numbers (LFN) , Density Figure (DF) and larvae positive container types. This research is a type of descriptive survey research with total sampling technique. The population in this study were households and containers in the Paring Sungai Martapura Sub-District. The sample in this study was all water reservoirs in 100 respondent\'s houses. Of the 100 houses surveyed there were 40 positive larvae (HI 40%), 60% ABJ, 41 larvae positive containers from 356 examined containers (CI 11.52%) and positive larvae containers namely, ceramic bath 3 (0.84% ), 1 cement bath (0.28%), 18 used paint buckets (5.06%), 4 large bucket buckets (1.12%), 3 ablutions (0.84%) and 6 plastic drums (1.70%). Based on this research, it is expected that respondents and the community take precautionary measures and control of dengue hemorrhagic fever (DHF) vectors by 3M. For researchers to conduct further research to determine vector density fluctuations</p>'),(5,'en_US','cleanTitle','Dengue Hemorrhagic Fever Vector in the Paring Sungai Martapura Indonesia'),(5,'en_US','prefix',''),(5,'en_US','subtitle',''),(5,'en_US','title','Dengue Hemorrhagic Fever Vector in the Paring Sungai Martapura Indonesia'),(6,'','copyrightYear','2019'),(6,'','hide_author','0'),(6,'','issueId','3'),(6,'','licenseURL',''),(6,'','pages','39-43'),(6,'','pub-id::doi','10.35916/thmr.v1i2.6'),(6,'en_US','abstract','<p>Cinnamon (<em>Cinnamomum burmannii</em>) is widely used by the public as a food ingredient and contains chemical compounds such as alkaloids, flavonoids, polyphenols, saponins, and terpenoids which function as an antibacterial against&nbsp;<em>Staphylococcus aureus</em>. This study aims to determine the Minimum Inhibitory Concentration and Minimum Bactericidal Concentration of cinnamon ethanol extract on&nbsp;<em>Staphyloccocus aureus</em>. This research is experimental with posttest only control group design through the tube dilution method. The results of the Minimum Inhibitory Concentration (MIC) study showed no clarity at concentrations of 30% and 40%. The results of the Minimum Bactericidal Concentration (MBC) obtained the number of colonies at a level of 10% by 51 CFU / plate, 20% by 27 CFU / plate, 30% by 6 CFU / plate and 40% by 0 CFU / plate. Based on the results of this study concluded that MIC cinnamon ethanol extract was 30%, and MBC cinnamon ethanol extract was 40%.</p>'),(6,'en_US','cleanTitle','Effectiveness of Cinnamon Cinnamomum burmannii Ethanol Extract Against Staphylococcus aureus Growth'),(6,'en_US','copyrightHolder','Tropical Health and Medical Research'),(6,'en_US','prefix',''),(6,'en_US','subtitle',''),(6,'en_US','title','Effectiveness of Cinnamon (Cinnamomum burmannii) Ethanol Extract Against Staphylococcus aureus Growth'),(7,'','copyrightYear','2019'),(7,'','hide_author','0'),(7,'','issueId','3'),(7,'','licenseURL',''),(7,'','pages','62-67'),(7,'','pub-id::doi','10.35916/thmr.v1i2.7'),(7,'en_US','abstract','<p>Rosella (<em>Hibiscus sabdariffa L</em>.) is a plant that can use as herbal medicine. Roselle calyx contains active compounds flavonoids, saponins, and tannins. These compounds can use as an antibacterial against&nbsp;<em>Salmonella typhi</em>. This study aims to determine the Minimum Inhibitory Concentration and Minimum Bactericidal Concentration and the effect of rosella cooking water concentration on&nbsp;<em>Salmonella typhi</em>&nbsp;in vitro. Experimental research with posttest only controls group design through dilution method. The results of the Minimum Inhibitory Concentration (MIC) study showed clarity at concentrations of 60%, 70%, 80%, 90%, and 100%. Minimum Bactericidal Concentration (MBC) results obtained the number of colonies at a concentration of 60% by one colony, at a level of 70%, 80%, 90%, and 100% showed no colony growth. Based on the results of the study concluded that there was an influence of rosella cooking water concentration on the growth of&nbsp;<em>Salmonella typhi</em>&nbsp;in vitro.</p>'),(7,'en_US','cleanTitle','Inhibition Strength of Rosella Hibiscus sabdariffa L  Boiled Water on Salmonella typhi in vitro'),(7,'en_US','copyrightHolder','Tropical Health and Medical Research'),(7,'en_US','prefix',''),(7,'en_US','subtitle',''),(7,'en_US','title','Inhibition Strength of Rosella (Hibiscus sabdariffa L.)  Boiled Water on Salmonella typhi in vitro'),(8,'','copyrightYear','2019'),(8,'','hide_author','0'),(8,'','issueId','3'),(8,'','licenseURL',''),(8,'','pages','44-48'),(8,'','pub-id::doi','10.35916/thmr.v1i2.8'),(8,'en_US','abstract','<p>Dayak onion (<em>Eleutherine palmifolia (L.) Merr</em>) is hereditary used by the Indonesian Kalimantan Dayak community as a medicinal plant with antimicrobial activity. The active ingredient of Dayak onions can inhibit the growth of bacteria such as&nbsp;<em>Escherichia coli</em>. The purpose of this study was to determine the effectiveness of Dayak extract (<em>Eleutherine palmifollia (L) Merr</em>) in inhibiting the growth of&nbsp;<em>Escherichia coli</em>&nbsp;in vitro. This research method is experimental. Posttest Only Control Group Design research design. Research Results Show that Dayak onion extract can inhibit&nbsp;<em>Escherichia coli</em>&nbsp;with concentrations of 10% (6 mm), 20% (8 mm), and 30% (11 mm), 40% (13 mm), 50% (16 mm), 60 % (18 mm) and 70% (20 mm), 80% (20 mm), 90% (24 mm) and 100% (30 mm). The conclusion of the study of Dayak extract has a different effect on the growth of&nbsp;<em>Escherichia coli</em>&nbsp;with a significance value of 0,000</p>'),(8,'en_US','cleanTitle','Effectiveness of Dayak Eleutherine palmifollia L Merr Extracts Against Escherichia coli In Vitro'),(8,'en_US','copyrightHolder','Tropical Health and Medical Research'),(8,'en_US','prefix',''),(8,'en_US','subtitle',''),(8,'en_US','title','Effectiveness of Dayak (Eleutherine palmifollia (L) Merr) Extracts Against Escherichia coli In Vitro'),(9,'','copyrightYear','2019'),(9,'','hide_author','0'),(9,'','issueId','3'),(9,'','licenseURL',''),(9,'','pages','49-55'),(9,'','pub-id::doi','10.35916/thmr.v1i2.9'),(9,'en_US','abstract','<p>Various devices were used to carry circumcision operation out. It noted that these devices, especially the Plastic Clamp method, significantly decrease complications as long as basic surgical rules, are followed. This study aims to examine the application of Plastic Clamp circumcision in infants. Children whose physical examinations revealed circumcision contradictions excluded from the study. During the study period, a total of 485 children was circumcised using the plastic clamp method under sedated anesthesia and by a single pediatric surgeon. Measurements take before operations and plastic clamps with diameters ranging from 1.2 to 1.6 cm used. The duration of the surgical procedure, early and late period post-operative complications, the separation duration of the plastic clamp, and problems evaluated. Study Results, the average length of the surgical operation was determined to be 5.5 minutes. The average hospital stay duration of the patients was 2 hours. During the follow-ups, edemas were observed in mucosal areas of 24 (4.9%) patients, 48 hours after the clamp placed and edema and swelling recovered seven days after the circumcision at the latest. On average, it observed that plastic clamp separated on its own in 7.1 days. It noted that in 4 (0.8%) patients, the plastic clamp separated prematurely during 6 hours following the operation due to pulling. Conclusion study plastic Clamp (Alisklamp) is starting to gain popularity because it falls off on its own and that it can be applied quickly under local anesthesia</p>'),(9,'en_US','cleanTitle','Circumcision With Plastic Clamb in Newborn Infants'),(9,'en_US','copyrightHolder','Tropical Health and Medical Research'),(9,'en_US','prefix',''),(9,'en_US','subtitle',''),(9,'en_US','title','Circumcision With Plastic Clamb in Newborn Infants'),(10,'','copyrightYear','2019'),(10,'','hide_author','0'),(10,'','issueId','3'),(10,'','licenseURL',''),(10,'','pages','56-61'),(10,'','pub-id::doi','10.35916/thmr.v1i2.10'),(10,'en_US','abstract','<p>Many food snacks have the advantage but still have health risks as evidenced by the many cases of food poisoning, one of the causes of food poisoning is&nbsp;<em>Bacillus cereus</em>. This study aims to determine the amount and percentage of&nbsp;<em>Bacillus cereus</em>&nbsp;pollution on snacks sold in elementary schools. This research is expected to provide information to the public about the presence or absence of bacteria&nbsp;<em>Bacillus cereus</em>&nbsp;contamination. This research uses purposive sampling technique. The sample used in this study was hawker food sold in Elementary School as many as 20 samples consisting of 10 samples that have not fried and ten samples that have cooked. The results of the questionnaire study showed 83% of sellers did not put snacks in closed containers and found&nbsp;<em>Bacillus cereus</em>&nbsp;in meals. Conclusion 9 (45%) of food samples contaminated with&nbsp;<em>Bacillus cereus</em>&nbsp;bacteria</p>'),(10,'en_US','cleanTitle','Contamination of Bacillus cereus in Elementary School Snack Food'),(10,'en_US','copyrightHolder','Tropical Health and Medical Research'),(10,'en_US','prefix',''),(10,'en_US','subtitle',''),(10,'en_US','title','Contamination of Bacillus cereus in Elementary School Snack Food'),(11,'','copyrightYear','2020'),(11,'','hide_author','0'),(11,'','issueId','4'),(11,'','licenseURL',''),(11,'','pages','39-43'),(11,'','pub-id::doi','10.35916/thmr.v0i0.11'),(11,'en_US','abstract','<p>Pilonidal sinus is a common chronic disease of the sacrococcygeal region. Treatment varies according to the clinical presentation of the disease. Although many surgical methods have proposed, the ideal approach is still lacking due to high recurrence rates. This study aimed to evaluate the role of Z-plasty in achieving primary recovery in pilonidal disease and morbidity and recurrence. Twenty-four patients (15 males and nine females) who underwent sinus excision and Z-plasty closure for the sacrococcygeal pilonidal sinus included in this study. Follow-up ranged from 6 to 12 months. There were 15 males and nine females with a median age of 16 years. The mean hospital stay was two days. There was no recurrence, and all patients were satisfied with the cosmetics. Two patients (5%) had numbness on the flap. No flap necrosis observed in any patient. Only three patients had a wound infection (7.5%). Wound seroma developed in five patients (12.5%). Although some technical expertise is required, excision of sinus and Z-plasty provides superior results in terms of recurrence and hospitalization of pilonidal sinus patients during hospitalization.</p>'),(11,'en_US','cleanTitle','Z Plasty Single Center Results in The Treatment of Pilonidal Sinus Disease in Children'),(11,'en_US','copyrightHolder','Tropical Health and Medical Research'),(11,'en_US','prefix',''),(11,'en_US','subtitle','Z Plasty Results in the Treatment of Pilonidal Sinus Disease'),(11,'en_US','title','Z Plasty Single Center Results in The Treatment of Pilonidal Sinus Disease in Children'),(12,'','copyrightYear','2020'),(12,'','hide_author','0'),(12,'','issueId','4'),(12,'','licenseURL',''),(12,'','pages','1-8'),(12,'','pub-id::doi','10.35916/thmr.v0i0.13'),(12,'en_US','abstract','<p>The hyoid is a U shaped bone with a backward concavity. Locates at the lower edge of the mandible and lies parallel to the floor — functions as an attachment point for muscles and soft tissues of head and neck. The aim is to examine the variations and ossification of the hyoid. This study was performed retrospectively in 2010 - 2013 on 200 CT images. 3D volume rendering images of pure hyoid bone created from the axial CT images in 1 mm slice thickness.<strong>&nbsp;</strong>The morphological variation count was 23; ossification variations were 9 cases.<strong>&nbsp;</strong>No difference observed by gender, but there are differences between the age groups for ossification. Ossification rates were found as; partial 34 %, unilateral 33%, complete 22%, early 11%. Most of the morphologic variation were belong to minor horn (57%), variations of major horn were 30%.&nbsp;The clinical importance of hyoid bone has realized in recent years. Due to the close relationship of this bone with the muscles, ligaments, fascias, sternum, clavicles, its dysfunction can lead to general problems. Studies about the variations of hyoid bone found to be quite low, and we believe that our research will contribute to the content of literature.</p>'),(12,'en_US','cleanTitle','The Evaluation of Variations of The Hyoid Bone with Multidetector Computerized Tomography'),(12,'en_US','copyrightHolder','Tropical Health and Medical Research'),(12,'en_US','prefix',''),(12,'en_US','subtitle',''),(12,'en_US','title','The Evaluation of Variations of The Hyoid Bone with Multidetector Computerized Tomography'),(13,'','copyrightYear','2020'),(13,'','hide_author','0'),(13,'','issueId','4'),(13,'','licenseURL',''),(13,'','pages','18-25'),(13,'','pub-id::doi','10.35916/thmr.v0i0.14'),(13,'en_US','abstract','<p>Perinatal arterial ischemic stroke (PAIS) is one of the frequent causes of mortality and morbidity, but its etiology remains unclear. <em>COL4A1 </em>and <em>COL4A2</em> mutations are monogenetic causes of weakness of the basement vascular membranes resulting in cerebral small-vessel disease, cerebral hemorrhage, and porencephaly. We hypothesized that variations in the&nbsp;<em>COL4A1</em>&nbsp;and&nbsp;<em>COL4A2</em>&nbsp;genes cause PAIS and performed mutation screening of these genes in 17 PAIS patients by whole-exome sequencing. Clinical, demographic, and laboratory data of the 17 PAIS patients were obtained by evaluating hospital files retrospectively. Patients included in the study were invited to the clinic for&nbsp;<em>COL4A1</em>&nbsp;and&nbsp;<em>COL4A2</em>&nbsp;mutation analysis. Results: The patient group consisted of 13 females (76.5%) and four males (23.5%) with a mean age of 107.4 ± 11.5 months. Maternal/fetal and prothrombotic risk factors identified in 52.9% and 94.1% of the patients, respectively. Whole-exome sequencing analysis did not reveal&nbsp;<em>COL4A1</em>&nbsp;and&nbsp;<em>COL4A2</em>&nbsp;pathological mutations in any of the patients. &nbsp;Although we did not find an association between PAIS and&nbsp;<em>COL4A1</em>&nbsp;and&nbsp;<em>COL4A2</em>&nbsp;variations, we believe that new studies with larger patient populations may reveal such a relationship.</p>'),(13,'en_US','cleanTitle','COL4A1 and COL4A2 Mutations Analyses with Perinatal Arterial ?schemic Stroke'),(13,'en_US','copyrightHolder','Tropical Health and Medical Research'),(13,'en_US','prefix',''),(13,'en_US','subtitle',''),(13,'en_US','title','COL4A1 and COL4A2 Mutations Analyses with Perinatal Arterial ?schemic Stroke'),(14,'','copyrightYear','2020'),(14,'','hide_author','0'),(14,'','issueId','4'),(14,'','licenseURL',''),(14,'','pages','9-17'),(14,'','pub-id::doi','10.35916/thmr.v0i0.15'),(14,'en_US','abstract','<p>Most patients rely on the internet to access a medical information source. Patients undergoing surgery use the internet and social media to gain information about anesthesia and surgery. In our study, it has dealt with the use of the internet and social media for news in patients who will undergo surgery and the impact of age and education on this situation. Every patient who came to our clinic for surgery between August 1, 2019 and December 31, 2019 was asked to complete a survey preoperatively. This questionnaire includes questions about internet use. The rate of using the internet as the source of anesthesia information was 24.3% in young patients, this rate found to be 7% in the middle age patients, and none of the elderly patients used the internet as the source of anesthesia information. In terms of operation information, the rate of those using internet as a source of information in the young patients was 29.7%, whereas it was 14% in the middle age patients, and the rate was 5.3% in the elderly patients. Some of the patients (21%) who came to the clinic used internet and social media as a source of information. This study has been found useful in the sense that anesthesiologists and surgeons send information about themselves on the internet and be accessible via social media.</p>'),(14,'en_US','cleanTitle','The Effect of Age and Education Level as a Source of Information on Internet Use in Preoperative Patients'),(14,'en_US','copyrightHolder','Tropical Health and Medical Research'),(14,'en_US','prefix',''),(14,'en_US','subtitle',''),(14,'en_US','title','The Effect of Age and Education Level as a Source of Information on Internet Use in Preoperative Patients'),(15,'','copyrightYear','2020'),(15,'','hide_author','0'),(15,'','issueId','4'),(15,'','licenseURL',''),(15,'','pages','26-33'),(15,'','pub-id::doi','10.35916/thmr.v0i0.16'),(15,'en_US','abstract','<p><em>Malassezia furfur</em> is very easy to infect the skin of people who are often in damp places with higher water content for a long time. One of the plants that can add to inhibit the growth of <em>Malassezia furfur</em> is basil. The purpose of this study was to determine the number of <em>Malassezia furfur</em> mushroom growths formed on the SDA media with the addition of basil powder concentrations of 2%, 4%, 6%, and 8% on day 5. The method used in this study was experimental with a post-test research design with control. The material used is the leaves of basil plants obtained from basil plantations in Sukamara Village, Landasan Ulin Banjarbaru, Indonesia. The results of the study, <em>Malassezia furfur</em>, grew in all concentrations with a creamy colony, smooth and soft texture with sizes between 1-2 mm and microscopically obtained hyphae and spores. The conclusion of this study, <em>Malassezia furfur</em> mushroom growth in all concentrations of 2%, 4%, 6%, and 8% with the results of the number of colonies in a row that is 798 colonies, 755 colonies, 661 colonies, 622 colonies. The results showed a decrease in the name of colonies, with each increase in concentration.</p>'),(15,'en_US','cleanTitle','Growth of Malassezia furfur in Media with The Addition of Basil Ocimum basilicum Linn Powder'),(15,'en_US','copyrightHolder','Tropical Health and Medical Research'),(15,'en_US','prefix',''),(15,'en_US','subtitle',''),(15,'en_US','title','Growth of Malassezia furfur in Media with The Addition of Basil (Ocimum basilicum Linn) Powder'),(16,'','copyrightYear','2020'),(16,'','hide_author','0'),(16,'','issueId','4'),(16,'','licenseURL',''),(16,'','pages','34-38'),(16,'','pub-id::doi','10.35916/thmr.v0i0.17'),(16,'en_US','abstract','<p><em>Citrus hystrix</em>&nbsp;D.C. is a citrus-type citrus tribal plant, one of the most favored and developed fruits by the people of South Kalimantan Indonesia.&nbsp;<em>Citrus hystrix</em>&nbsp;D.C. contains useful chemical compounds, one of which is flavonoids, which function as antibacterial and play a critical role in inhibiting bacterial growth. The purpose of this study was to determine the antibacterial activity of&nbsp;<em>Citrus hystrix</em>&nbsp;D.C. juice at 25%, 50%, 75%, and 100% concentration on the growth of&nbsp;<em>Staphylococcus aureus</em>. This research is experimental with Posttest Only Control Group Design. The material used was local&nbsp;<em>Citrus hystrix</em>&nbsp;D.C., fresh and clean green, obtained from the Astambul area, Banjar Regency, South Kalimantan Indonesia. The results showed that there was a zone of inhibition of&nbsp;<em>Citrus hystrix</em>&nbsp;D.C. juice on&nbsp;<em>Staphylococcus aureus</em>&nbsp;growth which began at 25%, 50%, 75% and 100% concentrations of 13.75mm, 17.25mm, 19.75mm, and 21.75mm, so it can conclude that the juice of&nbsp;<em>Citrus hystrix</em>&nbsp;D.C. influences the growth of&nbsp;<em>Staphylococcus aureus</em>&nbsp;which has the largest inhibitory zone at a concentration of 100%.</p>'),(16,'en_US','cleanTitle','Citrus hystrix DC Juice Inhibits The Growth of Staphylococcus aureus'),(16,'en_US','copyrightHolder','Tropical Health and Medical Research'),(16,'en_US','prefix',''),(16,'en_US','subtitle',''),(16,'en_US','title','Citrus hystrix D.C Juice Inhibits The Growth of Staphylococcus aureus'),(17,'','copyrightYear','2020'),(17,'','hide_author','0'),(17,'','issueId','5'),(17,'','licenseURL',''),(17,'','pages','77-85'),(17,'','pub-id::doi','10.35916/thmr.v0i0.18'),(17,'en_US','abstract','<p>The present study aimed to investigate if there is an association between the diameter of the choledochal duct and choledochal duct stone formation. The present study consisted of 79 patients who had endoscopic interventions and MRCP procedure with surgery history. Some followed due to disorders of the liver, gall bladder, and biliary tract and some of whom presented hepatobiliary complaints between 2017 and 2019. The choledochal duct diameter measured from MRCP images and choledochal duct stone had examined; the type classified according to Huang classification. Among the cases classified, 29 patients, was Huang Type A1, 27 patients were Huang Type A2, 16 patients were Huang Type A3, and seven patients were Huang Type A4. There was not any statistically significant association in terms of choledochal diameter regarding the types. Choledochal duct diameter was statistically higher in female patients than male patients (p&lt;0.05). According to the age group, a statistically significant difference detected for choledochal duct stone formation; individuals over 45 years of age present an increase for choledochal duct stone (p&lt;0.05). The choledochal duct diameter was found higher in female patients compared with male patients; stone formation has found increased in both gender over 45 years of age. It should consider before surgical procedures and radiological tests.</p>'),(17,'en_US','cleanTitle','Investigation of Biliary Canal Variations as a Cause of Stone Formation in the Choledochal Canal'),(17,'en_US','copyrightHolder','Tropical Health and Medical Research'),(17,'en_US','prefix',''),(17,'en_US','subtitle',''),(17,'en_US','title','Investigation of Biliary Canal Variations as a Cause of Stone Formation in the Choledochal Canal'),(18,'','copyrightYear','2020'),(18,'','hide_author','0'),(18,'','issueId','5'),(18,'','language','en'),(18,'','licenseURL',''),(18,'','pages','44-52'),(18,'','pub-id::doi','10.35916/thmr.v0i0.19'),(18,'en_US','abstract','<p>Poor sleep quality is a prevalent health problem among patients with diabetes. Metabolic syndrome (MetS) is common in type 2 diabetic patients and associated with morbidity and mortality. We aimed to investigate sleep quality among type 2 diabetes patients according to their metabolic syndrome status. This was an analysis of data collected from 189 adult type 2 diabetic patients. The patients divided into two groups (metabolic and non-metabolic) based on the presence of MetS. Anthropometric measurements, blood pressure, and serum glucose, lipid levels were collected. The Pittsburgh Sleep Quality Index (PSQI) calculated for all patients. There was no significant difference in subjective sleep quality scores between the two groups (p &gt; 0.05). However, there was a significant difference in sleep latency scores between the two groups; the scores of patients with MetS were lower than those of patients without MetS (p = 0.010, p &lt; 0.05).Sleep quality was low in 57.1% (n = 108) of patients with diabetes. Poor sleep is common among diabetic patients, but in this study, metabolic syndrome existence not associated with sleep quality in type 2 diabetic patients.</p>'),(18,'en_US','cleanTitle','Sleep Quality of Diabetic Patients with Metabolic Syndrome is There  a Difference'),(18,'en_US','copyrightHolder','Tropical Health and Medical Research'),(18,'en_US','prefix',''),(18,'en_US','subtitle',''),(18,'en_US','title','Sleep Quality of Diabetic Patients with Metabolic Syndrome, is There  a Difference?'),(19,'','copyrightYear','2020'),(19,'','hide_author','0'),(19,'','issueId','5'),(19,'','licenseURL',''),(19,'','pages','53-60'),(19,'','pub-id::doi','10.35916/thmr.v0i0.20'),(19,'en_US','abstract','<p>The ophthalmological examination is a vital aspect of the central nervous system examination in comatose children. Several authors have documented different findings with disparities in their recommendations about making ophthalmological examination a routine in the management of the unconscious child. This study sought to evaluate the relevance of routine ophthalmological examination in the management of unconscious children admitted into the paediatric emergency room of Enugu State University Teaching Hospital, Parklane, Enugu, Nigeria. This was a prospective longitudinal study conducted from April 2018 to March 2019. Unconscious patients whose caregivers gave consent were recruited into the study. Traumatic causes of coma were excluded. Demographic features of the patients were obtained. The ophthalmologic examination and diagnoses were made by an ophthalmologist, while the emergency room pediatrician made clinical assessment and diagnoses.&nbsp;Sixteen unconscious children had ophthalmologic examinations done. The Glasgow coma scale scores ranged from 3 to 11, with a mean of 6.6±2.2. Thirteen (81.3%) of the children were classified as severe unconsciousness while the rest were moderate. The degree of unconsciousness was significantly associated with the outcome (?2 =16.0, P = 0.03). A total of six (37.5%) ophthalmologic diagnoses were made, which included cerebral malaria, degenerative myopia, orbital cellulitis, and exposure keratopathy. The presence of an abnormal ophthalmologic finding was not significantly associated with outcome (?2 =0.36, P = 0.55). Routine ophthalmologic examination may not be justified as a management protocol in unconscious children but may be considered in selected cases.</p>'),(19,'en_US','cleanTitle','Ophthalmological Findings in Paediatric NonTraumatic Coma in Enugu State University Teaching Hospital Parklane Enugu Nigeria'),(19,'en_US','copyrightHolder','Tropical Health and Medical Research'),(19,'en_US','prefix',''),(19,'en_US','subtitle',''),(19,'en_US','title','Ophthalmological Findings in Paediatric Non-Traumatic Coma in Enugu State University Teaching Hospital, Parklane, Enugu, Nigeria'),(20,'','citationsRaw','1.	Wolfsdorf JI, Allgrove J, Craig ME, et al. A Consensus Statement from the International Society for Pediatric and Adolescent Diabetes: diabetic ketoacidosis and hyperglycemic hyperosmolar state. Pediatric Diabetes 2014: 15 (Suppl. 20): 154–79.\r\n2.	Lawrence SE. Diagnosis and treatment of diabetic ketoacidosis in children and adolescents. Paediatrics & child health. 2005 Jan 1;10(1):21-4.\r\n3.	Usher-Smith JA, Thompson M, Ercole A, Walter FM. Variation between countries in the frequency of diabetic ketoacidosis at first presentation of type 1 diabetes in children: a systematic review. Diabetologia 2012; 55: 2878–94. Original Article 16 African Journal of Diabetes Medicine Vol 24 No 2 November 2016 \r\n4.	Akanji AO. Clinical experience with adolescent diabetes in a Nigerian teaching hospital. Natl Med Assoc 1996; 88: 101–5. \r\n5.	Adeleke SI, Asani MO, Belonwu RO, et al. Childhood diabetes mellitus in Kano, North West-Nigeria. Niger J Med 2010; 19: 145–7. \r\n6.	Jaja T, Yarhere I. The pattern of presentation and trends of childhood diabetes mellitus in Port Harcourt, southern Nigeria. B J Med & Med Res 2015; 5: 247–53. \r\n7.	Ibekwe U M, Ibekwe C R. Pattern of type 1 diabetes mellitus in Abakaliki, south-eastern Nigeria. Pediatric Oncall [serial online] 2011[cited 2011 July 1]; 8. Art #48. Available from : http://www. pediatriconcall.com/Journal/Article/FullText.asp. \r\n8.	Ugege O, Ibitoye PK, Jiya NM. Childhood diabetes mellitus in Sokoto, north-western Nigeria: a ten year review. Sahel Med J 2015; 16: 97–101. \r\n9.	John C, Abok II, Yilgwan C. Clinical profile of childhood type 1 diabetes in Jos, Nigeria. Afr J Diabet Med 2013; 21: 11–13. \r\n10.	Onyiriuka AN, Ifebi E. Ketoacidosis at diagnosis of type 1 diabetes in children and adolescents: frequency and clinical characteristics. J Diab & Metab Dis 2013; 12: 47 http://www.jdmdonline.com/ content/12/1/47. \r\n11.	Monabeka HG, Mbika-Cardorelle A, Moyen G. Ketoacidosis in children and teenagers in Congo. Sante 2003; 13: 139–41. \r\n12.	Reddy Y, Ganie Y, Pillay K. Characteristics of children presenting with newly diagnosed type 1 diabetes. S Afr J Child Hlth 2013; 7: 46–8. \r\n13.	Majaliwa ES, Munubhi E, Ramaiya K, et al. Survey on acute and chronic complications in children and adolescents with type 1 diabetes at Muhimbili National Hospital in Dar es Salaam, Tanzania. Diabetes Care 2007; 10: 2187–92.\r\n14.	Edge JA, Ford-Adams ME, Dunger DB. Causes of death in children with insulin dependent diabetes 1990–96. Arch Dis Child 1999; 81: 318–23\r\n15.	Oyenusi EE, Nwaogu NT, Oduwole AO. Keto-acidosis at diagnosis of type 1 diabetes in children and adolescents in Lagos, South-West Nigeria: the pattern over 10 years. African Journal of Diabetes Medicine. 2016 Nov 1;24(2).\r\n16.	Patterson C, Guariguata L, Dahlquist G, Soltész G, Ogle G, Silink M. Diabetes in the young–a global view and worldwide estimates of numbers of children with type 1 diabetes. Diabetes research and clinical practice. 2014 Feb 1;103(2):161-75.\r\n17.	Hadgu FB, Sibhat GG, Gebretsadik LG. Diabetic ketoacidosis in children and adolescents with newly diagnosed type 1 diabetes in Tigray, Ethiopia: retrospective observational study. Pediatric health, medicine and therapeutics. 2019;10:49.\r\n18.	Wu HB, Zhong JM, Hu RY, Wang H, Gong WW, Pan J, Fei FR, Wang M, Guo LH, Yang L, Yu M. Rapidly rising incidence of Type 1 diabetes in children and adolescents aged 0–19 years in Zhejiang, China, 2007 to 2013. Diabetic Medicine. 2016 Oct;33(10):1339-46.\r\n19.	Maahs DM, West NA, Lawrence JM, Mayer-Davis EJ. Epidemiology of type 1 diabetes. Endocrinology and Metabolism Clinics. 2010 Sep 1;39(3):481-97.\r\n20.	Mooney RA, Senn J, Cameron S, Inamdar N, Boivin LM, Shang Y, Furlanetto RW: Suppressors of cytokine signaling-1 and – 6 associate with and inhibit the insulin receptor: a potential mechanism for cytokine-mediated insulin resistance. J Biol Chem 2001, 276(28):25889–25893\r\n21.	Komulainen J, Lounamaa R, Knip M, Kaprio EA, Akerblom HK. Ketoacidosis at the diagnosis of type 1 (insulin dependent) diabetes mellitus is related to poor residual beta cell function. Arch Dis Childhood1996;75:410-5\r\n22.	Blanc N, Lucidarme N, Tubiana-Rufi N. Factors associated to ketoacidosis at diagnosis of type 1 diabetes in children. Archives de Pediatrie2003;10:320-5\r\n23.	Bui H, To T, Stein R, Fung K, Daneman D. Is diabetic ketoacidosis at disease onset a result of missed diagnosis? J Pediatr2010;156:472-7\r\n24.	Rosenbauer J, Icks A, Giani G. Clinical characteristics and predictors of severe ketoacidosis at onset of type 1 diabetes mellitus in children in a North Rhine-Westphalian region, Germany. J Pediatr Endocrinol Metab2002;15:1137-45.\r\n25.	Smith CP, Firth D, Bennett S, Howard C, Chisholm P. Ketoacidosis occurring in newly diagnosed and established diabetic children. Acta Paediatrica1998;87:537-41.\r\n26.	Usher-Smith JA, Thompson MJ, Sharp SJ, Walter FM. Factors associated with the presence of diabetic ketoacidosis at diagnosis of diabetes in children and young adults: a systematic review. Bmj. 2011 Jul 7;343:d4092.\r\n27.	Xin Y, Yang M, Chen XJ, Tong YJ, Zhang LH. Clinical features at the onset of childhood type 1 diabetes mellitus in Shenyang, China. Journal of paediatrics and child health. 2010 Apr;46(4):171-5.\r\n28.	Levy?Marchal C, Patterson CC, Green A, Eurodiab Ace Study Group. Geographical variation of presentation of type 1 diabetes in children. Diabetologia. 2001; 44 (Suppl. 3): B75– 80.\r\n29.	Al?Magamsi MS, Habib HS. Clinical presentation of childhood type 1 diabetes mellitus in the Al?Madina region of Saudi Arabia. Pediatr. Diabetes. 2004; 5: 95– 8.\r\n30.	Umar UI. Pattern of presentation of Type 1 diabetic patients in Kano, Nigeria. Niger J Basic Clin Sci 2016;13:85-8.\r\n31.	Agarwal A, Yadav A, Gutch M, Consul S, Kumar S, Prakash V, Gupta AK, Bhattacharjee A. Prognostic factors in patients hospitalized with Diabetic Ketoacidosis. Endocrinology and metabolism. 2016 Sep 1;31(3):424-32.\r\n32.	Idris UA. Childhood diabetes mellitus in a rural tertiary hospital in North-West Nigeria. CHRISMED J Health Res 2018;5:123-6.\r\n33.	Umpierrez GE, Murphy MB, Kitabchi AE. Diabetic ketoaci¬dosis and hyperglycemic hyperosmolar syndrome. Diabetes Spectr 2002;15:28-36.\r\n34.	Rayfield EJ, Ault MJ, Keusch GT, Brothers MJ, Nechemias C, Smith H. Infection and diabetes: the case for glucose control. Am J Med 1982;72:439-50.'),(20,'','hide_author','0'),(20,'en_US','abstract','<p>Diabetic ketoacidosis (DKA) is the most serious complication in paediatric cases of type 1 diabetes and also the leading cause of death in these children. There is a wide geographic variation in the frequency of DKA at onset of diabetes. This study sought to determine the prevalence and pattern of DKA in Enugu and review the treatment and outcome over a 10 year period.</p>\r\n<p>This retrospective study was conducted in the Children Emergency Rooms (CHER) of the two tertiary institutions in Enugu State, South East Nigeria: Enugu State University Teaching Hospital (ESUTH) and the University of Nigeria Teaching Hospital (UNTH). The biochemical criteria for the diagnosis of diabetic ketoacidosis (DKA) was based on the presence of hyperglycaemia (blood glucose?&gt;?11&nbsp;mmol/L), acidosis (serum bicarbonate?&lt;?15&nbsp;mmol/L) and ketonuria (urine ketone ?1+).</p>\r\n<p>A total of 16,488 children were admitted during the 10 years period, of which 21 children presented with DKA, representing a prevalence of 0.13%. Six (28.6%) of the patients were newly diagnosed diabetics while fifteen (71.4%) were known diabetics, of which 9 (60%) were presenting with DKA for the first time. A total of two patients died giving a mortality rate of 9.5%. The rest were treated and discharged. The total duration of hospitalization ranged from 1 – 31 days, with a mean duration of 13.3 ± 7.5 days.</p>\r\n<p>This study has revealed some of the challenges with management of children with DKA and the mortality rate which is unacceptably high</p>'),(20,'en_US','cleanTitle','PREVALENCE AND PATTERN OF DIABETIC KETOACIDOSIS AMONG CHILDREN IN ENUGU SOUTH EAST NIGERIA: A 10 YEAR RETROSPECTIVE STUDY'),(20,'en_US','prefix',''),(20,'en_US','subtitle',''),(20,'en_US','title','PREVALENCE AND PATTERN OF DIABETIC KETOACIDOSIS AMONG CHILDREN IN ENUGU, SOUTH EAST NIGERIA: A 10 YEAR RETROSPECTIVE STUDY'),(21,'','copyrightYear','2020'),(21,'','hide_author','0'),(21,'','issueId','5'),(21,'','licenseURL',''),(21,'','pages','61-68'),(21,'','pub-id::doi','10.35916/thmr.v0i0.22'),(21,'en_US','abstract','<p>Infection is a disease caused by the presence of pathogenic microbes, including <em>Staphylococcus aureus</em> and <em>Escherichia coli</em>. Garlic (<em>Allium sativum</em> L.) has chemical contents such as allicin, alkaloids, flavonoids, saponins, tannins, and steroids, which can function as an antibacterial against <em>Staphylococcus aureus</em> and <em>Escherichia coli</em>. This study aims to determine the antibacterial properties of garlic extract powder against <em>Staphylococcus aureus</em> and <em>Escherichia coli</em>. This research is the initial stage of the development of herbal medicines to treat <em>Staphylococcus aureus</em> and <em>Escherichia coli</em> infections. The antibacterial activity test was carried out by the liquid dilution method. The concentrations used were 30 mg/mL, 40 mg/mL, 50 mg/mL, 60 mg/mL and 70 mg/mL. The results showed that the Minimum Inhibitory Concentration (MIC) against <em>Staphylococcus aureus</em> and <em>Escherichia coli</em> was 40 mg/mL and 50 mg / mL. Minimum Bactericidal Concentration (MBC) results for <em>Staphylococcus aureus</em> and <em>Escherichia coli</em> are 50 mg/mL and 70 mg/mL. Based on the Simple Linear Regression test, the R2 value of <em>Staphylococcus aureus</em> and <em>Escherichia coli</em> is 0.545 and 0.785, so it can be concluded that there is an effect of garlic extract powder on the growth of <em>Staphylococcus aureus</em> and <em>Escherichia coli</em> by 54.5% and 78.5%. Garlic (<em>Allium sativum</em> L.) extract powder has potential as herbal medicine against bacterial infections but requires further research to determine its effect in vivo.</p>'),(21,'en_US','cleanTitle','Garlic Extract Allium sativum L Effectively Inhibits  Staphylococcus aureus and Escherichia coli by Invitro Test'),(21,'en_US','copyrightHolder','Tropical Health and Medical Research'),(21,'en_US','prefix',''),(21,'en_US','subtitle',''),(21,'en_US','title','Garlic Extract (Allium sativum L.) Effectively Inhibits  Staphylococcus aureus and Escherichia coli by Invitro Test'),(22,'','copyrightYear','2020'),(22,'','hide_author','0'),(22,'','issueId','5'),(22,'','licenseURL',''),(22,'','pages','69-76'),(22,'','pub-id::doi','10.35916/thmr.v0i0.23'),(22,'en_US','abstract','<p><em>Streptococcus pyogenes</em> and <em>Pseudomonas aeruginosa</em> are some of the causes of infectious diseases. <em>Centella asiatica (L.) Urban</em> has many benefits for humans, including overcoming fever, anti-bacterial, and anti-inflammatory. This study aims to determine the inhibition of <em>Centella asiatica (L.) Urban</em> leaves ethanol extract on the growth of <em>Streptococcus pyogenes</em> and <em>Pseudomonas aeruginosa</em>. This research is the initial stage of the development of herbal medicines to treat <em>Streptococcus pyogenes</em> and <em>Pseudomonas aeruginosa</em> infections. The independent variable was the concentration of ethanol extract of <em>Centella asiatica (L.) Urban</em> leaves and the dependent variable was the growth of <em>Streptococcus pyogenes</em> and <em>Pseudomonas aeruginosa</em>. The anti-bacterial activity test was carried out by the liquid dilution method. The concentrations used are 20%, 40%, 60%, 80%. 100% The results showed that the minimum inhibitory concentration (MIC) against <em>Streptococcus pyogenes</em>: 40% and <em>Pseudomonas aeruginosa</em>: 40%. Minimum bactericidal concentration (MBC) results for <em>Streptococcus pyogenes</em>: 60% and <em>Pseudomonas aeruginosa</em>: 60%. So it can be concluded that there is inhibition of the ethanol extract of <em>Centella asiatica (L.) Urban</em> leaves on the growth of <em>Streptococcus pyogenes</em> and <em>Pseudomonas aeruginosa</em>. Centella Asiatica (L.) Urban extract has potential as herbal medicine against bacterial infections but requires further research to determine its effect in vivo.</p>'),(22,'en_US','cleanTitle','Ethanol Extract Of Centella Asiatica L Urban Leaves Effectively Inhibit Streptococcus pyogenes and  Pseudomonas aeruginosa by Invitro Test'),(22,'en_US','copyrightHolder','Tropical Health and Medical Research'),(22,'en_US','prefix',''),(22,'en_US','subtitle',''),(22,'en_US','title','Ethanol Extract Of Centella Asiatica (L.) Urban Leaves Effectively Inhibit Streptococcus pyogenes and  Pseudomonas aeruginosa by Invitro Test'),(23,'','copyrightYear','2020'),(23,'','hide_author','0'),(23,'','issueId','5'),(23,'','licenseURL',''),(23,'','pages','86-95'),(23,'','pub-id::doi','10.35916/thmr.v0i0.24'),(23,'en_US','abstract','<p><strong>Introduction:</strong> tenofovir disoproxil fumarate (TDF) has low general toxicity and can lead to moderate reduction in glomerular filtration rate (GFR) and a larger prevalence of renal tubular dysfunction (RTD). The mechanism of RTD has been attributed to the mitocondrial lesion in the proximal tubule cells caused by the increase of the intracelular TDF concentration. Aditionaly, host´s genetic polymorphisms have been considered one of the TDF concentration increasing causes. RTD can be characterized by the deficiency in the solutes reabsorption as bicarbonate, uric acid, phosphate, glucose and low weight molecular proteins.</p>\r\n<p>&nbsp;<strong>Objectives:</strong> verify the prevalence of renal tubular dysfunction &nbsp;in the people living with HIV (PLWH) on TDF treatment, identify the risk factors associated and compare the 24-hours urine findings with the serum creatinine and its calculated clearance for the RTD identification. <strong>Methods:</strong> prospective case control study, performed between january 2011 to december 2015. <strong>Results:</strong> 163 patients were included in the study, in which 106 (68.4%) didn\'t use TDF and 57 (31.6%) used TDF. RTD occured in 8 patients that used TDF, a prevalence of 14%. The patients age was identified as significant risk factor for the development of RTD. Proteinuria and the phosphaturia were significant for the diagnosis of RTD. <strong>Conclusions:</strong> age was determined as risk factor for RTD, mainly in patients over 60 years-old. Phosphaturia and proteinuria showed the greatest diagnosis sensitivity for RTD. The serum creatinine and phosphorus concentration, the creatinine clearance and the stand alone hyperproteinuria should not be used as diagnosis predictors for RTD.</p>'),(23,'en_US','cleanTitle','Renal Tubular Dysfunction Linked to Tenofovir in Antiretroviral Therapy in HIVInfected Patients'),(23,'en_US','copyrightHolder','Tropical Health and Medical Research'),(23,'en_US','prefix',''),(23,'en_US','subtitle',''),(23,'en_US','title','Renal Tubular Dysfunction Linked to Tenofovir in Antiretroviral Therapy in HIV-Infected Patients'),(24,'','citationsRaw',''),(24,'','hide_author','0'),(24,'en_US','abstract','<p><em>Salmonella typhi</em> and <em>Staphylococcus aureus</em> are pathogenic bacteria that cause infectious diseases. Treatment of these diseases can be done by giving antibacterial drugs. One of the plants that can be used as an antibacterial drug is the leaves of <em>Chromolaena odorata L.</em> due to the presence of chemical compounds such as flavonoids, tannins, and saponins that have the potential as antibacterial. This study aims to determine the Minimum Inhibitory Concentration (MIC), and Minimum Bactericidal Concentration (MBC) ethanol extract of <em>Chromolaena odorata L.</em> leaves on the growth of <em>Salmonella typhi</em> and <em>Staphylococcus aureus</em>. The study consisted of 5 treatments, namely concentrations of 20%, 40%, 60%, 80%, and 100% ethanol extract of <em>Chromolaena odorata L.</em> leaves with five repetitions. The antibacterial activity test was carried out by MIC and MBC methods. The research material uses leaves from <em>Chromolaena odorata L.</em> in the Sungai Besar area, South Banjarbaru, South Kalimantan, Indonesia. The results showed that the average MIC yield of ethanol extract of <em>Chromolaena odorata L.</em> leaves against <em>Salmonella typhi</em>: 20% and <em>Staphylococcus aureus</em>: 20%. While the average yield of MBC values ??against <em>Salmonella typhi</em>: 40% and <em>Staphylococcus aureus</em>: 40%. Based on the results obtained, it can be concluded that the ethanol extract of <em>Chromolaena odorata L.</em> leaves has an inhibitory effect on the growth of <em>Salmonella typhi</em> and <em>Staphylococcus aureus</em>.</p>'),(24,'en_US','cleanTitle','EFFECTIVENESS OF ETHANOL EXTRACT OF CHROMOLAENA ODORATA L LEAVES AS ANTIBACTERIAL OF SALMONELLA TYPHI AND STAPHYLOCOCCUS AUREUS'),(24,'en_US','prefix',''),(24,'en_US','subtitle',''),(24,'en_US','title','EFFECTIVENESS OF ETHANOL EXTRACT OF CHROMOLAENA ODORATA L. LEAVES AS ANTIBACTERIAL OF SALMONELLA TYPHI AND STAPHYLOCOCCUS AUREUS'),(25,'','citationsRaw',''),(25,'','hide_author','0'),(25,'en_US','abstract','<p><strong>Abstract:</strong> ?ntroduction: Microangiopathic hemolytic anemia (MAHA) is a group of patients&nbsp; with a&nbsp; mortality that is rarely treated untreated.Aim: Our aim is to emphasize the need to recall the MAHA in differential diagnosis of patients&nbsp; with thrombocytopenia, especially those with end-organ involvement, which are presented in this study.At the same time to show that the rate of mortality in early&nbsp; diagnosis and treatment has decreased.Materials and methods: We retrospectively reviewed the&nbsp; cases that were diagnosed and treated and treated in the Internal Medicine Service between september 2017 and may 2019.A total of 15 patients were included in the study.From patients, first application; complete blood count, sedimentation, peripheral smear, direct coombs, CRP, coagulation tests and biochemical tests were performed.Also, before and after each plasmapheresis treatment; complete blood count, urea, creatine, LDH, indirect bilirubin levels.Findings: The mean age of the patients was 8/7 (53.3/46.6) and the mean age was 46.8(25-79).As a result of etiological classification of patients; 8 patients (53.3%) had TTP, 4 patients (%26.6 ) had vitamin B12 deficiency, 1 patient had systemi lupus erythematosus( %6.6), 1 patient (%6.6) was associated with complement, 1 patien&nbsp; (%6.6) had drug-releated.As a result of; the 15 patients included in the study, 11 patients (73.3%) were recovered, 1 patient (6.6%) died after discharge, and 4 patients (20%) died during follow, totally 5 (%33.3) patients died.</p>'),(25,'en_US','cleanTitle','Retrospective Analysis of Patients Hospitalized with the Diagnosis of Microangiopathic Hemolytic Anemia in our Internal Medicine Clinic'),(25,'en_US','prefix',''),(25,'en_US','subtitle',''),(25,'en_US','title','Retrospective Analysis of Patients Hospitalized with the Diagnosis of Microangiopathic Hemolytic Anemia in our Internal Medicine Clinic'),(26,'','copyrightYear','2020'),(26,'','hide_author','0'),(26,'','issueId','6'),(26,'','licenseURL',''),(26,'','pages',''),(26,'','pub-id::doi','10.35916/thmr.v0i0.28'),(26,'en_US','abstract','<p>Covid outbreak has been getting worse and spread affected all over the world. Pregnant patients are also vulnerable to respiratory diseases. We aimed to evaluate the awareness, emotional status, and behavior of pregnant during the COVID outbreak. This study\'s main benefit is to analyze the knowledge and understanding of pregnant women about the pandemic and draw attention to the prevention issues that need improvement. This research is a prospective observational study that 199 patients subjected to a questionnaire including 29 questions about patient characteristics, pregnancy information, knowledge about COVID19-infection, behavioral and emotional changes. 130 (65.3) of the patients stated an above-average knowledge level. Television was the most frequent information source (75.4%, n:150) and was the only information source for 90 (45.1%) of the patients.&nbsp;Sixty-nine patients used more than one information source. More than one prevention method uses by 149 (75%) of the patients. Washing hands (n:183, 92.0%) and cleaning the house (n:122, 61.3%) were the most preferred methods. Only 55 (27.6%) of the patients used a mask for prevention. 88(44.2%) of the patients stated that they preferred a shorter hospital stay, and 75 (37.7%) of the patients indicated that they postponed or avoided the pregnancy follow-up visits due to the COVID-19 issue. Pregnant women seem to be aware and stressed of COVID-19, but knowledge of what to do seems insufficient. Patients informed of risks of COVID infection, unplanned hospital admission, and chances of avoiding necessary visits and home birth demands.</p>'),(26,'en_US','cleanTitle','Awareness of Pregnant Women for COVID19 Infection'),(26,'en_US','copyrightHolder','Tropical Health and Medical Research'),(26,'en_US','prefix',''),(26,'en_US','subtitle',''),(26,'en_US','title','Awareness of Pregnant Women for COVID-19 Infection'),(27,'','copyrightYear','2021'),(27,'','hide_author','0'),(27,'','issueId','6'),(27,'','licenseURL',''),(27,'','pages',''),(27,'','pub-id::doi','10.35916/thmr.v0i0.29'),(27,'en_US','abstract','<p>The current study design to assess the dose-response effect of administering an aqueous extract of guava leaves on the microstructure of the testicles due to the growing use of this plant in complementary and alternative medicine practice.&nbsp;Twenty-four male albino Wistar rats with an average body weight of 160 g apportion to four groups (n=6 each). Group, I served as the control and received distilled water; group II gave a lower dose of 500 mg/kg body weight of guava leaf extract; group III received a medium dose of 750 mg/kg; while group IV administer a higher amount of 1000 mg/kg per day. Treatments were given once daily by gavage and lasted for 14 days, while the stock solution prepares by dissolving 50 g of the extract in 30 ml of water. The cervical dislocation method used to euthanize the rats, dissect the abdominopelvic region to obtain tissue specimens from the testes for histological processing.&nbsp;The outcome exhibited the extract to cause moderate to severe (dose-dependent) morphological alterations with the seminiferous tubules\' fibrotic appearance, strict spermatogenic arrest, and necrosis of both the interstitial cells of Leydig and the Sertoli cells.&nbsp;The ingestion of guava leaves at the investigated concentration and doses is harmful to the testicle, the primary reproductive organ in males. It should therefore be consumed with caution when being used primarily in folklore-traditional medicine.</p>'),(27,'en_US','cleanTitle','Morphological Alterations of the Rat Testicles Following Administration of Graded Doses of Leaves of Guava Psidium guajava Linn Aqueous Extract'),(27,'en_US','copyrightHolder','Tropical Health and Medical Research'),(27,'en_US','prefix',''),(27,'en_US','subtitle',''),(27,'en_US','title','Morphological Alterations of the Rat Testicles Following Administration of Graded Doses of Leaves of Guava (Psidium guajava Linn.) Aqueous Extract'),(28,'','citationsRaw',''),(28,'','hide_author','0'),(28,'en_US','abstract','<p>&nbsp;</p>\r\n<p>Background and objective: Obesity is a common health problem among females of reproductive age. Obesity is associated with fetal and maternal complications. The aim of this study is to assess the knowledge, attitude, and practice of pregnant women regarding obesity and its negative impact on maternal and fetal health.</p>\r\n<p>Methods:&nbsp; This study was conducted among 218 pregnant women who attended one primary care center in Abha City, KSA during&nbsp; 2018. The participants were interviewed during their visit to the antenatal clinic using a valid questionnaire which includes many questions exploring the knowledge, attitude, and practice regarding obesity during pregnancy. Data were entered, analyzed through SPSS. Relevant statistical tests were used accordingly, p-values were considered significant if less than 5%.</p>\r\n<p>Results: The prevalence rate of overweight and obesity were 37.6% and 24% respectively, more than half of participants did not know the expected average weight increase during pregnancy, more than half were unable to classify their actual weight correctly. Knowledge regarding the harmful effects of obesity on maternal and fetal health during pregnancy was poor.&nbsp; Pregnant women also have false beliefs about dietary habits and physical activities which may lead to gaining of extra weight during pregnancy and worsen the outcomes.</p>\r\n<p>Conclusion: The prevalence rates of overweight and obesity among many pregnant women were high. Knowledge related to obesity and its maternal and fetal risk was inadequate. False beliefs regarding lifestyles during pregnancy were evident. Preconception structured health education program to upgrade knowledge, change attitude, to improve practice, and to correct misbeliefs regarding obesity during pregnancy is mandatory.&nbsp;</p>\r\n<p>Keywords: obesity, overweight, Knowledge, Attitude, Practice Pregnancy</p>\r\n<p>&nbsp;</p>'),(28,'en_US','cleanTitle','KNOWLEDGE OF PREGNANT WOMEN REGARDING EFFECTS OF OBESITY ON MATERNAL AND  FETAL HEALTH'),(28,'en_US','prefix',''),(28,'en_US','subtitle',''),(28,'en_US','title','KNOWLEDGE OF PREGNANT WOMEN REGARDING EFFECTS OF OBESITY ON MATERNAL AND  FETAL HEALTH.'),(29,'','citationsRaw','1. 	Oyer S, Nellis J, Ishii L, Boahene K. Comparison of Objective Outcomes in Dynamic Lower Facial Reanimation With Temporalis Tendon and Gracilis Free Muscle Transfer. JAMA Otolaryngol Head Neck Surg Neck Surg. 2018;144(12):1162–8. https://doi:10.1001/jamaoto.2018.1964\r\n2. 	Györi E, Mayrhofer M, Schwaiger BM, Pona I, Tzou CH. Functional results after facial reanimation in iatrogenic facial palsy. Microsurgery. 2019;1–9. https://doi.org/10.1002/micr.30478\r\n3. 	Bos R, Reddy SG, Mommaerts MY. Lengthening temporalis myoplasty versus free muscle transfer with the gracilis flap for long-standing facial paralysis: A systematic review of outcomes. J Cranio-Maxillofacial Surg. 2016 Aug 1;44(8):940–51. https://doi.org/10.1016/j.jcms.2016.05.006\r\n4. 	Boahene K, Owusu J, Ishii L, Ishii M. The multivector gracilis free functional muscle flap for facial reanimation. JAMA Facial Plast Surg. 2018;E1–7. https://doi.org/10.1001/jamafacial.2018.0048\r\n5. 	Harii K, Ohmori K, Torii S. Free gracilis muscle transplantation, with microneurovascular anastomoses for the treatment of facial paralysis. A preliminary report. Plast Reconstr Surg. 1976;57(2):133–43. https://doi.org/10.1097/00006534-197602000-00001\r\n6. 	Bhama PK, Weinberg JS, Lindsay RW, Hohman MH, Cheney ML, Hadlock TA. Objective Outcomes Analysis Following Microvascular Gracilis Transfer for Facial Reanimation A Review of 10 Years’ Experience. JAMA Facial Plast Surg. 2014;16(2):85–92. https://doi.org/10.1001/jamafacial.2013.2463\r\n7. 	Greene J, Tavares J, Mohan S, Jowett N. Long-Term Outcomes of Free Gracilis Muscle Transfer for Smile Reanimation in Children. J Pediatr. 2018;202:279–84. https://doi.org/10.1016/j.jpeds.2018.06.043\r\n8. 	Rüfer F, Schröder A, Erb C. White-to-white corneal diameter: normal values in healthy humans obtained with the Orbscan II topography system. Cornea. 2005;24(3):259–61. https:// doi: 10.1097/01.ico.0000148312.01805.53\r\n9. 	Rubin L, Mishriki Y, Lee G. Anatomy of the nasolabial fold: the keystone of the smiling mechanism. Plast Reconstr Surg. 1989;83(1):1–10. https://doi.org/10.1097/00006534-198901000-00001\r\n10. 	Lin J, Lu J, Chang T. Simultaneous reconstruction of the lower lip with gracilis functioning free muscle transplantation for facial reanimation: Comparison of different techniques. Plast Reconstr Surg. 2018;142(5):1307–17. https://doi.org/10.1097/PRS.0000000000004849\r\n11. 	Labbè D, Bussu F, Iodice A. A comprehensive approach to long-standing facial paralysis based on lengthening temporalis myoplasty. Acta Otorhinolaryngol Ital. 2012;32(3):145–53. \r\n12. 	Hayashi A, Labbé D, Natori Y, Yoshizawa H, Kudo H, Sakai T, et al. Experience and anatomical study of modified lengthening temporalis myoplasty for established facial paralysis. J Plast Reconstr Aesthetic Surg. 2015 Jan 1;68(1):63–70. https://doi.org/10.1016/j.bjps.2014.09.037\r\n13. 	Whitney T, Buncke H, Alpert B. The serratus anterior free-muscle flap: experience with 100 consecutive cases. Plast Reconstr Surg. 1990;86(3):481–90. \r\n14. 	Allevi F, Motta G, Colombo V, Biglioli F. Double-bellied latissimus dorsi free flap to correct full dental smile palsy. BMJ Case Rep [Internet]. 2015 [cited 2019 Oct 28]; Available from: http://dx.doi.org/10.1136/bcr-2015-210436\r\n15. 	Ueda K, Harii K, Yamada A. Free vascularized double muscle transplantation for the treatment of facial paralysis. Plast Reconstr Surg. 1995;95(7):1288–96.'),(29,'','hide_author','0'),(29,'en_US','abstract','<p><strong>Objective: </strong>To address objective excursion and symmetry results from a series of free gracilis muscle transfer (FGMT) cases and examine the predictive intraoperative number of vectors anchored during flap inset on outcomes.</p>\r\n<p><strong>Method: </strong>A retrospective analysis was performed by data retrieved from the HUSM Plastic &amp; Reconstructive Surgery OR Registry from January 2005 to June 2019. All patients who reported facial nerve palsy were recorded and re-evaluated. All characteristics in interest were epidemiologically tabulated and analyzed in detail. Subsequently, outcome assessment was performed to look for facial symmetry and smile excursion with comparison to the healthy side of the face.</p>\r\n<p><strong>Results</strong>: Out of 12 patients diagnosed with facial palsy, 4 patients underwent static facial reanimation and 8 patients underwent dynamic facial reanimation with 4 of them completed 2 stages of cross facial nerve grafting (CFNG) and free gracilis muscle transfer (FGMT). One of the FGMTs had missed a follow-up. The mean age was 20 (range 11 to 30), 1 patient was male and 2 were female. The mean duration for follow up was 69 months. The mean duration of operating time was 8.67 hours. All operations without complication and there was no microvascular re-exploration. Smile excursion and angle excursion at smile improved following FGMT. Association between the number of vectors anchored during flap inset to the outcome were identified.</p>\r\n<p><strong>Conclusions</strong>: Dynamic facial reanimation using FGMT still the gold standard of treatment which provides a good quantifiable improvement in oral commissure excursion and facial symmetry with smiling.&nbsp; Use of multivector gracilis flap was suggestive to associate with the good outcome on an excursion and symmetrical of the smile.</p>'),(29,'en_US','cleanTitle','OUTCOME ANALYSIS FOLLOWING MICROVASCULAR FREE GRACILIS MUSCLE TRANSFER FOR MULTIVECTOR FACIAL REANIMATION'),(29,'en_US','prefix',''),(29,'en_US','subtitle',''),(29,'en_US','title','OUTCOME ANALYSIS FOLLOWING MICROVASCULAR FREE GRACILIS MUSCLE TRANSFER FOR MULTI-VECTOR FACIAL REANIMATION'),(30,'','copyrightYear','2021'),(30,'','hide_author','0'),(30,'','issueId','6'),(30,'','licenseURL',''),(30,'','pages',''),(30,'','pub-id::doi','10.35916/thmr.v0i0.33'),(30,'en_US','abstract','<p>The purpose of this study is to analyze the relationship between the use of government health facilities with predisposing factors (preference and self-efficacy) and reinforcing factors (support) in pregnant women. This survey research with a cross-sectional study design was conducted in the Pekauman Community Health Center\'s working area in Banjarmasin, Indonesia, with 125 respondents who had babies aged ? six months who lived in the Pekauman Community Health Center\'s working area who visited the integrated service post in August 2017. The analysis was performed using the Chi-Square test. The results of the study 89 respondents (71.2%) made use of antenatal care facilities; 92 respondents (73.6%) chose health facilities; 88 respondents (70, 4%) have high self-efficacy; 78 respondents (62.4%) received support (family, friends, social groups). This research concludes that there is a relationship between the preferences of pregnant women (p= 0.025) with the use of antenatal services in government health facilities; There was no relationship between self-efficacy (p= 0.096); there is no relationship between family support, friends, social groups (p= 0.227) with the use of antenatal care for pregnant women in government health facilities. It is suggested to conduct further research on the relationship between antenatal services for pregnant women in government health facilities with the completeness of health facilities and the level of respondent satisfaction.</p>'),(30,'en_US','cleanTitle','Utilization of Health Facilities by Pregnant Women at Pekauman Community Health Center Banjarmasin Indonesia'),(30,'en_US','copyrightHolder','Tropical Health and Medical Research'),(30,'en_US','prefix',''),(30,'en_US','subtitle',''),(30,'en_US','title','Utilization of Health Facilities by Pregnant Women at Pekauman Community Health Center, Banjarmasin, Indonesia'),(31,'','citationsRaw','Azam, M., Sulistiana, R., Ratnawati, M., Fibriana, A. I., Bahrudin, U., Widyaningrum, D., & Aljunid, S. M. (2020). Recurrent SARS-CoV-2 RNA positivity after COVID-19: A systematic review and meta-analysis. Scientific Reports, 10(1), 20692. https://doi.org/10.1038/s41598-020-77739-y\r\nCacciapaglia, G., Cot, C., & Sannino, F. (2020). Second wave COVID-19 pandemics in Europe: A temporal playbook. Scientific Reports, 10(1), 15514. https://doi.org/10.1038/s41598-020-72611-5\r\nCevik, M., Tate, M., Lloyd, O., Maraolo, A. E., Schafers, J., & Ho, A. (2020). SARS-CoV-2, SARS-CoV-1 and MERS-CoV Viral Load Dynamics, Duration of Viral Shedding and Infectiousness: A Living Systematic Review and Meta-Analysis (SSRN Scholarly Paper ID 3677918). Social Science Research Network. https://doi.org/10.2139/ssrn.3677918\r\nFalahi, S., & Kenarkoohi, A. (2020). COVID-19 reinfection: Prolonged shedding or true reinfection? New Microbes and New Infections, 38, 100812. https://doi.org/10.1016/j.nmni.2020.100812\r\nGeorge, D., & Mallery, P. (2019). IBM SPSS statistics 25 step by step: A simple guide and reference (Fifteenth edition). Routledge, Taylor & Francis Group.\r\nGidari, A., Nofri, M., Saccarelli, L., Bastianelli, S., Sabbatini, S., Bozza, S., Camilloni, B., Fusco-Moffa, I., Monari, C., De Robertis, E., Mencacci, A., & Francisci, D. (2021). Is recurrence possible in coronavirus disease 2019 (COVID-19)? Case series and systematic review of literature. European Journal of Clinical Microbiology & Infectious Diseases: Official Publication of the European Society of Clinical Microbiology, 40(1), 1–12. https://doi.org/10.1007/s10096-020-04057-6\r\nHoang, T. (2020). Characteristics of COVID-19 recurrence: A systematic review and meta-analysis [Preprint]. Infectious Diseases (except HIV/AIDS). https://doi.org/10.1101/2020.09.05.20189134\r\nKatewongsa, P., Widyastari, D. A., Saonuam, P., Haemathulin, N., & Wongsingha, N. (2020). The effects of the COVID-19 pandemic on the physical activity of the Thai population: Evidence from Thailand’s Surveillance on Physical Activity 2020. Journal of Sport and Health Science, S2095254620301344. https://doi.org/10.1016/j.jshs.2020.10.001\r\nLan, L., Xu, D., Ye, G., Xia, C., Wang, S., Li, Y., & Xu, H. (2020). Positive RT-PCR Test Results in Patients Recovered From COVID-19. JAMA, 323(15), 1502. https://doi.org/10.1001/jama.2020.2783\r\nNicola, M., Alsafi, Z., Sohrabi, C., Kerwan, A., Al-Jabir, A., Iosifidis, C., Agha, M., & Agha, R. (2020). The socio-economic implications of the coronavirus pandemic (COVID-19): A review. International Journal of Surgery (London, England), 78, 185–193. https://doi.org/10.1016/j.ijsu.2020.04.018\r\nSharma, O., Sultan, A. A., Ding, H., & Triggle, C. R. (2020). A Review of the Progress and Challenges of Developing a Vaccine for COVID-19. Frontiers in Immunology, 11, 585354. https://doi.org/10.3389/fimmu.2020.585354\r\nShui, T.-J., Li, C., Liu, H., Chen, X., & Zhang, B. (2020). Characteristics of recovered COVID-19 patients with recurrent positive RT-PCR findings in Wuhan, China: A retrospective study. BMC Infectious Diseases, 20(1), 749. https://doi.org/10.1186/s12879-020-05463-z\r\nTao, W., Wang, X., Zhang, G., Guo, M., Ma, H., Zhao, D., Sun, Y., He, J., Liu, L., Zhang, K., Wang, Y., Weng, J., Ma, X., Jin, T., & Zhu, S. (2020). Re-detectable positive SARS-CoV-2 RNA tests in patients who recovered from COVID-19 with intestinal infection. Protein & Cell. https://doi.org/10.1007/s13238-020-00778-8\r\nWoloshin, S., Patel, N., & Kesselheim, A. S. (2020). False Negative Tests for SARS-CoV-2 Infection—Challenges and Implications. The New England Journal of Medicine, 383(6), e38. https://doi.org/10.1056/NEJMp2015897\r\nXiao, A. T., Tong, Y. X., & Zhang, S. (2020). False negative of RT-PCR and prolonged nucleic acid conversion in COVID-19: Rather than recurrence. Journal of Medical Virology, 92(10), 1755–1756. https://doi.org/10.1002/jmv.25855\r\nYuan, B., Liu, H.-Q., Yang, Z.-R., Chen, Y.-X., Liu, Z.-Y., Zhang, K., Wang, C., Li, W.-X., An, Y.-W., Wang, J.-C., & Song, S. (2020). Recurrence of positive SARS-CoV-2 viral RNA in recovered COVID-19 patients during medical isolation observation. Scientific Reports, 10(1), 11887. https://doi.org/10.1038/s41598-020-68782-w'),(31,'','hide_author','0'),(31,'en_US','abstract','<p>Backround:The studies about COVID-19 began to show that people who have already had COVID-19 were re-admitted to the hospital due to COVID-19 positivity.</p>\r\n<p>Objective:This study aims to identify recurrent positive patients and the demographic characteristics of these patients.</p>\r\n<p>Metod-Results:The number of recurrent COVID-19 positive patients&nbsp; was 190. Of these patients, 97 (51.1%) were male, the average age was 43.98 years (±16.3), 147 (77.4%) were never hospitalized, Of the hospitalized patients, 28 (65.1%) were male and the average age of the inpatients was 54.67 years (±16.15). Looking at the duration of hospital stay of the inpatients, it was observed that the average was 11.16 days (±8.9). A positive correlation was found between the age of the patients and the duration of their hospital stay (r=0.386). The average time between the two positives was 52.92 days.</p>\r\n<p>Conclusion:Patients who have a recurrent positive result usually survive the disease with outpatient treatment for their mild illness. Hospitalization rates of male patients were higher than those of females, and the duration of hospital stay was found to increase as the age of the patients increases.</p>\r\n<p>&nbsp;</p>'),(31,'en_US','cleanTitle','Analysis of Recurrent Positive COVID19 Patients in A Hospital'),(31,'en_US','prefix',''),(31,'en_US','subtitle',''),(31,'en_US','title','Analysis of Recurrent Positive COVID-19 Patients in A Hospital'),(32,'','hide_author','0'),(33,'','citationsRaw','1.	Colicchia M, Campagnolo L, Baldini E, Ulisse S, Valensise H, Moretti C. Molecular basis of thyrotropin and thyroid hormone action during implantation and early development. Hum Reprod Update. 2014;20(6):884–904.\r\n2.	Moog NK, Entringer S, Heim C, Wadhwa PD, Kathmann N, Buss C. Influence of maternal thyroid hormones during gestation on fetal brain development. Neuroscience. 2017;342:68–100.\r\n3.	Aghajanova L, Stavreus-Evers A, Lindeberg M, Landgren B-M, Sparre LS, Hovatta O. Thyroid-stimulating hormone receptor and thyroid hormone receptors are involved in human endometrial physiology. Fertil Steril. 2011;95(1):230-237.e2.\r\n4.	Hollowell JG, Staehling NW, Flanders WD, Hannon WH, Gunter EW, Spencer CA, et al. Serum TSH, T4, and Thyroid Antibodies in the United States Population (1988 to 1994): National Health and Nutrition Examination Survey (NHANES III). J Clin Endocrinol Metab. 2002;87(2):489–499.\r\n5.	Garber J, Cobin R, Gharib H, Hennessey J, Klein I, Mechanick J, et al. Clinical Practice Guidelines for Hypothyroidism in Adults: Cosponsored by the American Association of Clinical Endocrinologists and the American Thyroid Association. Endocr Pract. 2012;18(6):988–1028.\r\n6.	Usadi RS, Merriam KS. Subclinical Hypothyroidism: Impact on Fertility, Obstetric and Neonatal Outcomes. Semin Reprod Med. 2016;34(6):337–342.\r\n7.	De Groot L, Abalovich M, Alexander EK, Amino N, Barbour L, Cobin RH, et al. Management of Thyroid Dysfunction during Pregnancy and Postpartum: An Endocrine Society Clinical Practice Guideline. J Clin Endocrinol Metab. 2012;97(8):2543–2565.\r\n8.	Subclinical hypothyroidism in the infertile female population: a guideline. Fertil Steril. 2015;104(3):545–553.\r\n9.	Kim C-H, Ahn J-W, Kang SP, Kim S-H, Chae H-D, Kang B-M. Effect of levothyroxine treatment on in vitro fertilization and pregnancy outcome in infertile women with subclinical hypothyroidism undergoing in vitro fertilization/intracytoplasmic sperm injection. Fertil Steril. 2011;95(5):1650–1654.\r\n10.	Rahman A, Abbassy H, Abbassy A. Improved in Vitro Fertilization Outcomes After Treatment of Subclinical Hypothyroidism in Infertile Women. Endocr Pract. 2010;16(5):792–797.\r\n11.	Çal??kan E, Ergin RN, Öztekin DC, Kars B, Çak?r S, Sofuo?lu K. Subclinical hypothyroidism: Is it important in intracytoplasmic sperm injection cycles? Turk J Obstet Gynecol. 2017;14(2):100–105.\r\n12.	Reh A, Grifo J, Danoff A. What is a normal thyroid-stimulating hormone (TSH) level? Effects of stricter TSH thresholds on pregnancy outcomes after in vitro fertilization. Fertil Steril. 2010;94(7):2920–2922.\r\n13.	Karmon AE, Batsis M, Chavarro JE, Souter I. Preconceptional thyroid-stimulating hormone levels and outcomes of intrauterine insemination among euthyroid infertile women. Fertil Steril. 2015;103(1):258-263.e1.\r\n14.	So S, Yamaguchi W, Murabayashi N, Miyano N, Tawara F. Effect of moderately increased thyroid?stimulating hormone levels and presence of thyroid antibodies on pregnancy among infertile women. Reprod Med Biol. 2019;19(1):82–88.\r\n15.	Surks MI, Ortiz E, Daniels GH, Sawin CT, Col NF, Cobin RH, et al. Subclinical Thyroid Disease: Scientific Review and Guidelines for Diagnosis and Management. JAMA. 2004;291(2):228–238.'),(33,'','hide_author','0'),(33,'en_US','abstract','<p><strong>ABSTRACT</strong></p>\r\n<p><strong>&nbsp;</strong></p>\r\n<p><strong>Aim:</strong>The aim of this study to assess whether there is a need to decrease the TSH level below 2.5 mIU/L in unexplainable infertility patients who were undergoing intrauterine insemination, and to determine the difference between patients with TSH level of 2.5 mIU / L and patients with TSH level of 2.5-4.5 mIU/L in terms of the success of intrauterine insemination.</p>\r\n<p>&nbsp;</p>\r\n<p><strong>Materials and Methods:</strong>&nbsp;This study was conducted via cross-sectional examinations of the patients who applied to Ümraniye Training and Research Hospital infertility outpatient clinic between 01.06.2017-01.10.2019, who underwent intrauterine insemination with the diagnosis of unexplained infertility.&nbsp;</p>\r\n<p>&nbsp;</p>\r\n<p><strong>Results:</strong>&nbsp;The mean age of the cases participating in our study is 31.65 ± 5.28, and the mean BMI has been measured as 24.17 ± 4.30 kg / m2. TSH values range from 0.3 to 5.2, with an average of 1.84 ± 0.93; while TSH value of 174 cases (77.3%) is below 2.5 mIU/L, TSH value of 51 cases (22.7%) is between 2.5-4.5mIU/L. Within the control group with TSH &lt;2.5 mIU/L, the cycle was canceled in 13 cases (7.5%), pregnancy did not occur in 143 cases (82.2%), and while ongoing pregnancy was achieved in 17 cases (9.8%), clinical pregnancy was achieved in 1 case (0,6%). Also, within the study group with a TSH value of 2.5-4.5 mIU/L, cycles were canceled in 7 cases (13.7%), pregnancy did not occur in 40 cases (78.4%), and ongoing pregnancy was achieved in 4 patients (7.8%).</p>\r\n<p>&nbsp;</p>\r\n<p>&nbsp;<strong>Conclusion:</strong>&nbsp;There was no statistically significant difference in terms of intrauterine insemination success between the control group with TSH &lt;2.5 mIU / L and the study group with TSH 2.5-4.5 mIU/L. Widespread randomized controlled prospective studies are needed in order to determine the optimal TSH threshold value which is required before TSH treatment of the women receiving infertility treatment.</p>\r\n<p><strong>&nbsp;</strong></p>\r\n<p>&nbsp;</p>'),(33,'en_US','cleanTitle','INTRAUTERINE INSEMINATION SUCCESS RATES IN DIFFERENT TSH LEVELS'),(33,'en_US','prefix',''),(33,'en_US','subtitle',''),(33,'en_US','title','INTRAUTERINE INSEMINATION SUCCESS RATES IN DIFFERENT TSH LEVELS'),(34,'','hide_author','0'),(35,'','citationsRaw',''),(35,'','hide_author','0'),(35,'en_US','abstract','<p>abstrak</p>'),(35,'en_US','cleanTitle','kelembaban'),(35,'en_US','prefix',''),(35,'en_US','subtitle',''),(35,'en_US','title','kelembaban');

--
-- Table structure for table `publications`
--

CREATE TABLE `publications` (
  `publication_id` bigint(20) NOT NULL AUTO_INCREMENT,
  `access_status` bigint(20) DEFAULT 0,
  `date_published` date DEFAULT NULL,
  `last_modified` datetime DEFAULT NULL,
  `primary_contact_id` bigint(20) DEFAULT NULL,
  `section_id` bigint(20) DEFAULT NULL,
  `seq` double NOT NULL DEFAULT 0,
  `submission_id` bigint(20) NOT NULL,
  `status` tinyint(4) NOT NULL DEFAULT 1,
  `url_path` varchar(64) DEFAULT NULL,
  `version` bigint(20) DEFAULT NULL,
  PRIMARY KEY (`publication_id`),
  KEY `publications_submission_id` (`submission_id`),
  KEY `publications_section_id` (`section_id`),
  KEY `publications_url_path` (`url_path`)
) ENGINE=InnoDB AUTO_INCREMENT=36 DEFAULT CHARSET=latin1;

--
-- Dumping data for table `publications`
--

INSERT INTO `publications` VALUES (1,0,'2019-03-31','2021-02-22 20:49:43',NULL,1,5,1,3,NULL,1),(2,0,'2019-03-31','2021-02-22 20:49:42',2,1,3,2,3,NULL,1),(3,0,'2019-03-31','2021-02-22 20:49:41',NULL,1,2,3,3,NULL,1),(4,0,'2019-03-31','2021-02-22 20:49:40',NULL,1,4,4,3,NULL,1),(5,0,'2019-03-31','2021-02-22 20:49:39',NULL,1,1,5,3,NULL,1),(6,0,'2019-08-31','2021-02-22 20:49:35',20,1,1,6,3,NULL,1),(7,0,'2019-08-31','2021-02-22 20:49:38',23,1,5,7,3,NULL,1),(8,0,'2019-08-31','2021-02-22 20:49:36',26,1,2,8,3,NULL,1),(9,0,'2019-08-31','2021-02-22 20:49:37',29,1,3,9,3,NULL,1),(10,0,'2019-08-31','2021-02-22 20:49:39',30,1,4,10,3,NULL,1),(11,0,'2020-03-27','2021-02-22 20:49:30',33,1,6,11,3,NULL,1),(12,0,'2020-02-27','2021-02-22 20:49:34',35,1,1,13,3,NULL,1),(13,0,'2020-02-28','2021-02-22 20:49:32',36,1,3,14,3,NULL,1),(14,0,'2020-02-27','2021-02-22 20:49:34',37,1,2,15,3,NULL,1),(15,0,'2020-03-25','2021-02-22 20:49:31',52,1,4,16,3,NULL,1),(16,0,'2020-03-25','2021-02-22 20:49:30',53,1,5,17,3,NULL,1),(17,0,'2020-08-26','2021-02-22 20:49:23',57,1,5,18,3,NULL,1),(18,0,'2020-05-12','2021-02-22 20:49:28',62,1,1,19,3,NULL,1),(19,0,'2020-06-17','2021-02-22 20:49:26',64,1,2,20,3,NULL,1),(20,0,NULL,'2020-11-14 13:42:10',71,1,0,21,1,NULL,1),(21,0,'2020-08-26','2021-02-22 20:49:25',80,1,3,22,3,NULL,1),(22,0,'2020-08-26','2021-02-22 20:49:24',91,1,4,23,3,NULL,1),(23,0,'2020-08-26','2021-02-22 20:49:22',83,1,6,24,3,NULL,1),(24,0,NULL,'2020-09-28 06:23:29',95,1,0,25,4,NULL,1),(25,0,NULL,'2020-10-07 11:26:24',96,1,0,26,1,NULL,1),(26,0,'2020-11-18','2021-02-22 20:49:21',98,1,1,28,3,NULL,1),(27,0,'2021-01-02','2021-02-22 20:49:21',101,1,2,29,3,NULL,1),(28,0,NULL,'2020-11-07 15:49:40',102,1,0,30,1,NULL,1),(29,0,NULL,'2021-02-20 10:17:09',105,1,0,32,1,NULL,1),(30,0,'2021-02-19','2021-02-22 20:49:20',106,1,3,33,3,NULL,1),(31,0,NULL,'2021-01-20 21:27:27',111,1,0,36,1,NULL,1),(32,0,NULL,'2021-01-20 23:39:44',112,1,0,37,1,NULL,1),(33,0,NULL,'2021-02-20 10:16:33',113,1,0,38,1,NULL,1),(34,0,NULL,'2021-01-28 09:22:25',117,1,0,39,1,NULL,1),(35,0,NULL,'2021-02-20 08:59:20',120,1,0,40,1,NULL,1);

--
-- Table structure for table `queries`
--

CREATE TABLE `queries` (
  `query_id` bigint(20) NOT NULL AUTO_INCREMENT,
  `assoc_type` bigint(20) NOT NULL,
  `assoc_id` bigint(20) NOT NULL,
  `stage_id` tinyint(4) NOT NULL DEFAULT 1,
  `seq` double NOT NULL DEFAULT 0,
  `date_posted` datetime DEFAULT NULL,
  `date_modified` datetime DEFAULT NULL,
  `closed` smallint(6) NOT NULL DEFAULT 0,
  PRIMARY KEY (`query_id`),
  KEY `queries_assoc_id` (`assoc_type`,`assoc_id`)
) ENGINE=InnoDB AUTO_INCREMENT=68 DEFAULT CHARSET=utf8;

--
-- Dumping data for table `queries`
--

INSERT INTO `queries` VALUES (1,1048585,9,3,1,NULL,NULL,0),(2,1048585,8,3,1,NULL,NULL,0),(3,1048585,7,3,1,NULL,NULL,0),(4,1048585,10,3,1,NULL,NULL,0),(5,1048585,10,3,2,NULL,NULL,0),(6,1048585,14,1,1,NULL,NULL,0),(7,1048585,14,3,2,NULL,NULL,0),(14,1048585,13,3,1,NULL,NULL,0),(16,1048585,14,3,3,NULL,NULL,0),(17,1048585,13,3,2,NULL,NULL,0),(18,1048585,15,1,1,NULL,NULL,0),(19,1048585,13,3,3,NULL,NULL,0),(20,1048585,13,3,4,NULL,NULL,0),(22,1048585,15,3,2,NULL,NULL,0),(24,1048585,11,3,1,NULL,NULL,0),(25,1048585,15,3,3,NULL,NULL,0),(26,1048585,13,3,5,NULL,NULL,0),(27,1048585,14,3,4,NULL,NULL,0),(28,1048585,18,1,1,NULL,NULL,0),(29,1048585,11,3,2,NULL,NULL,0),(30,1048585,19,1,1,NULL,NULL,0),(31,1048585,24,1,1,NULL,NULL,0),(32,1048585,24,3,2,NULL,NULL,0),(33,1048585,26,1,1,NULL,NULL,0),(35,1048585,28,1,1,NULL,NULL,0),(36,1048585,29,1,1,NULL,NULL,0),(37,1048585,28,3,2,NULL,NULL,0),(38,1048585,29,3,2,NULL,NULL,0),(39,1048585,28,5,3,NULL,NULL,0),(40,1048585,28,5,4,NULL,NULL,0),(41,1048585,32,1,1,NULL,NULL,0),(42,1048585,32,3,2,NULL,NULL,0),(45,1048585,36,1,1,NULL,NULL,0),(46,1048585,38,1,1,NULL,NULL,0),(48,1048585,36,1,2,NULL,NULL,0),(49,1048585,38,1,2,NULL,NULL,0),(50,1048585,36,1,3,NULL,NULL,0),(57,1048585,36,1,4,NULL,NULL,0),(58,1048585,38,1,3,NULL,NULL,0),(60,1048585,38,1,4,NULL,NULL,0),(61,1048585,38,1,5,NULL,NULL,0),(64,1048585,38,3,6,NULL,NULL,0),(65,1048585,38,3,7,NULL,NULL,0);

--
-- Table structure for table `query_participants`
--

CREATE TABLE `query_participants` (
  `query_id` bigint(20) NOT NULL,
  `user_id` bigint(20) NOT NULL,
  UNIQUE KEY `query_participants_pkey` (`query_id`,`user_id`)
) ENGINE=InnoDB DEFAULT CHARSET=utf8;

--
-- Dumping data for table `query_participants`
--

INSERT INTO `query_participants` VALUES (6,26),(14,1),(14,6),(14,18),(14,25),(17,1),(17,25),(18,28),(19,1),(19,25),(24,5),(25,5),(26,5),(27,5),(27,29),(28,1),(29,5),(30,37),(31,43),(32,43),(33,52),(35,57),(36,58),(37,57),(38,58),(39,1),(39,57),(40,1),(41,63),(42,1),(42,63),(45,56),(46,66),(48,1),(48,56),(49,1),(50,1),(57,1),(57,56),(58,1),(58,66),(60,66),(61,1),(61,66),(64,1),(64,66),(65,1),(65,66);

--
-- Table structure for table `queued_payments`
--

CREATE TABLE `queued_payments` (
  `queued_payment_id` bigint(20) NOT NULL AUTO_INCREMENT,
  `date_created` datetime NOT NULL,
  `date_modified` datetime NOT NULL,
  `expiry_date` date DEFAULT NULL,
  `payment_data` text DEFAULT NULL,
  PRIMARY KEY (`queued_payment_id`)
) ENGINE=InnoDB DEFAULT CHARSET=utf8;

--
-- Dumping data for table `queued_payments`
--


--
-- Table structure for table `review_assignments`
--

CREATE TABLE `review_assignments` (
  `review_id` bigint(20) NOT NULL AUTO_INCREMENT,
  `submission_id` bigint(20) NOT NULL,
  `reviewer_id` bigint(20) NOT NULL,
  `competing_interests` text DEFAULT NULL,
  `recommendation` tinyint(4) DEFAULT NULL,
  `date_assigned` datetime DEFAULT NULL,
  `date_notified` datetime DEFAULT NULL,
  `date_confirmed` datetime DEFAULT NULL,
  `date_completed` datetime DEFAULT NULL,
  `date_acknowledged` datetime DEFAULT NULL,
  `date_due` datetime DEFAULT NULL,
  `date_response_due` datetime DEFAULT NULL,
  `last_modified` datetime DEFAULT NULL,
  `reminder_was_automatic` tinyint(4) NOT NULL DEFAULT 0,
  `declined` tinyint(4) NOT NULL DEFAULT 0,
  `reviewer_file_id` bigint(20) DEFAULT NULL,
  `date_rated` datetime DEFAULT NULL,
  `date_reminded` datetime DEFAULT NULL,
  `quality` tinyint(4) DEFAULT NULL,
  `review_round_id` bigint(20) NOT NULL,
  `stage_id` tinyint(4) NOT NULL DEFAULT 1,
  `review_method` tinyint(4) NOT NULL DEFAULT 1,
  `round` tinyint(4) NOT NULL DEFAULT 1,
  `step` tinyint(4) NOT NULL DEFAULT 1,
  `review_form_id` bigint(20) DEFAULT NULL,
  `unconsidered` tinyint(4) DEFAULT NULL,
  `cancelled` tinyint(4) NOT NULL DEFAULT 0,
  PRIMARY KEY (`review_id`),
  KEY `review_assignments_submission_id` (`submission_id`),
  KEY `review_assignments_reviewer_id` (`reviewer_id`),
  KEY `review_assignments_form_id` (`review_form_id`),
  KEY `review_assignments_reviewer_review` (`reviewer_id`,`review_id`)
) ENGINE=InnoDB AUTO_INCREMENT=45 DEFAULT CHARSET=utf8;

--
-- Dumping data for table `review_assignments`
--

INSERT INTO `review_assignments` VALUES (1,2,6,NULL,2,'2019-03-29 07:35:22','2019-03-29 07:35:22','2019-03-29 07:38:08','2019-03-29 07:40:32',NULL,'2019-04-26 00:00:00','2019-04-19 00:00:00','2019-03-29 07:40:32',0,0,NULL,NULL,NULL,NULL,1,3,2,1,4,NULL,0,0),(2,1,6,NULL,2,'2019-03-31 14:23:28','2019-03-31 14:23:28','2019-03-31 14:24:34','2019-03-31 14:25:25',NULL,'2019-04-28 00:00:00','2019-04-21 00:00:00','2019-03-31 14:25:25',0,0,NULL,NULL,NULL,NULL,2,3,2,1,4,NULL,0,0),(3,5,6,NULL,2,'2019-03-31 14:55:50','2019-03-31 14:55:50','2019-03-31 15:00:06','2019-03-31 15:01:21',NULL,'2019-04-28 00:00:00','2019-04-21 00:00:00','2019-03-31 15:01:21',0,0,NULL,NULL,NULL,NULL,3,3,2,1,4,NULL,0,0),(4,4,6,NULL,2,'2019-03-31 14:58:01','2019-03-31 14:58:02','2019-03-31 15:02:04','2019-03-31 15:02:45',NULL,'2019-04-28 00:00:00','2019-04-21 00:00:00','2019-03-31 15:02:45',0,0,NULL,NULL,NULL,NULL,4,3,2,1,4,NULL,0,0),(5,3,6,NULL,0,'2019-03-31 14:59:21','2019-03-31 14:59:21','2019-03-31 15:03:05',NULL,NULL,'2019-04-28 00:00:00','2019-04-21 00:00:00','2019-03-31 15:03:05',0,0,NULL,NULL,NULL,NULL,5,3,2,1,3,NULL,0,0),(6,6,6,NULL,2,'2019-08-24 10:53:14','2019-08-24 10:53:16','2019-08-30 07:58:04','2019-08-30 07:59:01',NULL,'2019-09-21 00:00:00','2019-09-14 00:00:00','2019-08-30 07:59:01',0,0,NULL,NULL,NULL,NULL,6,3,2,1,4,NULL,0,0),(7,8,18,NULL,2,'2019-08-28 03:49:25','2019-08-28 03:49:26','2019-08-30 04:12:31','2019-08-30 04:14:00',NULL,'2019-09-25 00:00:00','2019-09-18 00:00:00','2019-08-30 04:14:00',0,0,NULL,'2019-08-30 04:15:14',NULL,4,7,3,2,1,4,NULL,0,0),(8,7,17,NULL,2,'2019-08-28 03:51:23','2019-08-28 03:51:25','2019-08-30 07:50:32','2019-08-30 07:51:57',NULL,'2019-09-25 00:00:00','2019-09-18 00:00:00','2019-08-30 07:51:57',0,0,NULL,NULL,NULL,NULL,8,3,2,1,4,NULL,0,0),(9,9,6,NULL,2,'2019-08-30 04:08:11','2019-08-30 04:08:11','2019-08-30 07:59:33','2019-08-30 08:00:37',NULL,'2019-09-27 00:00:00','2019-09-20 00:00:00','2019-08-30 08:00:37',0,0,NULL,'2019-08-30 08:01:38',NULL,4,9,3,2,1,4,NULL,0,0),(10,10,17,NULL,2,'2019-08-31 08:35:50','2019-08-31 08:35:51','2019-08-31 08:36:52','2019-08-31 08:37:47',NULL,'2019-09-28 00:00:00','2019-09-21 00:00:00','2019-08-31 08:37:47',0,0,NULL,NULL,NULL,NULL,10,3,2,1,4,NULL,0,0),(11,14,6,NULL,2,'2020-02-04 11:16:37','2020-02-04 11:16:38','2020-02-04 13:15:40','2020-02-04 13:17:25',NULL,'2020-03-03 00:00:00','2020-02-25 00:00:00','2020-02-04 13:17:25',0,0,NULL,NULL,NULL,NULL,11,3,2,1,4,NULL,0,0),(12,13,6,NULL,2,'2020-02-04 11:18:30','2020-02-04 11:18:30','2020-02-04 13:18:06','2020-02-04 13:18:56','2020-02-17 13:21:16','2020-03-03 00:00:00','2020-02-25 00:00:00','2020-02-17 13:21:16',0,0,NULL,'2020-02-18 23:00:52',NULL,4,12,3,2,1,4,NULL,2,0),(13,13,18,NULL,2,'2020-02-17 09:49:19','2020-02-17 09:49:20','2020-02-17 09:59:03','2020-02-17 09:59:49','2020-02-17 13:21:50','2020-03-16 00:00:00','2020-03-09 00:00:00','2020-02-17 13:21:50',0,0,NULL,'2020-02-19 08:33:41',NULL,3,12,3,2,1,4,NULL,2,0),(14,13,17,NULL,1,'2020-02-17 13:31:33','2020-02-17 13:31:34','2020-02-17 13:33:16','2020-02-17 13:34:28',NULL,'2020-03-16 00:00:00','2020-03-09 00:00:00','2020-02-17 13:34:28',0,0,NULL,NULL,NULL,NULL,12,3,2,1,4,NULL,0,0),(15,11,18,NULL,2,'2020-02-19 07:17:14','2020-02-19 07:17:15','2020-02-19 07:22:27','2020-02-19 07:23:16',NULL,'2020-03-18 00:00:00','2020-03-11 00:00:00','2020-02-19 07:23:16',0,0,NULL,NULL,NULL,NULL,13,3,2,1,4,NULL,0,0),(16,15,18,NULL,2,'2020-02-19 07:18:49','2020-02-19 07:18:50','2020-02-19 07:20:33','2020-02-19 07:21:41','2020-02-19 08:04:49','2020-03-18 00:00:00','2020-03-11 00:00:00','2020-02-19 08:04:49',0,0,NULL,NULL,NULL,NULL,14,3,2,1,4,NULL,1,0),(17,15,30,NULL,1,'2020-02-27 09:15:09','2020-02-27 09:15:12','2020-02-27 09:18:04','2020-02-27 09:18:52',NULL,'2020-03-26 00:00:00','2020-03-19 00:00:00','2020-02-27 09:18:52',0,0,NULL,NULL,NULL,NULL,14,3,2,1,4,NULL,0,0),(18,13,31,NULL,1,'2020-02-27 09:23:53','2020-02-27 09:23:54','2020-02-27 09:25:33','2020-02-27 09:27:17',NULL,'2020-03-26 00:00:00','2020-03-19 00:00:00','2020-02-27 09:27:17',0,0,NULL,NULL,NULL,NULL,12,3,2,1,4,NULL,0,0),(19,14,32,NULL,1,'2020-02-28 07:52:14','2020-02-28 07:52:15','2020-02-28 07:53:48','2020-02-28 07:54:54',NULL,'2020-03-27 00:00:00','2020-03-20 00:00:00','2020-02-28 07:54:54',0,0,NULL,NULL,NULL,NULL,11,3,2,1,4,NULL,0,0),(20,16,15,NULL,2,'2020-03-07 09:40:14','2020-03-07 09:40:14','2020-03-11 14:34:08','2020-03-19 09:51:42',NULL,'2020-04-04 00:00:00','2020-03-28 00:00:00','2020-03-19 09:51:42',0,0,NULL,NULL,NULL,NULL,15,3,2,1,4,NULL,0,0),(21,16,16,NULL,2,'2020-03-07 09:40:43','2020-03-07 09:40:43','2020-03-11 14:35:58','2020-03-19 09:46:56',NULL,'2020-04-04 00:00:00','2020-03-28 00:00:00','2020-03-19 09:46:56',0,0,NULL,NULL,NULL,NULL,15,3,2,1,4,NULL,0,0),(22,17,16,NULL,2,'2020-03-19 09:26:50','2020-03-19 09:26:50','2020-03-19 09:47:50','2020-03-19 09:49:07',NULL,'2020-04-16 00:00:00','2020-04-09 00:00:00','2020-03-19 09:49:07',0,0,NULL,NULL,NULL,NULL,16,3,2,1,4,NULL,0,0),(23,17,17,NULL,2,'2020-03-19 09:27:48','2020-03-19 09:27:48','2020-03-19 09:52:40','2020-03-19 09:53:51',NULL,'2020-04-16 00:00:00','2020-04-09 00:00:00','2020-03-19 09:53:51',0,0,NULL,'2020-03-19 09:55:47',NULL,4,16,3,2,1,4,NULL,0,0),(25,19,16,NULL,2,'2020-04-06 05:50:29','2020-04-06 05:50:29','2020-04-25 09:59:00','2020-04-25 09:59:43',NULL,'2020-05-04 00:00:00','2020-04-27 00:00:00','2020-04-25 09:59:43',0,0,NULL,'2020-04-25 10:00:22',NULL,4,18,3,2,1,4,NULL,0,0),(26,19,39,NULL,1,'2020-05-12 09:35:23','2020-05-12 09:35:23','2020-05-12 09:48:37','2020-05-12 09:49:51',NULL,'2020-06-09 00:00:00','2020-06-02 00:00:00','2020-05-12 09:49:51',0,0,NULL,NULL,NULL,NULL,18,3,2,1,4,NULL,0,0),(27,20,39,NULL,2,'2020-05-26 14:02:15','2020-05-26 14:02:15','2020-05-27 09:33:11','2020-05-27 09:34:15',NULL,'2020-06-23 00:00:00','2020-06-16 00:00:00','2020-05-27 09:34:15',0,0,NULL,NULL,NULL,NULL,19,3,2,1,4,NULL,0,0),(28,20,41,NULL,1,'2020-06-17 10:28:18','2020-06-17 10:28:19','2020-06-17 10:28:50','2020-06-17 10:30:16',NULL,'2020-07-15 00:00:00','2020-07-08 00:00:00','2020-06-17 10:30:16',0,0,NULL,NULL,NULL,NULL,19,3,2,1,4,NULL,0,0),(29,18,16,NULL,2,'2020-07-13 09:38:10','2020-07-13 09:38:10','2020-07-13 12:23:52','2020-07-13 16:28:34',NULL,'2020-08-10 00:00:00','2020-08-03 00:00:00','2020-07-13 16:28:34',0,0,NULL,NULL,NULL,NULL,20,3,2,1,4,NULL,0,0),(30,21,17,NULL,2,'2020-07-15 08:43:00','2020-07-15 08:43:00','2020-07-21 20:45:32','2020-07-21 20:47:16',NULL,'2020-08-12 00:00:00','2020-08-05 00:00:00','2020-07-21 20:47:16',0,0,NULL,NULL,NULL,NULL,21,3,2,1,4,NULL,0,0),(31,23,6,NULL,2,'2020-07-26 09:57:37','2020-07-26 09:57:37','2020-07-28 07:19:59','2020-07-28 07:21:04',NULL,'2020-08-23 00:00:00','2020-08-16 00:00:00','2020-07-28 07:21:04',0,0,NULL,NULL,NULL,NULL,22,3,2,1,4,NULL,0,0),(32,23,16,NULL,2,'2020-07-26 09:58:15','2020-07-26 09:58:15','2020-07-28 07:23:23','2020-07-28 07:24:45',NULL,'2020-08-23 00:00:00','2020-08-16 00:00:00','2020-07-28 07:24:45',0,0,NULL,NULL,NULL,NULL,22,3,2,1,4,NULL,0,0),(33,22,6,NULL,2,'2020-07-26 09:59:59','2020-07-26 09:59:59','2020-07-28 07:21:38','2020-07-28 07:22:27',NULL,'2020-08-23 00:00:00','2020-08-16 00:00:00','2020-07-28 07:22:27',0,0,NULL,NULL,NULL,NULL,23,3,2,1,4,NULL,0,0),(34,22,17,NULL,2,'2020-07-26 10:00:44','2020-07-26 10:00:45','2020-07-28 07:26:15','2020-07-28 07:27:00',NULL,'2020-08-23 00:00:00','2020-08-16 00:00:00','2020-07-28 07:27:00',0,0,NULL,NULL,NULL,NULL,23,3,2,1,4,NULL,0,0),(35,24,6,NULL,2,'2020-08-13 10:44:17','2020-08-13 10:44:18','2020-08-15 09:37:25','2020-08-15 09:38:54',NULL,'2020-09-10 00:00:00','2020-09-03 00:00:00','2020-08-15 09:38:54',0,0,NULL,NULL,NULL,NULL,24,3,2,1,4,NULL,0,0),(36,25,17,NULL,NULL,'2020-09-11 05:03:01','2020-09-11 05:03:02',NULL,NULL,NULL,'2020-10-09 00:00:00','2020-10-02 00:00:00','2020-09-11 05:03:02',0,0,NULL,NULL,NULL,NULL,25,3,2,1,1,NULL,0,0),(37,26,6,NULL,2,'2020-09-28 06:07:47','2020-09-28 06:07:47','2020-10-07 11:24:34','2020-10-07 11:25:42',NULL,'2020-10-26 00:00:00','2020-10-19 00:00:00','2020-10-07 11:25:42',0,0,NULL,NULL,NULL,NULL,26,3,2,1,4,NULL,0,0),(38,28,6,NULL,2,'2020-10-09 07:47:10','2020-10-09 07:47:10','2020-10-15 10:23:25','2020-10-15 10:25:35',NULL,'2020-11-06 00:00:00','2020-10-30 00:00:00','2020-10-15 10:25:35',0,0,NULL,NULL,NULL,NULL,27,3,2,1,4,NULL,0,0),(39,29,18,NULL,2,'2020-10-09 07:53:34','2020-10-09 07:53:34','2020-10-17 07:45:13','2020-10-17 07:46:28',NULL,'2020-11-06 00:00:00','2020-10-30 00:00:00','2020-10-17 07:46:28',0,0,NULL,NULL,NULL,NULL,28,3,2,1,4,NULL,0,0),(40,30,18,NULL,2,'2020-10-29 08:29:32','2020-10-29 08:29:32','2020-11-07 15:43:26','2020-11-07 15:48:30',NULL,'2020-11-26 00:00:00','2020-11-19 00:00:00','2020-11-07 15:48:30',0,0,NULL,NULL,NULL,NULL,29,3,2,1,4,NULL,0,0),(41,33,6,NULL,2,'2021-01-02 05:46:59','2021-01-02 05:46:59','2021-01-03 17:24:20','2021-01-03 17:25:04',NULL,'2021-01-30 00:00:00','2021-01-23 00:00:00','2021-01-03 17:25:04',0,0,NULL,NULL,NULL,NULL,30,3,2,1,4,NULL,0,0),(42,32,6,NULL,2,'2021-01-02 05:49:57','2021-01-02 05:49:57','2021-01-04 17:08:05','2021-01-04 17:08:48',NULL,'2021-01-30 00:00:00','2021-01-23 00:00:00','2021-01-04 17:08:48',0,0,NULL,NULL,NULL,NULL,31,3,2,1,4,NULL,0,0),(43,38,6,NULL,2,'2021-02-06 11:35:01','2021-02-06 11:35:01','2021-02-10 14:35:15','2021-02-10 14:36:14',NULL,'2021-03-06 00:00:00','2021-02-27 00:00:00','2021-02-10 14:36:14',0,0,NULL,NULL,NULL,NULL,32,3,2,1,4,NULL,0,0),(44,33,18,NULL,2,'2021-02-19 11:25:10','2021-02-19 11:25:10','2021-02-19 11:25:42','2021-02-19 11:37:46',NULL,'2021-03-19 00:00:00','2021-03-12 00:00:00','2021-02-19 11:37:46',0,0,NULL,NULL,NULL,NULL,30,3,2,1,4,NULL,0,0);

--
-- Table structure for table `review_files`
--

CREATE TABLE `review_files` (
  `review_id` bigint(20) NOT NULL,
  `submission_file_id` bigint(20) unsigned NOT NULL,
  UNIQUE KEY `review_files_pkey` (`review_id`,`submission_file_id`),
  KEY `review_files_review_id` (`review_id`),
  KEY `review_files_submission_file_id_foreign` (`submission_file_id`),
  CONSTRAINT `review_files_submission_file_id_foreign` FOREIGN KEY (`submission_file_id`) REFERENCES `submission_files` (`submission_file_id`)
) ENGINE=InnoDB DEFAULT CHARSET=utf8;

--
-- Dumping data for table `review_files`
--

INSERT INTO `review_files` VALUES (1,5),(2,13),(3,21),(4,22),(5,23),(6,35),(7,38),(8,39),(9,41),(10,55),(11,71),(12,72),(12,73),(12,74),(13,72),(13,73),(13,74),(14,72),(14,73),(14,74),(15,87),(16,88),(16,89),(16,90),(16,91),(16,92),(17,88),(17,89),(17,90),(17,91),(17,92),(18,72),(18,73),(18,74),(19,71),(20,104),(21,104),(22,106),(23,106),(25,129),(26,129),(27,139),(28,139),(29,146),(30,150),(31,156),(32,156),(33,157),(34,157),(35,170),(36,184),(37,186),(38,192),(39,193),(40,200),(41,213),(42,214),(43,224),(44,213);

--
-- Table structure for table `review_form_element_settings`
--

CREATE TABLE `review_form_element_settings` (
  `review_form_element_id` bigint(20) NOT NULL,
  `locale` varchar(14) NOT NULL DEFAULT '',
  `setting_name` varchar(255) NOT NULL,
  `setting_value` text DEFAULT NULL,
  `setting_type` varchar(6) NOT NULL,
  UNIQUE KEY `review_form_element_settings_pkey` (`review_form_element_id`,`locale`,`setting_name`),
  KEY `review_form_element_settings_review_form_element_id` (`review_form_element_id`)
) ENGINE=InnoDB DEFAULT CHARSET=utf8;

--
-- Dumping data for table `review_form_element_settings`
--


--
-- Table structure for table `review_form_elements`
--

CREATE TABLE `review_form_elements` (
  `review_form_element_id` bigint(20) NOT NULL AUTO_INCREMENT,
  `review_form_id` bigint(20) NOT NULL,
  `seq` double DEFAULT NULL,
  `element_type` bigint(20) DEFAULT NULL,
  `required` tinyint(4) DEFAULT NULL,
  `included` tinyint(4) DEFAULT NULL,
  PRIMARY KEY (`review_form_element_id`),
  KEY `review_form_elements_review_form_id` (`review_form_id`)
) ENGINE=InnoDB DEFAULT CHARSET=utf8;

--
-- Dumping data for table `review_form_elements`
--


--
-- Table structure for table `review_form_responses`
--

CREATE TABLE `review_form_responses` (
  `review_form_element_id` bigint(20) NOT NULL,
  `review_id` bigint(20) NOT NULL,
  `response_type` varchar(6) DEFAULT NULL,
  `response_value` text DEFAULT NULL,
  KEY `review_form_responses_pkey` (`review_form_element_id`,`review_id`)
) ENGINE=InnoDB DEFAULT CHARSET=utf8;

--
-- Dumping data for table `review_form_responses`
--


--
-- Table structure for table `review_form_settings`
--

CREATE TABLE `review_form_settings` (
  `review_form_id` bigint(20) NOT NULL,
  `locale` varchar(14) NOT NULL DEFAULT '',
  `setting_name` varchar(255) NOT NULL,
  `setting_value` text DEFAULT NULL,
  `setting_type` varchar(6) NOT NULL,
  UNIQUE KEY `review_form_settings_pkey` (`review_form_id`,`locale`,`setting_name`),
  KEY `review_form_settings_review_form_id` (`review_form_id`)
) ENGINE=InnoDB DEFAULT CHARSET=utf8;

--
-- Dumping data for table `review_form_settings`
--


--
-- Table structure for table `review_forms`
--

CREATE TABLE `review_forms` (
  `review_form_id` bigint(20) NOT NULL AUTO_INCREMENT,
  `assoc_type` bigint(20) NOT NULL,
  `assoc_id` bigint(20) NOT NULL,
  `seq` double DEFAULT NULL,
  `is_active` tinyint(4) DEFAULT NULL,
  PRIMARY KEY (`review_form_id`)
) ENGINE=InnoDB DEFAULT CHARSET=utf8;

--
-- Dumping data for table `review_forms`
--


--
-- Table structure for table `review_round_files`
--

CREATE TABLE `review_round_files` (
  `submission_id` bigint(20) NOT NULL,
  `review_round_id` bigint(20) NOT NULL,
  `stage_id` tinyint(4) NOT NULL,
  `submission_file_id` bigint(20) unsigned NOT NULL,
  UNIQUE KEY `review_round_files_pkey` (`submission_id`,`review_round_id`,`submission_file_id`),
  UNIQUE KEY `review_round_files_submission_file_id_unique` (`submission_file_id`),
  KEY `review_round_files_submission_id` (`submission_id`),
  CONSTRAINT `review_round_files_submission_file_id_foreign` FOREIGN KEY (`submission_file_id`) REFERENCES `submission_files` (`submission_file_id`)
) ENGINE=InnoDB DEFAULT CHARSET=utf8;

--
-- Dumping data for table `review_round_files`
--

INSERT INTO `review_round_files` VALUES (1,2,3,13),(1,2,3,14),(1,2,3,15),(2,1,3,5),(2,1,3,6),(2,1,3,7),(3,5,3,23),(3,5,3,26),(3,5,3,28),(4,4,3,22),(4,4,3,25),(4,4,3,27),(5,3,3,21),(5,3,3,24),(5,3,3,29),(6,6,3,35),(6,6,3,44),(6,6,3,48),(7,8,3,39),(7,8,3,43),(7,8,3,49),(8,7,3,38),(8,7,3,42),(8,7,3,47),(9,9,3,41),(9,9,3,45),(9,9,3,46),(10,10,3,55),(10,10,3,56),(10,10,3,57),(11,13,3,87),(11,13,3,94),(11,13,3,96),(13,12,3,72),(13,12,3,73),(13,12,3,74),(13,12,3,76),(13,12,3,82),(13,12,3,86),(13,12,3,98),(14,11,3,71),(14,11,3,75),(14,11,3,101),(15,14,3,88),(15,14,3,89),(15,14,3,90),(15,14,3,91),(15,14,3,92),(15,14,3,93),(15,14,3,97),(16,15,3,104),(16,15,3,107),(16,15,3,109),(16,15,3,111),(17,16,3,106),(17,16,3,108),(17,16,3,110),(17,16,3,113),(18,20,3,146),(18,20,3,148),(18,20,3,151),(18,20,3,152),(19,18,3,129),(19,18,3,133),(19,18,3,134),(19,18,3,137),(20,19,3,139),(20,19,3,140),(20,19,3,141),(20,19,3,143),(21,21,3,150),(21,21,3,153),(21,21,3,185),(22,23,3,157),(22,23,3,159),(22,23,3,161),(22,23,3,165),(23,22,3,156),(23,22,3,158),(23,22,3,160),(23,22,3,164),(24,24,3,170),(24,24,3,171),(24,24,3,172),(25,25,3,184),(26,26,3,186),(26,26,3,190),(28,27,3,192),(28,27,3,194),(28,27,3,196),(29,28,3,193),(29,28,3,195),(29,28,3,199),(30,29,3,200),(30,29,3,201),(32,31,3,214),(32,31,3,219),(32,31,3,221),(33,30,3,213),(33,30,3,218),(33,30,3,227),(33,30,3,228),(38,32,3,224),(38,32,3,225),(38,32,3,226);

--
-- Table structure for table `review_rounds`
--

CREATE TABLE `review_rounds` (
  `review_round_id` bigint(20) NOT NULL AUTO_INCREMENT,
  `submission_id` bigint(20) NOT NULL,
  `stage_id` bigint(20) DEFAULT NULL,
  `round` tinyint(4) NOT NULL,
  `review_revision` bigint(20) DEFAULT NULL,
  `status` bigint(20) DEFAULT NULL,
  PRIMARY KEY (`review_round_id`),
  UNIQUE KEY `review_rounds_submission_id_stage_id_round_pkey` (`submission_id`,`stage_id`,`round`),
  KEY `review_rounds_submission_id` (`submission_id`)
) ENGINE=InnoDB AUTO_INCREMENT=33 DEFAULT CHARSET=utf8;

--
-- Dumping data for table `review_rounds`
--

INSERT INTO `review_rounds` VALUES (1,2,3,1,NULL,4),(2,1,3,1,NULL,1),(3,5,3,1,NULL,1),(4,4,3,1,NULL,11),(5,3,3,1,NULL,11),(6,6,3,1,NULL,4),(7,8,3,1,NULL,4),(8,7,3,1,NULL,4),(9,9,3,1,NULL,4),(10,10,3,1,NULL,4),(11,14,3,1,NULL,1),(12,13,3,1,NULL,1),(13,11,3,1,NULL,4),(14,15,3,1,NULL,1),(15,16,3,1,NULL,4),(16,17,3,1,NULL,4),(18,19,3,1,NULL,4),(19,20,3,1,NULL,4),(20,18,3,1,NULL,4),(21,21,3,1,NULL,4),(22,23,3,1,NULL,4),(23,22,3,1,NULL,4),(24,24,3,1,NULL,4),(25,25,3,1,NULL,5),(26,26,3,1,NULL,1),(27,28,3,1,NULL,4),(28,29,3,1,NULL,4),(29,30,3,1,NULL,1),(30,33,3,1,NULL,4),(31,32,3,1,NULL,4),(32,38,3,1,NULL,4);

--
-- Table structure for table `rt_contexts`
--

CREATE TABLE `rt_contexts` (
  `context_id` bigint(20) NOT NULL AUTO_INCREMENT,
  `version_id` bigint(20) NOT NULL,
  `title` varchar(120) NOT NULL,
  `abbrev` varchar(32) NOT NULL,
  `description` text DEFAULT NULL,
  `cited_by` tinyint(4) NOT NULL DEFAULT 0,
  `author_terms` tinyint(4) NOT NULL DEFAULT 0,
  `define_terms` tinyint(4) NOT NULL DEFAULT 0,
  `geo_terms` tinyint(4) NOT NULL DEFAULT 0,
  `seq` double NOT NULL DEFAULT 0,
  PRIMARY KEY (`context_id`),
  KEY `rt_contexts_version_id` (`version_id`)
) ENGINE=InnoDB DEFAULT CHARSET=utf8;

--
-- Dumping data for table `rt_contexts`
--


--
-- Table structure for table `rt_searches`
--

CREATE TABLE `rt_searches` (
  `search_id` bigint(20) NOT NULL AUTO_INCREMENT,
  `context_id` bigint(20) NOT NULL,
  `title` varchar(120) NOT NULL,
  `description` text DEFAULT NULL,
  `url` text DEFAULT NULL,
  `search_url` text DEFAULT NULL,
  `search_post` text DEFAULT NULL,
  `seq` double NOT NULL DEFAULT 0,
  PRIMARY KEY (`search_id`),
  KEY `rt_searches_context_id` (`context_id`)
) ENGINE=InnoDB DEFAULT CHARSET=utf8;

--
-- Dumping data for table `rt_searches`
--


--
-- Table structure for table `rt_versions`
--

CREATE TABLE `rt_versions` (
  `version_id` bigint(20) NOT NULL AUTO_INCREMENT,
  `journal_id` bigint(20) NOT NULL,
  `version_key` varchar(40) NOT NULL,
  `locale` varchar(14) DEFAULT 'en_US',
  `title` varchar(120) NOT NULL,
  `description` text DEFAULT NULL,
  PRIMARY KEY (`version_id`),
  KEY `rt_versions_journal_id` (`journal_id`),
  KEY `rt_versions_version_key` (`version_key`)
) ENGINE=InnoDB DEFAULT CHARSET=utf8;

--
-- Dumping data for table `rt_versions`
--


--
-- Table structure for table `scheduled_tasks`
--

CREATE TABLE `scheduled_tasks` (
  `class_name` varchar(255) NOT NULL,
  `last_run` datetime DEFAULT NULL,
  UNIQUE KEY `scheduled_tasks_pkey` (`class_name`)
) ENGINE=InnoDB DEFAULT CHARSET=utf8;

--
-- Dumping data for table `scheduled_tasks`
--

INSERT INTO `scheduled_tasks` VALUES ('classes.tasks.SubscriptionExpiryReminder','2021-02-23 19:50:45'),('lib.pkp.classes.task.ReviewReminder','2021-02-26 21:25:59'),('lib.pkp.classes.task.StatisticsReport','2021-02-23 19:50:44'),('plugins.generic.usageStats.UsageStatsLoader','2021-02-26 21:22:17'),('plugins.importexport.crossref.CrossrefInfoSender','2021-02-26 21:22:17'),('plugins.importexport.datacite.DataciteInfoSender','2021-02-26 21:25:59'),('plugins.importexport.doaj.DOAJInfoSender','2021-02-26 21:22:17');

--
-- Table structure for table `section_settings`
--

CREATE TABLE `section_settings` (
  `section_id` bigint(20) NOT NULL,
  `locale` varchar(14) NOT NULL DEFAULT '',
  `setting_name` varchar(255) NOT NULL,
  `setting_value` text DEFAULT NULL,
  `setting_type` varchar(6) NOT NULL,
  UNIQUE KEY `section_settings_pkey` (`section_id`,`locale`,`setting_name`),
  KEY `section_settings_section_id` (`section_id`)
) ENGINE=InnoDB DEFAULT CHARSET=utf8;

--
-- Dumping data for table `section_settings`
--

INSERT INTO `section_settings` VALUES (1,'en_US','abbrev','ART','string'),(1,'en_US','identifyType','','string'),(1,'en_US','policy','','string'),(1,'en_US','title','Articles','string');

--
-- Table structure for table `sections`
--

CREATE TABLE `sections` (
  `section_id` bigint(20) NOT NULL AUTO_INCREMENT,
  `journal_id` bigint(20) NOT NULL,
  `review_form_id` bigint(20) DEFAULT NULL,
  `seq` double NOT NULL DEFAULT 0,
  `editor_restricted` tinyint(4) NOT NULL DEFAULT 0,
  `meta_indexed` tinyint(4) NOT NULL DEFAULT 0,
  `meta_reviewed` tinyint(4) NOT NULL DEFAULT 1,
  `abstracts_not_required` tinyint(4) NOT NULL DEFAULT 0,
  `hide_title` tinyint(4) NOT NULL DEFAULT 0,
  `hide_author` tinyint(4) NOT NULL DEFAULT 0,
  `abstract_word_count` bigint(20) DEFAULT NULL,
  `is_inactive` smallint(6) NOT NULL DEFAULT 0,
  PRIMARY KEY (`section_id`),
  KEY `sections_journal_id` (`journal_id`)
) ENGINE=InnoDB AUTO_INCREMENT=2 DEFAULT CHARSET=utf8;

--
-- Dumping data for table `sections`
--

INSERT INTO `sections` VALUES (1,1,0,0,0,1,1,0,0,0,NULL,0);

--
-- Table structure for table `site_settings`
--

CREATE TABLE `site_settings` (
  `setting_name` varchar(255) NOT NULL,
  `locale` varchar(14) NOT NULL DEFAULT '',
  `setting_value` text DEFAULT NULL,
  UNIQUE KEY `site_settings_pkey` (`setting_name`,`locale`)
) ENGINE=InnoDB DEFAULT CHARSET=utf8;

--
-- Dumping data for table `site_settings`
--

INSERT INTO `site_settings` VALUES ('contactEmail','en_US','admin@medlabtechnojournal.com'),('contactName','en_US','Open Journal Systems'),('showDescription','','1'),('showThumbnail','','1'),('showTitle','','1'),('sidebar','','[\"developedbyblockplugin\",\"languagetoggleblockplugin\"]'),('themePluginPath','','default');

--
-- Table structure for table `stage_assignments`
--

CREATE TABLE `stage_assignments` (
  `stage_assignment_id` bigint(20) NOT NULL AUTO_INCREMENT,
  `submission_id` bigint(20) NOT NULL,
  `user_group_id` bigint(20) NOT NULL,
  `user_id` bigint(20) NOT NULL,
  `date_assigned` datetime NOT NULL,
  `recommend_only` tinyint(4) NOT NULL DEFAULT 0,
  `can_change_metadata` tinyint(4) NOT NULL DEFAULT 0,
  PRIMARY KEY (`stage_assignment_id`),
  UNIQUE KEY `stage_assignment` (`submission_id`,`user_group_id`,`user_id`),
  KEY `stage_assignments_submission_id` (`submission_id`),
  KEY `stage_assignments_user_group_id` (`user_group_id`),
  KEY `stage_assignments_user_id` (`user_id`)
) ENGINE=InnoDB AUTO_INCREMENT=101 DEFAULT CHARSET=utf8;

--
-- Dumping data for table `stage_assignments`
--

INSERT INTO `stage_assignments` VALUES (1,1,14,2,'2019-03-28 12:36:09',0,0),(2,1,14,3,'2019-03-28 12:47:57',0,0),(3,1,3,5,'2019-03-28 13:32:59',0,1),(4,2,14,7,'2019-03-29 07:26:34',0,0),(5,2,3,1,'2019-03-29 07:31:55',0,1),(6,3,14,7,'2019-03-31 14:34:01',0,0),(7,4,14,7,'2019-03-31 14:36:35',0,0),(8,5,14,2,'2019-03-31 14:39:23',0,0),(9,5,3,1,'2019-03-31 14:55:04',0,1),(10,4,3,1,'2019-03-31 14:57:22',0,1),(11,3,3,1,'2019-03-31 14:58:44',0,1),(12,6,14,9,'2019-08-24 10:23:40',0,0),(13,6,5,6,'2019-08-24 10:29:04',0,0),(14,6,3,5,'2019-08-24 10:49:17',1,1),(15,7,14,10,'2019-08-25 13:40:03',0,0),(16,7,5,6,'2019-08-25 13:53:35',0,0),(17,7,3,14,'2019-08-25 14:18:36',1,1),(18,8,14,19,'2019-08-25 14:44:58',0,0),(19,8,5,6,'2019-08-25 14:48:51',0,0),(20,8,3,16,'2019-08-25 14:50:02',1,1),(21,9,14,20,'2019-08-29 08:20:44',0,0),(22,9,5,6,'2019-08-29 08:26:50',0,0),(23,9,3,15,'2019-08-29 08:28:23',1,1),(24,7,3,12,'2019-08-30 12:36:04',1,1),(25,10,14,21,'2019-08-31 08:31:02',0,0),(26,10,5,6,'2019-08-31 08:32:41',0,0),(27,10,3,12,'2019-08-31 08:33:37',1,1),(28,11,14,23,'2019-09-20 19:40:37',0,0),(29,11,5,6,'2019-09-20 19:43:29',0,0),(30,11,2,1,'2019-10-04 08:06:40',1,1),(35,13,14,25,'2020-01-30 19:36:45',0,0),(36,13,5,6,'2020-01-30 19:42:45',0,0),(37,14,14,26,'2020-01-31 15:29:08',0,0),(38,14,5,6,'2020-01-31 15:54:31',0,0),(39,14,2,1,'2020-02-01 14:32:13',1,1),(40,13,2,1,'2020-02-01 14:33:48',1,1),(41,15,14,28,'2020-02-16 16:18:09',0,0),(43,15,2,1,'2020-02-17 09:33:43',1,1),(44,13,2,5,'2020-02-19 08:43:01',0,1),(45,14,2,29,'2020-02-19 09:11:41',0,1),(46,15,2,5,'2020-02-19 09:37:33',0,1),(47,11,2,5,'2020-02-19 09:38:23',0,1),(48,14,2,5,'2020-02-19 09:49:37',0,1),(49,16,14,33,'2020-03-07 09:21:24',0,0),(50,16,2,1,'2020-03-07 09:32:05',0,1),(51,17,14,34,'2020-03-19 09:20:24',0,0),(52,17,2,1,'2020-03-19 09:23:40',0,1),(53,18,14,23,'2020-03-26 14:27:04',0,0),(54,19,14,37,'2020-03-28 16:57:31',0,0),(57,19,2,1,'2020-03-29 14:04:33',0,1),(58,18,2,1,'2020-03-29 14:05:18',0,1),(59,20,14,40,'2020-05-21 05:31:34',0,0),(60,20,2,1,'2020-05-26 13:57:38',0,1),(61,21,14,40,'2020-07-15 02:22:50',0,0),(62,21,2,1,'2020-07-15 07:44:48',0,1),(63,22,14,42,'2020-07-26 09:46:48',0,0),(64,23,14,42,'2020-07-26 09:51:23',0,0),(65,23,2,1,'2020-07-26 09:56:27',0,1),(66,22,2,1,'2020-07-26 09:59:16',0,1),(67,24,14,43,'2020-08-13 03:48:19',0,0),(68,24,2,1,'2020-08-13 10:42:57',0,1),(69,25,14,51,'2020-09-08 12:48:04',0,0),(70,25,7,48,'2020-09-08 12:50:53',0,0),(71,25,7,50,'2020-09-08 12:55:04',0,0),(72,25,7,49,'2020-09-08 12:55:32',0,0),(73,26,14,52,'2020-09-09 01:33:30',0,0),(74,25,2,1,'2020-09-11 05:00:31',0,1),(75,26,2,1,'2020-09-18 05:31:39',0,1),(76,26,7,50,'2020-09-28 06:08:34',0,0),(77,21,7,49,'2020-09-28 06:22:53',0,0),(79,28,14,57,'2020-10-06 11:51:10',0,0),(80,28,2,1,'2020-10-06 21:07:16',0,1),(81,29,14,58,'2020-10-07 17:13:37',0,0),(82,29,2,1,'2020-10-07 19:06:42',0,1),(83,29,7,50,'2020-10-09 07:48:40',0,0),(84,28,7,49,'2020-10-09 07:52:37',0,0),(85,30,14,59,'2020-10-22 03:29:19',0,0),(86,30,2,1,'2020-10-25 12:40:16',0,1),(88,32,14,63,'2020-12-06 23:24:57',0,0),(89,32,2,1,'2020-12-09 05:32:10',0,1),(90,33,14,65,'2021-01-02 05:40:33',0,0),(91,33,2,1,'2021-01-02 05:43:32',0,1),(94,36,14,56,'2021-01-20 21:14:57',0,0),(95,37,14,56,'2021-01-20 23:39:44',0,0),(96,38,14,66,'2021-01-23 23:03:16',0,0),(97,38,2,1,'2021-01-25 08:04:42',0,1),(98,36,2,1,'2021-01-25 08:22:15',0,1),(99,39,14,67,'2021-01-28 09:22:25',0,0),(100,40,14,51,'2021-02-20 08:58:12',0,0);

--
-- Table structure for table `static_page_settings`
--

CREATE TABLE `static_page_settings` (
  `static_page_id` bigint(20) NOT NULL,
  `locale` varchar(14) NOT NULL DEFAULT '',
  `setting_name` varchar(255) NOT NULL,
  `setting_value` longtext DEFAULT NULL,
  `setting_type` varchar(6) NOT NULL,
  UNIQUE KEY `static_page_settings_pkey` (`static_page_id`,`locale`,`setting_name`),
  KEY `static_page_settings_static_page_id` (`static_page_id`)
) ENGINE=InnoDB DEFAULT CHARSET=utf8;

--
-- Dumping data for table `static_page_settings`
--


--
-- Table structure for table `static_pages`
--

CREATE TABLE `static_pages` (
  `static_page_id` bigint(20) NOT NULL AUTO_INCREMENT,
  `path` varchar(255) NOT NULL,
  `context_id` bigint(20) NOT NULL,
  PRIMARY KEY (`static_page_id`)
) ENGINE=InnoDB AUTO_INCREMENT=14 DEFAULT CHARSET=utf8;

--
-- Dumping data for table `static_pages`
--


--
-- Table structure for table `subeditor_submission_group`
--

CREATE TABLE `subeditor_submission_group` (
  `context_id` bigint(20) NOT NULL,
  `assoc_id` bigint(20) NOT NULL,
  `user_id` bigint(20) NOT NULL,
  `assoc_type` bigint(20) NOT NULL,
  UNIQUE KEY `section_editors_pkey` (`context_id`,`assoc_id`,`assoc_type`,`user_id`),
  KEY `section_editors_context_id` (`context_id`),
  KEY `subeditor_submission_group_assoc_id` (`assoc_id`,`assoc_type`),
  KEY `subeditor_submission_group_user_id` (`user_id`)
) ENGINE=InnoDB DEFAULT CHARSET=utf8;

--
-- Dumping data for table `subeditor_submission_group`
--

INSERT INTO `subeditor_submission_group` VALUES (1,1,6,530);

--
-- Table structure for table `submission_artwork_files`
--

CREATE TABLE `submission_artwork_files` (
  `file_id` bigint(20) NOT NULL,
  `revision` bigint(20) NOT NULL,
  `caption` text DEFAULT NULL,
  `credit` varchar(255) DEFAULT NULL,
  `copyright_owner` varchar(255) DEFAULT NULL,
  `copyright_owner_contact` text DEFAULT NULL,
  `permission_terms` text DEFAULT NULL,
  `permission_file_id` bigint(20) DEFAULT NULL,
  `chapter_id` bigint(20) DEFAULT NULL,
  `contact_author` bigint(20) DEFAULT NULL,
  PRIMARY KEY (`file_id`,`revision`)
) ENGINE=InnoDB DEFAULT CHARSET=utf8;

--
-- Dumping data for table `submission_artwork_files`
--


--
-- Table structure for table `submission_comments`
--

CREATE TABLE `submission_comments` (
  `comment_id` bigint(20) NOT NULL AUTO_INCREMENT,
  `comment_type` bigint(20) DEFAULT NULL,
  `role_id` bigint(20) NOT NULL,
  `submission_id` bigint(20) NOT NULL,
  `assoc_id` bigint(20) NOT NULL,
  `author_id` bigint(20) NOT NULL,
  `comment_title` text DEFAULT NULL,
  `comments` text DEFAULT NULL,
  `date_posted` datetime DEFAULT NULL,
  `date_modified` datetime DEFAULT NULL,
  `viewable` tinyint(4) DEFAULT NULL,
  PRIMARY KEY (`comment_id`),
  KEY `submission_comments_submission_id` (`submission_id`)
) ENGINE=InnoDB DEFAULT CHARSET=utf8;

--
-- Dumping data for table `submission_comments`
--


--
-- Table structure for table `submission_file_revisions`
--

CREATE TABLE `submission_file_revisions` (
  `revision_id` bigint(20) unsigned NOT NULL AUTO_INCREMENT,
  `submission_file_id` bigint(20) unsigned NOT NULL,
  `file_id` bigint(20) unsigned NOT NULL,
  PRIMARY KEY (`revision_id`),
  KEY `submission_file_revisions_submission_file_id_foreign` (`submission_file_id`),
  KEY `submission_file_revisions_file_id_foreign` (`file_id`),
  CONSTRAINT `submission_file_revisions_file_id_foreign` FOREIGN KEY (`file_id`) REFERENCES `files` (`file_id`),
  CONSTRAINT `submission_file_revisions_submission_file_id_foreign` FOREIGN KEY (`submission_file_id`) REFERENCES `submission_files` (`submission_file_id`)
) ENGINE=InnoDB AUTO_INCREMENT=209 DEFAULT CHARSET=utf8;

--
-- Dumping data for table `submission_file_revisions`
--

INSERT INTO `submission_file_revisions` VALUES (1,1,1),(2,2,2),(3,3,3),(4,4,4),(5,5,5),(6,6,6),(7,7,7),(8,7,8),(9,8,9),(10,9,10),(11,10,11),(12,12,12),(13,13,13),(14,14,14),(15,15,15),(16,18,16),(17,19,17),(18,20,18),(19,21,19),(20,22,20),(21,23,21),(22,24,22),(23,25,23),(24,26,24),(25,27,25),(26,28,26),(27,29,27),(28,30,28),(29,31,29),(30,32,30),(31,33,31),(32,34,32),(33,35,33),(34,36,34),(35,37,35),(36,38,36),(37,39,37),(38,40,38),(39,41,39),(40,42,40),(41,43,41),(42,44,42),(43,45,43),(44,46,44),(45,47,45),(46,48,46),(47,49,47),(48,50,48),(49,51,49),(50,52,50),(51,53,51),(52,54,52),(53,55,53),(54,56,54),(55,57,55),(56,58,56),(57,59,57),(58,60,58),(59,61,59),(60,62,60),(61,63,61),(62,64,62),(63,66,63),(64,67,64),(65,68,65),(66,70,66),(67,71,67),(68,72,68),(69,73,69),(70,74,70),(71,75,71),(72,76,72),(73,77,73),(74,78,74),(75,79,75),(76,80,76),(77,81,77),(78,82,78),(79,86,79),(80,87,80),(81,88,81),(82,89,82),(83,90,83),(84,91,84),(85,92,85),(86,93,86),(87,94,87),(88,96,88),(89,96,89),(90,97,90),(91,98,91),(92,101,92),(93,103,93),(94,104,94),(95,105,95),(96,106,96),(97,107,97),(98,108,98),(99,109,99),(100,110,100),(101,111,101),(102,112,102),(103,113,103),(104,114,104),(105,115,105),(106,115,106),(107,116,107),(108,117,108),(109,118,109),(110,119,110),(111,120,111),(112,121,112),(113,122,113),(114,124,114),(115,127,115),(116,129,116),(117,133,117),(118,134,118),(119,135,119),(120,137,120),(121,138,121),(122,139,122),(123,140,123),(124,141,124),(125,142,125),(126,143,126),(127,146,127),(128,148,128),(129,149,129),(130,150,130),(131,151,131),(132,152,132),(133,153,133),(134,154,134),(135,155,135),(136,156,136),(137,157,137),(138,158,138),(139,159,139),(140,160,140),(141,161,141),(142,162,142),(143,163,143),(144,164,144),(145,165,145),(146,166,146),(147,167,147),(148,169,148),(149,170,149),(150,171,150),(151,172,151),(152,173,152),(153,174,153),(154,175,154),(155,176,155),(156,177,156),(157,179,157),(158,180,158),(159,181,159),(160,182,160),(161,183,161),(162,184,162),(163,185,163),(164,186,164),(165,189,165),(166,190,166),(167,191,167),(168,192,168),(169,193,169),(170,194,170),(171,195,171),(172,196,172),(173,196,173),(174,196,174),(175,197,175),(176,198,176),(177,199,177),(178,200,178),(179,201,179),(180,202,180),(181,203,181),(182,204,182),(183,207,183),(184,208,184),(185,211,185),(186,212,186),(187,213,187),(188,214,188),(189,215,189),(190,216,190),(191,217,191),(192,218,192),(193,219,193),(194,221,194),(195,223,195),(196,224,196),(197,225,197),(198,226,198),(199,226,199),(200,226,200),(201,226,201),(202,227,202),(203,228,203),(204,229,204),(205,230,205),(206,231,206),(207,232,207),(208,233,208);

--
-- Table structure for table `submission_file_settings`
--

CREATE TABLE `submission_file_settings` (
  `submission_file_id` bigint(20) NOT NULL,
  `locale` varchar(14) NOT NULL DEFAULT '',
  `setting_name` varchar(255) NOT NULL,
  `setting_value` text DEFAULT NULL,
  `setting_type` varchar(6) NOT NULL DEFAULT 'string',
  UNIQUE KEY `submission_file_settings_pkey` (`submission_file_id`,`locale`,`setting_name`),
  KEY `submission_file_settings_id` (`submission_file_id`)
) ENGINE=InnoDB DEFAULT CHARSET=utf8;

--
-- Dumping data for table `submission_file_settings`
--

INSERT INTO `submission_file_settings` VALUES (1,'en_US','name','putri, santan ing.docx','string'),(2,'en_US','name','putri, santan ing.docx','string'),(3,'en_US','name','putri, santan ing.docx','string'),(4,'en_US','name','yuli, ikan asin ing.docx','string'),(5,'en_US','name','Article Text, ikan asin ing.docx','string'),(6,'en_US','name',', ikan asin ing-rev (Autosaved).docx','string'),(7,'en_US','name','Article Text, ikan asin ing -perbaikan.docx','string'),(8,'en_US','name','Article Text, ikan asin ing.docx','string'),(9,'en_US','name','Article Text, ikan asin ing.docx','string'),(10,'en_US','name','Article Text, ikan asin ing.docx','string'),(12,'en_US','name','admin, ikan asin template.pdf','string'),(13,'en_US','name','Article Text, santan ing.docx','string'),(14,'en_US','name',', santan ing-rev.docx','string'),(15,'en_US','name','Article Text, santan ing-perbaikan.docx','string'),(16,'en_US','name','Article Text, ikan asin ing -perbaikan.docx','string'),(18,'en_US','name','yuli, erytrosit ing.docx','string'),(19,'en_US','name','yuli, kelulut ing.docx','string'),(20,'en_US','name','putri, vekDHF ing.docx','string'),(21,'en_US','name','Article Text, vekDHF ing.docx','string'),(22,'en_US','name','Article Text, kelulut ing.docx','string'),(23,'en_US','name','Article Text, erytrosit ing.docx','string'),(24,'en_US','name',', vekDHF ing -rev.docx','string'),(25,'en_US','name',', kelulut ing -rev.docx','string'),(26,'en_US','name',', erytrosit ing -rev.docx','string'),(27,'en_US','name','Article Text, kelulut ing-perbaikan.docx','string'),(28,'en_US','name','Article Text, erytrosit ing -perbaikan.docx','string'),(29,'en_US','name','Article Text, vekDHF ing -perbaikan.docx','string'),(30,'en_US','name','admin, santan template.pdf','string'),(31,'en_US','name','admin, vekDHF template.pdf','string'),(32,'en_US','name','admin, kelulut template.pdf','string'),(33,'en_US','name','admin, erytrosit template.pdf','string'),(34,'en_US','name','nurulhuda, jurnal nurul kayu mns eng.docx','string'),(35,'en_US','name','Article Text, jurnal nurul kayu mns eng.docx','string'),(36,'en_US','name','ayusutiany, jurnal ayu rosella new eng.docx','string'),(37,'en_US','name','sitimahmudah, jurnal mahmudah bawang new eng.docx','string'),(38,'en_US','name','Article Text, jurnal mahmudah bawang new eng.docx','string'),(39,'en_US','name','Article Text, jurnal ayu rosella new eng.docx','string'),(40,'en_US','name','yusufatakan, sirkumsisi.doc','string'),(41,'en_US','name','Article Text, sirkumsisi.doc','string'),(42,'en_US','name',', jurnal mahmudah bawang new eng rev.docx','string'),(43,'en_US','name',', jurnal ayu rosella new eng rev.docx','string'),(44,'en_US','name',', jurnal nurul kayu mns eng rev.docx','string'),(45,'en_US','name',', sirkumsisi rev.doc','string'),(46,'en_US','name','Article Text, sirkumsisi perbaikan.doc','string'),(47,'en_US','name','Article Text, jurnal mahmudah bawang new eng perbaikan.docx','string'),(48,'en_US','name','Article Text, jurnal nurul kayu mns eng perbaikan.docx','string'),(49,'en_US','name','Article Text, jurnal ayu rosella new eng perbaikan.docx','string'),(50,'en_US','name','Article Text, jurnal mahmudah bawang new eng perbaikan.docx','string'),(51,'en_US','name','Article Text, jurnal nurul kayu mns eng perbaikan.docx','string'),(52,'en_US','name','Article Text, sirkumsisi perbaikan.doc','string'),(53,'en_US','name','Article Text, jurnal ayu rosella new eng perbaikan.docx','string'),(54,'en_US','name','ayufahani, Cemaran Bacillus cereus eng.docx','string'),(55,'en_US','name','Article Text, Cemaran Bacillus cereus eng.docx','string'),(56,'en_US','name',', Cemaran Bacillus cereus eng rev.docx','string'),(57,'en_US','name','Article Text, Cemaran Bacillus cereus eng perbaikan.docx','string'),(58,'en_US','name','Article Text, Cemaran Bacillus cereus eng perbaikan.docx','string'),(59,'en_US','name','fetus, cemaran basillus template.pdf','string'),(60,'en_US','name','fetus, jurnal ayu rosella template.pdf','string'),(61,'en_US','name','admin, sirkumsisi template asli.pdf','string'),(62,'en_US','name','admin, jurnal mahmudah template.pdf','string'),(63,'en_US','name','admin, jurnal nurul template.pdf','string'),(64,'en_US','name','dryab2747, z plasti yeni tarama.docx','string'),(66,'en_US','name','gunesbolatli, PPID: THMR-8801-1319-11 (PoolText) evaluation of variations of the hyoid bone with Multidetector Computarized Tomography.docx','string'),(67,'','dateCreated','','string'),(67,'','language','','string'),(67,'en_US','creator','','string'),(67,'en_US','description','','string'),(67,'en_US','name','gunesbolatli, Table.docx','string'),(67,'en_US','publisher','','string'),(67,'en_US','source','','string'),(67,'en_US','sponsor','','string'),(67,'en_US','subject','','string'),(68,'','dateCreated','','string'),(68,'','language','','string'),(68,'en_US','creator','','string'),(68,'en_US','description','','string'),(68,'en_US','name','gunesbolatli, FİGURES.docx','string'),(68,'en_US','publisher','','string'),(68,'en_US','source','','string'),(68,'en_US','sponsor','','string'),(68,'en_US','subject','','string'),(70,'en_US','name','ozankocak, GÖNDERr.docx','string'),(71,'en_US','name','Article Text, GÖNDERr.docx','string'),(72,'en_US','name','Article Text, The evaluation of variations of the hyoid bone with Multidetector Computarized Tomography.docx','string'),(73,'','dateCreated','','string'),(73,'','language','','string'),(73,'en_US','creator','','string'),(73,'en_US','description','','string'),(73,'en_US','name','Other, Table.docx','string'),(73,'en_US','publisher','','string'),(73,'en_US','source','','string'),(73,'en_US','sponsor','','string'),(73,'en_US','subject','','string'),(74,'','dateCreated','','string'),(74,'','language','','string'),(74,'en_US','creator','','string'),(74,'en_US','description','','string'),(74,'en_US','name','Other, FİGURES.docx','string'),(74,'en_US','publisher','','string'),(74,'en_US','source','','string'),(74,'en_US','sponsor','','string'),(74,'en_US','subject','','string'),(75,'en_US','name',', ozankocak rev.docx','string'),(76,'en_US','name','gunes rev.docx','string'),(77,'en_US','name','dryasintire, Main Text.docx','string'),(78,'','dateCreated','','string'),(78,'','language','','string'),(78,'en_US','creator','Fşgure 1','string'),(78,'en_US','description','','string'),(78,'en_US','name','dryasintire, Figure 1.docx','string'),(78,'en_US','publisher','','string'),(78,'en_US','source','','string'),(78,'en_US','sponsor','','string'),(78,'en_US','subject','','string'),(79,'','dateCreated','','string'),(79,'','language','','string'),(79,'en_US','creator','Figure 2','string'),(79,'en_US','description','','string'),(79,'en_US','name','dryasintire, Figure 2.docx','string'),(79,'en_US','publisher','','string'),(79,'en_US','source','','string'),(79,'en_US','sponsor','','string'),(79,'en_US','subject','','string'),(80,'','dateCreated','','string'),(80,'','language','','string'),(80,'en_US','creator','Table 1','string'),(80,'en_US','description','','string'),(80,'en_US','name','dryasintire, Table 1.docx','string'),(80,'en_US','publisher','','string'),(80,'en_US','source','','string'),(80,'en_US','sponsor','','string'),(80,'en_US','subject','','string'),(81,'','dateCreated','','string'),(81,'','language','','string'),(81,'en_US','creator','Table 2','string'),(81,'en_US','description','','string'),(81,'en_US','name','dryasintire, Table 2.docx','string'),(81,'en_US','publisher','','string'),(81,'en_US','source','','string'),(81,'en_US','sponsor','','string'),(81,'en_US','subject','','string'),(82,'en_US','name',', gunes rev 2.docx','string'),(86,'en_US','name',', gunes rev.docx','string'),(87,'en_US','name','Article Text, z plasti yeni tarama.docx','string'),(88,'en_US','name','Article Text, Main Text.docx','string'),(89,'','dateCreated','','string'),(89,'','language','','string'),(89,'en_US','creator','Fşgure 1','string'),(89,'en_US','description','','string'),(89,'en_US','name','Research Materials, Figure 1.docx','string'),(89,'en_US','publisher','','string'),(89,'en_US','source','','string'),(89,'en_US','sponsor','','string'),(89,'en_US','subject','','string'),(90,'','dateCreated','','string'),(90,'','language','','string'),(90,'en_US','creator','Figure 2','string'),(90,'en_US','description','','string'),(90,'en_US','name','Research Materials, Figure 2.docx','string'),(90,'en_US','publisher','','string'),(90,'en_US','source','','string'),(90,'en_US','sponsor','','string'),(90,'en_US','subject','','string'),(91,'','dateCreated','','string'),(91,'','language','','string'),(91,'en_US','creator','Table 1','string'),(91,'en_US','description','','string'),(91,'en_US','name','Research Instrument, Table 1.docx','string'),(91,'en_US','publisher','','string'),(91,'en_US','source','','string'),(91,'en_US','sponsor','','string'),(91,'en_US','subject','','string'),(92,'','dateCreated','','string'),(92,'','language','','string'),(92,'en_US','creator','Table 2','string'),(92,'en_US','description','','string'),(92,'en_US','name','Research Instrument, Table 2.docx','string'),(92,'en_US','publisher','','string'),(92,'en_US','source','','string'),(92,'en_US','sponsor','','string'),(92,'en_US','subject','','string'),(93,'en_US','name',', 15-Article Text-77-1-2-20200216rev.docx','string'),(94,'en_US','name',', yusuf z plasty rev.docx','string'),(96,'en_US','name','Article Text, 11-Article Text-96-1-15-20200221.doc','string'),(97,'en_US','name',', 0reviewer THMR form-4.docx','string'),(98,'en_US','name',', 0reviewer THMR form-3.docx','string'),(101,'en_US','name',', 0reviewer THMR form-2.docx','string'),(103,'en_US','name','haris, haris nurdin ing.docx','string'),(104,'en_US','name','Article Text, haris nurdin ing.docx','string'),(105,'en_US','name','novina, novina ing.docx','string'),(106,'en_US','name','Article Text, novina ing.docx','string'),(107,'en_US','name',', haris nurdin rev1.docx','string'),(108,'en_US','name',', novina rev 1.docx','string'),(109,'en_US','name',', haris nurdin rev2.docx','string'),(110,'en_US','name',', novina rev 2.docx','string'),(111,'en_US','name','Article Text, haris nurdin perbaikan.docx','string'),(112,'en_US','name','Article Text, haris nurdin perbaikan.docx','string'),(113,'en_US','name','Article Text, novina perbaikan.docx','string'),(114,'en_US','name','Article Text, novina perbaikan.docx','string'),(115,'en_US','name','dryab2747, Tez-makale editörü_koledok_EN.edited-koledok .doc','string'),(116,'en_US','name','Article Text, 11-Article Text-96-1-15-20200221.doc','string'),(117,'en_US','name','admin, gunes template new.pdf','string'),(118,'en_US','name','admin, yasin template-2.pdf','string'),(119,'en_US','name','admin, ozankocak template new.pdf','string'),(120,'en_US','name','admin, haris nurdin template.pdf','string'),(121,'en_US','name','admin, novina template.pdf','string'),(122,'en_US','name','admin, yusuf z template new.pdf','string'),(124,'en_US','name','savas, dmtropicsubm.doc','string'),(127,'en_US','name','dryab2747, Tez-makale editörü_koledok_EN.edited-koledok .doc','string'),(129,'en_US','name','Article Text, dmtropicsubm.doc','string'),(133,'en_US','name',', savas rev.doc','string'),(134,'en_US','name','Article Text, dmtropikalrev.doc','string'),(135,'en_US','name','Article Text, dmtropikalrev.doc','string'),(137,'en_US','name',', rev1.jpg','string'),(138,'en_US','name','benedelu, OPHTHALMOLOGICAL FINDINGS IN PEDIATRIC NONTRAUMATIC COMA IN ENUGU STATE UNIVERSITY TEACHING HOSPITAL.docx','string'),(139,'en_US','name','Article Text, OPHTHALMOLOGICAL FINDINGS IN PEDIATRIC NONTRAUMATIC COMA IN ENUGU STATE UNIVERSITY TEACHING HOSPITAL.docx','string'),(140,'en_US','name',', optahal rev.docx','string'),(141,'en_US','name','Article Text, optahal rev.docx','string'),(142,'en_US','name','Article Text, optahal rev.docx','string'),(143,'en_US','name',', 0reviewer THMR opthal.docx','string'),(146,'en_US','name','Article Text, Tez-makale editörü_koledok_EN.edited-koledok .doc','string'),(148,'en_US','name',', 18-Article Text-147-1-15-20200713.docx','string'),(149,'en_US','name','benedelu, DKA_Manuscript.docx','string'),(150,'en_US','name','Article Text, DKA_Manuscript.docx','string'),(151,'en_US','name','Article Text, sabri başkan makale koledok hakem sonrası son hali.doc','string'),(152,'','dateCreated','','string'),(152,'','language','','string'),(152,'en_US','creator','','string'),(152,'en_US','description','','string'),(152,'en_US','name','Other, sabri başkan başlık sayfası ingilizce.doc','string'),(152,'en_US','publisher','','string'),(152,'en_US','source','','string'),(152,'en_US','sponsor','','string'),(152,'en_US','subject','','string'),(153,'en_US','name',', enugu rev.docx','string'),(154,'en_US','name','agnina, agnina jurnal submit.docx','string'),(155,'en_US','name','agnina, dini jurnal submit.docx','string'),(156,'en_US','name','Article Text, dini jurnal submit.docx','string'),(157,'en_US','name','Article Text, agnina jurnal submit.docx','string'),(158,'en_US','name',', dini jurnal rev1.docx','string'),(159,'en_US','name',', agnina jurnal rev1.docx','string'),(160,'en_US','name',', dini jurnal rev2.docx','string'),(161,'en_US','name',', agnina jurnal rev2.docx','string'),(162,'en_US','name','Article Text, sabri başkan makale koledok hakem sonrası son hali.doc','string'),(163,'','dateCreated','','string'),(163,'','language','','string'),(163,'en_US','creator','','string'),(163,'en_US','description','','string'),(163,'en_US','name','Other, sabri başkan başlık sayfası ingilizce.doc','string'),(163,'en_US','publisher','','string'),(163,'en_US','source','','string'),(163,'en_US','sponsor','','string'),(163,'en_US','subject','','string'),(164,'en_US','name','Article Text, dini jurnal perbaikan.docx','string'),(165,'en_US','name','Article Text, agnina jurnal perbaikan.docx','string'),(166,'en_US','name','Article Text, dini jurnal perbaikan.docx','string'),(167,'en_US','name','Article Text, agnina jurnal perbaikan.docx','string'),(169,'en_US','name','refsouza, Article.docx','string'),(170,'en_US','name','Article Text, Article.docx','string'),(171,'en_US','name',', hiv-brazil rev.docx','string'),(172,'en_US','name','Article Text, Article.docx','string'),(173,'en_US','name','Article Text, Article.docx','string'),(174,'en_US','name','Article Text, agnina jurnal perbaikan.docx','string'),(175,'en_US','name','Article Text, dini jurnal perbaikan.docx','string'),(176,'en_US','name','admin, savas template mnausprict new.pdf','string'),(177,'en_US','name','admin, opthal template dr author new.pdf','string'),(179,'en_US','name','admin, dini jurnal template.pdf','string'),(180,'en_US','name','admin, Biliary Duct template new.pdf','string'),(181,'en_US','name','admin, brazil hiv template new.pdf','string'),(182,'en_US','name','fadia, fadia jurnal tranlate.edited.docx','string'),(183,'','dateCreated','','string'),(183,'','language','','string'),(183,'en_US','creator','','string'),(183,'en_US','description','','string'),(183,'en_US','name','drdeniz, ing maha makale.docx','string'),(183,'en_US','publisher','','string'),(183,'en_US','source','','string'),(183,'en_US','sponsor','','string'),(183,'en_US','subject','','string'),(184,'en_US','name','Article Text, fadia jurnal tranlate.edited.docx','string'),(185,'en_US','name','Article Text, 21-153-1-5-20200721.docx','string'),(186,'','dateCreated','','string'),(186,'','language','','string'),(186,'en_US','creator','','string'),(186,'en_US','description','','string'),(186,'en_US','name','Research Materials, ing maha makale.docx','string'),(186,'en_US','publisher','','string'),(186,'en_US','source','','string'),(186,'en_US','sponsor','','string'),(186,'en_US','subject','','string'),(189,'en_US','name','erhanokuyan, COVID 19 PREGNANCY.docx','string'),(190,'en_US','name',', deniz rev.docx','string'),(191,'en_US','name','ubi-isaac9, from Pooltext.docx','string'),(192,'en_US','name','Article Text, COVID 19 PREGNANCY.docx','string'),(193,'en_US','name','Article Text, Pooltext.docx','string'),(194,'en_US','name',', covid-tur rev.docx','string'),(195,'en_US','name',', guava negeria rev.docx','string'),(196,'en_US','name','Revision of article text .docx','string'),(197,'','dateCreated','','string'),(197,'','language','','string'),(197,'en_US','creator','','string'),(197,'en_US','description','','string'),(197,'en_US','name','erhanokuyan, Revision Letter.docx','string'),(197,'en_US','publisher','','string'),(197,'en_US','source','','string'),(197,'en_US','sponsor','','string'),(197,'en_US','subject','','string'),(198,'','dateCreated','','string'),(198,'','language','','string'),(198,'en_US','creator','','string'),(198,'en_US','description','','string'),(198,'en_US','name','sari, PPID saHAR.docx','string'),(198,'en_US','publisher','','string'),(198,'en_US','source','sahar','string'),(198,'en_US','sponsor','','string'),(198,'en_US','subject','','string'),(199,'en_US','name','Article Text, 29-195-1-5-20201017.docx','string'),(200,'','dateCreated','','string'),(200,'','language','','string'),(200,'en_US','creator','','string'),(200,'en_US','description','','string'),(200,'en_US','name','Other, PPID saHAR.docx','string'),(200,'en_US','publisher','','string'),(200,'en_US','source','sahar','string'),(200,'en_US','sponsor','','string'),(200,'en_US','subject','','string'),(201,'en_US','name',', obesity-ksarev.docx','string'),(202,'en_US','name','Article Text, 21-153-1-5-20200721.docx','string'),(203,'en_US','name','Revision of article text .docx','string'),(204,'en_US','name','Article Text, 29-195-1-5-20201017.docx','string'),(207,'en_US','name','pebri, Covid1 template1.pdf','string'),(208,'en_US','name','admin, agnina jurnal template new.pdf','string'),(211,'en_US','name','drmizzud, Outcome of Multivector FGMT for Facial Reanimation.docx','string'),(212,'en_US','name','vonny, 0JURNAL VONNY KHRESNA DEWI.docx','string'),(213,'en_US','name','Article Text, 0JURNAL VONNY KHRESNA DEWI.docx','string'),(214,'en_US','name','Article Text, Outcome of Multivector FGMT for Facial Reanimation.docx','string'),(215,'en_US','name','dwiintan, guava template dr author.docx','string'),(216,'en_US','name','dwiintan, guava template dr author.docx','string'),(217,'en_US','name','admin, guava template dr author.pdf','string'),(218,'en_US','name',', 0JURNAL VONNY KHRESNA DEWI rev.docx','string'),(219,'en_US','name',', FGMT rev.docx','string'),(221,'en_US','name','Article Text, Outcome of Multivector FGMT for Facial Reanimation REVISION 1.docx','string'),(223,'en_US','name','admin, TSH research last revised eng.docx','string'),(224,'en_US','name','Article Text, TSH research last revised eng.docx','string'),(225,'en_US','name',', rev38-Article Text-224-1-4-20210203.docx','string'),(226,'en_US','name','Article Text, Gizem Berfin template.docx','string'),(227,'en_US','name','Article Text, 0jurnal vonny2 eng.edited.docx','string'),(228,'en_US','name',', 0JURNAL VONNY KHRESNA DEWI rev2.docx','string'),(229,'en_US','name','Article Text, 0jurnal vonny2 eng.edited.docx','string'),(230,'en_US','name','admin, 0jurnal vonny template.pdf','string'),(231,'en_US','name','fadia, 0jurnal vonny template.docx','string'),(232,'en_US','name','Article Text, revision tsh levels 1.docx','string'),(233,'en_US','name','Article Text, Outcome of Multivector FGMT for Facial Reanimation REVISION 1.docx','string');

--
-- Table structure for table `submission_files`
--

CREATE TABLE `submission_files` (
  `submission_file_id` bigint(20) unsigned NOT NULL AUTO_INCREMENT,
  `source_submission_file_id` bigint(20) DEFAULT NULL,
  `submission_id` bigint(20) NOT NULL,
  `genre_id` bigint(20) DEFAULT NULL,
  `file_stage` bigint(20) NOT NULL,
  `direct_sales_price` varchar(255) DEFAULT NULL,
  `sales_type` varchar(255) DEFAULT NULL,
  `viewable` tinyint(4) DEFAULT NULL,
  `created_at` datetime NOT NULL,
  `updated_at` datetime NOT NULL,
  `uploader_user_id` bigint(20) DEFAULT NULL,
  `assoc_type` bigint(20) DEFAULT NULL,
  `assoc_id` bigint(20) DEFAULT NULL,
  `file_id` bigint(20) unsigned NOT NULL,
  PRIMARY KEY (`submission_file_id`),
  KEY `submission_files_submission_id` (`submission_id`),
  KEY `submission_files_stage_assoc` (`file_stage`,`assoc_type`,`assoc_id`),
  KEY `submission_files_file_id_foreign` (`file_id`),
  CONSTRAINT `submission_files_file_id_foreign` FOREIGN KEY (`file_id`) REFERENCES `files` (`file_id`)
) ENGINE=InnoDB AUTO_INCREMENT=234 DEFAULT CHARSET=utf8;

--
-- Dumping data for table `submission_files`
--

INSERT INTO `submission_files` VALUES (1,NULL,1,1,2,NULL,NULL,1,'2019-03-28 12:36:50','2019-03-28 12:36:50',2,NULL,NULL,1),(2,1,1,1,6,NULL,NULL,1,'2019-03-28 12:36:50','2019-03-28 13:33:38',2,NULL,NULL,2),(3,2,1,1,11,NULL,NULL,0,'2019-03-28 12:36:50','2019-03-28 13:34:11',2,NULL,NULL,3),(4,NULL,2,1,2,NULL,NULL,1,'2019-03-29 07:26:55','2019-03-29 07:26:55',7,NULL,NULL,4),(5,4,2,1,4,NULL,NULL,1,'2019-03-29 07:26:55','2019-03-29 07:33:39',7,523,1,5),(6,NULL,2,NULL,5,NULL,NULL,1,'2019-03-29 07:39:18','2019-03-29 07:39:18',6,517,1,6),(7,NULL,2,1,15,NULL,NULL,0,'2019-03-31 14:29:15','2019-03-31 14:29:15',7,523,1,8),(8,7,2,1,6,NULL,NULL,1,'2019-03-29 07:50:22','2019-03-29 07:56:47',7,NULL,NULL,9),(9,8,2,1,9,NULL,NULL,1,'2019-03-29 07:50:22','2019-03-29 07:57:37',7,NULL,NULL,10),(10,9,2,1,11,NULL,NULL,0,'2019-03-29 07:50:22','2019-03-29 07:59:02',7,NULL,NULL,11),(12,NULL,2,1,10,NULL,NULL,0,'2019-03-31 14:18:29','2019-03-31 14:18:29',1,521,2,12),(13,1,1,1,4,NULL,NULL,1,'2019-03-28 12:36:50','2019-03-31 14:22:40',2,523,2,13),(14,NULL,1,NULL,5,NULL,NULL,1,'2019-03-31 14:25:05','2019-03-31 14:25:05',6,517,2,14),(15,NULL,1,1,15,NULL,NULL,0,'2019-03-31 14:27:41','2019-03-31 14:27:41',2,523,2,15),(18,NULL,3,1,2,NULL,NULL,1,'2019-03-31 14:34:18','2019-03-31 14:34:18',7,NULL,NULL,16),(19,NULL,4,1,2,NULL,NULL,1,'2019-03-31 14:36:54','2019-03-31 14:36:54',7,NULL,NULL,17),(20,NULL,5,1,2,NULL,NULL,1,'2019-03-31 14:39:53','2019-03-31 14:39:53',2,NULL,NULL,18),(21,20,5,1,4,NULL,NULL,1,'2019-03-31 14:39:53','2019-03-31 14:55:18',2,523,3,19),(22,19,4,1,4,NULL,NULL,1,'2019-03-31 14:36:54','2019-03-31 14:57:35',7,523,4,20),(23,18,3,1,4,NULL,NULL,1,'2019-03-31 14:34:18','2019-03-31 14:58:55',7,523,5,21),(24,NULL,5,NULL,5,NULL,NULL,1,'2019-03-31 15:00:45','2019-03-31 15:00:45',6,517,3,22),(25,NULL,4,NULL,5,NULL,NULL,1,'2019-03-31 15:02:27','2019-03-31 15:02:27',6,517,4,23),(26,NULL,3,NULL,5,NULL,NULL,1,'2019-03-31 15:03:37','2019-03-31 15:03:37',6,517,5,24),(27,NULL,4,1,15,NULL,NULL,0,'2019-03-31 15:07:21','2019-03-31 15:07:21',7,523,4,25),(28,NULL,3,1,15,NULL,NULL,0,'2019-03-31 15:08:20','2019-03-31 15:08:20',7,523,5,26),(29,NULL,5,1,15,NULL,NULL,0,'2019-03-31 15:09:28','2019-03-31 15:09:28',2,523,3,27),(30,NULL,1,1,10,NULL,NULL,0,'2019-03-31 15:42:43','2019-03-31 15:42:43',1,521,5,28),(31,NULL,5,1,10,NULL,NULL,0,'2019-03-31 15:46:28','2019-03-31 15:46:28',1,521,6,29),(32,NULL,4,1,10,NULL,NULL,0,'2019-03-31 15:52:57','2019-03-31 15:52:57',1,521,7,30),(33,NULL,3,1,10,NULL,NULL,0,'2019-03-31 16:01:13','2019-03-31 16:01:13',1,521,8,31),(34,NULL,6,1,2,NULL,NULL,1,'2019-08-24 10:24:23','2019-08-24 10:24:23',9,NULL,NULL,32),(35,34,6,1,4,NULL,NULL,1,'2019-08-24 10:24:23','2019-08-24 10:50:15',9,523,6,33),(36,NULL,7,1,2,NULL,NULL,1,'2019-08-25 13:40:34','2019-08-25 13:40:34',10,NULL,NULL,34),(37,NULL,8,1,2,NULL,NULL,1,'2019-08-25 14:45:25','2019-08-25 14:45:25',19,NULL,NULL,35),(38,37,8,1,4,NULL,NULL,1,'2019-08-25 14:45:25','2019-08-28 03:48:10',19,523,7,36),(39,36,7,1,4,NULL,NULL,1,'2019-08-25 13:40:34','2019-08-28 03:50:47',10,523,8,37),(40,NULL,9,1,2,NULL,NULL,1,'2019-08-29 08:21:14','2019-08-29 08:21:14',20,NULL,NULL,38),(41,40,9,1,4,NULL,NULL,1,'2019-08-29 08:21:14','2019-08-30 04:06:54',20,523,9,39),(42,NULL,8,NULL,5,NULL,NULL,1,'2019-08-30 04:13:35','2019-08-30 04:13:35',18,517,7,40),(43,NULL,7,NULL,5,NULL,NULL,1,'2019-08-30 07:51:33','2019-08-30 07:51:33',17,517,8,41),(44,NULL,6,NULL,5,NULL,NULL,1,'2019-08-30 07:58:36','2019-08-30 07:58:36',6,517,6,42),(45,NULL,9,NULL,5,NULL,NULL,1,'2019-08-30 08:00:04','2019-08-30 08:00:04',6,517,9,43),(46,NULL,9,1,15,NULL,NULL,0,'2019-08-30 12:22:23','2019-08-30 12:22:23',20,523,9,44),(47,NULL,8,1,15,NULL,NULL,0,'2019-08-30 12:24:08','2019-08-30 12:24:08',19,523,7,45),(48,NULL,6,1,15,NULL,NULL,0,'2019-08-30 12:25:59','2019-08-30 12:25:59',9,523,6,46),(49,NULL,7,1,15,NULL,NULL,0,'2019-08-30 12:28:17','2019-08-30 12:28:17',10,523,8,47),(50,47,8,1,6,NULL,NULL,1,'2019-08-30 12:24:08','2019-08-30 12:31:45',19,NULL,NULL,48),(51,48,6,1,6,NULL,NULL,1,'2019-08-30 12:25:59','2019-08-30 12:39:16',9,NULL,NULL,49),(52,46,9,1,6,NULL,NULL,1,'2019-08-30 12:22:23','2019-08-30 12:43:36',20,NULL,NULL,50),(53,49,7,1,6,NULL,NULL,1,'2019-08-30 12:28:17','2019-08-30 12:44:42',10,NULL,NULL,51),(54,NULL,10,1,2,NULL,NULL,1,'2019-08-31 08:31:24','2019-08-31 08:31:24',21,NULL,NULL,52),(55,54,10,1,4,NULL,NULL,1,'2019-08-31 08:31:24','2019-08-31 08:35:03',21,523,10,53),(56,NULL,10,NULL,5,NULL,NULL,1,'2019-08-31 08:37:14','2019-08-31 08:37:14',17,517,10,54),(57,NULL,10,1,15,NULL,NULL,0,'2019-08-31 08:40:49','2019-08-31 08:40:49',21,523,10,55),(58,57,10,1,6,NULL,NULL,1,'2019-08-31 08:40:49','2019-08-31 08:42:33',21,NULL,NULL,56),(59,NULL,10,1,10,NULL,NULL,0,'2019-08-31 13:13:59','2019-08-31 13:13:59',12,521,9,57),(60,NULL,7,1,10,NULL,NULL,0,'2019-08-31 13:24:33','2019-08-31 13:24:33',12,521,10,58),(61,NULL,9,1,10,NULL,NULL,0,'2019-08-31 13:32:11','2019-08-31 13:32:11',1,521,11,59),(62,NULL,8,1,10,NULL,NULL,0,'2019-08-31 13:36:51','2019-08-31 13:36:51',1,521,12,60),(63,NULL,6,1,10,NULL,NULL,0,'2019-08-31 13:42:01','2019-08-31 13:42:01',1,521,13,61),(64,NULL,11,1,2,NULL,NULL,1,'2019-09-20 19:41:04','2019-09-20 19:41:04',23,NULL,NULL,62),(66,NULL,13,1,2,NULL,NULL,1,'2020-01-30 19:37:23','2020-01-30 19:37:23',25,NULL,NULL,63),(67,NULL,13,12,2,NULL,NULL,1,'2020-01-30 19:38:31','2020-01-30 19:38:31',25,NULL,NULL,64),(68,NULL,13,12,2,NULL,NULL,1,'2020-01-30 19:39:25','2020-01-30 19:39:25',25,NULL,NULL,65),(70,NULL,14,1,2,NULL,NULL,1,'2020-01-31 15:35:07','2020-01-31 15:35:07',26,NULL,NULL,66),(71,70,14,1,4,NULL,NULL,1,'2020-01-31 15:35:07','2020-02-04 11:15:11',26,523,11,67),(72,66,13,1,4,NULL,NULL,1,'2020-01-30 19:37:23','2020-02-04 11:17:43',25,523,12,68),(73,67,13,12,4,NULL,NULL,1,'2020-01-30 19:38:31','2020-02-04 11:17:43',25,523,12,69),(74,68,13,12,4,NULL,NULL,1,'2020-01-30 19:39:25','2020-02-04 11:17:43',25,523,12,70),(75,NULL,14,NULL,5,NULL,NULL,1,'2020-02-04 13:16:59','2020-02-04 13:16:59',6,517,11,71),(76,NULL,13,NULL,5,NULL,NULL,1,'2020-02-04 13:18:35','2020-02-04 13:18:35',6,517,12,72),(77,NULL,15,1,2,NULL,NULL,1,'2020-02-16 16:18:51','2020-02-16 16:18:51',28,NULL,NULL,73),(78,NULL,15,3,2,NULL,NULL,1,'2020-02-16 16:20:30','2020-02-16 16:20:30',28,NULL,NULL,74),(79,NULL,15,3,2,NULL,NULL,1,'2020-02-16 16:21:16','2020-02-16 16:21:16',28,NULL,NULL,75),(80,NULL,15,2,2,NULL,NULL,1,'2020-02-16 16:22:11','2020-02-16 16:22:11',28,NULL,NULL,76),(81,NULL,15,2,2,NULL,NULL,1,'2020-02-16 16:22:54','2020-02-16 16:22:54',28,NULL,NULL,77),(82,NULL,13,NULL,5,NULL,NULL,1,'2020-02-17 09:59:32','2020-02-17 09:59:32',18,517,13,78),(86,NULL,13,NULL,5,NULL,NULL,1,'2020-02-17 13:34:03','2020-02-17 13:34:03',17,517,14,79),(87,64,11,1,4,NULL,NULL,1,'2019-09-20 19:41:04','2020-02-19 07:14:39',23,523,13,80),(88,77,15,1,4,NULL,NULL,1,'2020-02-16 16:18:51','2020-02-19 07:18:04',28,523,14,81),(89,78,15,3,4,NULL,NULL,1,'2020-02-16 16:20:30','2020-02-19 07:18:04',28,523,14,82),(90,79,15,3,4,NULL,NULL,1,'2020-02-16 16:21:16','2020-02-19 07:18:05',28,523,14,83),(91,80,15,2,4,NULL,NULL,1,'2020-02-16 16:22:11','2020-02-19 07:18:05',28,523,14,84),(92,81,15,2,4,NULL,NULL,1,'2020-02-16 16:22:54','2020-02-19 07:18:06',28,523,14,85),(93,NULL,15,NULL,5,NULL,NULL,1,'2020-02-19 07:21:16','2020-02-19 07:21:16',18,517,16,86),(94,NULL,11,NULL,5,NULL,NULL,1,'2020-02-19 07:22:51','2020-02-19 07:22:51',18,517,15,87),(96,NULL,11,1,15,NULL,NULL,0,'2020-02-23 10:01:14','2020-02-23 10:01:14',23,523,13,89),(97,NULL,15,NULL,5,NULL,NULL,0,'2020-02-27 09:18:28','2020-02-27 09:18:28',30,517,17,90),(98,NULL,13,NULL,5,NULL,NULL,0,'2020-02-27 09:26:56','2020-02-27 09:26:56',31,517,18,91),(101,NULL,14,NULL,5,NULL,NULL,0,'2020-02-28 07:54:24','2020-02-28 07:54:24',32,517,19,92),(103,NULL,16,1,2,NULL,NULL,1,'2020-03-07 09:28:15','2020-03-07 09:28:15',33,NULL,NULL,93),(104,103,16,1,4,NULL,NULL,1,'2020-03-07 09:28:15','2020-03-07 09:32:17',33,523,15,94),(105,NULL,17,1,2,NULL,NULL,1,'2020-03-19 09:21:08','2020-03-19 09:21:08',34,NULL,NULL,95),(106,105,17,1,4,NULL,NULL,1,'2020-03-19 09:21:08','2020-03-19 09:23:59',34,523,16,96),(107,NULL,16,NULL,5,NULL,NULL,1,'2020-03-19 09:46:23','2020-03-19 09:46:23',16,517,21,97),(108,NULL,17,NULL,5,NULL,NULL,1,'2020-03-19 09:48:34','2020-03-19 09:48:34',16,517,22,98),(109,NULL,16,NULL,5,NULL,NULL,1,'2020-03-19 09:51:10','2020-03-19 09:51:10',15,517,20,99),(110,NULL,17,NULL,5,NULL,NULL,1,'2020-03-19 09:53:16','2020-03-19 09:53:16',17,517,23,100),(111,NULL,16,1,15,NULL,NULL,0,'2020-03-19 14:23:38','2020-03-19 14:23:38',33,523,15,101),(112,111,16,1,6,NULL,NULL,1,'2020-03-19 14:23:38','2020-03-19 14:42:13',33,NULL,NULL,102),(113,NULL,17,1,15,NULL,NULL,0,'2020-03-25 07:37:03','2020-03-25 07:37:03',34,523,16,103),(114,113,17,1,6,NULL,NULL,1,'2020-03-25 07:37:03','2020-03-25 07:39:48',34,NULL,NULL,104),(115,NULL,18,1,2,NULL,NULL,1,'2020-03-26 14:28:44','2020-03-26 14:28:44',23,0,0,106),(116,96,11,1,6,NULL,NULL,1,'2020-02-23 10:01:14','2020-03-27 07:17:39',23,0,0,107),(117,NULL,13,1,10,NULL,NULL,0,'2020-03-27 10:58:56','2020-03-27 10:58:56',1,521,17,108),(118,NULL,15,1,10,NULL,NULL,0,'2020-03-27 11:01:26','2020-03-27 11:01:26',1,521,18,109),(119,NULL,14,1,10,NULL,NULL,0,'2020-03-27 11:04:11','2020-03-27 11:04:11',1,521,19,110),(120,NULL,16,1,10,NULL,NULL,0,'2020-03-27 11:10:21','2020-03-27 11:10:21',1,521,20,111),(121,NULL,17,1,10,NULL,NULL,0,'2020-03-27 11:12:27','2020-03-27 11:12:27',1,521,21,112),(122,NULL,11,1,10,NULL,NULL,0,'2020-03-27 11:14:08','2020-03-27 11:14:08',1,521,22,113),(124,NULL,19,1,2,NULL,NULL,1,'2020-03-28 17:32:57','2020-03-28 17:32:57',37,NULL,NULL,114),(127,NULL,18,1,18,NULL,NULL,0,'2020-04-02 14:59:21','2020-04-02 14:59:21',23,520,32,115),(129,124,19,1,4,NULL,NULL,1,'2020-03-28 17:32:57','2020-04-06 05:49:39',37,523,18,116),(133,NULL,19,NULL,5,NULL,NULL,1,'2020-04-25 09:59:23','2020-04-25 09:59:23',16,517,25,117),(134,NULL,19,1,15,NULL,NULL,0,'2020-05-01 14:23:41','2020-05-01 14:23:41',37,523,18,118),(135,134,19,1,6,NULL,NULL,1,'2020-05-01 14:23:41','2020-05-03 07:33:05',37,NULL,NULL,119),(137,NULL,19,NULL,5,NULL,NULL,0,'2020-05-12 09:49:05','2020-05-12 09:49:05',39,517,26,120),(138,NULL,20,1,2,NULL,NULL,1,'2020-05-21 17:37:47','2020-05-21 17:37:47',40,NULL,NULL,121),(139,138,20,1,4,NULL,NULL,1,'2020-05-21 17:37:47','2020-05-26 14:00:52',40,523,19,122),(140,NULL,20,NULL,5,NULL,NULL,1,'2020-05-27 09:33:49','2020-05-27 09:33:49',39,517,27,123),(141,NULL,20,1,15,NULL,NULL,0,'2020-06-07 18:50:48','2020-06-07 18:50:48',40,523,19,124),(142,141,20,1,6,NULL,NULL,1,'2020-06-07 18:50:48','2020-06-10 15:45:44',40,NULL,NULL,125),(143,NULL,20,NULL,5,NULL,NULL,0,'2020-06-17 10:29:20','2020-06-17 10:29:20',41,517,28,126),(146,115,18,1,4,NULL,NULL,1,'2020-03-26 14:28:44','2020-07-13 09:35:49',23,523,20,127),(148,NULL,18,NULL,5,NULL,NULL,1,'2020-07-13 16:28:14','2020-07-13 16:28:14',16,517,29,128),(149,NULL,21,1,2,NULL,NULL,1,'2020-07-15 02:23:42','2020-07-15 02:23:42',40,NULL,NULL,129),(150,149,21,1,4,NULL,NULL,1,'2020-07-15 02:23:42','2020-07-15 08:41:53',40,523,21,130),(151,NULL,18,1,15,NULL,NULL,0,'2020-07-20 14:41:04','2020-07-20 14:41:04',23,523,20,131),(152,NULL,18,12,15,NULL,NULL,0,'2020-07-20 14:42:06','2020-07-20 14:42:06',23,523,20,132),(153,NULL,21,NULL,5,NULL,NULL,1,'2020-07-21 20:46:40','2020-07-21 20:46:40',17,517,30,133),(154,NULL,22,1,2,NULL,NULL,1,'2020-07-26 09:47:07','2020-07-26 09:47:07',42,NULL,NULL,134),(155,NULL,23,1,2,NULL,NULL,1,'2020-07-26 09:51:51','2020-07-26 09:51:51',42,NULL,NULL,135),(156,155,23,1,4,NULL,NULL,1,'2020-07-26 09:51:51','2020-07-26 09:56:48',42,523,22,136),(157,154,22,1,4,NULL,NULL,1,'2020-07-26 09:47:07','2020-07-26 09:59:28',42,523,23,137),(158,NULL,23,NULL,5,NULL,NULL,1,'2020-07-28 07:20:27','2020-07-28 07:20:27',6,517,31,138),(159,NULL,22,NULL,5,NULL,NULL,1,'2020-07-28 07:22:00','2020-07-28 07:22:00',6,517,33,139),(160,NULL,23,NULL,5,NULL,NULL,1,'2020-07-28 07:24:21','2020-07-28 07:24:21',16,517,32,140),(161,NULL,22,NULL,5,NULL,NULL,1,'2020-07-28 07:26:40','2020-07-28 07:26:40',17,517,34,141),(162,151,18,1,6,NULL,NULL,1,'2020-07-20 14:41:04','2020-07-28 07:29:52',23,NULL,NULL,142),(163,152,18,12,6,NULL,NULL,1,'2020-07-20 14:42:06','2020-07-28 07:29:52',23,NULL,NULL,143),(164,NULL,23,1,15,NULL,NULL,0,'2020-07-29 07:25:09','2020-07-29 07:25:09',42,523,22,144),(165,NULL,22,1,15,NULL,NULL,0,'2020-07-29 07:26:24','2020-07-29 07:26:24',42,523,23,145),(166,164,23,1,6,NULL,NULL,1,'2020-07-29 07:25:09','2020-07-29 07:27:26',42,NULL,NULL,146),(167,165,22,1,6,NULL,NULL,1,'2020-07-29 07:26:24','2020-07-29 07:28:08',42,NULL,NULL,147),(169,NULL,24,1,2,NULL,NULL,1,'2020-08-13 03:49:13','2020-08-13 03:49:13',43,NULL,NULL,148),(170,169,24,1,4,NULL,NULL,1,'2020-08-13 03:49:13','2020-08-13 10:43:38',43,523,24,149),(171,NULL,24,NULL,5,NULL,NULL,1,'2020-08-15 09:37:51','2020-08-15 09:37:51',6,517,35,150),(172,NULL,24,1,15,NULL,NULL,0,'2020-08-20 04:13:21','2020-08-20 04:13:21',43,523,24,151),(173,172,24,1,6,NULL,NULL,1,'2020-08-20 04:13:21','2020-08-20 13:54:31',43,NULL,NULL,152),(174,167,22,1,11,NULL,NULL,0,'2020-07-29 07:26:24','2020-08-24 15:52:30',42,NULL,NULL,153),(175,166,23,1,11,NULL,NULL,0,'2020-07-29 07:25:09','2020-08-24 15:54:17',42,NULL,NULL,154),(176,NULL,19,1,10,NULL,NULL,0,'2020-08-26 13:49:07','2020-08-26 13:49:07',1,521,26,155),(177,NULL,20,1,10,NULL,NULL,0,'2020-08-26 13:58:29','2020-08-26 13:58:29',1,521,27,156),(179,NULL,23,1,10,NULL,NULL,0,'2020-08-26 14:08:57','2020-08-26 14:08:57',1,521,29,157),(180,NULL,18,1,10,NULL,NULL,0,'2020-08-26 14:16:59','2020-08-26 14:16:59',1,521,30,158),(181,NULL,24,1,10,NULL,NULL,0,'2020-08-26 14:31:24','2020-08-26 14:31:24',1,521,31,159),(182,NULL,25,1,2,NULL,NULL,1,'2020-09-08 12:48:33','2020-09-08 12:48:33',51,NULL,NULL,160),(183,NULL,26,3,2,NULL,NULL,1,'2020-09-09 01:34:18','2020-09-09 01:34:18',52,NULL,NULL,161),(184,182,25,1,4,NULL,NULL,1,'2020-09-08 12:48:33','2020-09-11 05:01:28',51,523,25,162),(185,NULL,21,1,15,NULL,NULL,0,'2020-09-16 02:57:11','2020-09-16 02:57:11',40,523,21,163),(186,183,26,3,4,NULL,NULL,1,'2020-09-09 01:34:18','2020-09-28 06:07:09',52,523,26,164),(189,NULL,28,1,2,NULL,NULL,1,'2020-10-06 11:58:36','2020-10-06 11:58:36',57,NULL,NULL,165),(190,NULL,26,NULL,5,NULL,NULL,1,'2020-10-07 11:25:17','2020-10-07 11:25:17',6,517,37,166),(191,NULL,29,1,2,NULL,NULL,1,'2020-10-07 17:16:16','2020-10-07 17:16:16',58,NULL,NULL,167),(192,189,28,1,4,NULL,NULL,1,'2020-10-06 11:58:36','2020-10-09 07:46:37',57,523,27,168),(193,191,29,1,4,NULL,NULL,1,'2020-10-07 17:16:16','2020-10-09 07:48:53',58,523,28,169),(194,NULL,28,NULL,5,NULL,NULL,1,'2020-10-15 10:25:16','2020-10-15 10:25:16',6,517,38,170),(195,NULL,29,NULL,5,NULL,NULL,1,'2020-10-17 07:45:56','2020-10-17 07:45:56',18,517,39,171),(196,NULL,28,1,15,NULL,NULL,0,'2020-10-20 03:22:20','2020-10-20 03:22:20',57,523,27,174),(197,NULL,28,12,18,NULL,NULL,0,'2020-10-20 03:23:56','2020-10-20 03:23:56',57,520,54,175),(198,NULL,30,12,2,NULL,NULL,1,'2020-10-22 03:30:57','2020-10-22 03:30:57',59,NULL,NULL,176),(199,NULL,29,1,15,NULL,NULL,0,'2020-10-24 03:02:53','2020-10-24 03:02:53',58,523,28,177),(200,198,30,12,4,NULL,NULL,1,'2020-10-22 03:30:57','2020-10-29 08:28:55',59,523,29,178),(201,NULL,30,NULL,5,NULL,NULL,1,'2020-11-07 15:48:10','2020-11-07 15:48:10',18,517,40,179),(202,185,21,1,6,NULL,NULL,1,'2020-09-16 02:57:11','2020-11-14 13:42:10',40,NULL,NULL,180),(203,196,28,1,6,NULL,NULL,1,'2020-10-20 03:22:20','2020-11-14 13:43:15',57,0,0,181),(204,199,29,1,6,NULL,NULL,1,'2020-10-24 03:02:53','2020-11-14 13:45:18',58,NULL,NULL,182),(207,NULL,28,1,10,NULL,NULL,0,'2020-11-18 10:09:37','2020-11-18 10:09:37',49,521,34,183),(208,NULL,22,1,10,NULL,NULL,0,'2020-11-19 11:48:07','2020-11-19 11:48:07',1,521,35,184),(211,NULL,32,1,2,NULL,NULL,1,'2020-12-06 23:27:53','2020-12-06 23:27:53',63,NULL,NULL,185),(212,NULL,33,1,2,NULL,NULL,1,'2021-01-02 05:40:59','2021-01-02 05:40:59',65,NULL,NULL,186),(213,212,33,1,4,NULL,NULL,1,'2021-01-02 05:40:59','2021-01-02 05:44:33',65,523,30,187),(214,211,32,1,4,NULL,NULL,1,'2020-12-06 23:27:53','2021-01-02 05:49:28',63,523,31,188),(215,NULL,29,1,9,NULL,NULL,0,'2021-01-02 06:01:36','2021-01-02 06:01:36',50,NULL,NULL,189),(216,215,29,1,11,NULL,NULL,0,'2021-01-02 06:01:36','2021-01-02 06:11:22',50,NULL,NULL,190),(217,NULL,29,1,10,NULL,NULL,0,'2021-01-02 06:12:23','2021-01-02 06:12:23',1,521,36,191),(218,NULL,33,NULL,5,NULL,NULL,1,'2021-01-03 17:24:44','2021-01-03 17:24:44',6,517,41,192),(219,NULL,32,NULL,5,NULL,NULL,1,'2021-01-04 17:08:23','2021-01-04 17:08:23',6,517,42,193),(221,NULL,32,1,15,NULL,NULL,0,'2021-01-05 20:27:27','2021-01-05 20:27:27',63,523,31,194),(223,NULL,38,1,2,NULL,NULL,1,'2021-02-03 09:15:06','2021-02-03 09:15:06',1,NULL,NULL,195),(224,223,38,1,4,NULL,NULL,1,'2021-02-03 09:15:06','2021-02-06 11:34:28',1,523,32,196),(225,NULL,38,NULL,5,NULL,NULL,1,'2021-02-10 14:35:51','2021-02-10 14:35:51',6,517,43,197),(226,NULL,38,1,15,NULL,NULL,0,'2021-02-20 21:21:49','2021-02-20 21:21:49',66,523,32,201),(227,NULL,33,1,15,NULL,NULL,0,'2021-02-19 11:23:38','2021-02-19 11:23:38',65,523,30,202),(228,NULL,33,NULL,5,NULL,NULL,1,'2021-02-19 11:37:24','2021-02-19 11:37:24',18,517,44,203),(229,227,33,1,6,NULL,NULL,1,'2021-02-19 11:23:38','2021-02-19 11:41:29',65,NULL,NULL,204),(230,NULL,33,1,10,NULL,NULL,0,'2021-02-19 13:33:58','2021-02-19 13:33:58',1,521,37,205),(231,NULL,40,1,2,NULL,NULL,1,'2021-02-20 08:58:28','2021-02-20 08:58:28',51,NULL,NULL,206),(232,226,38,1,6,NULL,NULL,1,'2021-02-12 19:27:05','2021-02-20 10:16:33',66,0,0,207),(233,221,32,1,6,NULL,NULL,1,'2021-01-05 20:27:27','2021-02-20 10:17:09',63,NULL,NULL,208);

--
-- Table structure for table `submission_search_keyword_list`
--

CREATE TABLE `submission_search_keyword_list` (
  `keyword_id` bigint(20) NOT NULL AUTO_INCREMENT,
  `keyword_text` varchar(60) NOT NULL,
  PRIMARY KEY (`keyword_id`),
  UNIQUE KEY `submission_search_keyword_text` (`keyword_text`)
) ENGINE=InnoDB AUTO_INCREMENT=1268 DEFAULT CHARSET=utf8;

--
-- Dumping data for table `submission_search_keyword_list`
--

INSERT INTO `submission_search_keyword_list` VALUES (240,'0-6'),(910,'005sleep'),(306,'012981-2009'),(793,'1-2'),(821,'1375mm'),(822,'1725mm'),(823,'1975mm'),(824,'2175mm'),(754,'236-0004'),(292,'37oc'),(758,'431-3192'),(980,'66±22'),(1232,'abdominopelvic'),(557,'abdullah'),(281,'ability'),(111,'abj'),(119,'ablutions'),(995,'abnormal'),(1152,'above-average'),(507,'absence'),(636,'access'),(663,'accessible'),(243,'accidental'),(152,'accordance'),(850,'achieving'),(259,'acid'),(417,'active'),(416,'activity'),(775,'add'),(288,'adding'),(191,'addition'),(314,'additives'),(1219,'administer'),(1201,'administering'),(1191,'administration'),(1170,'admission'),(958,'admitted'),(895,'adult'),(496,'advantage'),(1098,'aeruginosa'),(1128,'affected'),(23,'aflatoxin'),(603,'age'),(1001,'agnina'),(329,'ahmad'),(546,'ahmet'),(232,'aim'),(847,'aimed'),(26,'aims'),(361,'akhmad'),(1206,'albino'),(216,'alcohol'),(540,'ali'),(482,'alisklamp'),(296,'alkalimetry'),(376,'alkaloids'),(1080,'allicin'),(1071,'allium'),(1188,'alterations'),(316,'alternative'),(922,'amadi'),(500,'amount'),(3,'analis'),(684,'analyses'),(718,'analysis'),(1137,'analyze'),(738,'anatomy'),(188,'anemia'),(451,'anesthesia'),(660,'anesthesiologists'),(1003,'anggraini'),(1118,'ankara'),(365,'anny'),(1183,'anozeng'),(898,'anthropometric'),(1103,'anti-bacterial'),(1104,'anti-inflammatory'),(382,'antibacterial'),(415,'antimicrobial'),(224,'aplastic'),(1243,'appearance'),(181,'appliance'),(442,'application'),(487,'applied'),(1211,'apportion'),(843,'approach'),(964,'april'),(1197,'aqueous'),(816,'area'),(473,'areas'),(130,'arista'),(1246,'arrest'),(686,'arterial'),(193,'arthritis'),(1094,'asiatica'),(920,'asimadu'),(933,'asinobi'),(650,'asked'),(943,'aspect'),(21,'aspergillus'),(1199,'assess'),(976,'assessment'),(729,'association'),(815,'astambul'),(350,'atakan'),(579,'attachment'),(176,'attention'),(648,'august'),(1005,'aulia'),(133,'aureus'),(948,'authors'),(308,'average'),(1162,'avoided'),(1172,'avoiding'),(1165,'aware'),(1120,'awareness'),(594,'axial'),(559,'aydın'),(556,'aydoğan'),(879,'aysun'),(345,'ayu'),(1006,'azmi'),(219,'b12'),(490,'bacillus'),(569,'backward'),(284,'bacteria'),(811,'bacterial'),(387,'bactericidal'),(336,'balai'),(351,'baltrak'),(817,'banjar'),(30,'banjarbaru'),(347,'banjarmasin'),(55,'based'),(698,'basement'),(438,'basic'),(762,'basil'),(764,'basilicum'),(1117,'baskent'),(113,'bath'),(1112,'batman'),(344,'bbtklpp'),(286,'bean'),(263,'beans'),(299,'bee'),(820,'began'),(1133,'behavior'),(1150,'behavioral'),(610,'belong'),(926,'benedict'),(1136,'benefit'),(1100,'benefits'),(337,'besar'),(1038,'biliary'),(756,'biochemistry'),(1174,'birth'),(321,'bjm'),(1052,'bladder'),(227,'blood'),(1209,'body'),(522,'boiled'),(534,'bolatli'),(564,'bone'),(671,'bora'),(1033,'brasil'),(91,'breteau'),(118,'bucket'),(116,'buckets'),(276,'bulgaricus'),(370,'burmannii'),(1187,'calabar'),(905,'calculated'),(527,'calyx'),(1014,'çam'),(1039,'canal'),(312,'carbohydrate'),(277,'carbohydrates'),(966,'caregivers'),(672,'carman'),(256,'carried'),(431,'carry'),(85,'cases'),(14,'caused'),(209,'causing'),(1257,'caution'),(558,'celep'),(203,'cell'),(210,'cells'),(993,'cellulitis'),(114,'cement'),(145,'cendol'),(1093,'centella'),(833,'center'),(944,'central'),(112,'ceramic'),(702,'cerebral'),(491,'cereus'),(1228,'cervical'),(398,'cfu'),(1171,'chances'),(1147,'characteristics'),(374,'chemical'),(955,'child'),(82,'children'),(1042,'choledochal'),(189,'chronic'),(924,'chukwuebuka'),(369,'cinnamomum'),(368,'cinnamon'),(449,'circumcised'),(426,'circumcision'),(798,'citrus'),(802,'citrus-type'),(752,'city'),(427,'clamb'),(434,'clamp'),(456,'clamps'),(394,'clarity'),(1059,'classification'),(982,'classified'),(624,'clavicles'),(813,'clean'),(1157,'cleaning'),(177,'cleanliness'),(647,'clinic'),(614,'clinical'),(619,'close'),(515,'closed'),(856,'closure'),(134,'coconut'),(681,'col4a1'),(682,'col4a2'),(1011,'çolak'),(407,'coli'),(157,'coliform'),(195,'colitis'),(894,'collected'),(245,'collection'),(1186,'college'),(397,'colonies'),(531,'colony'),(235,'color'),(940,'coma'),(947,'comatose'),(836,'common'),(123,'community'),(1065,'compared'),(1056,'complaints'),(1204,'complementary'),(608,'complete'),(437,'complications'),(375,'compounds'),(566,'computerized'),(570,'concavity'),(386,'concentration'),(395,'concentrations'),(825,'conclude'),(400,'concluded'),(422,'conclusion'),(128,'conduct'),(963,'conducted'),(968,'consent'),(999,'considered'),(278,'consist'),(719,'consisted'),(509,'consisting'),(1256,'consumed'),(99,'container'),(104,'containers'),(47,'contaminated'),(13,'contamination'),(631,'content'),(1079,'contents'),(446,'contradictions'),(630,'contribute'),(76,'control'),(530,'controls'),(512,'cooked'),(529,'cooking'),(1019,'çorum'),(673,'coskun'),(861,'cosmetics'),(599,'count'),(90,'countainer'),(79,'countries'),(78,'country'),(1124,'covid'),(1123,'covid-19'),(1149,'covid19-infection'),(789,'creamy'),(593,'created'),(809,'critical'),(196,'crohns'),(1179,'cross'),(1198,'current'),(1221,'daily'),(770,'damp'),(341,'dan'),(1177,'daniel'),(244,'data'),(144,'dawet'),(780,'day'),(401,'dayak'),(477,'days'),(641,'dealt'),(81,'death'),(649,'december'),(436,'decrease'),(206,'deficiency'),(990,'degenerative'),(987,'degree'),(1175,'demands'),(712,'demographic'),(59,'dengue'),(96,'density'),(356,'department'),(1010,'departments'),(1107,'dependent'),(353,'derince'),(159,'description'),(35,'descriptive'),(295,'design'),(1063,'detected'),(27,'determine'),(466,'determined'),(805,'developed'),(1084,'development'),(430,'devices'),(333,'dewi'),(66,'dhf'),(890,'diabetes'),(884,'diabetic'),(973,'diagnoses'),(1044,'diameter'),(457,'diameters'),(600,'difference'),(602,'differences'),(392,'dilution'),(1004,'dini'),(71,'disease'),(190,'diseases'),(1229,'dislocation'),(1050,'disorders'),(950,'disparities'),(1231,'dissect'),(1227,'dissolving'),(1214,'distilled'),(896,'divided'),(949,'documented'),(537,'dogan'),(1215,'dose'),(1239,'dose-dependent'),(1200,'dose-response'),(1193,'doses'),(1141,'draw'),(136,'drinks'),(222,'drugs'),(121,'drums'),(12,'drying'),(1045,'duct'),(74,'due'),(239,'duration'),(334,'dwiyanti'),(625,'dysfunction'),(460,'early'),(767,'easy'),(928,'edelu'),(474,'edema'),(470,'edemas'),(573,'edge'),(354,'education'),(289,'effect'),(1073,'effectively'),(367,'effectiveness'),(935,'ekwochi'),(657,'elderly'),(492,'elementary'),(402,'eleutherine'),(959,'emergency'),(1132,'emotional'),(1114,'emre'),(80,'endemic'),(878,'endocrinology'),(1046,'endoscopic'),(282,'energy'),(915,'enugu'),(309,'equal'),(746,'erbakan'),(1108,'erhan'),(1020,'erol'),(184,'erythrocyte'),(234,'erythrocytes'),(406,'escherichia'),(828,'esin'),(666,'eskisehir'),(1182,'essien'),(371,'ethanol'),(208,'ethnicities'),(1178,'etim'),(693,'etiology'),(1230,'euthanize'),(848,'evaluate'),(464,'evaluated'),(714,'evaluating'),(561,'evaluation'),(498,'evidenced'),(248,'examination'),(444,'examinations'),(441,'examine'),(45,'examined'),(246,'examining'),(215,'excess'),(855,'excision'),(447,'excluded'),(1238,'exhibited'),(911,'existence'),(122,'expected'),(293,'experiment'),(389,'experimental'),(869,'expertise'),(221,'exposure'),(372,'extract'),(405,'extracts'),(555,'eyüp'),(226,'factors'),(1026,'faculdade'),(740,'faculty'),(346,'fahani'),(75,'failure'),(486,'falls'),(1032,'famerp'),(300,'farm'),(622,'fascias'),(804,'favored'),(539,'fazliogullari'),(971,'features'),(1061,'female'),(720,'females'),(1034,'fernando'),(1024,'ferneda'),(723,'fetal'),(61,'fever'),(1242,'fibrotic'),(97,'figure'),(715,'files'),(87,'find'),(996,'finding'),(937,'findings'),(8,'fish'),(863,'flap'),(377,'flavonoids'),(24,'flavus'),(577,'floor'),(129,'fluctuations'),(220,'folate'),(1259,'folklore-traditional'),(857,'follow-up'),(469,'follow-ups'),(137,'food'),(142,'form'),(1041,'formation'),(778,'formed'),(70,'found'),(93,'free'),(690,'frequent'),(812,'fresh'),(510,'fried'),(806,'fruits'),(169,'fulfilling'),(381,'function'),(578,'functions'),(4,'fungi'),(20,'fungus'),(761,'furfur'),(56,'fusarium'),(311,'future'),(484,'gain'),(1051,'gall'),(1070,'garlic'),(1022,'gastroenterology'),(1222,'gavage'),(967,'gave'),(601,'gender'),(627,'general'),(707,'genes'),(750,'genetics'),(978,'glasgow'),(901,'glucose'),(1035,'gongora'),(1192,'graded'),(753,'graduate'),(268,'grains'),(814,'green'),(788,'grew'),(279,'group'),(604,'groups'),(1203,'growing'),(19,'grows'),(18,'growth'),(777,'growths'),(1196,'guajava'),(1194,'guava'),(1115,'gunakan'),(533,'gunes'),(1111,'gynecology'),(328,'haitami'),(757,'hamamatsu'),(1156,'hands'),(735,'haris'),(1252,'harmful'),(508,'hawker'),(584,'head'),(68,'health'),(223,'hemolysis'),(704,'hemorrhage'),(60,'hemorrhagic'),(1055,'hepatobiliary'),(524,'herbal'),(411,'hereditary'),(520,'hibiscus'),(845,'high'),(772,'higher'),(307,'highest'),(675,'hirofumi'),(677,'hirotomo'),(1237,'histological'),(1049,'history'),(1018,'hitit'),(199,'hodgkins'),(1173,'home'),(264,'honey'),(612,'horn'),(355,'hospital'),(872,'hospitalization'),(165,'hour'),(168,'hours'),(88,'house'),(103,'households'),(109,'houses'),(1058,'huang'),(364,'huda'),(749,'human'),(1101,'humans'),(174,'hygiene'),(563,'hyoid'),(795,'hyphae'),(706,'hypothesized'),(799,'hystrix'),(143,'ice'),(842,'ideal'),(726,'identified'),(919,'ifeoma'),(1185,'igiri'),(1217,'iii'),(912,'ikenna'),(876,'ilhan'),(544,'ilknur'),(589,'images'),(644,'impact'),(615,'importance'),(1144,'improvement'),(716,'included'),(652,'includes'),(1078,'including'),(139,'increase'),(1066,'increased'),(291,'incubated'),(1105,'independent'),(89,'index'),(1064,'individuals'),(32,'indonesia'),(146,'indonesian'),(429,'infants'),(768,'infect'),(866,'infection'),(202,'infections'),(1099,'infectious'),(201,'inflammation'),(532,'influence'),(826,'influences'),(505,'information'),(1168,'informed'),(1250,'ingestion'),(138,'ingredient'),(183,'ingredients'),(419,'inhibit'),(420,'inhibiting'),(517,'inhibition'),(385,'inhibitory'),(801,'inhibits'),(229,'initial'),(1167,'insufficient'),(881,'internal'),(633,'internet'),(1247,'interstitial'),(1047,'interventions'),(892,'investigate'),(1251,'investigated'),(1037,'investigation'),(717,'invited'),(1074,'invitro'),(205,'iron'),(1015,'isa'),(931,'isaac'),(687,'ischemic'),(880,'işıklar'),(543,'ismihan'),(1164,'issue'),(1143,'issues'),(741,'istanbul'),(929,'ituku'),(84,'january-december'),(755,'japan'),(1029,'josé'),(800,'juice'),(997,'justified'),(547,'kagan'),(412,'kalimantan'),(548,'karabulut'),(874,'karatas'),(320,'kemenkes'),(994,'keratopathy'),(339,'kesehatan'),(1261,'khresna'),(231,'kidney'),(913,'kingsley'),(1265,'kirana'),(542,'kivrak'),(1138,'knowledge'),(352,'kocaeli'),(424,'kocaeliderince'),(665,'koçak'),(676,'kodera'),(1176,'kom-abasi'),(553,'konya'),(670,'kursat'),(733,'kusumawardhani'),(713,'laboratory'),(844,'lacking'),(258,'lactic'),(275,'lactobacillus'),(786,'landasan'),(117,'large'),(730,'larger'),(77,'largest'),(92,'larva'),(98,'larvae'),(1223,'lasted'),(461,'late'),(909,'latency'),(478,'latest'),(303,'laut'),(626,'lead'),(1216,'leaf'),(783,'leaves'),(324,'leka'),(465,'length'),(290,'level'),(260,'levels'),(1248,'leydig'),(95,'lfn'),(575,'lies'),(621,'ligaments'),(1088,'linear'),(340,'lingkungan'),(765,'linn'),(902,'lipid'),(151,'liquid'),(1002,'listya'),(632,'literature'),(214,'liver'),(489,'local'),(571,'locates'),(17,'long'),(962,'longitudinal'),(228,'loss'),(629,'low'),(572,'lower'),(325,'lutpiatina'),(200,'lymphoma'),(213,'macrocytic'),(162,'made'),(360,'mahmudah'),(1135,'main'),(172,'maintain'),(613,'major'),(1262,'majoring'),(285,'making'),(989,'malaria'),(760,'malassezia'),(1062,'male'),(721,'males'),(198,'malignancy'),(953,'management'),(574,'mandible'),(965,'march'),(31,'market'),(65,'martapura'),(1159,'mask'),(782,'material'),(722,'maternal'),(1113,'maternity'),(680,'matsumoto'),(149,'maximum'),(396,'mbc'),(516,'meals'),(1057,'measured'),(454,'measurements'),(125,'measures'),(640,'media'),(859,'median'),(637,'medical'),(1027,'medicina'),(413,'medicinal'),(525,'medicine'),(1085,'medicines'),(1009,'medişoğlu'),(1218,'medium'),(744,'medova'),(170,'meet'),(217,'megaloblastic'),(700,'membranes'),(747,'meram'),(560,'mermer'),(404,'merr'),(1017,'mesut'),(885,'metabolic'),(298,'method'),(840,'methods'),(891,'mets'),(393,'mic'),(1077,'microbes'),(150,'microbial'),(794,'microscopically'),(254,'microsocytic'),(1202,'microstructure'),(211,'microsytic'),(656,'middle'),(1263,'midwifery'),(135,'milk'),(384,'minimum'),(611,'minor'),(467,'minutes'),(986,'moderate'),(49,'monilia'),(696,'monogenetic'),(241,'months'),(692,'morbidity'),(609,'morphologic'),(233,'morphological'),(185,'morphology'),(691,'mortality'),(156,'mpn'),(1048,'mrcp'),(54,'mucor'),(472,'mucosal'),(1266,'muhammad'),(331,'muhlisin'),(1267,'mukhtar'),(565,'multidetector'),(362,'muntaha'),(581,'muscles'),(776,'mushroom'),(58,'mustika'),(708,'mutation'),(683,'mutations'),(991,'myopia'),(535,'nadire'),(679,'naomichi'),(147,'national'),(383,'nbsp'),(914,'ndu'),(925,'nduagubam'),(585,'neck'),(745,'necmettin'),(864,'necrosis'),(326,'neni'),(945,'nervous'),(669,'neurology'),(428,'newborn'),(642,'news'),(48,'niger'),(918,'nigeria'),(897,'non-metabolic'),(939,'non-traumatic'),(225,'normal'),(253,'normochrome'),(252,'normocytic'),(433,'noted'),(180,'noting'),(732,'novina'),(42,'number'),(94,'numbers'),(862,'numbness'),(736,'nurdin'),(734,'nurlailah'),(363,'nurul'),(270,'nutrients'),(932,'nwabueze'),(923,'obinna'),(1145,'observational'),(471,'observed'),(1110,'obstetrics'),(1233,'obtain'),(44,'obtained'),(72,'occurs'),(763,'ocimum'),(921,'ogechukwu'),(327,'oktiyani'),(1109,'okuyan'),(1021,'olçok'),(280,'oligosaccharides'),(409,'onion'),(418,'onions'),(830,'onursal'),(927,'onyeka'),(432,'operation'),(455,'operations'),(972,'ophthalmologic'),(936,'ophthalmological'),(974,'ophthalmologist'),(317,'optimize'),(992,'orbital'),(1255,'organ'),(667,'osmangazi'),(586,'ossification'),(1125,'outbreak'),(988,'outcome'),(197,'ovarian'),(1102,'overcoming'),(1184,'oyono'),(930,'ozalla'),(664,'ozan'),(938,'paediatric'),(115,'paint'),(689,'pais'),(550,'paksoy'),(410,'palmifolia'),(403,'palmifollia'),(1140,'pandemic'),(576,'parallel'),(155,'parameters'),(63,'paring'),(941,'parklane'),(606,'partial'),(1076,'pathogenic'),(728,'pathological'),(646,'patient'),(187,'patients'),(175,'pay'),(357,'pediatric'),(975,'pediatrician'),(342,'pengendalian'),(52,'penicillium'),(343,'penyakit'),(242,'people'),(501,'percentage'),(587,'performed'),(685,'perinatal'),(1116,'perinatology'),(448,'period'),(249,'peripheral'),(173,'personal'),(230,'phase'),(266,'phaseolus'),(443,'physical'),(834,'pilonidal'),(903,'pittsburgh'),(771,'places'),(414,'plant'),(784,'plantations'),(774,'plants'),(120,'plastic'),(832,'plasty'),(399,'plate'),(808,'play'),(580,'point'),(499,'poisoning'),(502,'pollution'),(319,'poltekkes'),(378,'polyphenols'),(887,'poor'),(485,'popularity'),(102,'population'),(731,'populations'),(705,'porencephaly'),(46,'positive'),(462,'post-operative'),(781,'post-test'),(294,'postest'),(1161,'postponed'),(390,'posttest'),(1090,'potential'),(766,'powder'),(1205,'practice'),(737,'pratama'),(124,'precautionary'),(1158,'preferred'),(1148,'pregnancy'),(1121,'pregnant'),(480,'prematurely'),(634,'preoperative'),(651,'preoperatively'),(250,'preparations'),(1226,'prepares'),(506,'presence'),(1043,'present'),(839,'presentation'),(1054,'presented'),(899,'pressure'),(1031,'preto'),(888,'prevalent'),(1142,'prevention'),(1258,'primarily'),(851,'primary'),(889,'problem'),(69,'problems'),(459,'procedure'),(1067,'procedures'),(10,'process'),(9,'processed'),(167,'processing'),(5,'produce'),(141,'products'),(875,'prof'),(15,'prolonged'),(1082,'properties'),(841,'proposed'),(961,'prospective'),(315,'proteins'),(724,'prothrombotic'),(998,'protocol'),(504,'provide'),(1097,'pseudomonas'),(1195,'psidium'),(904,'psqi'),(67,'public'),(481,'pulling'),(251,'pulmonary'),(592,'pure'),(86,'purpose'),(38,'purposive'),(514,'put'),(57,'putri'),(1096,'pyogenes'),(883,'quality'),(513,'questionnaire'),(653,'questions'),(488,'quickly'),(1068,'radiological'),(743,'radiology'),(858,'ranged'),(458,'ranging'),(1189,'rat'),(654,'rate'),(605,'rates'),(332,'ratih'),(1208,'rats'),(616,'realized'),(1213,'received'),(617,'recent'),(951,'recommendations'),(310,'recommended'),(476,'recovered'),(852,'recovery'),(969,'recruited'),(846,'recurrence'),(262,'red'),(818,'regency'),(160,'region'),(1089,'regression'),(620,'relationship'),(957,'relevance'),(635,'rely'),(694,'remains'),(1023,'renato'),(591,'rendering'),(73,'repeatedly'),(1254,'reproductive'),(870,'required'),(153,'requirements'),(1091,'requires'),(34,'research'),(127,'researchers'),(107,'reservoirs'),(1131,'respiratory'),(108,'respondents'),(985,'rest'),(701,'resulting'),(43,'results'),(588,'retrospectively'),(727,'reveal'),(445,'revealed'),(192,'rheumatoid'),(51,'rhizopus'),(269,'rich'),(330,'rifai'),(335,'rifqoh'),(1030,'rio'),(725,'risk'),(497,'risks'),(1264,'rita'),(1180,'river'),(810,'role'),(960,'room'),(519,'rosella'),(526,'roselle'),(952,'routine'),(797,'row'),(1036,'rubio'),(440,'rules'),(322,'ruri'),(521,'sabdariffa'),(1008,'sabri'),(837,'sacrococcygeal'),(678,'saitsu'),(158,'salmonella'),(7,'salted'),(11,'salting'),(541,'sami'),(53,'sample'),(37,'samples'),(39,'sampling'),(1028,'são'),(379,'saponins'),(318,'sari'),(860,'satisfied'),(1072,'sativum'),(873,'savas'),(979,'scale'),(493,'school'),(503,'schools'),(748,'science'),(1007,'sciences'),(908,'scores'),(709,'screening'),(779,'sda'),(450,'sedated'),(742,'selcuk'),(1000,'selected'),(171,'seller'),(40,'sellers'),(1240,'seminiferous'),(662,'send'),(827,'seniha'),(659,'sense'),(479,'separated'),(463,'separation'),(711,'sequencing'),(867,'seroma'),(1119,'sertaç'),(1249,'sertoli'),(900,'serum'),(1212,'served'),(179,'serving'),(983,'severe'),(1016,'sezikli'),(568,'shaped'),(1160,'shorter'),(421,'show'),(304,'showed'),(423,'significance'),(906,'significant'),(435,'significantly'),(739,'siirt'),(1087,'simple'),(452,'single'),(835,'sinus'),(359,'siti'),(50,'sitophila'),(645,'situation'),(977,'sixteen'),(1154,'sixty-nine'),(204,'size'),(792,'sizes'),(769,'skin'),(882,'sleep'),(595,'slice'),(703,'small-vessel'),(236,'smear'),(247,'smears'),(790,'smooth'),(494,'snack'),(495,'snacks'),(305,'sni'),(639,'social'),(582,'soft'),(829,'sogut'),(178,'sold'),(1225,'solution'),(956,'sought'),(283,'source'),(313,'sources'),(807,'south'),(1025,'souza'),(22,'species'),(1235,'specimens'),(1245,'spermatogenic'),(796,'spores'),(1127,'spread'),(1083,'stage'),(148,'standard'),(388,'staphyloccocus'),(132,'staphylococcus'),(483,'starting'),(916,'state'),(1151,'stated'),(1060,'statistically'),(893,'status'),(468,'stay'),(623,'sternum'),(1081,'steroids'),(1224,'stock'),(1040,'stone'),(16,'storage'),(182,'storing'),(518,'strength'),(273,'streptococcus'),(1166,'stressed'),(1244,'strict'),(688,'stroke'),(597,'strong'),(628,'studies'),(25,'study'),(1134,'studys'),(105,'sub-district'),(1146,'subjected'),(907,'subjective'),(271,'substitute'),(287,'sugar'),(255,'suggestions'),(785,'sukamara'),(64,'sungai'),(871,'superior'),(237,'supply'),(257,'support'),(453,'surgeon'),(661,'surgeons'),(358,'surgery'),(439,'surgical'),(36,'survey'),(110,'surveyed'),(2,'susanti'),(348,'sutiany'),(475,'swelling'),(886,'syndrome'),(946,'system'),(164,'taking'),(301,'tambangan'),(302,'tanah'),(528,'tannins'),(140,'taste'),(917,'teaching'),(868,'technical'),(101,'technique'),(161,'techniques'),(759,'technology'),(338,'tehnik'),(1153,'television'),(511,'ten'),(658,'terms'),(380,'terpenoids'),(1075,'test'),(1236,'testes'),(1253,'testicle'),(1190,'testicles'),(166,'testing'),(1069,'tests'),(791,'texture'),(207,'thalassemia'),(274,'thermophillus'),(596,'thickness'),(981,'thirteen'),(366,'thuraidah'),(773,'time'),(163,'times'),(552,'tire'),(1234,'tissue'),(583,'tissues'),(297,'titration'),(567,'tomography'),(100,'total'),(28,'toxin-producing'),(6,'toxins'),(154,'tpc'),(1053,'tract'),(29,'traditional'),(554,'training'),(970,'traumatic'),(1086,'treat'),(238,'treatment'),(1220,'treatments'),(803,'tribal'),(265,'trigona'),(131,'triyanti'),(391,'tube'),(186,'tuberculosis'),(1241,'tubules'),(1012,'tuncay'),(425,'turkey'),(212,'turn'),(853,'twenty-four'),(33,'type'),(41,'types'),(523,'typhi'),(1181,'ubi'),(934,'uchenna'),(787,'ulin'),(695,'unclear'),(954,'unconscious'),(984,'unconsciousness'),(643,'undergo'),(638,'undergoing'),(1139,'understanding'),(854,'underwent'),(607,'unilateral'),(668,'university'),(1169,'unplanned'),(536,'unver'),(1095,'urban'),(194,'urserative'),(545,'uysal'),(877,'varank'),(1106,'variable'),(598,'variation'),(562,'variations'),(838,'varies'),(831,'varlikli'),(699,'vascular'),(62,'vector'),(126,'vectors'),(272,'vegetable'),(83,'village'),(1163,'visits'),(942,'vital'),(218,'vitamin'),(408,'vitro'),(1092,'vivo'),(590,'volume'),(1260,'vonny'),(267,'vulgaris'),(1130,'vulnerable'),(1155,'washing'),(106,'water'),(697,'weakness'),(1210,'weight'),(710,'whole-exome'),(373,'widely'),(323,'widyati'),(1207,'wistar'),(1122,'women'),(1129,'world'),(1126,'worse'),(865,'wound'),(549,'yahya'),(1013,'yalnız'),(674,'yarar'),(551,'yasin'),(618,'years'),(261,'yogurt'),(751,'yokohama'),(655,'young'),(1,'yuli'),(349,'yusuf'),(849,'z-plasty'),(538,'zeliha'),(819,'zone');

--
-- Table structure for table `submission_search_object_keywords`
--

CREATE TABLE `submission_search_object_keywords` (
  `object_id` bigint(20) NOT NULL,
  `keyword_id` bigint(20) NOT NULL,
  `pos` int(11) NOT NULL,
  UNIQUE KEY `submission_search_object_keywords_pkey` (`object_id`,`pos`),
  KEY `submission_search_object_keywords_keyword_id` (`keyword_id`)
) ENGINE=InnoDB DEFAULT CHARSET=utf8;

--
-- Dumping data for table `submission_search_object_keywords`
--

INSERT INTO `submission_search_object_keywords` VALUES (1,1,0),(1,2,1),(2,4,0),(3,4,8),(3,4,19),(3,4,20),(3,4,28),(3,4,38),(3,4,69),(3,4,74),(3,4,81),(3,4,86),(3,4,91),(3,4,96),(3,4,105),(2,5,1),(3,5,29),(24,5,26),(2,6,2),(2,7,3),(3,7,0),(3,7,9),(3,7,15),(3,7,22),(3,7,39),(3,7,52),(3,7,56),(3,7,101),(2,8,4),(3,8,1),(3,8,2),(3,8,10),(3,8,16),(3,8,23),(3,8,40),(3,8,53),(3,8,57),(3,8,102),(3,9,3),(10,9,10),(24,9,10),(3,10,4),(3,11,5),(3,12,6),(3,13,7),(3,13,36),(10,13,24),(10,13,44),(10,13,80),(37,13,0),(38,13,40),(3,14,11),(129,14,2),(3,15,12),(3,16,13),(3,16,14),(3,17,17),(52,17,12),(101,17,11),(3,18,18),(45,18,67),(45,18,77),(59,18,19),(59,18,34),(59,18,66),(65,18,8),(93,18,4),(94,18,28),(94,18,40),(94,18,80),(94,18,94),(100,18,0),(101,18,16),(101,18,78),(129,18,93),(136,18,26),(136,18,54),(136,18,94),(3,19,21),(3,20,24),(3,21,25),(3,21,27),(3,21,31),(3,21,67),(3,21,73),(3,21,104),(3,22,26),(3,23,30),(3,24,32),(3,24,68),(3,25,33),(3,25,99),(10,25,38),(10,25,55),(17,25,33),(17,25,60),(17,25,68),(24,25,39),(31,25,78),(38,25,14),(38,25,46),(38,25,61),(45,25,18),(45,25,50),(45,25,70),(52,25,16),(52,25,31),(52,25,32),(52,25,65),(52,25,110),(59,25,25),(59,25,62),(66,25,19),(66,25,48),(66,25,71),(73,25,25),(80,25,17),(80,25,83),(87,25,57),(94,25,30),(101,25,21),(101,25,37),(101,25,57),(101,25,74),(108,25,22),(108,25,47),(115,25,87),(122,25,22),(122,25,46),(122,25,56),(129,25,28),(136,25,16),(143,25,1),(143,25,13),(157,25,37),(164,25,1),(3,26,34),(10,26,39),(38,26,15),(45,26,19),(52,26,17),(66,26,20),(129,26,29),(136,26,17),(3,27,35),(10,27,40),(17,27,114),(24,27,40),(31,27,79),(38,27,16),(45,27,20),(59,27,26),(66,27,21),(94,27,31),(101,27,22),(129,27,30),(129,27,110),(136,27,18),(136,27,110),(3,28,37),(3,29,41),(9,29,2),(10,29,13),(10,29,45),(10,29,56),(3,30,42),(10,30,48),(15,30,11),(101,30,54),(3,31,43),(1,32,8),(1,32,18),(3,32,44),(8,32,9),(8,32,18),(15,32,20),(16,32,7),(17,32,8),(17,32,16),(22,32,8),(22,32,17),(24,32,81),(29,32,8),(29,32,17),(36,32,8),(36,32,18),(36,32,27),(43,32,8),(43,32,18),(43,32,27),(57,32,8),(57,32,17),(57,32,26),(64,32,8),(64,32,18),(64,32,27),(92,32,8),(92,32,17),(92,32,26),(94,32,13),(94,32,66),(99,32,9),(99,32,19),(99,32,28),(101,32,55),(127,32,9),(127,32,19),(127,32,28),(134,32,9),(134,32,18),(134,32,28),(169,32,8),(169,32,23),(3,33,45),(10,33,50),(17,33,52),(24,33,55),(31,33,80),(31,33,100),(115,33,12),(115,33,21),(115,33,31),(115,33,93),(143,33,42),(143,33,50),(143,33,53),(143,33,56),(143,33,59),(3,34,46),(10,34,51),(10,34,75),(17,34,51),(17,34,55),(17,34,99),(17,34,113),(24,34,56),(24,34,62),(31,34,101),(31,34,131),(31,34,132),(38,34,28),(38,34,41),(45,34,38),(50,34,5),(59,34,40),(59,34,47),(59,34,49),(66,34,34),(73,34,101),(78,34,9),(78,34,21),(78,34,33),(78,34,45),(94,34,44),(101,34,40),(106,34,9),(106,34,22),(106,34,34),(113,34,5),(113,34,16),(129,34,40),(129,34,109),(136,34,31),(136,34,109),(141,34,25),(141,34,47),(141,34,60),(157,34,34),(3,35,47),(10,35,52),(17,35,53),(31,35,102),(3,36,48),(10,36,53),(17,36,54),(31,36,103),(80,36,37),(3,37,49),(3,37,59),(3,37,62),(3,37,65),(3,37,71),(3,37,77),(3,37,83),(3,37,88),(3,37,100),(3,37,106),(3,37,107),(10,37,54),(10,37,77),(10,37,81),(10,37,82),(38,37,52),(38,37,54),(38,37,57),(38,37,76),(3,38,50),(10,38,62),(24,38,69),(38,38,42),(3,39,51),(10,39,63),(17,39,57),(24,39,67),(24,39,70),(31,39,107),(38,39,43),(3,40,54),(10,40,65),(38,40,63),(3,41,55),(17,41,50),(24,41,117),(143,41,66),(3,42,58),(45,42,60),(66,42,58),(101,42,23),(101,42,81),(3,43,60),(3,43,98),(24,43,82),(38,43,59),(45,43,45),(45,43,58),(45,43,69),(52,43,66),(59,43,50),(66,43,43),(66,43,52),(66,43,70),(87,43,68),(94,43,67),(101,43,56),(101,43,80),(101,43,88),(107,43,3),(108,43,84),(129,43,60),(129,43,74),(136,43,67),(136,43,81),(3,44,61),(45,44,59),(66,44,57),(87,44,50),(94,44,59),(101,44,47),(101,44,70),(122,44,63),(3,45,63),(17,45,81),(143,45,41),(3,46,64),(3,46,70),(3,46,76),(3,46,82),(3,46,87),(3,46,92),(17,46,48),(17,46,75),(17,46,79),(17,46,83),(3,47,66),(3,47,72),(3,47,78),(3,47,84),(3,47,89),(3,47,94),(3,47,103),(3,47,108),(38,47,77),(3,48,75),(3,49,79),(3,50,80),(3,51,85),(3,52,90),(3,53,93),(10,53,88),(17,53,67),(38,53,45),(3,54,95),(3,55,97),(17,55,98),(31,55,30),(31,55,82),(31,55,95),(31,55,114),(45,55,68),(66,55,69),(115,55,39),(129,55,79),(3,56,109),(8,57,0),(8,58,1),(16,59,0),(17,59,0),(17,59,106),(16,60,1),(17,60,1),(17,60,107),(16,61,2),(17,61,2),(17,61,108),(136,61,13),(16,62,3),(17,62,14),(17,62,115),(16,63,4),(17,63,26),(17,63,63),(16,64,5),(17,64,25),(17,64,64),(16,65,6),(17,65,65),(17,66,3),(17,66,21),(17,66,30),(17,66,109),(17,67,4),(38,67,32),(66,67,4),(17,68,5),(38,68,3),(78,68,5),(78,68,17),(78,68,29),(78,68,41),(115,68,4),(141,68,21),(141,68,56),(155,68,8),(17,69,6),(52,69,63),(73,69,94),(10,70,76),(17,70,7),(17,70,31),(38,70,68),(73,70,61),(73,70,99),(80,70,51),(80,70,84),(143,70,97),(143,70,106),(17,71,9),(17,71,22),(31,71,10),(31,71,16),(31,71,49),(31,71,74),(87,71,22),(107,71,7),(108,71,4),(108,71,11),(108,71,31),(129,71,1),(17,72,10),(31,72,21),(31,72,26),(17,73,11),(17,74,12),(31,74,19),(31,74,47),(52,74,107),(73,74,82),(108,74,18),(143,74,22),(157,74,92),(164,74,13),(17,75,13),(31,75,76),(17,76,15),(17,76,105),(24,76,59),(59,76,44),(66,76,37),(94,76,47),(101,76,42),(164,76,33),(17,77,17),(94,77,99),(17,78,18),(17,79,19),(17,80,20),(17,81,23),(17,82,24),(52,82,24),(52,82,35),(107,82,8),(122,82,9),(122,82,31),(122,82,79),(122,82,89),(122,82,125),(17,83,27),(101,83,51),(17,84,28),(17,85,29),(38,85,6),(73,85,48),(122,85,128),(143,85,46),(17,86,32),(24,86,38),(59,86,24),(94,86,29),(101,86,20),(17,87,34),(87,87,97),(17,88,35),(157,88,74),(17,89,36),(17,89,38),(17,89,40),(115,89,54),(17,90,37),(17,91,39),(17,92,41),(17,93,42),(17,94,43),(17,95,44),(17,96,45),(17,96,116),(17,97,46),(17,98,47),(17,98,76),(17,98,78),(17,98,84),(17,99,49),(17,100,56),(24,100,45),(24,100,88),(24,100,104),(52,100,34),(122,100,99),(17,101,58),(24,101,68),(24,101,71),(38,101,44),(17,102,59),(31,102,104),(17,103,61),(17,104,62),(17,104,80),(17,104,82),(17,104,85),(38,104,67),(17,105,66),(17,106,69),(44,106,6),(45,106,30),(45,106,75),(101,106,9),(164,106,36),(164,106,66),(17,107,70),(17,108,71),(17,108,101),(17,109,72),(17,109,73),(17,110,74),(17,111,77),(17,112,86),(17,113,87),(17,113,89),(17,114,88),(17,115,90),(17,116,91),(17,116,94),(17,117,92),(17,118,93),(17,119,95),(17,120,96),(51,120,1),(52,120,6),(52,120,20),(52,120,37),(52,120,47),(52,120,61),(52,120,95),(52,120,101),(52,120,111),(17,121,97),(10,122,94),(17,122,100),(38,122,29),(17,123,102),(24,123,123),(59,123,9),(17,124,103),(17,125,104),(17,126,110),(17,127,111),(24,127,116),(17,128,112),(17,129,117),(15,130,0),(15,131,1),(9,132,0),(10,132,36),(10,132,42),(10,132,78),(65,132,6),(66,132,17),(93,132,5),(94,132,42),(94,132,77),(94,132,96),(128,132,6),(129,132,7),(129,132,24),(129,132,36),(129,132,47),(129,132,66),(129,132,75),(129,132,84),(129,132,94),(9,133,1),(10,133,37),(10,133,43),(10,133,79),(65,133,7),(66,133,18),(66,133,33),(93,133,6),(94,133,43),(94,133,78),(94,133,97),(128,133,7),(129,133,8),(129,133,25),(129,133,37),(129,133,48),(129,133,67),(129,133,76),(129,133,85),(129,133,95),(9,134,3),(10,134,0),(10,134,8),(10,134,27),(10,134,46),(10,134,60),(9,135,4),(10,135,1),(10,135,9),(10,135,28),(10,135,47),(10,135,61),(24,135,9),(9,136,5),(10,136,7),(10,136,14),(10,136,57),(10,136,102),(10,136,111),(10,137,2),(10,137,6),(10,137,25),(37,137,6),(38,137,0),(38,137,7),(38,137,9),(38,137,48),(38,137,75),(66,137,5),(10,138,3),(59,138,15),(66,138,6),(10,139,4),(101,139,92),(143,139,90),(10,140,5),(10,141,11),(10,142,12),(24,142,121),(31,142,86),(31,142,125),(10,143,15),(10,143,18),(10,144,16),(10,144,58),(10,145,17),(10,145,59),(10,146,19),(10,146,85),(10,146,91),(59,146,6),(10,147,20),(10,147,86),(10,147,92),(10,148,21),(10,148,87),(10,148,93),(10,149,22),(10,150,23),(10,151,26),(129,151,56),(136,151,63),(10,152,29),(10,153,30),(10,153,84),(10,153,90),(24,153,99),(10,154,31),(10,155,32),(10,156,33),(10,157,34),(10,158,35),(44,158,7),(45,158,16),(45,158,33),(45,158,79),(10,159,41),(31,159,84),(10,160,49),(108,160,6),(164,160,74),(10,161,64),(10,162,66),(122,162,67),(122,162,72),(122,162,102),(10,163,67),(10,164,68),(10,164,69),(10,165,70),(10,166,71),(10,166,74),(10,167,72),(10,167,104),(164,167,80),(10,168,73),(24,168,53),(52,168,78),(52,168,85),(52,168,105),(10,169,83),(24,169,98),(10,170,89),(10,171,95),(10,172,96),(10,173,97),(10,174,98),(10,175,99),(10,176,100),(157,176,30),(10,177,101),(10,177,107),(10,178,103),(10,178,112),(38,178,25),(38,178,49),(10,179,105),(10,180,106),(10,181,108),(10,182,109),(10,183,110),(30,184,0),(30,185,1),(31,185,123),(30,186,2),(31,186,0),(31,186,93),(31,186,121),(30,187,3),(31,187,22),(31,187,27),(31,187,94),(31,187,122),(52,187,77),(52,187,84),(52,187,100),(79,187,8),(80,187,0),(80,187,7),(80,187,23),(80,187,49),(80,187,54),(80,187,56),(80,187,69),(80,187,72),(80,187,75),(80,187,76),(87,187,41),(87,187,49),(87,187,55),(87,187,82),(87,187,95),(108,187,35),(108,187,60),(108,187,63),(108,187,70),(108,187,76),(108,187,90),(114,187,3),(115,187,6),(115,187,14),(115,187,23),(115,187,33),(115,187,34),(115,187,57),(115,187,72),(115,187,75),(115,187,80),(115,187,86),(115,187,95),(122,187,51),(122,187,62),(143,187,15),(143,187,48),(143,187,51),(143,187,54),(143,187,57),(143,187,73),(143,187,75),(143,187,100),(143,187,103),(157,187,7),(157,187,38),(157,187,51),(157,187,62),(157,187,65),(157,187,70),(157,187,77),(157,187,80),(157,187,86),(157,187,102),(31,188,1),(31,188,17),(31,188,18),(31,188,25),(31,188,29),(31,188,35),(31,188,53),(31,188,62),(31,188,72),(31,188,81),(31,189,2),(31,189,15),(31,189,23),(31,189,36),(31,189,73),(108,189,3),(31,190,3),(31,190,37),(136,190,5),(157,190,10),(23,191,6),(24,191,95),(24,191,110),(24,191,129),(31,191,4),(100,191,4),(101,191,31),(31,192,5),(31,193,6),(31,194,7),(31,195,8),(31,196,9),(31,197,11),(31,198,12),(31,198,28),(31,199,13),(31,200,14),(31,201,20),(31,202,24),(129,202,51),(129,202,107),(136,202,42),(136,202,107),(31,203,31),(31,203,64),(31,204,32),(31,204,41),(31,204,88),(31,205,33),(31,205,70),(31,206,34),(31,206,56),(31,206,71),(31,207,38),(31,208,39),(31,209,40),(31,210,42),(31,210,44),(164,210,99),(164,210,102),(31,211,43),(31,212,45),(31,213,46),(31,214,48),(143,214,24),(31,215,50),(31,216,51),(31,217,52),(31,218,54),(31,219,55),(31,220,57),(31,221,58),(122,221,110),(31,222,59),(31,223,60),(31,224,61),(31,225,63),(31,226,65),(87,226,80),(31,227,66),(31,227,91),(31,227,111),(31,227,117),(31,227,137),(115,227,44),(31,228,67),(31,229,68),(129,229,41),(136,229,32),(31,230,69),(31,231,75),(31,232,77),(73,232,20),(31,233,83),(73,233,43),(163,233,0),(164,233,88),(31,234,85),(31,234,89),(31,234,124),(31,235,87),(31,236,90),(31,236,112),(31,236,118),(31,236,138),(31,237,92),(31,238,96),(107,238,4),(108,238,7),(31,239,97),(52,239,51),(52,239,60),(52,239,76),(31,240,98),(31,241,99),(87,241,75),(108,241,50),(31,242,105),(94,242,10),(101,242,5),(31,243,106),(31,244,108),(87,244,47),(115,244,28),(31,245,109),(31,246,110),(31,247,113),(31,248,115),(31,248,135),(122,248,1),(122,248,7),(122,248,17),(122,248,28),(122,248,65),(122,248,120),(31,249,116),(31,249,136),(31,250,119),(31,251,120),(31,252,126),(31,253,127),(31,253,129),(31,254,128),(31,255,130),(31,256,133),(129,256,55),(136,256,62),(31,257,134),(23,258,0),(24,258,27),(24,258,47),(24,258,89),(24,258,105),(23,259,1),(24,259,28),(24,259,48),(24,259,90),(24,259,106),(23,260,2),(24,260,91),(115,260,49),(23,261,3),(24,261,11),(24,261,32),(24,261,51),(24,261,94),(24,261,109),(23,262,4),(24,262,0),(24,262,17),(24,262,30),(24,262,49),(24,262,92),(24,262,107),(23,263,5),(24,263,1),(24,263,18),(23,264,7),(24,264,37),(24,264,44),(24,264,73),(24,264,87),(24,264,97),(24,264,112),(24,264,131),(23,265,8),(24,265,36),(24,265,43),(24,265,72),(24,265,75),(24,265,86),(24,265,96),(24,265,111),(24,265,130),(24,266,2),(24,267,3),(24,268,4),(24,269,5),(24,270,6),(24,271,7),(24,272,8),(24,273,12),(135,273,8),(136,273,0),(136,273,27),(136,273,38),(136,273,55),(136,273,73),(136,273,82),(136,273,95),(24,274,13),(24,275,14),(24,276,15),(24,277,16),(24,278,19),(24,279,20),(24,279,60),(45,279,41),(59,279,45),(66,279,38),(87,279,70),(94,279,48),(143,279,77),(164,279,31),(164,279,37),(164,279,46),(164,279,51),(24,280,21),(24,281,22),(24,282,23),(24,283,24),(24,283,33),(79,283,4),(80,283,6),(80,283,45),(80,283,58),(80,283,66),(80,283,81),(157,283,59),(157,283,61),(157,283,67),(24,284,25),(38,284,35),(38,284,82),(59,284,20),(24,285,29),(122,285,15),(24,286,31),(24,286,50),(24,286,93),(24,286,108),(24,287,34),(24,287,127),(24,288,35),(24,288,42),(24,288,85),(24,289,41),(24,289,84),(45,289,27),(59,289,65),(79,289,0),(129,289,89),(129,289,111),(136,289,111),(164,289,5),(24,290,46),(45,290,64),(66,290,60),(79,290,3),(157,290,55),(24,291,52),(24,292,54),(24,293,57),(24,294,58),(24,295,61),(24,295,63),(45,295,42),(59,295,46),(59,295,48),(66,295,39),(94,295,49),(101,295,41),(164,295,2),(24,296,64),(24,297,65),(24,298,66),(45,298,44),(52,298,8),(52,298,39),(59,298,41),(66,298,42),(101,298,36),(129,298,58),(136,298,65),(157,298,69),(164,298,69),(24,299,74),(24,299,76),(24,300,77),(24,301,78),(24,302,79),(24,303,80),(24,304,83),(38,304,62),(45,304,51),(45,304,65),(66,304,49),(94,304,68),(101,304,89),(129,304,61),(136,304,68),(24,305,100),(24,306,101),(24,307,102),(24,308,103),(52,308,67),(52,308,73),(52,308,93),(164,308,26),(24,309,113),(24,310,114),(24,310,124),(24,311,115),(24,312,118),(24,313,119),(24,313,126),(24,314,120),(24,315,122),(24,316,125),(164,316,17),(24,317,128),(8,318,2),(1,319,5),(1,319,15),(8,319,6),(8,319,15),(15,319,17),(22,319,5),(22,319,14),(29,319,5),(29,319,14),(36,319,5),(36,319,15),(36,319,24),(43,319,5),(43,319,15),(43,319,24),(57,319,5),(57,319,14),(57,319,23),(64,319,5),(64,319,15),(64,319,24),(92,319,5),(92,319,14),(92,319,23),(99,319,6),(99,319,16),(99,319,25),(127,319,6),(127,319,16),(127,319,25),(134,319,6),(134,319,15),(134,319,25),(169,319,5),(169,319,13),(169,319,20),(1,320,6),(1,320,16),(8,320,7),(8,320,16),(15,320,18),(22,320,6),(22,320,15),(29,320,6),(29,320,15),(36,320,6),(36,320,16),(36,320,25),(43,320,6),(43,320,16),(43,320,25),(57,320,6),(57,320,15),(57,320,24),(64,320,6),(64,320,16),(64,320,25),(92,320,6),(92,320,15),(92,320,24),(99,320,7),(99,320,17),(99,320,26),(127,320,7),(127,320,17),(127,320,26),(134,320,7),(134,320,16),(134,320,26),(169,320,6),(169,320,14),(169,320,21),(22,322,0),(22,323,1),(22,326,9),(43,326,19),(22,327,10),(43,327,20),(22,328,18),(22,328,19),(8,329,10),(29,329,0),(29,329,9),(36,329,19),(57,329,18),(99,329,20),(29,330,1),(8,331,11),(29,331,10),(36,331,20),(57,331,19),(99,331,21),(1,332,9),(36,332,9),(43,332,9),(64,332,9),(99,332,10),(127,332,10),(134,332,19),(1,333,10),(36,333,10),(43,333,10),(64,333,10),(99,333,11),(127,333,11),(134,333,20),(169,333,2),(1,334,11),(36,334,11),(43,334,11),(64,334,11),(99,334,12),(127,334,12),(134,334,21),(15,335,12),(15,335,13),(15,336,2),(15,337,3),(15,338,4),(15,339,5),(15,340,6),(15,341,7),(15,342,8),(15,343,9),(15,344,10),(36,345,0),(43,345,0),(36,346,1),(1,347,7),(1,347,17),(8,347,8),(8,347,17),(15,347,19),(22,347,7),(22,347,16),(29,347,7),(29,347,16),(36,347,7),(36,347,17),(36,347,26),(43,347,7),(43,347,17),(43,347,26),(57,347,7),(57,347,16),(57,347,25),(64,347,7),(64,347,17),(64,347,26),(92,347,7),(92,347,16),(92,347,25),(99,347,8),(99,347,18),(99,347,27),(127,347,8),(127,347,18),(127,347,27),(134,347,8),(134,347,17),(134,347,27),(169,347,7),(169,347,15),(169,347,22),(43,348,1),(50,349,0),(106,349,0),(141,349,52),(50,350,1),(106,350,1),(141,350,53),(50,351,2),(106,351,2),(141,351,54),(106,352,6),(106,352,11),(106,352,19),(106,352,24),(106,352,31),(106,352,36),(141,352,2),(141,352,11),(141,352,32),(106,353,7),(106,353,20),(106,353,32),(141,353,23),(141,353,58),(50,354,4),(79,354,2),(80,354,28),(106,354,8),(106,354,21),(106,354,33),(113,354,6),(113,354,17),(50,355,6),(52,355,74),(71,355,37),(78,355,10),(78,355,22),(78,355,34),(78,355,46),(85,355,5),(85,355,19),(85,355,30),(87,355,52),(106,355,10),(106,355,23),(106,355,35),(108,355,56),(113,355,7),(113,355,18),(120,355,7),(120,355,16),(120,355,25),(120,355,36),(120,355,45),(120,355,55),(120,355,64),(121,355,9),(122,355,40),(141,355,26),(141,355,48),(141,355,61),(155,355,9),(157,355,84),(157,355,108),(50,356,7),(71,356,2),(71,356,13),(71,356,23),(71,356,34),(71,356,43),(71,356,56),(71,356,66),(78,356,2),(78,356,14),(78,356,26),(78,356,38),(85,356,6),(85,356,20),(85,356,31),(85,356,38),(85,356,52),(85,356,63),(106,356,3),(106,356,16),(106,356,28),(113,356,9),(113,356,21),(155,356,2),(155,356,14),(155,356,24),(162,356,3),(162,356,18),(162,356,33),(50,357,8),(52,357,43),(85,357,7),(85,357,21),(85,357,32),(106,357,4),(106,357,17),(106,357,29),(141,357,62),(50,358,9),(80,358,9),(80,358,16),(80,358,25),(80,358,32),(106,358,5),(106,358,18),(106,358,30),(141,358,63),(143,358,20),(57,359,0),(57,360,1),(57,361,9),(57,362,10),(64,363,0),(64,364,1),(64,365,19),(92,365,9),(127,365,20),(64,366,20),(92,366,10),(127,366,21),(58,367,0),(59,367,27),(65,367,0),(65,368,1),(66,368,0),(66,368,28),(66,368,74),(66,368,78),(65,369,2),(66,369,1),(65,370,3),(66,370,2),(65,371,4),(66,371,29),(66,371,75),(66,371,79),(135,371,0),(136,371,24),(136,371,46),(136,371,88),(59,372,29),(59,372,54),(59,372,64),(65,372,5),(66,372,30),(66,372,76),(66,372,80),(128,372,1),(129,372,34),(129,372,91),(129,372,101),(135,372,1),(136,372,25),(136,372,47),(136,372,89),(136,372,102),(163,372,13),(164,372,8),(164,372,45),(164,372,65),(164,372,84),(66,373,3),(66,374,7),(94,374,18),(129,374,14),(45,375,9),(45,375,13),(66,375,8),(94,375,19),(66,376,9),(129,376,17),(45,377,10),(66,377,10),(94,377,20),(129,377,18),(66,378,11),(45,379,11),(66,379,12),(129,379,19),(66,380,13),(66,381,14),(94,381,21),(129,381,22),(45,382,14),(66,382,15),(94,382,22),(94,382,32),(129,382,23),(129,382,31),(129,382,52),(38,383,11),(38,383,19),(38,383,22),(38,383,36),(38,383,39),(38,383,69),(38,383,72),(38,383,78),(38,383,81),(45,383,15),(45,383,32),(45,383,35),(45,383,78),(45,383,81),(59,383,21),(59,383,35),(59,383,38),(59,383,56),(59,383,59),(59,383,67),(59,383,70),(66,383,16),(66,383,31),(73,383,41),(73,383,50),(73,383,74),(87,383,28),(87,383,30),(87,383,31),(87,383,33),(87,383,60),(87,383,62),(87,383,63),(87,383,65),(87,383,87),(87,383,89),(87,383,90),(87,383,92),(87,383,96),(87,383,100),(87,383,102),(87,383,103),(87,383,105),(94,383,2),(94,383,14),(94,383,17),(94,383,34),(94,383,37),(94,383,41),(94,383,52),(94,383,55),(94,383,71),(94,383,74),(94,383,76),(94,383,79),(94,383,89),(94,383,92),(94,383,95),(94,383,98),(122,383,76),(157,383,63),(164,383,20),(164,383,81),(164,383,103),(45,384,21),(45,384,24),(45,384,46),(45,384,54),(66,384,22),(66,384,25),(66,384,44),(66,384,53),(129,384,62),(129,384,70),(136,384,69),(136,384,77),(45,385,22),(45,385,47),(66,385,23),(66,385,45),(94,385,100),(129,385,63),(136,385,70),(45,386,23),(45,386,26),(45,386,31),(45,386,48),(45,386,56),(45,386,62),(45,386,76),(66,386,24),(66,386,27),(66,386,46),(66,386,55),(94,386,39),(94,386,102),(101,386,93),(129,386,64),(129,386,72),(136,386,45),(136,386,71),(136,386,79),(164,386,108),(45,387,25),(45,387,55),(66,387,26),(66,387,54),(129,387,71),(136,387,78),(66,388,32),(45,389,37),(59,389,42),(66,389,35),(94,389,45),(101,389,38),(45,390,39),(59,390,43),(66,390,36),(94,390,46),(66,391,40),(45,392,43),(66,392,41),(129,392,57),(136,392,64),(45,393,49),(66,393,47),(66,393,73),(129,393,65),(136,393,72),(45,394,52),(66,394,50),(45,395,53),(59,395,60),(66,395,51),(94,395,82),(101,395,34),(101,395,61),(101,395,79),(129,395,59),(136,395,66),(45,396,57),(66,396,56),(66,396,77),(129,396,73),(136,396,80),(45,397,61),(66,397,59),(101,397,82),(101,397,84),(101,397,85),(101,397,86),(101,397,87),(101,397,91),(66,398,61),(66,398,63),(66,398,65),(66,398,67),(66,399,62),(66,399,64),(66,399,66),(66,399,68),(45,400,71),(66,400,72),(129,400,88),(136,400,86),(58,401,1),(59,401,0),(59,401,8),(59,401,16),(59,401,28),(59,401,52),(59,401,63),(58,402,2),(59,402,2),(59,402,30),(58,403,3),(59,403,31),(58,404,4),(59,404,4),(59,404,32),(58,405,5),(58,406,6),(59,406,22),(59,406,36),(59,406,57),(59,406,68),(128,406,8),(129,406,9),(129,406,26),(129,406,38),(129,406,49),(129,406,68),(129,406,77),(129,406,86),(129,406,96),(58,407,7),(59,407,23),(59,407,37),(59,407,58),(59,407,69),(128,407,9),(129,407,10),(129,407,27),(129,407,39),(129,407,50),(129,407,69),(129,407,78),(129,407,87),(129,407,97),(44,408,9),(45,408,36),(45,408,82),(58,408,8),(59,408,39),(59,409,1),(59,409,53),(59,410,3),(59,411,5),(59,412,7),(94,412,12),(94,412,65),(59,413,10),(45,414,3),(59,414,11),(94,414,6),(164,414,15),(59,415,12),(59,416,13),(94,416,33),(129,416,53),(136,416,60),(45,417,8),(59,417,14),(59,418,17),(59,419,18),(59,419,55),(101,419,15),(135,419,7),(59,420,33),(94,420,26),(59,421,51),(38,422,74),(52,422,109),(59,422,61),(101,422,73),(59,423,71),(50,424,3),(50,425,10),(71,425,9),(71,425,20),(71,425,30),(71,425,39),(71,425,52),(71,425,63),(71,425,73),(78,425,11),(78,425,23),(78,425,35),(78,425,47),(85,425,10),(85,425,24),(85,425,35),(106,425,12),(106,425,25),(106,425,37),(113,425,10),(113,425,22),(141,425,8),(141,425,17),(141,425,29),(141,425,38),(141,425,51),(141,425,65),(155,425,11),(155,425,21),(155,425,31),(51,426,0),(52,426,2),(52,426,22),(52,426,28),(52,426,91),(51,427,2),(51,428,3),(51,429,4),(52,429,23),(52,430,0),(52,430,5),(52,431,1),(52,432,3),(52,432,70),(52,432,106),(80,432,62),(52,433,4),(52,433,99),(52,434,7),(52,434,21),(52,434,38),(52,434,62),(52,434,86),(52,434,96),(52,434,102),(52,434,112),(52,435,9),(122,435,97),(122,435,116),(52,436,10),(101,436,90),(52,437,11),(52,437,58),(52,438,13),(162,438,7),(162,438,22),(52,439,14),(52,439,52),(52,439,69),(108,439,12),(143,439,111),(52,440,15),(52,441,18),(73,441,21),(52,442,19),(52,443,25),(52,444,26),(122,444,81),(52,445,27),(52,446,29),(52,447,30),(122,447,59),(52,448,33),(52,448,56),(52,449,36),(52,450,40),(52,451,41),(52,451,121),(78,451,3),(78,451,15),(78,451,27),(78,451,39),(80,451,15),(80,451,46),(80,451,59),(52,452,42),(107,452,1),(52,453,44),(52,454,45),(115,454,43),(52,455,46),(52,456,48),(52,457,49),(52,458,50),(52,459,53),(143,459,19),(52,460,54),(73,460,65),(52,461,55),(52,462,57),(52,463,59),(52,464,64),(52,465,68),(52,466,71),(52,467,72),(52,468,75),(108,468,57),(157,468,85),(52,469,79),(52,470,80),(52,471,81),(52,471,94),(73,471,53),(108,471,68),(52,472,82),(52,473,83),(52,474,87),(52,475,88),(52,476,89),(52,477,90),(52,477,98),(108,477,58),(164,477,60),(52,478,92),(52,479,97),(52,479,103),(52,480,104),(52,481,108),(52,482,113),(52,483,114),(52,484,115),(80,484,13),(52,485,116),(52,486,117),(52,487,118),(52,488,119),(52,489,120),(94,489,51),(37,490,1),(38,490,12),(38,490,20),(38,490,37),(38,490,70),(38,490,79),(37,491,2),(38,491,13),(38,491,21),(38,491,38),(38,491,71),(38,491,80),(37,492,3),(38,492,26),(38,492,50),(37,493,4),(38,493,51),(85,493,45),(85,493,56),(85,493,70),(155,493,18),(155,493,28),(37,494,5),(38,495,1),(38,495,24),(38,495,65),(38,496,2),(38,497,4),(157,497,104),(38,498,5),(38,499,8),(38,499,10),(38,500,17),(164,500,54),(38,501,18),(38,502,23),(38,503,27),(38,504,30),(38,505,31),(79,505,5),(80,505,5),(80,505,14),(80,505,47),(80,505,60),(80,505,63),(80,505,67),(80,505,82),(80,505,89),(157,505,46),(157,505,58),(157,505,60),(157,505,66),(38,506,33),(115,506,40),(122,506,112),(129,506,3),(38,507,34),(38,508,47),(38,509,53),(38,510,55),(38,511,56),(38,512,58),(38,513,60),(80,513,39),(157,513,40),(38,514,64),(38,515,66),(38,516,73),(44,517,0),(94,517,70),(136,517,19),(136,517,87),(44,518,1),(44,519,2),(45,519,0),(45,519,28),(45,519,73),(44,520,3),(45,520,1),(44,521,4),(45,521,2),(44,522,5),(44,523,8),(45,523,17),(45,523,34),(45,523,80),(45,524,4),(129,524,44),(129,524,104),(136,524,35),(136,524,104),(45,525,5),(85,525,46),(85,525,57),(85,525,71),(113,525,20),(129,525,105),(136,525,105),(141,525,5),(141,525,14),(141,525,35),(155,525,19),(155,525,29),(164,525,18),(164,525,120),(45,526,6),(45,527,7),(45,528,12),(129,528,20),(45,529,29),(45,529,74),(45,530,40),(45,531,63),(45,531,66),(101,531,63),(45,532,72),(71,533,0),(71,534,1),(71,535,10),(71,536,11),(71,537,12),(71,538,21),(71,539,22),(71,540,31),(71,541,32),(71,542,33),(71,543,40),(71,544,41),(71,545,42),(71,546,53),(141,546,19),(71,547,54),(71,548,55),(71,549,64),(71,550,65),(78,551,0),(78,552,1),(71,553,19),(71,553,29),(71,553,38),(71,553,51),(71,553,62),(71,553,72),(78,553,7),(78,553,19),(78,553,31),(78,553,43),(78,554,8),(78,554,20),(78,554,32),(78,554,44),(141,554,24),(141,554,46),(141,554,59),(78,555,12),(78,556,13),(78,557,24),(78,558,25),(78,559,36),(78,560,37),(72,561,0),(72,562,1),(73,562,22),(73,562,47),(73,562,71),(73,562,96),(87,562,27),(87,562,106),(142,562,3),(72,563,2),(73,563,0),(73,563,24),(73,563,33),(73,563,77),(73,563,97),(72,564,3),(73,564,2),(73,564,34),(73,564,78),(73,564,85),(73,564,98),(72,565,4),(72,566,5),(72,567,6),(73,568,1),(73,569,3),(73,570,4),(73,571,5),(73,572,6),(115,572,74),(164,572,39),(73,573,7),(73,574,8),(73,575,9),(73,576,10),(73,577,11),(73,578,12),(73,579,13),(73,580,14),(73,581,15),(73,581,86),(73,582,16),(101,582,65),(73,583,17),(73,584,18),(73,585,19),(73,586,23),(73,586,46),(73,586,58),(73,586,59),(73,587,26),(87,587,36),(73,588,27),(87,588,54),(73,589,28),(73,589,31),(73,589,37),(143,589,37),(73,590,29),(73,591,30),(73,592,32),(73,593,35),(73,594,36),(73,595,38),(73,596,39),(73,597,40),(73,597,42),(73,597,49),(73,597,51),(73,598,44),(73,598,67),(73,599,45),(73,600,52),(114,600,6),(115,600,59),(115,600,66),(143,600,80),(73,601,54),(143,601,108),(73,602,55),(73,603,56),(79,603,1),(80,603,27),(80,603,53),(80,603,71),(87,603,74),(108,603,54),(143,603,76),(143,603,88),(143,603,110),(73,604,57),(115,604,36),(115,604,64),(115,604,70),(164,604,30),(73,605,60),(108,605,21),(73,606,62),(73,607,63),(73,608,64),(80,608,36),(73,609,66),(73,610,68),(73,611,69),(73,612,70),(73,612,73),(73,613,72),(73,614,75),(87,614,44),(108,614,9),(122,614,73),(73,615,76),(73,616,79),(73,617,80),(73,618,81),(108,618,55),(143,618,87),(143,618,109),(73,619,83),(73,620,84),(87,620,112),(73,621,87),(73,622,88),(73,623,89),(73,624,90),(73,625,91),(73,626,92),(73,627,93),(73,628,95),(87,628,107),(73,629,100),(115,629,79),(73,630,102),(73,631,103),(101,631,10),(73,632,104),(79,633,6),(80,633,2),(80,633,10),(80,633,19),(80,633,42),(80,633,44),(80,633,57),(80,633,65),(80,633,78),(80,633,90),(79,634,7),(80,635,1),(80,636,3),(1,637,2),(1,637,12),(8,637,3),(8,637,12),(15,637,14),(22,637,2),(22,637,11),(29,637,2),(29,637,11),(36,637,2),(36,637,12),(36,637,21),(43,637,2),(43,637,12),(43,637,21),(57,637,2),(57,637,11),(57,637,20),(64,637,2),(64,637,12),(64,637,21),(71,637,6),(71,637,17),(71,637,27),(71,637,49),(71,637,60),(71,637,70),(80,637,4),(92,637,2),(92,637,11),(92,637,20),(99,637,3),(99,637,13),(99,637,22),(127,637,3),(127,637,13),(127,637,22),(134,637,3),(134,637,12),(134,637,22),(162,637,8),(162,637,23),(162,637,37),(80,638,8),(80,639,11),(80,639,20),(80,639,79),(80,639,92),(80,640,12),(80,640,21),(80,640,80),(80,640,93),(100,640,3),(101,640,30),(80,641,18),(80,642,22),(80,643,24),(80,644,26),(80,645,29),(80,646,30),(87,646,69),(87,646,109),(108,646,69),(157,646,43),(80,647,31),(80,647,77),(87,647,59),(141,647,28),(141,647,50),(141,647,64),(80,648,33),(80,649,34),(80,650,35),(80,651,38),(80,652,40),(80,653,41),(157,653,42),(80,654,43),(80,654,50),(80,654,64),(80,654,73),(80,655,48),(80,655,68),(80,656,52),(80,656,70),(80,657,55),(80,657,74),(80,658,61),(108,658,85),(143,658,63),(80,659,85),(80,660,86),(80,661,87),(80,662,88),(80,663,91),(85,664,0),(85,665,1),(85,666,2),(85,666,9),(85,666,16),(85,666,23),(85,666,27),(85,666,34),(85,667,3),(85,667,17),(85,667,28),(71,668,5),(71,668,16),(71,668,26),(71,668,47),(71,668,59),(71,668,69),(78,668,4),(78,668,16),(78,668,28),(78,668,40),(85,668,4),(85,668,18),(85,668,29),(85,668,43),(85,668,55),(85,668,68),(120,668,5),(120,668,14),(120,668,22),(120,668,34),(120,668,43),(120,668,53),(120,668,62),(121,668,7),(122,668,38),(141,668,3),(141,668,12),(141,668,20),(141,668,33),(141,668,42),(141,668,55),(155,668,17),(155,668,27),(162,668,12),(162,668,27),(162,668,39),(85,669,8),(85,669,22),(85,669,33),(85,670,11),(85,671,12),(85,671,14),(85,672,13),(85,672,15),(85,673,25),(85,674,26),(85,675,36),(85,676,37),(85,677,50),(85,678,51),(85,679,61),(85,680,62),(86,681,0),(87,681,11),(87,681,29),(87,681,61),(87,681,88),(87,681,101),(86,682,1),(87,682,12),(87,682,32),(87,682,64),(87,682,91),(87,682,104),(86,683,2),(87,683,13),(87,683,94),(86,684,3),(86,685,4),(87,685,0),(86,686,5),(87,686,1),(86,687,6),(87,687,2),(86,688,7),(87,688,3),(87,689,4),(87,689,35),(87,689,40),(87,689,48),(87,689,99),(87,690,5),(157,690,57),(87,691,6),(115,691,16),(87,692,7),(108,692,32),(115,692,15),(87,693,8),(87,694,9),(87,695,10),(87,696,14),(87,697,15),(87,698,16),(87,699,17),(87,700,18),(87,701,19),(87,702,20),(87,702,23),(122,702,104),(87,703,21),(87,704,24),(87,705,25),(87,706,26),(87,707,34),(87,707,39),(87,708,37),(87,708,66),(87,709,38),(87,710,42),(87,710,83),(87,711,43),(87,711,84),(87,712,45),(122,712,60),(1,713,3),(1,713,13),(8,713,4),(8,713,13),(15,713,15),(22,713,3),(22,713,12),(29,713,3),(29,713,12),(36,713,3),(36,713,13),(36,713,22),(43,713,3),(43,713,13),(43,713,22),(57,713,3),(57,713,12),(57,713,21),(64,713,3),(64,713,13),(64,713,22),(87,713,46),(92,713,3),(92,713,12),(92,713,21),(99,713,4),(99,713,14),(99,713,23),(127,713,4),(127,713,14),(127,713,23),(134,713,4),(134,713,13),(134,713,23),(87,714,51),(87,715,53),(87,716,56),(108,716,46),(122,716,103),(87,717,58),(87,718,67),(87,718,85),(115,718,27),(87,719,71),(143,719,14),(87,720,72),(108,720,37),(108,720,52),(87,721,73),(108,721,36),(108,721,51),(164,721,115),(87,722,76),(87,723,77),(87,724,78),(87,725,79),(87,726,81),(87,727,86),(87,727,111),(87,728,93),(87,729,98),(143,729,4),(143,729,62),(87,730,108),(87,731,110),(92,732,0),(92,733,1),(92,734,18),(92,734,19),(134,734,10),(134,734,11),(99,735,0),(99,736,1),(99,737,2),(71,738,3),(71,738,14),(71,738,24),(71,738,44),(71,738,57),(141,738,7),(141,738,16),(162,738,5),(162,738,20),(162,738,35),(71,739,4),(71,740,7),(71,740,18),(71,740,28),(71,740,50),(71,740,61),(71,740,71),(141,740,4),(141,740,13),(141,740,34),(162,740,6),(162,740,21),(71,741,8),(71,742,15),(71,742,25),(71,742,58),(71,742,68),(71,743,35),(71,743,67),(141,743,27),(141,743,37),(71,744,36),(71,745,45),(71,746,46),(71,747,48),(78,748,6),(78,748,18),(78,748,30),(78,748,42),(85,749,39),(85,749,64),(162,749,4),(162,749,19),(162,749,34),(85,750,40),(85,750,65),(85,751,41),(85,751,47),(85,751,66),(85,751,72),(85,752,42),(85,752,67),(85,753,44),(85,753,69),(85,754,48),(85,754,73),(85,755,49),(85,755,60),(85,755,74),(85,756,53),(85,757,54),(85,757,58),(85,758,59),(1,759,4),(1,759,14),(8,759,5),(8,759,14),(15,759,16),(22,759,4),(22,759,13),(29,759,4),(29,759,13),(36,759,4),(36,759,14),(36,759,23),(43,759,4),(43,759,14),(43,759,23),(57,759,4),(57,759,13),(57,759,22),(64,759,4),(64,759,14),(64,759,23),(92,759,4),(92,759,13),(92,759,22),(99,759,5),(99,759,15),(99,759,24),(127,759,5),(127,759,15),(127,759,24),(134,759,5),(134,759,14),(134,759,24),(162,759,13),(162,759,28),(100,760,1),(101,760,0),(101,760,17),(101,760,24),(101,760,58),(101,760,75),(100,761,2),(101,761,1),(101,761,18),(101,761,25),(101,761,59),(101,761,76),(100,762,5),(101,762,19),(101,762,32),(101,762,45),(101,762,48),(100,763,6),(100,764,7),(100,765,8),(163,765,11),(100,766,9),(101,766,33),(129,766,35),(129,766,92),(129,766,102),(101,767,2),(101,768,3),(101,769,4),(101,770,6),(101,771,7),(101,772,8),(143,772,71),(143,772,98),(164,772,53),(101,773,12),(101,774,13),(101,774,46),(101,775,14),(101,776,26),(101,776,77),(101,777,27),(101,778,28),(101,779,29),(101,780,35),(164,780,55),(101,781,39),(94,782,50),(101,782,43),(101,783,44),(135,783,5),(136,783,23),(136,783,51),(136,783,93),(163,783,7),(164,783,10),(164,783,106),(101,784,49),(101,785,50),(101,786,52),(101,787,53),(101,788,60),(101,789,62),(101,790,64),(101,791,66),(101,792,67),(101,793,68),(101,794,69),(101,795,71),(101,796,72),(101,797,83),(93,798,0),(94,798,0),(94,798,4),(94,798,15),(94,798,35),(94,798,53),(94,798,72),(94,798,90),(93,799,1),(94,799,1),(94,799,16),(94,799,36),(94,799,54),(94,799,73),(94,799,91),(93,800,2),(94,800,38),(94,800,75),(94,800,88),(93,801,3),(128,801,5),(94,802,3),(94,803,5),(94,804,7),(94,805,8),(108,805,75),(94,806,9),(94,807,11),(94,807,64),(94,808,23),(94,809,24),(94,810,25),(108,810,25),(94,811,27),(129,811,106),(136,811,106),(94,812,56),(94,813,57),(94,814,58),(94,815,60),(94,816,61),(94,817,62),(94,818,63),(94,819,69),(94,819,101),(94,820,81),(94,821,83),(94,822,84),(94,823,85),(94,824,86),(94,825,87),(94,826,93),(106,827,13),(106,828,14),(155,828,23),(106,829,15),(106,830,26),(106,831,27),(107,832,0),(107,833,2),(107,834,5),(108,834,0),(108,834,30),(108,834,44),(108,834,88),(107,835,6),(108,835,1),(108,835,39),(108,835,45),(108,835,81),(108,835,89),(108,836,2),(115,836,11),(115,836,84),(108,837,5),(108,837,43),(108,838,8),(108,839,10),(108,840,13),(157,840,76),(108,841,14),(108,842,15),(108,843,16),(108,844,17),(108,845,19),(108,846,20),(108,846,33),(108,846,59),(108,846,86),(108,847,23),(115,847,17),(143,847,2),(157,847,11),(108,848,24),(122,848,24),(157,848,12),(108,849,26),(108,849,41),(108,849,82),(108,850,27),(108,851,28),(164,851,112),(108,852,29),(108,853,34),(164,853,21),(108,854,38),(108,855,40),(108,855,80),(108,856,42),(108,857,48),(157,857,90),(108,858,49),(122,858,86),(108,859,53),(108,860,61),(108,861,62),(108,862,64),(108,863,65),(108,863,66),(108,864,67),(164,864,97),(108,865,71),(108,865,73),(108,866,72),(129,866,0),(156,866,4),(157,866,106),(108,867,74),(108,868,77),(108,869,78),(108,870,79),(108,871,83),(108,872,87),(108,872,91),(113,873,0),(113,874,1),(113,875,2),(113,875,13),(113,876,3),(113,876,14),(113,877,4),(113,877,15),(113,878,8),(113,879,11),(113,880,12),(113,881,19),(114,882,0),(115,882,1),(115,882,19),(115,882,52),(115,882,61),(115,882,67),(115,882,83),(115,882,91),(114,883,1),(115,883,2),(115,883,20),(115,883,53),(115,883,62),(115,883,78),(115,883,92),(114,884,2),(115,884,13),(115,884,32),(115,884,85),(115,884,94),(114,885,4),(115,885,8),(115,885,24),(115,885,37),(115,885,88),(114,886,5),(115,886,9),(115,886,25),(115,886,89),(115,887,0),(115,887,82),(115,888,3),(115,889,5),(115,890,7),(115,890,22),(115,890,81),(115,891,10),(115,891,41),(115,891,73),(115,891,76),(115,892,18),(143,892,3),(115,893,26),(157,893,15),(115,894,29),(115,894,50),(115,895,30),(115,896,35),(115,897,38),(115,898,42),(115,899,45),(115,900,46),(115,901,47),(115,902,48),(115,903,51),(115,904,55),(115,905,56),(115,906,58),(115,906,65),(143,906,61),(143,906,79),(115,907,60),(115,908,63),(115,908,69),(115,908,71),(122,908,85),(115,909,68),(115,910,77),(115,911,90),(120,912,0),(120,913,1),(120,914,2),(120,915,3),(120,915,8),(120,915,12),(120,915,17),(120,915,28),(120,915,32),(120,915,37),(120,915,41),(120,915,46),(120,915,51),(120,915,56),(120,915,60),(120,915,65),(121,915,5),(121,915,11),(122,915,36),(122,915,42),(120,916,4),(120,916,13),(120,916,33),(120,916,42),(120,916,52),(120,916,61),(121,916,6),(122,916,37),(120,917,6),(120,917,15),(120,917,24),(120,917,35),(120,917,44),(120,917,54),(120,917,63),(121,917,8),(122,917,39),(120,918,9),(120,918,18),(120,918,23),(120,918,38),(120,918,47),(120,918,57),(120,918,66),(121,918,12),(122,918,43),(162,918,14),(162,918,29),(162,918,41),(120,919,10),(120,920,11),(120,921,39),(120,922,40),(120,923,29),(120,924,30),(120,925,31),(120,926,19),(120,927,20),(120,928,21),(120,929,26),(120,930,27),(120,931,48),(162,931,17),(120,932,49),(120,933,50),(120,934,58),(120,935,59),(121,936,0),(122,936,0),(122,936,16),(122,936,27),(121,937,1),(122,937,12),(121,938,2),(122,938,33),(121,939,3),(121,940,4),(122,940,58),(122,940,83),(121,941,10),(122,941,41),(122,942,2),(122,943,3),(122,944,4),(122,945,5),(122,946,6),(122,947,8),(122,948,10),(122,949,11),(122,950,13),(122,951,14),(122,952,18),(122,952,26),(122,952,118),(122,953,19),(122,953,29),(122,953,122),(122,954,20),(122,954,30),(122,954,50),(122,954,78),(122,954,124),(122,955,21),(155,955,7),(122,956,23),(122,957,25),(122,958,32),(122,959,34),(122,959,69),(122,960,35),(122,960,70),(122,961,44),(157,961,35),(122,962,45),(122,963,47),(122,964,48),(122,965,49),(122,966,52),(122,967,53),(164,967,38),(122,968,54),(122,969,55),(122,970,57),(122,971,61),(122,972,64),(122,972,80),(122,972,100),(122,972,114),(122,972,119),(122,973,66),(122,973,75),(122,973,101),(122,974,68),(122,975,71),(122,976,74),(122,977,77),(122,978,82),(122,979,84),(122,980,87),(122,981,88),(122,982,90),(143,982,43),(143,982,47),(122,983,91),(164,983,86),(122,984,92),(122,984,96),(122,985,93),(122,986,94),(164,986,85),(122,987,95),(122,988,98),(122,988,117),(164,988,82),(122,989,105),(122,990,106),(122,991,107),(122,992,108),(122,993,109),(122,994,111),(122,995,113),(122,996,115),(122,997,121),(122,998,123),(122,999,126),(122,1000,127),(127,1001,0),(127,1002,1),(127,1003,2),(134,1004,0),(134,1005,1),(134,1006,2),(141,1007,22),(141,1007,57),(162,1007,9),(162,1007,24),(162,1007,38),(141,1008,0),(141,1009,1),(141,1010,6),(141,1010,15),(141,1010,36),(141,1011,9),(141,1012,10),(141,1013,18),(141,1014,30),(141,1015,31),(141,1016,39),(141,1017,40),(141,1018,41),(141,1019,43),(141,1020,44),(141,1021,45),(141,1022,49),(148,1023,0),(148,1024,1),(148,1025,2),(148,1026,3),(148,1026,14),(148,1027,4),(148,1027,15),(148,1028,5),(148,1028,16),(148,1029,6),(148,1029,17),(148,1030,7),(148,1030,18),(148,1031,8),(148,1031,19),(148,1032,9),(148,1032,20),(148,1033,10),(148,1033,21),(148,1034,11),(148,1035,12),(148,1036,13),(142,1037,0),(142,1038,1),(143,1038,27),(142,1039,2),(142,1039,7),(142,1040,4),(143,1040,10),(143,1040,40),(143,1040,84),(143,1040,93),(143,1040,104),(142,1041,5),(143,1041,11),(143,1041,85),(143,1041,105),(142,1042,6),(143,1042,6),(143,1042,8),(143,1042,32),(143,1042,38),(143,1042,64),(143,1042,67),(143,1042,82),(143,1042,91),(143,1042,94),(143,1043,0),(143,1043,12),(143,1043,89),(143,1044,5),(143,1044,34),(143,1044,65),(143,1044,69),(143,1044,96),(143,1045,7),(143,1045,9),(143,1045,33),(143,1045,39),(143,1045,68),(143,1045,83),(143,1045,92),(143,1045,95),(143,1046,16),(143,1047,17),(143,1048,18),(143,1048,36),(143,1049,21),(143,1050,23),(143,1051,25),(143,1052,26),(143,1053,28),(143,1054,29),(143,1055,30),(143,1056,31),(143,1057,35),(143,1058,44),(143,1058,49),(143,1058,52),(143,1058,55),(143,1058,58),(143,1059,45),(143,1060,60),(143,1060,70),(143,1060,78),(143,1061,72),(143,1061,99),(143,1062,74),(143,1062,102),(164,1062,22),(143,1063,81),(143,1064,86),(143,1065,101),(143,1066,107),(143,1067,112),(143,1068,113),(143,1069,114),(128,1070,0),(129,1070,11),(129,1070,33),(129,1070,90),(129,1070,98),(128,1071,2),(129,1071,12),(129,1071,99),(128,1072,3),(129,1072,13),(129,1072,100),(128,1073,4),(135,1073,6),(128,1074,10),(135,1074,12),(128,1075,11),(129,1075,54),(129,1075,83),(135,1075,13),(136,1075,61),(129,1076,4),(129,1077,5),(129,1078,6),(136,1078,11),(157,1078,41),(129,1079,15),(129,1080,16),(129,1081,21),(129,1082,32),(129,1083,42),(136,1083,33),(129,1084,43),(136,1084,34),(129,1085,45),(136,1085,36),(129,1086,46),(136,1086,37),(129,1087,80),(129,1088,81),(129,1089,82),(129,1090,103),(136,1090,103),(129,1091,108),(136,1091,108),(129,1092,112),(136,1092,112),(135,1093,2),(136,1093,6),(136,1093,20),(136,1093,48),(136,1093,90),(136,1093,99),(135,1094,3),(136,1094,7),(136,1094,21),(136,1094,49),(136,1094,91),(136,1094,100),(135,1095,4),(136,1095,8),(136,1095,22),(136,1095,50),(136,1095,92),(136,1095,101),(135,1096,9),(136,1096,1),(136,1096,28),(136,1096,39),(136,1096,56),(136,1096,74),(136,1096,83),(136,1096,96),(135,1097,10),(136,1097,2),(136,1097,29),(136,1097,40),(136,1097,57),(136,1097,75),(136,1097,84),(136,1097,97),(135,1098,11),(136,1098,3),(136,1098,30),(136,1098,41),(136,1098,58),(136,1098,76),(136,1098,85),(136,1098,98),(136,1099,4),(136,1100,9),(136,1101,10),(136,1102,12),(136,1103,14),(136,1103,59),(136,1104,15),(136,1105,43),(136,1106,44),(136,1106,53),(136,1107,52),(155,1108,0),(155,1109,1),(155,1110,3),(155,1111,4),(155,1112,5),(155,1112,10),(155,1113,6),(155,1114,12),(155,1115,13),(155,1116,15),(155,1116,25),(155,1117,16),(155,1117,26),(155,1118,20),(155,1118,30),(155,1119,22),(156,1120,0),(157,1120,13),(156,1121,1),(157,1121,6),(157,1121,17),(157,1121,26),(157,1121,95),(156,1122,2),(157,1122,27),(157,1122,96),(156,1123,3),(157,1123,93),(157,1123,99),(157,1124,0),(157,1124,18),(157,1124,105),(157,1125,1),(157,1125,19),(157,1126,2),(157,1127,3),(157,1128,4),(157,1129,5),(157,1130,8),(157,1131,9),(157,1132,14),(157,1132,50),(157,1133,16),(157,1134,20),(157,1135,21),(157,1136,22),(157,1137,23),(157,1138,24),(157,1138,47),(157,1138,54),(157,1138,100),(157,1139,25),(157,1140,28),(157,1141,29),(157,1142,31),(157,1142,68),(157,1142,79),(157,1143,32),(157,1144,33),(157,1145,36),(157,1146,39),(157,1147,44),(157,1148,45),(157,1148,89),(157,1149,48),(157,1150,49),(157,1151,52),(157,1151,81),(157,1152,53),(157,1153,56),(157,1154,64),(157,1155,71),(157,1156,72),(157,1157,73),(157,1158,75),(157,1158,82),(157,1159,78),(157,1160,83),(157,1161,87),(157,1162,88),(157,1163,91),(157,1163,112),(157,1164,94),(157,1165,97),(157,1166,98),(157,1167,101),(157,1168,103),(157,1169,107),(157,1170,109),(157,1171,110),(157,1172,111),(157,1173,113),(157,1174,114),(157,1175,115),(162,1176,0),(162,1177,1),(162,1178,2),(162,1179,10),(162,1179,25),(162,1180,11),(162,1180,26),(162,1181,15),(162,1182,16),(162,1183,30),(162,1184,31),(162,1185,32),(162,1186,36),(162,1187,40),(163,1188,1),(164,1188,89),(163,1189,2),(163,1190,3),(164,1190,12),(163,1191,4),(163,1192,5),(163,1193,6),(164,1193,109),(163,1194,8),(164,1194,9),(164,1194,43),(164,1194,105),(163,1195,9),(163,1196,10),(163,1197,12),(164,1197,7),(164,1198,0),(164,1199,3),(164,1200,4),(164,1201,6),(164,1202,11),(164,1203,14),(164,1204,16),(164,1205,19),(164,1206,23),(164,1207,24),(164,1208,25),(164,1208,71),(164,1209,27),(164,1209,41),(164,1210,28),(164,1210,42),(164,1211,29),(164,1212,32),(164,1213,34),(164,1213,48),(164,1214,35),(164,1215,40),(164,1215,50),(164,1216,44),(164,1217,47),(164,1218,49),(164,1219,52),(164,1220,56),(164,1221,57),(164,1222,58),(164,1223,59),(164,1224,61),(164,1225,62),(164,1226,63),(164,1227,64),(164,1228,67),(164,1229,68),(164,1230,70),(164,1231,72),(164,1232,73),(164,1233,75),(164,1234,76),(164,1235,77),(164,1236,78),(164,1237,79),(164,1238,83),(164,1239,87),(164,1240,90),(164,1241,91),(164,1242,92),(164,1243,93),(164,1244,94),(164,1245,95),(164,1246,96),(164,1247,98),(164,1248,100),(164,1249,101),(164,1250,104),(164,1251,107),(164,1252,110),(164,1253,111),(164,1254,113),(164,1255,114),(164,1256,116),(164,1257,117),(164,1258,118),(164,1259,119),(169,1260,0),(169,1261,1),(169,1262,3),(169,1262,11),(169,1262,18),(169,1263,4),(169,1263,12),(169,1263,19),(169,1264,9),(169,1265,10),(169,1266,16),(169,1267,17);

--
-- Table structure for table `submission_search_objects`
--

CREATE TABLE `submission_search_objects` (
  `object_id` bigint(20) NOT NULL AUTO_INCREMENT,
  `submission_id` bigint(20) NOT NULL,
  `type` int(11) NOT NULL,
  `assoc_id` bigint(20) DEFAULT NULL,
  PRIMARY KEY (`object_id`),
  KEY `submission_search_object_submission` (`submission_id`)
) ENGINE=InnoDB AUTO_INCREMENT=176 DEFAULT CHARSET=utf8;

--
-- Dumping data for table `submission_search_objects`
--

INSERT INTO `submission_search_objects` VALUES (1,2,1,0),(2,2,2,0),(3,2,4,0),(4,2,8,0),(5,2,16,0),(6,2,32,0),(7,2,64,0),(8,1,1,0),(9,1,2,0),(10,1,4,0),(11,1,8,0),(12,1,16,0),(13,1,32,0),(14,1,64,0),(15,5,1,0),(16,5,2,0),(17,5,4,0),(18,5,8,0),(19,5,16,0),(20,5,32,0),(21,5,64,0),(22,4,1,0),(23,4,2,0),(24,4,4,0),(25,4,8,0),(26,4,16,0),(27,4,32,0),(28,4,64,0),(29,3,1,0),(30,3,2,0),(31,3,4,0),(32,3,8,0),(33,3,16,0),(34,3,32,0),(35,3,64,0),(36,10,1,0),(37,10,2,0),(38,10,4,0),(39,10,8,0),(40,10,16,0),(41,10,32,0),(42,10,64,0),(43,7,1,0),(44,7,2,0),(45,7,4,0),(46,7,8,0),(47,7,16,0),(48,7,32,0),(49,7,64,0),(50,9,1,0),(51,9,2,0),(52,9,4,0),(53,9,8,0),(54,9,16,0),(55,9,32,0),(56,9,64,0),(57,8,1,0),(58,8,2,0),(59,8,4,0),(60,8,8,0),(61,8,16,0),(62,8,32,0),(63,8,64,0),(64,6,1,0),(65,6,2,0),(66,6,4,0),(67,6,8,0),(68,6,16,0),(69,6,32,0),(70,6,64,0),(71,13,1,0),(72,13,2,0),(73,13,4,0),(74,13,8,0),(75,13,16,0),(76,13,32,0),(77,13,64,0),(78,15,1,0),(79,15,2,0),(80,15,4,0),(81,15,8,0),(82,15,16,0),(83,15,32,0),(84,15,64,0),(85,14,1,0),(86,14,2,0),(87,14,4,0),(88,14,8,0),(89,14,16,0),(90,14,32,0),(91,14,64,0),(92,17,1,0),(93,17,2,0),(94,17,4,0),(95,17,8,0),(96,17,16,0),(97,17,32,0),(98,17,64,0),(99,16,1,0),(100,16,2,0),(101,16,4,0),(102,16,8,0),(103,16,16,0),(104,16,32,0),(105,16,64,0),(106,11,1,0),(107,11,2,0),(108,11,4,0),(109,11,8,0),(110,11,16,0),(111,11,32,0),(112,11,64,0),(113,19,1,0),(114,19,2,0),(115,19,4,0),(116,19,8,0),(117,19,16,0),(118,19,32,0),(119,19,64,0),(120,20,1,0),(121,20,2,0),(122,20,4,0),(123,20,8,0),(124,20,16,0),(125,20,32,0),(126,20,64,0),(127,22,1,0),(128,22,2,0),(129,22,4,0),(130,22,8,0),(131,22,16,0),(132,22,32,0),(133,22,64,0),(134,23,1,0),(135,23,2,0),(136,23,4,0),(137,23,8,0),(138,23,16,0),(139,23,32,0),(140,23,64,0),(141,18,1,0),(142,18,2,0),(143,18,4,0),(144,18,8,0),(145,18,16,0),(146,18,32,0),(147,18,64,0),(148,24,1,0),(149,24,2,0),(150,24,4,0),(151,24,8,0),(152,24,16,0),(153,24,32,0),(154,24,64,0),(155,28,1,0),(156,28,2,0),(157,28,4,0),(158,28,8,0),(159,28,16,0),(160,28,32,0),(161,28,64,0),(162,29,1,0),(163,29,2,0),(164,29,4,0),(165,29,8,0),(166,29,16,0),(167,29,32,0),(168,29,64,0),(169,33,1,0),(170,33,2,0),(171,33,4,0),(172,33,8,0),(173,33,16,0),(174,33,32,0),(175,33,64,0);

--
-- Table structure for table `submission_settings`
--

CREATE TABLE `submission_settings` (
  `submission_id` bigint(20) NOT NULL,
  `locale` varchar(14) NOT NULL DEFAULT '',
  `setting_name` varchar(255) NOT NULL,
  `setting_value` text DEFAULT NULL,
  UNIQUE KEY `submission_settings_pkey` (`submission_id`,`locale`,`setting_name`),
  KEY `submission_settings_submission_id` (`submission_id`)
) ENGINE=InnoDB DEFAULT CHARSET=utf8;

--
-- Dumping data for table `submission_settings`
--

INSERT INTO `submission_settings` VALUES (1,'','projectID',''),(2,'','projectID',''),(3,'','projectID',''),(4,'','projectID',''),(5,'','projectID',''),(6,'','projectID',''),(7,'','projectID',''),(8,'','projectID',''),(9,'','projectID',''),(10,'','projectID',''),(11,'','projectID',''),(13,'','projectID',''),(14,'','projectID',''),(15,'','projectID',''),(16,'','projectID',''),(17,'','projectID',''),(18,'','projectID',''),(19,'','projectID',''),(20,'','projectID',''),(21,'','projectID',''),(22,'','projectID',''),(23,'','projectID',''),(24,'','projectID',''),(25,'','projectID',''),(26,'','projectID',''),(28,'','projectID',''),(29,'','projectID',''),(30,'','projectID',''),(32,'','projectID',''),(33,'','projectID',''),(36,'','projectID',''),(38,'','projectID',''),(40,'','projectID','');

--
-- Table structure for table `submission_supplementary_files`
--

CREATE TABLE `submission_supplementary_files` (
  `file_id` bigint(20) NOT NULL,
  `revision` bigint(20) NOT NULL,
  PRIMARY KEY (`file_id`,`revision`)
) ENGINE=InnoDB DEFAULT CHARSET=utf8;

--
-- Dumping data for table `submission_supplementary_files`
--

INSERT INTO `submission_supplementary_files` VALUES (67,1),(68,1),(73,1),(74,1),(78,1),(79,1),(80,1),(81,1),(89,1),(90,1),(91,1),(92,1),(152,1),(163,1),(183,1),(186,1),(197,1),(198,1),(200,1);

--
-- Table structure for table `submission_tombstones`
--

CREATE TABLE `submission_tombstones` (
  `tombstone_id` bigint(20) NOT NULL AUTO_INCREMENT,
  `submission_id` bigint(20) NOT NULL,
  `date_deleted` datetime NOT NULL,
  `journal_id` bigint(20) NOT NULL,
  `section_id` bigint(20) NOT NULL,
  `set_spec` varchar(255) NOT NULL,
  `set_name` varchar(255) NOT NULL,
  `oai_identifier` varchar(255) NOT NULL,
  PRIMARY KEY (`tombstone_id`),
  KEY `submission_tombstones_journal_id` (`journal_id`),
  KEY `submission_tombstones_submission_id` (`submission_id`)
) ENGINE=InnoDB DEFAULT CHARSET=utf8;

--
-- Dumping data for table `submission_tombstones`
--


--
-- Table structure for table `submissions`
--

CREATE TABLE `submissions` (
  `submission_id` bigint(20) NOT NULL AUTO_INCREMENT,
  `context_id` bigint(20) NOT NULL,
  `date_submitted` datetime DEFAULT NULL,
  `last_modified` datetime DEFAULT NULL,
  `status` tinyint(4) NOT NULL DEFAULT 1,
  `submission_progress` tinyint(4) NOT NULL DEFAULT 1,
  `stage_id` bigint(20) NOT NULL DEFAULT 1,
  `current_publication_id` bigint(20) DEFAULT NULL,
  `date_last_activity` datetime DEFAULT NULL,
  `work_type` tinyint(4) DEFAULT 0,
  `locale` varchar(14) DEFAULT NULL,
  PRIMARY KEY (`submission_id`),
  KEY `submissions_context_id` (`context_id`),
  KEY `submissions_publication_id` (`submission_id`)
) ENGINE=InnoDB AUTO_INCREMENT=41 DEFAULT CHARSET=utf8;

--
-- Dumping data for table `submissions`
--

INSERT INTO `submissions` VALUES (1,1,'2019-03-28 12:38:10','2021-02-22 20:49:43',3,0,5,1,'2019-04-01 10:48:21',0,'en_US'),(2,1,'2019-03-29 07:30:42','2021-02-22 20:49:42',3,0,5,2,'2019-04-01 10:41:36',0,'en_US'),(3,1,'2019-03-31 14:36:09','2021-02-22 20:49:41',3,0,5,3,'2019-04-01 10:39:09',0,'en_US'),(4,1,'2019-03-31 14:38:18','2021-02-22 20:49:40',3,0,5,4,'2019-04-01 10:47:34',0,'en_US'),(5,1,'2019-03-31 14:41:16','2021-02-22 20:49:39',3,0,5,5,'2019-04-01 10:29:02',0,'en_US'),(6,1,'2019-08-24 10:29:04','2021-02-22 20:49:35',3,0,5,6,'2019-08-31 14:21:56',0,'en_US'),(7,1,'2019-08-25 13:53:35','2021-02-22 20:49:38',3,0,5,7,'2019-08-31 14:22:01',0,'en_US'),(8,1,'2019-08-25 14:48:51','2021-02-22 20:49:36',3,0,5,8,'2019-08-31 14:21:57',0,'en_US'),(9,1,'2019-08-29 08:26:50','2021-02-22 20:49:37',3,0,5,9,'2019-08-31 14:21:58',0,'en_US'),(10,1,'2019-08-31 08:32:41','2021-02-22 20:49:39',3,0,5,10,'2019-08-31 14:22:00',0,'en_US'),(11,1,'2019-09-20 19:43:28','2021-02-22 20:49:30',3,0,5,11,'2020-03-27 11:13:18',0,'en_US'),(13,1,'2020-01-30 19:42:44','2021-02-22 20:49:34',3,0,5,12,'2020-03-27 10:54:34',0,'en_US'),(14,1,'2020-01-31 15:54:29','2021-02-22 20:49:32',3,0,5,13,'2020-03-27 11:03:08',0,'en_US'),(15,1,'2020-02-16 16:26:09','2021-02-22 20:49:34',3,0,5,14,'2020-03-27 11:00:14',0,'en_US'),(16,1,'2020-03-07 09:30:51','2021-02-22 20:49:31',3,0,5,15,'2020-03-27 11:09:06',0,'en_US'),(17,1,'2020-03-19 09:22:32','2021-02-22 20:49:30',3,0,5,16,'2020-03-27 11:11:33',0,'en_US'),(18,1,'2020-03-26 14:34:20','2021-02-22 20:49:23',3,0,5,17,'2020-08-26 14:17:51',0,'en_US'),(19,1,'2020-03-28 17:33:29','2021-02-22 20:49:28',3,0,5,18,'2020-08-26 14:25:47',0,'en_US'),(20,1,'2020-05-21 18:18:34','2021-02-22 20:49:26',3,0,5,19,'2020-08-26 14:26:44',0,'en_US'),(21,1,'2020-07-15 02:55:02','2020-11-14 13:42:10',1,0,4,20,'2020-11-14 13:42:10',0,'en_US'),(22,1,'2020-07-26 09:50:58','2021-02-22 20:49:25',3,0,5,21,'2020-08-26 14:05:59',0,'en_US'),(23,1,'2020-07-26 09:54:37','2021-02-22 20:49:24',3,0,5,22,'2020-08-26 14:09:53',0,'en_US'),(24,1,'2020-08-13 03:52:43','2021-02-22 20:49:22',3,0,5,23,'2020-08-26 14:22:03',0,'en_US'),(25,1,'2020-09-08 12:49:55','2020-09-28 06:23:29',4,0,3,24,'2020-09-28 06:23:29',0,'en_US'),(26,1,'2020-09-09 01:37:18','2020-10-07 11:26:24',1,0,3,25,'2020-10-07 11:26:24',0,'en_US'),(28,1,'2020-10-06 12:11:22','2021-02-22 20:49:21',3,0,5,26,'2020-11-18 10:10:52',0,'en_US'),(29,1,'2020-10-07 17:25:45','2021-02-22 20:49:21',3,0,5,27,'2021-01-02 06:12:52',0,'en_US'),(30,1,'2020-10-22 03:47:06','2020-11-07 15:49:40',1,0,3,28,'2020-11-07 15:49:40',0,'en_US'),(32,1,'2020-12-06 23:42:24','2021-02-20 10:17:09',1,0,4,29,'2021-02-20 10:17:09',0,'en_US'),(33,1,'2021-01-02 05:42:17','2021-02-22 20:49:20',3,0,5,30,'2021-02-19 13:34:24',0,'en_US'),(36,1,'2021-01-20 21:27:27','2021-01-20 21:27:27',1,0,1,31,'2021-01-20 21:27:27',0,'en_US'),(37,1,NULL,'2021-01-20 23:39:44',1,2,1,32,'2021-01-20 23:39:44',0,'en_US'),(38,1,'2021-01-23 23:52:30','2021-02-20 10:16:33',1,0,4,33,'2021-02-20 10:16:33',0,'en_US'),(39,1,NULL,'2021-01-28 09:22:25',1,2,1,34,'2021-01-28 09:22:25',0,'en_US'),(40,1,'2021-02-20 08:59:20','2021-02-20 08:59:20',1,0,1,35,'2021-02-20 08:59:20',0,'en_US');

--
-- Table structure for table `subscription_type_settings`
--

CREATE TABLE `subscription_type_settings` (
  `type_id` bigint(20) NOT NULL,
  `locale` varchar(14) NOT NULL DEFAULT '',
  `setting_name` varchar(255) NOT NULL,
  `setting_value` text DEFAULT NULL,
  `setting_type` varchar(6) NOT NULL,
  UNIQUE KEY `subscription_type_settings_pkey` (`type_id`,`locale`,`setting_name`),
  KEY `subscription_type_settings_type_id` (`type_id`)
) ENGINE=InnoDB DEFAULT CHARSET=utf8;

--
-- Dumping data for table `subscription_type_settings`
--


--
-- Table structure for table `subscription_types`
--

CREATE TABLE `subscription_types` (
  `type_id` bigint(20) NOT NULL AUTO_INCREMENT,
  `journal_id` bigint(20) NOT NULL,
  `cost` double NOT NULL,
  `currency_code_alpha` varchar(3) NOT NULL,
  `non_expiring` tinyint(4) NOT NULL DEFAULT 0,
  `duration` smallint(6) DEFAULT NULL,
  `format` smallint(6) NOT NULL,
  `institutional` tinyint(4) NOT NULL DEFAULT 0,
  `membership` tinyint(4) NOT NULL DEFAULT 0,
  `disable_public_display` tinyint(4) NOT NULL,
  `seq` double NOT NULL,
  PRIMARY KEY (`type_id`)
) ENGINE=InnoDB DEFAULT CHARSET=utf8;

--
-- Dumping data for table `subscription_types`
--


--
-- Table structure for table `subscriptions`
--

CREATE TABLE `subscriptions` (
  `subscription_id` bigint(20) NOT NULL AUTO_INCREMENT,
  `journal_id` bigint(20) NOT NULL,
  `user_id` bigint(20) NOT NULL,
  `type_id` bigint(20) NOT NULL,
  `date_start` date DEFAULT NULL,
  `date_end` datetime DEFAULT NULL,
  `status` tinyint(4) NOT NULL DEFAULT 1,
  `membership` varchar(40) DEFAULT NULL,
  `reference_number` varchar(40) DEFAULT NULL,
  `notes` text DEFAULT NULL,
  PRIMARY KEY (`subscription_id`)
) ENGINE=InnoDB DEFAULT CHARSET=utf8;

--
-- Dumping data for table `subscriptions`
--


--
-- Table structure for table `temporary_files`
--

CREATE TABLE `temporary_files` (
  `file_id` bigint(20) NOT NULL AUTO_INCREMENT,
  `user_id` bigint(20) NOT NULL,
  `file_name` varchar(90) NOT NULL,
  `file_type` varchar(255) DEFAULT NULL,
  `file_size` bigint(20) NOT NULL,
  `original_file_name` varchar(127) DEFAULT NULL,
  `date_uploaded` datetime NOT NULL,
  PRIMARY KEY (`file_id`),
  KEY `temporary_files_user_id` (`user_id`)
) ENGINE=InnoDB AUTO_INCREMENT=42 DEFAULT CHARSET=utf8;

--
-- Dumping data for table `temporary_files`
--

INSERT INTO `temporary_files` VALUES (9,1,'tar.gzfNQ1N2','application/x-gzip',194418,'healthSciences-1.0.4.tar.gz','2019-03-23 09:54:21'),(10,1,'tar.gz8035cu','application/x-gzip',194418,'healthSciences.tar.gz','2019-03-23 09:54:58'),(11,1,'tar.gzy1VXAm','application/x-gzip',194418,'healthSciences.tar.gz','2019-03-23 10:36:52'),(12,1,'tar.gztIDPHB','application/x-gzip',194418,'healthSciences.tar.gz','2019-03-23 10:40:42'),(13,1,'gzHIJayO','application/x-gzip',194418,'healthSciences.gz','2019-03-23 10:41:18'),(16,1,'pngSGqOQ0','image/png',429165,'0001-1742398467.png','2019-04-14 21:27:41'),(17,1,'png6FPSQO','image/png',362852,'Tropical Health and Medical Research (1).png','2019-04-18 07:44:46'),(18,1,'pnghoOn7V','image/png',362852,'Tropical Health and Medical Research (1).png','2019-04-18 07:47:52'),(19,1,'pngyNAxmI','image/png',307482,'Tropical Health and Medical Research (2).png','2019-04-24 10:44:04'),(20,1,'png9CV5to','image/png',307482,'Tropical Health and Medical Research (2).png','2019-04-24 10:48:50'),(21,1,'pngAY9ppg','image/png',362852,'Tropical Health and Medical Research (1).png','2019-04-24 10:51:33'),(22,1,'pngSmuaMV','image/png',307482,'Tropical Health and Medical Research (2).png','2019-04-24 10:51:59'),(23,1,'pngUn6M8c','image/png',362852,'Tropical Health and Medical Research (1).png','2019-04-24 10:52:12'),(24,1,'pngzGvOXv','image/png',307482,'Tropical Health and Medical Research (2).png','2019-04-24 10:54:12'),(25,1,'zipgLnbzu','application/zip',9208,'ojs_copernicus_export_plugin-ojs3.zip','2020-05-11 10:32:10'),(26,1,'tar.gz9g1Zri','application/x-gzip',5404,'ojs_copernicus_export_plugin-ojs3.tar.gz','2020-05-12 19:22:41'),(27,1,'zipVHkfNb','application/zip',9208,'ojs_copernicus_export_plugin-ojs3.zip','2020-05-12 19:23:49'),(28,1,'tar.gzTaE4zr','application/x-gzip',13100,'copernicus.tar.gz','2020-05-12 19:25:37'),(29,1,'zipwaUim6','application/zip',8900,'ojs_copernicus_export_plugin-ojs3.zip','2020-05-12 19:33:42'),(30,1,'zipr0Llj3','application/zip',8900,'CopernicusExportPlugin.zip','2020-05-12 19:34:17'),(31,1,'zip2ajvMd','application/zip',8900,'CopernicusExportPlugin.zip','2020-05-12 19:34:38'),(32,1,'zipx6XHzE','application/zip',8648,'CopernicusExportPlugin.zip','2020-05-12 19:39:58'),(33,1,'tar.gzS9ETht','application/x-gzip',17849,'quickSubmit-ojs-3_1_1-0.tar.gz','2020-05-14 12:17:51'),(34,1,'png4matWh','image/png',307482,'cover thmr.png','2020-08-31 13:24:54'),(35,1,'pngEQzvSk','image/png',307482,'cover thmr.png','2020-08-31 13:26:45'),(36,1,'pngc4jd0C','image/png',307482,'cover thmr.png','2020-08-31 13:27:14');

--
-- Table structure for table `usage_stats_temporary_records`
--

CREATE TABLE `usage_stats_temporary_records` (
  `assoc_id` bigint(20) NOT NULL,
  `assoc_type` bigint(20) NOT NULL,
  `day` bigint(20) NOT NULL,
  `entry_time` bigint(20) NOT NULL,
  `metric` bigint(20) NOT NULL DEFAULT 1,
  `country_id` varchar(2) DEFAULT NULL,
  `region` varchar(2) DEFAULT NULL,
  `city` varchar(255) DEFAULT NULL,
  `load_id` varchar(255) NOT NULL,
  `file_type` tinyint(4) DEFAULT NULL
) ENGINE=InnoDB DEFAULT CHARSET=utf8;

--
-- Dumping data for table `usage_stats_temporary_records`
--

INSERT INTO `usage_stats_temporary_records` VALUES (1,256,20210116,1610736181,1,NULL,NULL,NULL,'usage_events_20210116.log',0),(1,256,20210116,1610739027,1,NULL,NULL,NULL,'usage_events_20210116.log',0),(1,256,20210116,1610751389,1,NULL,NULL,NULL,'usage_events_20210116.log',0),(1,256,20210116,1610759965,1,NULL,NULL,NULL,'usage_events_20210116.log',0),(28,1048585,20210116,1610762795,1,NULL,NULL,NULL,'usage_events_20210116.log',0),(120,515,20210116,1610771748,1,NULL,NULL,NULL,'usage_events_20210116.log',2),(33,515,20210116,1610774327,1,NULL,NULL,NULL,'usage_events_20210116.log',2);

--
-- Table structure for table `user_group_settings`
--

CREATE TABLE `user_group_settings` (
  `user_group_id` bigint(20) NOT NULL,
  `locale` varchar(14) NOT NULL DEFAULT '',
  `setting_name` varchar(255) NOT NULL,
  `setting_value` text DEFAULT NULL,
  `setting_type` varchar(6) NOT NULL,
  UNIQUE KEY `user_group_settings_pkey` (`user_group_id`,`locale`,`setting_name`)
) ENGINE=InnoDB DEFAULT CHARSET=utf8;

--
-- Dumping data for table `user_group_settings`
--

INSERT INTO `user_group_settings` VALUES (1,'en_US','name','Site Admin','string'),(2,'','abbrevLocaleKey','default.groups.abbrev.manager','string'),(2,'','nameLocaleKey','default.groups.name.manager','string'),(2,'','recommendOnly','0','bool'),(2,'en_US','abbrev','JM','string'),(2,'en_US','name','Journal manager','string'),(3,'','abbrevLocaleKey','default.groups.abbrev.editor','string'),(3,'','nameLocaleKey','default.groups.name.editor','string'),(3,'','recommendOnly','0','bool'),(3,'en_US','abbrev','JE','string'),(3,'en_US','name','Journal editor','string'),(4,'','abbrevLocaleKey','default.groups.abbrev.productionEditor','string'),(4,'','nameLocaleKey','default.groups.name.productionEditor','string'),(4,'en_US','abbrev','ProdE','string'),(4,'en_US','name','Production editor','string'),(5,'','abbrevLocaleKey','default.groups.abbrev.sectionEditor','string'),(5,'','nameLocaleKey','default.groups.name.sectionEditor','string'),(5,'','recommendOnly','0','bool'),(5,'en_US','abbrev','SecE','string'),(5,'en_US','name','Section editor','string'),(6,'','abbrevLocaleKey','default.groups.abbrev.guestEditor','string'),(6,'','nameLocaleKey','default.groups.name.guestEditor','string'),(6,'','recommendOnly','0','bool'),(6,'en_US','abbrev','GE','string'),(6,'en_US','name','Guest editor','string'),(7,'','abbrevLocaleKey','default.groups.abbrev.copyeditor','string'),(7,'','nameLocaleKey','default.groups.name.copyeditor','string'),(7,'en_US','abbrev','CE','string'),(7,'en_US','name','Copyeditor','string'),(8,'','abbrevLocaleKey','default.groups.abbrev.designer','string'),(8,'','nameLocaleKey','default.groups.name.designer','string'),(8,'en_US','abbrev','Design','string'),(8,'en_US','name','Designer','string'),(9,'','abbrevLocaleKey','default.groups.abbrev.funding','string'),(9,'','nameLocaleKey','default.groups.name.funding','string'),(9,'en_US','abbrev','FC','string'),(9,'en_US','name','Funding coordinator','string'),(10,'','abbrevLocaleKey','default.groups.abbrev.indexer','string'),(10,'','nameLocaleKey','default.groups.name.indexer','string'),(10,'en_US','abbrev','IND','string'),(10,'en_US','name','Indexer','string'),(11,'','abbrevLocaleKey','default.groups.abbrev.layoutEditor','string'),(11,'','nameLocaleKey','default.groups.name.layoutEditor','string'),(11,'en_US','abbrev','LE','string'),(11,'en_US','name','Layout Editor','string'),(12,'','abbrevLocaleKey','default.groups.abbrev.marketing','string'),(12,'','nameLocaleKey','default.groups.name.marketing','string'),(12,'en_US','abbrev','MS','string'),(12,'en_US','name','Marketing and sales coordinator','string'),(13,'','abbrevLocaleKey','default.groups.abbrev.proofreader','string'),(13,'','nameLocaleKey','default.groups.name.proofreader','string'),(13,'en_US','abbrev','PR','string'),(13,'en_US','name','Proofreader','string'),(14,'','abbrevLocaleKey','default.groups.abbrev.author','string'),(14,'','nameLocaleKey','default.groups.name.author','string'),(14,'','recommendOnly','0','bool'),(14,'en_US','abbrev','AU','string'),(14,'en_US','name','Author','string'),(15,'','abbrevLocaleKey','default.groups.abbrev.translator','string'),(15,'','nameLocaleKey','default.groups.name.translator','string'),(15,'en_US','abbrev','Trans','string'),(15,'en_US','name','Translator','string'),(16,'','abbrevLocaleKey','default.groups.abbrev.externalReviewer','string'),(16,'','nameLocaleKey','default.groups.name.externalReviewer','string'),(16,'en_US','abbrev','R','string'),(16,'en_US','name','Reviewer','string'),(17,'','abbrevLocaleKey','default.groups.abbrev.reader','string'),(17,'','nameLocaleKey','default.groups.name.reader','string'),(17,'en_US','abbrev','Read','string'),(17,'en_US','name','Reader','string'),(18,'','abbrevLocaleKey','default.groups.abbrev.subscriptionManager','string'),(18,'','nameLocaleKey','default.groups.name.subscriptionManager','string'),(18,'en_US','abbrev','SubM','string'),(18,'en_US','name','Subscription Manager','string');

--
-- Table structure for table `user_group_stage`
--

CREATE TABLE `user_group_stage` (
  `context_id` bigint(20) NOT NULL,
  `user_group_id` bigint(20) NOT NULL,
  `stage_id` bigint(20) NOT NULL,
  UNIQUE KEY `user_group_stage_pkey` (`context_id`,`user_group_id`,`stage_id`),
  KEY `user_group_stage_context_id` (`context_id`),
  KEY `user_group_stage_user_group_id` (`user_group_id`),
  KEY `user_group_stage_stage_id` (`stage_id`)
) ENGINE=InnoDB DEFAULT CHARSET=utf8;

--
-- Dumping data for table `user_group_stage`
--

INSERT INTO `user_group_stage` VALUES (1,2,1),(1,2,3),(1,2,4),(1,2,5),(1,3,1),(1,3,3),(1,3,4),(1,3,5),(1,4,4),(1,4,5),(1,5,4),(1,5,5),(1,6,4),(1,6,5),(1,7,1),(1,7,3),(1,7,4),(1,7,5),(1,8,5),(1,9,1),(1,9,3),(1,10,5),(1,11,5),(1,12,4),(1,13,5),(1,14,1),(1,14,3),(1,14,4),(1,14,5),(1,15,1),(1,15,3),(1,15,4),(1,15,5),(1,16,3);

--
-- Table structure for table `user_groups`
--

CREATE TABLE `user_groups` (
  `user_group_id` bigint(20) NOT NULL AUTO_INCREMENT,
  `context_id` bigint(20) NOT NULL,
  `role_id` bigint(20) NOT NULL,
  `is_default` tinyint(4) NOT NULL DEFAULT 0,
  `show_title` tinyint(4) NOT NULL DEFAULT 1,
  `permit_self_registration` tinyint(4) NOT NULL DEFAULT 0,
  `permit_metadata_edit` tinyint(4) NOT NULL DEFAULT 0,
  PRIMARY KEY (`user_group_id`),
  KEY `user_groups_user_group_id` (`user_group_id`),
  KEY `user_groups_context_id` (`context_id`),
  KEY `user_groups_role_id` (`role_id`)
) ENGINE=InnoDB AUTO_INCREMENT=19 DEFAULT CHARSET=utf8;

--
-- Dumping data for table `user_groups`
--

INSERT INTO `user_groups` VALUES (1,0,1,1,0,0,0),(2,1,16,1,0,0,1),(3,1,16,1,0,0,1),(4,1,16,1,0,0,1),(5,1,17,1,0,0,0),(6,1,17,1,0,0,0),(7,1,4097,1,0,0,0),(8,1,4097,1,0,0,0),(9,1,4097,1,0,0,0),(10,1,4097,1,0,0,0),(11,1,4097,1,0,0,0),(12,1,4097,1,0,0,0),(13,1,4097,1,0,0,0),(14,1,65536,1,0,1,0),(15,1,65536,1,0,0,0),(16,1,4096,1,0,1,0),(17,1,1048576,1,0,1,0),(18,1,2097152,1,0,0,0);

--
-- Table structure for table `user_interests`
--

CREATE TABLE `user_interests` (
  `user_id` bigint(20) NOT NULL,
  `controlled_vocab_entry_id` bigint(20) NOT NULL,
  UNIQUE KEY `u_e_pkey` (`user_id`,`controlled_vocab_entry_id`)
) ENGINE=InnoDB DEFAULT CHARSET=utf8;

--
-- Dumping data for table `user_interests`
--

INSERT INTO `user_interests` VALUES (25,54),(27,57),(28,58),(38,78),(43,89),(47,101),(57,110),(58,112),(58,113),(58,114),(58,115),(58,116),(67,128),(67,129),(70,130),(70,131);

--
-- Table structure for table `user_settings`
--

CREATE TABLE `user_settings` (
  `user_id` bigint(20) NOT NULL,
  `locale` varchar(14) NOT NULL DEFAULT '',
  `setting_name` varchar(255) NOT NULL,
  `assoc_type` bigint(20) DEFAULT 0,
  `assoc_id` bigint(20) DEFAULT 0,
  `setting_value` text DEFAULT NULL,
  `setting_type` varchar(6) NOT NULL,
  UNIQUE KEY `user_settings_pkey` (`user_id`,`locale`,`setting_name`,`assoc_type`,`assoc_id`),
  KEY `user_settings_user_id` (`user_id`),
  KEY `user_settings_locale_setting_name_index` (`setting_name`,`locale`)
) ENGINE=InnoDB DEFAULT CHARSET=utf8;

--
-- Dumping data for table `user_settings`
--

INSERT INTO `user_settings` VALUES (2,'en_US','affiliation',NULL,NULL,'analis','string'),(2,'','orcid',NULL,NULL,'','string'),(3,'en_US','affiliation',NULL,NULL,'poltekkes','string'),(3,'','orcid',NULL,NULL,'','string'),(4,'en_US','affiliation',NULL,NULL,'poltek','string'),(4,'','orcid',NULL,NULL,'','string'),(1,'en_US','biography',NULL,NULL,'','string'),(1,'en_US','signature',NULL,NULL,'','string'),(1,'en_US','affiliation',NULL,NULL,'','string'),(1,'','orcid',NULL,NULL,'','string'),(5,'en_US','biography',NULL,NULL,'','string'),(5,'en_US','signature',NULL,NULL,'','string'),(5,'en_US','affiliation',NULL,NULL,'','string'),(5,'','orcid',NULL,NULL,'','string'),(6,'en_US','biography',NULL,NULL,'','string'),(6,'en_US','signature',NULL,NULL,'','string'),(6,'en_US','affiliation',NULL,NULL,'','string'),(6,'','orcid',NULL,NULL,'','string'),(7,'en_US','affiliation',NULL,NULL,'analis','string'),(7,'','orcid',NULL,NULL,'','string'),(8,'en_US','biography',NULL,NULL,'','string'),(8,'en_US','signature',NULL,NULL,'','string'),(8,'en_US','affiliation',NULL,NULL,'','string'),(8,'','orcid',NULL,NULL,'','string'),(9,'en_US','affiliation',NULL,NULL,'poltekkes kemenkes banjarmasin','string'),(9,'','orcid',NULL,NULL,'','string'),(10,'en_US','affiliation',NULL,NULL,'poltekkes kemenkes banjarmasin','string'),(10,'','orcid',NULL,NULL,'','string'),(11,'en_US','biography',NULL,NULL,'','string'),(11,'en_US','signature',NULL,NULL,'','string'),(11,'en_US','affiliation',NULL,NULL,'','string'),(11,'','orcid',NULL,NULL,'','string'),(12,'en_US','biography',NULL,NULL,'','string'),(12,'en_US','signature',NULL,NULL,'','string'),(12,'en_US','affiliation',NULL,NULL,'','string'),(12,'','orcid',NULL,NULL,'','string'),(13,'en_US','biography',NULL,NULL,'','string'),(13,'en_US','signature',NULL,NULL,'','string'),(13,'en_US','affiliation',NULL,NULL,'','string'),(13,'','orcid',NULL,NULL,'','string'),(14,'en_US','biography',NULL,NULL,'','string'),(14,'en_US','signature',NULL,NULL,'','string'),(14,'en_US','affiliation',NULL,NULL,'','string'),(14,'','orcid',NULL,NULL,'','string'),(15,'en_US','biography',NULL,NULL,'','string'),(15,'en_US','signature',NULL,NULL,'','string'),(15,'en_US','affiliation',NULL,NULL,'','string'),(15,'','orcid',NULL,NULL,'','string'),(16,'en_US','biography',NULL,NULL,'','string'),(16,'en_US','signature',NULL,NULL,'','string'),(16,'en_US','affiliation',NULL,NULL,'','string'),(16,'','orcid',NULL,NULL,'','string'),(17,'en_US','biography',NULL,NULL,'','string'),(17,'en_US','signature',NULL,NULL,'','string'),(17,'en_US','affiliation',NULL,NULL,'','string'),(17,'','orcid',NULL,NULL,'','string'),(18,'en_US','biography',NULL,NULL,'','string'),(18,'en_US','signature',NULL,NULL,'','string'),(18,'en_US','affiliation',NULL,NULL,'','string'),(18,'','orcid',NULL,NULL,'','string'),(19,'en_US','affiliation',NULL,NULL,'poltekkes kemenkes banjarmasin','string'),(19,'','orcid',NULL,NULL,'','string'),(20,'en_US','affiliation',NULL,NULL,'Kocaeli Derince Education and Research Hospital Department of Pediatric Surgery','string'),(20,'','orcid',NULL,NULL,'','string'),(21,'en_US','affiliation',NULL,NULL,'poltekkes kemenkes banjarmasin','string'),(21,'','orcid',NULL,NULL,'','string'),(20,'en_US','biography',NULL,NULL,'','string'),(20,'en_US','signature',NULL,NULL,'','string'),(22,'en_US','affiliation',NULL,NULL,'POLITEKNIK UNGGULAN KALIMATAN','string'),(22,'','orcid',NULL,NULL,'','string'),(23,'en_US','affiliation',NULL,NULL,'Kocaeli Derince Education and Research Hospital','string'),(23,'','orcid',NULL,NULL,'','string'),(24,'en_US','affiliation',NULL,NULL,'Lampung University','string'),(24,'','orcid',NULL,NULL,'','string'),(25,'en_US','affiliation',NULL,NULL,'DR','string'),(25,'','orcid',NULL,NULL,'','string'),(26,'en_US','affiliation',NULL,NULL,'Eskisehir Osmangazi University Hospital, Department of Pediatric Neurology','string'),(26,'','orcid',NULL,NULL,'','string'),(27,'en_US','affiliation',NULL,NULL,'MD','string'),(27,'','orcid',NULL,NULL,'','string'),(28,'en_US','affiliation',NULL,NULL,'Konya Training and Research Hospital','string'),(28,'','orcid',NULL,NULL,'','string'),(25,'en_US','biography',NULL,NULL,'','string'),(25,'en_US','signature',NULL,NULL,'','string'),(29,'en_US','biography',NULL,NULL,'','string'),(29,'en_US','signature',NULL,NULL,'','string'),(29,'en_US','affiliation',NULL,NULL,'','string'),(29,'','orcid',NULL,NULL,'','string'),(30,'en_US','affiliation',NULL,NULL,'','string'),(31,'en_US','affiliation',NULL,NULL,'','string'),(32,'en_US','affiliation',NULL,NULL,'','string'),(33,'en_US','affiliation',NULL,NULL,'poltekkes kemenkes Banjarmasin','string'),(33,'','orcid',NULL,NULL,'','string'),(34,'en_US','affiliation',NULL,NULL,'poltekkes kemenkes Banjarmasin','string'),(34,'','orcid',NULL,NULL,'','string'),(35,'en_US','affiliation',NULL,NULL,'Türkan','string'),(35,'','orcid',NULL,NULL,'','string'),(36,'en_US','biography',NULL,NULL,'','string'),(36,'en_US','signature',NULL,NULL,'','string'),(36,'en_US','affiliation',NULL,NULL,'','string'),(36,'','orcid',NULL,NULL,'','string'),(37,'en_US','affiliation',NULL,NULL,'istanbul research and education hospital','string'),(37,'','orcid',NULL,NULL,'','string'),(38,'en_US','affiliation',NULL,NULL,'OKMEYDANI TRAINING AND RESEARCH HOSPITAL','string'),(38,'','orcid',NULL,NULL,'','string'),(39,'en_US','biography',NULL,NULL,'','string'),(39,'en_US','signature',NULL,NULL,'','string'),(39,'en_US','affiliation',NULL,NULL,'','string'),(39,'','orcid',NULL,NULL,'','string'),(40,'en_US','affiliation',NULL,NULL,'University of Nigeria Teaching Hospital, Ituku/Ozalla,Enugu','string'),(40,'','orcid',NULL,NULL,'','string'),(40,'en_US','biography',NULL,NULL,'','string'),(40,'en_US','signature',NULL,NULL,'','string'),(41,'en_US','biography',NULL,NULL,'','string'),(41,'en_US','signature',NULL,NULL,'','string'),(41,'en_US','affiliation',NULL,NULL,'','string'),(41,'','orcid',NULL,NULL,'','string'),(42,'en_US','affiliation',NULL,NULL,'poltekkes kemenkes banjarmasin','string'),(42,'','orcid',NULL,NULL,'','string'),(43,'en_US','affiliation',NULL,NULL,'Eos Infectologia','string'),(43,'','orcid',NULL,NULL,'','string'),(44,'en_US','affiliation',NULL,NULL,'NM','string'),(45,'en_US','biography',NULL,NULL,'','string'),(45,'en_US','signature',NULL,NULL,'','string'),(45,'en_US','affiliation',NULL,NULL,'','string'),(45,'','orcid',NULL,NULL,'','string'),(46,'en_US','affiliation',NULL,NULL,'mahasiswa','string'),(47,'en_US','affiliation',NULL,NULL,'INASGO','string'),(48,'en_US','biography',NULL,NULL,'','string'),(48,'en_US','signature',NULL,NULL,'','string'),(48,'en_US','affiliation',NULL,NULL,'','string'),(48,'','orcid',NULL,NULL,'','string'),(49,'en_US','biography',NULL,NULL,'','string'),(49,'en_US','signature',NULL,NULL,'','string'),(49,'en_US','affiliation',NULL,NULL,'','string'),(49,'','orcid',NULL,NULL,'','string'),(50,'en_US','biography',NULL,NULL,'','string'),(50,'en_US','signature',NULL,NULL,'','string'),(50,'en_US','affiliation',NULL,NULL,'','string'),(50,'','orcid',NULL,NULL,'','string'),(51,'en_US','affiliation',NULL,NULL,'Poltekkes Kemenkes Banjarmasin Indonesia','string'),(51,'','orcid',NULL,NULL,'','string'),(52,'en_US','affiliation',NULL,NULL,'drdeniz','string'),(52,'','orcid',NULL,NULL,'','string'),(53,'en_US','affiliation',NULL,NULL,'Carnegie Mellon','string'),(53,'','orcid',NULL,NULL,'','string'),(54,'en_US','affiliation',NULL,NULL,'AAO','string'),(54,'','orcid',NULL,NULL,'','string'),(55,'en_US','biography',NULL,NULL,'','string'),(55,'en_US','signature',NULL,NULL,'','string'),(55,'en_US','affiliation',NULL,NULL,'','string'),(55,'','orcid',NULL,NULL,'','string'),(56,'en_US','affiliation',NULL,NULL,'Sakarya University Training and Research Hospital','string'),(56,'','orcid',NULL,NULL,'','string'),(57,'en_US','affiliation',NULL,NULL,'Batman Maternity and Child Health Hospital','string'),(57,'','orcid',NULL,NULL,'','string'),(58,'en_US','affiliation',NULL,NULL,'Cross River University of Technology, Nigeria','string'),(58,'','orcid',NULL,NULL,'','string'),(59,'en_US','affiliation',NULL,NULL,'ministry  of health','string'),(59,'','orcid',NULL,NULL,'','string'),(60,'en_US','affiliation',NULL,NULL,'McMaster University','string'),(60,'','orcid',NULL,NULL,'','string'),(61,'en_US','affiliation',NULL,NULL,'azahfmhajz','string'),(61,'','orcid',NULL,NULL,'','string'),(62,'en_US','affiliation',NULL,NULL,'Duke University','string'),(62,'','orcid',NULL,NULL,'','string'),(63,'en_US','affiliation',NULL,NULL,'Universiti Sains Malaysia','string'),(63,'','orcid',NULL,NULL,'','string'),(64,'en_US','affiliation',NULL,NULL,'Granbury High School','string'),(64,'','orcid',NULL,NULL,'','string'),(65,'en_US','affiliation',NULL,NULL,'Poltekkes Kemenkes Banjarmasin Indonesia','string'),(65,'','orcid',NULL,NULL,'','string'),(56,'en_US','signature',NULL,NULL,'','string'),(66,'en_US','affiliation',NULL,NULL,'Istanbul Başakşehir Çam and Sakura City Hospital','string'),(66,'','orcid',NULL,NULL,'','string'),(67,'en_US','affiliation',NULL,NULL,'poltek bjm','string'),(67,'','orcid',NULL,NULL,'','string'),(68,'en_US','affiliation',NULL,NULL,'TSPR','string'),(68,'','orcid',NULL,NULL,'','string'),(69,'en_US','affiliation',NULL,NULL,'Lake Land College','string'),(69,'','orcid',NULL,NULL,'','string'),(1,'en_US','givenName',NULL,NULL,'admin','string'),(2,'en_US','givenName',NULL,NULL,'putri','string'),(4,'en_US','givenName',NULL,NULL,'tes2','string'),(5,'en_US','givenName',NULL,NULL,'Ratih Dewi','string'),(6,'en_US','givenName',NULL,NULL,'anny','string'),(7,'en_US','givenName',NULL,NULL,'yuli','string'),(8,'en_US','givenName',NULL,NULL,'Dinna','string'),(9,'en_US','givenName',NULL,NULL,'nurul','string'),(10,'en_US','givenName',NULL,NULL,'ayu','string'),(11,'en_US','givenName',NULL,NULL,'Maria','string'),(12,'en_US','givenName',NULL,NULL,'Fetus Abiose','string'),(13,'en_US','givenName',NULL,NULL,'M. Ibraar','string'),(14,'en_US','givenName',NULL,NULL,'Gita Indah','string'),(15,'en_US','givenName',NULL,NULL,'Emalia','string'),(16,'en_US','givenName',NULL,NULL,'Jihan Rahma','string'),(17,'en_US','givenName',NULL,NULL,'Nadiya Uswatun','string'),(18,'en_US','givenName',NULL,NULL,'Yulia Tri','string'),(19,'en_US','givenName',NULL,NULL,'siti','string'),(20,'en_US','givenName',NULL,NULL,'Yusuf Atakan','string'),(21,'en_US','givenName',NULL,NULL,'ayufahani','string'),(22,'en_US','givenName',NULL,NULL,'galih','string'),(23,'en_US','givenName',NULL,NULL,'YUSUF ATAKAN','string'),(24,'en_US','givenName',NULL,NULL,'Isnamurti','string'),(25,'en_US','givenName',NULL,NULL,'Gunes','string'),(26,'en_US','givenName',NULL,NULL,'ozan','string'),(27,'en_US','givenName',NULL,NULL,'kivanc','string'),(28,'en_US','givenName',NULL,NULL,'Yasin','string'),(29,'en_US','givenName',NULL,NULL,'Administrator','string'),(30,'en_US','givenName',NULL,NULL,'Mehmet','string'),(31,'en_US','givenName',NULL,NULL,'Sevgi','string'),(32,'en_US','givenName',NULL,NULL,'Sevgi','string'),(33,'en_US','givenName',NULL,NULL,'haris','string'),(34,'en_US','givenName',NULL,NULL,'novina','string'),(35,'en_US','givenName',NULL,NULL,'Türkan','string'),(36,'en_US','givenName',NULL,NULL,'Kemal','string'),(37,'en_US','givenName',NULL,NULL,'savas','string'),(38,'en_US','givenName',NULL,NULL,'HASAN','string'),(39,'en_US','givenName',NULL,NULL,'Tijen','string'),(40,'en_US','givenName',NULL,NULL,'Benedict Onyeka','string'),(41,'en_US','givenName',NULL,NULL,'Christian Chukwukere','string'),(42,'en_US','givenName',NULL,NULL,'Agnina Listya','string'),(43,'en_US','givenName',NULL,NULL,'Renato Ferneda de','string'),(44,'en_US','givenName',NULL,NULL,'Dolores','string'),(45,'en_US','givenName',NULL,NULL,'editor','string'),(46,'en_US','givenName',NULL,NULL,'jesslyn','string'),(47,'en_US','givenName',NULL,NULL,'Sarah','string'),(48,'en_US','givenName',NULL,NULL,'Nudia','string'),(49,'en_US','givenName',NULL,NULL,'Pebri Fitria','string'),(50,'en_US','givenName',NULL,NULL,'Dwi Intan Purnama','string'),(51,'en_US','givenName',NULL,NULL,'fadia','string'),(52,'en_US','givenName',NULL,NULL,'Deniz','string'),(53,'en_US','givenName',NULL,NULL,'tahjcbvsxestarma tahjcbvsxestarma','string'),(54,'en_US','givenName',NULL,NULL,'Titap','string'),(55,'en_US','givenName',NULL,NULL,'Zübeyir','string'),(56,'en_US','givenName',NULL,NULL,'Ensar','string'),(57,'en_US','givenName',NULL,NULL,'Erhan','string'),(58,'en_US','givenName',NULL,NULL,'Ubi Essien','string'),(59,'en_US','givenName',NULL,NULL,'sahar ali','string'),(60,'en_US','givenName',NULL,NULL,'mitunscut mitunscut','string'),(61,'en_US','givenName',NULL,NULL,'James Kay','string'),(62,'en_US','givenName',NULL,NULL,'woobub woobub','string'),(63,'en_US','givenName',NULL,NULL,'Muhammad Izzuddin','string'),(64,'en_US','givenName',NULL,NULL,'mamaligadoc mamaligadoc','string'),(65,'en_US','givenName',NULL,NULL,'Vonny Khresna','string'),(66,'en_US','givenName',NULL,NULL,'Gizem Berfin','string'),(67,'en_US','givenName',NULL,NULL,'tes123 tes','string'),(68,'en_US','givenName',NULL,NULL,'wazzchono wazzchono','string'),(69,'en_US','givenName',NULL,NULL,'spiderchono spiderchono','string'),(1,'en_US','familyName',NULL,NULL,'admin','string'),(2,'en_US','familyName',NULL,NULL,'mustika','string'),(4,'en_US','familyName',NULL,NULL,'tes3','string'),(5,'en_US','familyName',NULL,NULL,'Dwiyanti','string'),(6,'en_US','familyName',NULL,NULL,'Thuraidah','string'),(7,'en_US','familyName',NULL,NULL,'susanti','string'),(8,'en_US','familyName',NULL,NULL,'Rakhmina','string'),(9,'en_US','familyName',NULL,NULL,'huda','string'),(10,'en_US','familyName',NULL,NULL,'sutiany','string'),(11,'en_US','familyName',NULL,NULL,'Tuntun','string'),(12,'en_US','familyName',NULL,NULL,'Olajubu','string'),(13,'en_US','familyName',NULL,NULL,'Ayatullah','string'),(14,'en_US','familyName',NULL,NULL,'Febriani','string'),(15,'en_US','familyName',NULL,NULL,'Kubarti','string'),(16,'en_US','familyName',NULL,NULL,'Naily','string'),(17,'en_US','familyName',NULL,NULL,'Hasanah','string'),(18,'en_US','familyName',NULL,NULL,'Andini','string'),(19,'en_US','familyName',NULL,NULL,'mahmudah','string'),(20,'en_US','familyName',NULL,NULL,'Baltrak','string'),(21,'en_US','familyName',NULL,NULL,'ayufahani','string'),(22,'en_US','familyName',NULL,NULL,'persadha','string'),(23,'en_US','familyName',NULL,NULL,'BALTRAK','string'),(24,'en_US','familyName',NULL,NULL,'Ciptaningrum','string'),(25,'en_US','familyName',NULL,NULL,'Bolatli','string'),(26,'en_US','familyName',NULL,NULL,'koçak','string'),(27,'en_US','familyName',NULL,NULL,'atilgan','string'),(28,'en_US','familyName',NULL,NULL,'Tire','string'),(29,'en_US','familyName',NULL,NULL,'Administrator','string'),(30,'en_US','familyName',NULL,NULL,'Sargın','string'),(31,'en_US','familyName',NULL,NULL,'Gunes','string'),(32,'en_US','familyName',NULL,NULL,'Yimenicioglu','string'),(33,'en_US','familyName',NULL,NULL,'nurdin','string'),(34,'en_US','familyName',NULL,NULL,'kusumawardhani','string'),(35,'en_US','familyName',NULL,NULL,'GEÇER','string'),(36,'en_US','familyName',NULL,NULL,'Atasayan','string'),(37,'en_US','familyName',NULL,NULL,'karatas','string'),(38,'en_US','familyName',NULL,NULL,'DURSUN','string'),(39,'en_US','familyName',NULL,NULL,'Yesim','string'),(40,'en_US','familyName',NULL,NULL,'Edelu','string'),(41,'en_US','familyName',NULL,NULL,'Ogoke','string'),(42,'en_US','familyName',NULL,NULL,'Anggraini','string'),(43,'en_US','familyName',NULL,NULL,'Souza','string'),(44,'en_US','familyName',NULL,NULL,'Fitchett','string'),(45,'en_US','familyName',NULL,NULL,'editor','string'),(46,'en_US','familyName',NULL,NULL,'jelena','string'),(47,'en_US','familyName',NULL,NULL,'Dina','string'),(48,'en_US','familyName',NULL,NULL,'Kurniati','string'),(49,'en_US','familyName',NULL,NULL,'Lestari','string'),(50,'en_US','familyName',NULL,NULL,'Sari','string'),(51,'en_US','familyName',NULL,NULL,'fadia','string'),(52,'en_US','familyName',NULL,NULL,'İncaman','string'),(53,'en_US','familyName',NULL,NULL,'vbyeifestarmaJU','string'),(54,'en_US','familyName',NULL,NULL,'Yazicioglu','string'),(55,'en_US','familyName',NULL,NULL,'Cebeci','string'),(56,'en_US','familyName',NULL,NULL,'Durmuş','string'),(57,'en_US','familyName',NULL,NULL,'Okuyan','string'),(58,'en_US','familyName',NULL,NULL,'Isaac','string'),(59,'en_US','familyName',NULL,NULL,'sari','string'),(60,'en_US','familyName',NULL,NULL,'mitunscutQH','string'),(61,'en_US','familyName',NULL,NULL,'Smith','string'),(62,'en_US','familyName',NULL,NULL,'woobubQY','string'),(63,'en_US','familyName',NULL,NULL,'Hamzan','string'),(64,'en_US','familyName',NULL,NULL,'mamaligadocCG','string'),(65,'en_US','familyName',NULL,NULL,'Dewi','string'),(66,'en_US','familyName',NULL,NULL,'Uluutku','string'),(67,'en_US','familyName',NULL,NULL,'123','string'),(68,'en_US','familyName',NULL,NULL,'wazzchonoYP','string'),(69,'en_US','familyName',NULL,NULL,'spiderchonoJK','string'),(1,'en_US','biography',0,0,'','string'),(1,'en_US','signature',0,0,'','string'),(1,'en_US','affiliation',0,0,'','string'),(1,'en_US','givenName',0,0,'admin','string'),(1,'en_US','familyName',0,0,'admin','string'),(1,'','orcid',0,0,'','string'),(70,'en_US','affiliation',0,0,'Monmouth University','string'),(70,'en_US','givenName',0,0,'sellchono','string'),(70,'en_US','familyName',0,0,'sellchono','string'),(70,'','orcid',0,0,'','string');

--
-- Table structure for table `user_user_groups`
--

CREATE TABLE `user_user_groups` (
  `user_group_id` bigint(20) NOT NULL,
  `user_id` bigint(20) NOT NULL,
  UNIQUE KEY `user_user_groups_pkey` (`user_group_id`,`user_id`),
  KEY `user_user_groups_user_group_id` (`user_group_id`),
  KEY `user_user_groups_user_id` (`user_id`)
) ENGINE=InnoDB DEFAULT CHARSET=utf8;

--
-- Dumping data for table `user_user_groups`
--

INSERT INTO `user_user_groups` VALUES (1,1),(2,1),(2,5),(2,29),(3,1),(3,5),(3,11),(3,12),(3,13),(3,14),(3,15),(3,16),(3,20),(3,29),(3,45),(4,1),(4,5),(4,29),(5,1),(5,5),(5,8),(5,14),(5,15),(5,16),(5,20),(7,1),(7,5),(7,29),(7,48),(7,49),(7,50),(8,5),(14,1),(14,2),(14,5),(14,6),(14,7),(14,9),(14,10),(14,19),(14,20),(14,21),(14,23),(14,24),(14,25),(14,26),(14,28),(14,29),(14,33),(14,34),(14,35),(14,37),(14,38),(14,40),(14,42),(14,43),(14,51),(14,52),(14,56),(14,57),(14,58),(14,59),(14,63),(14,65),(14,66),(14,67),(16,1),(16,5),(16,6),(16,7),(16,9),(16,10),(16,12),(16,15),(16,16),(16,17),(16,18),(16,19),(16,20),(16,21),(16,23),(16,25),(16,27),(16,28),(16,29),(16,30),(16,31),(16,32),(16,33),(16,34),(16,35),(16,36),(16,37),(16,38),(16,39),(16,41),(16,42),(16,43),(16,51),(16,55),(16,57),(16,58),(16,59),(16,61),(16,65),(16,66),(16,67),(17,1),(17,2),(17,22),(17,24),(17,25),(17,26),(17,46),(17,47),(17,52),(17,53),(17,54),(17,56),(17,60),(17,62),(17,63),(17,64),(17,68),(17,69),(17,70),(18,5);

--
-- Table structure for table `versions`
--

CREATE TABLE `versions` (
  `major` int(11) NOT NULL DEFAULT 0,
  `minor` int(11) NOT NULL DEFAULT 0,
  `revision` int(11) NOT NULL DEFAULT 0,
  `build` int(11) NOT NULL DEFAULT 0,
  `date_installed` datetime NOT NULL,
  `current` tinyint(4) NOT NULL DEFAULT 0,
  `product_type` varchar(30) DEFAULT NULL,
  `product` varchar(30) DEFAULT NULL,
  `product_class_name` varchar(80) DEFAULT NULL,
  `lazy_load` tinyint(4) NOT NULL DEFAULT 0,
  `sitewide` tinyint(4) NOT NULL DEFAULT 0,
  UNIQUE KEY `versions_pkey` (`product_type`,`product`,`major`,`minor`,`revision`,`build`)
) ENGINE=InnoDB DEFAULT CHARSET=utf8;

--
-- Dumping data for table `versions`
--

INSERT INTO `versions` VALUES (1,0,0,0,'2019-01-16 09:06:10',1,'plugins.metadata','dc11','',0,0),(1,0,0,0,'2019-01-16 09:06:10',1,'plugins.metadata','openurl10','',0,0),(1,0,0,0,'2019-01-16 09:06:10',1,'plugins.metadata','mods34','',0,0),(1,0,0,0,'2019-01-16 09:06:10',1,'plugins.blocks','makeSubmission','MakeSubmissionBlockPlugin',1,0),(1,0,0,0,'2019-01-16 09:06:10',1,'plugins.blocks','information','InformationBlockPlugin',1,0),(1,1,0,0,'2019-01-16 09:06:10',1,'plugins.blocks','subscription','SubscriptionBlockPlugin',1,0),(1,0,0,0,'2019-01-16 09:06:10',1,'plugins.blocks','developedBy','DevelopedByBlockPlugin',1,0),(1,0,0,0,'2019-01-16 09:06:10',1,'plugins.blocks','languageToggle','LanguageToggleBlockPlugin',1,0),(1,0,0,0,'2019-01-16 09:06:10',1,'plugins.gateways','resolver','',0,0),(1,0,0,0,'2019-01-16 09:06:10',1,'plugins.generic','usageEvent','',0,0),(1,2,0,0,'2019-01-16 09:06:10',1,'plugins.generic','acron','AcronPlugin',1,1),(1,2,0,0,'2019-01-16 09:06:10',1,'plugins.generic','customBlockManager','CustomBlockManagerPlugin',1,0),(0,1,0,0,'2019-01-16 09:06:10',1,'plugins.generic','citationStyleLanguage','CitationStyleLanguagePlugin',1,0),(1,0,0,0,'2019-01-16 09:06:10',1,'plugins.generic','webFeed','WebFeedPlugin',1,0),(1,0,0,0,'2019-01-16 09:06:10',1,'plugins.generic','recommendByAuthor','RecommendByAuthorPlugin',1,1),(1,2,0,0,'2019-01-16 09:06:10',1,'plugins.generic','staticPages','StaticPagesPlugin',1,0),(1,2,0,0,'2019-01-16 09:06:10',1,'plugins.generic','openAIRE','OpenAIREPlugin',1,0),(1,0,0,0,'2019-01-16 09:06:10',1,'plugins.generic','googleAnalytics','GoogleAnalyticsPlugin',1,0),(1,0,0,0,'2019-01-16 09:06:10',1,'plugins.generic','usageStats','UsageStatsPlugin',0,1),(1,0,0,0,'2019-01-16 09:06:10',1,'plugins.generic','tinymce','TinyMCEPlugin',1,0),(1,0,0,0,'2019-01-16 09:06:10',0,'plugins.generic','googleScholar','GoogleScholarPlugin',1,0),(1,0,0,0,'2019-01-16 09:06:10',0,'plugins.generic','pdfJsViewer','PdfJsViewerPlugin',1,0),(1,0,0,0,'2019-01-16 09:06:10',1,'plugins.generic','driver','DRIVERPlugin',1,0),(1,0,0,0,'2019-01-16 09:06:10',0,'plugins.generic','lensGalley','LensGalleyPlugin',1,0),(1,0,0,0,'2019-01-16 09:06:10',1,'plugins.generic','htmlArticleGalley','HtmlArticleGalleyPlugin',1,0),(1,0,0,0,'2019-01-16 09:06:10',0,'plugins.generic','orcidProfile','OrcidProfilePlugin',1,0),(1,0,0,0,'2019-01-16 09:06:10',1,'plugins.generic','dublinCoreMeta','DublinCoreMetaPlugin',1,0),(2,0,0,0,'2019-01-16 09:06:10',1,'plugins.importexport','datacite','',0,0),(1,1,0,0,'2019-01-16 09:06:10',1,'plugins.importexport','doaj','',0,0),(1,0,0,0,'2019-01-16 09:06:10',1,'plugins.importexport','native','',0,0),(2,0,0,0,'2019-01-16 09:06:10',1,'plugins.importexport','medra','',0,0),(1,0,0,0,'2019-01-16 09:06:10',1,'plugins.importexport','users','',0,0),(2,1,0,0,'2019-01-16 09:06:10',1,'plugins.importexport','crossref','',0,0),(1,0,0,0,'2019-01-16 09:06:10',1,'plugins.importexport','pubmed','',0,0),(1,0,0,0,'2019-01-16 09:06:10',1,'plugins.oaiMetadataFormats','marc','',0,0),(1,0,0,0,'2019-01-16 09:06:10',1,'plugins.oaiMetadataFormats','marcxml','',0,0),(1,0,0,0,'2019-01-16 09:06:10',1,'plugins.oaiMetadataFormats','dc','',0,0),(1,0,0,0,'2019-01-16 09:06:10',1,'plugins.oaiMetadataFormats','rfc1807','',0,0),(1,0,0,0,'2019-01-16 09:06:10',1,'plugins.paymethod','manual','',0,0),(1,0,0,0,'2019-01-16 09:06:10',1,'plugins.paymethod','paypal','',0,0),(1,0,0,0,'2019-01-16 09:06:10',1,'plugins.pubIds','doi','DOIPubIdPlugin',1,0),(1,0,0,0,'2019-01-16 09:06:10',1,'plugins.pubIds','urn','URNPubIdPlugin',1,0),(1,0,0,0,'2019-01-16 09:06:10',1,'plugins.reports','articles','',0,0),(1,0,0,0,'2019-01-16 09:06:10',1,'plugins.reports','views','',0,0),(2,0,0,0,'2019-01-16 09:06:10',1,'plugins.reports','reviewReport','',0,0),(1,1,0,0,'2019-01-16 09:06:10',1,'plugins.reports','counterReport','',0,0),(1,0,0,0,'2019-01-16 09:06:10',1,'plugins.themes','default','DefaultThemePlugin',1,0),(3,1,1,4,'2019-01-16 09:06:10',0,'core','ojs2','',0,1),(1,0,4,0,'2019-03-23 14:53:40',1,'plugins.themes','healthSciences','HealthSciencesThemePlugin',1,0),(1,0,4,0,'2019-03-23 15:02:07',1,'plugins.importexport','quickSubmit','',0,0),(0,0,3,0,'2020-05-13 10:54:03',1,'plugins.importexport','copernicus','',0,0),(1,0,1,0,'2021-02-23 19:49:43',1,'plugins.blocks','browse','BrowseBlockPlugin',1,0),(1,1,2,8,'2021-02-23 19:49:43',1,'plugins.generic','orcidProfile','OrcidProfilePlugin',1,0),(1,0,1,0,'2021-02-23 19:49:43',1,'plugins.generic','pdfJsViewer','PdfJsViewerPlugin',1,0),(1,1,0,0,'2021-02-23 19:49:43',1,'plugins.generic','googleScholar','GoogleScholarPlugin',1,0),(1,0,1,0,'2021-02-23 19:49:43',1,'plugins.generic','lensGalley','LensGalleyPlugin',1,0),(1,0,0,0,'2021-02-23 19:49:43',1,'plugins.generic','recommendBySimilarity','RecommendBySimilarityPlugin',1,1),(1,0,0,0,'2021-02-23 19:49:43',1,'plugins.generic','announcementFeed','AnnouncementFeedPlugin',1,0),(1,0,0,0,'2021-02-23 19:49:43',1,'plugins.reports','subscriptions','',0,0),(3,3,0,3,'2021-02-23 19:49:39',1,'core','ojs2','',0,1);


